Jun 10 14:25:58.090231 np0000002507 devstack@placement-api.service[92297]: DEBUG placement.handlers.allocation [req-2c077367-5275-4465-ab69-99f1cea8ab9f req-82550fa6-02be-4c9c-a31f-35e1c9a8793e service nova] Successfully wrote allocations [, , , , , ] {{(pid=92297) _update_consumers_and_create_allocations /opt/stack/placement/placement/handlers/allocation.py:572}}
Jun 10 14:25:58.096473 np0000002507 devstack@placement-api.service[92297]: INFO placement.requestlog [req-2c077367-5275-4465-ab69-99f1cea8ab9f req-82550fa6-02be-4c9c-a31f-35e1c9a8793e service nova] 10.4.3.186 "POST /placement/allocations" status: 204 len: 0 microversion: 1.28
Jun 10 14:25:58.096473 np0000002507 devstack@placement-api.service[92297]: [pid: 92297|app: 0|req: 361/1081] 10.4.3.186 () {72 vars in 1444 bytes} [Wed Jun 10 14:25:58 2026] POST /placement/allocations => generated 0 bytes in 69 msecs (HTTP/1.1 204) 5 headers in 199 bytes (1 switches on core 0)
Jun 10 14:25:58.319864 np0000002507 devstack@placement-api.service[92295]: DEBUG placement.requestlog [req-2c077367-5275-4465-ab69-99f1cea8ab9f req-644a1919-5337-4079-bdfe-a45ed3f086d9 None None] Starting request: 10.4.3.186 "GET /placement/allocation_candidates?limit=1000&resources=DISK_GB%3A1%2CMEMORY_MB%3A256%2CVCPU%3A1&root_required=%21COMPUTE_STATUS_DISABLED" {{(pid=92295) __call__ /opt/stack/placement/placement/requestlog.py:55}}
Jun 10 14:25:58.343781 np0000002507 devstack@placement-api.service[92295]: DEBUG placement.objects.research_context [req-2c077367-5275-4465-ab69-99f1cea8ab9f req-644a1919-5337-4079-bdfe-a45ed3f086d9 service nova] getting providers with 1 DISK_GB {{(pid=92295) __init__ /opt/stack/placement/placement/objects/research_context.py:137}}
Jun 10 14:25:58.347834 np0000002507 devstack@placement-api.service[92295]: DEBUG placement.objects.research_context [req-2c077367-5275-4465-ab69-99f1cea8ab9f req-644a1919-5337-4079-bdfe-a45ed3f086d9 service nova] getting providers with 256 MEMORY_MB {{(pid=92295) __init__ /opt/stack/placement/placement/objects/research_context.py:137}}
Jun 10 14:25:58.352487 np0000002507 devstack@placement-api.service[92295]: DEBUG placement.objects.research_context [req-2c077367-5275-4465-ab69-99f1cea8ab9f req-644a1919-5337-4079-bdfe-a45ed3f086d9 service nova] getting providers with 1 VCPU {{(pid=92295) __init__ /opt/stack/placement/placement/objects/research_context.py:137}}
Jun 10 14:25:58.358425 np0000002507 devstack@placement-api.service[92295]: DEBUG placement.objects.research_context [req-2c077367-5275-4465-ab69-99f1cea8ab9f req-644a1919-5337-4079-bdfe-a45ed3f086d9 service nova] found 1 providers with available 1 DISK_GB {{(pid=92295) get_provider_ids_matching /opt/stack/placement/placement/objects/research_context.py:563}}
Jun 10 14:25:58.358425 np0000002507 devstack@placement-api.service[92295]: DEBUG placement.objects.research_context [req-2c077367-5275-4465-ab69-99f1cea8ab9f req-644a1919-5337-4079-bdfe-a45ed3f086d9 service nova] found 1 providers with available 256 MEMORY_MB {{(pid=92295) get_provider_ids_matching /opt/stack/placement/placement/objects/research_context.py:563}}
Jun 10 14:25:58.358425 np0000002507 devstack@placement-api.service[92295]: DEBUG placement.objects.research_context [req-2c077367-5275-4465-ab69-99f1cea8ab9f req-644a1919-5337-4079-bdfe-a45ed3f086d9 service nova] found 1 providers after filtering by previous result {{(pid=92295) get_provider_ids_matching /opt/stack/placement/placement/objects/research_context.py:594}}
Jun 10 14:25:58.358425 np0000002507 devstack@placement-api.service[92295]: DEBUG placement.objects.research_context [req-2c077367-5275-4465-ab69-99f1cea8ab9f req-644a1919-5337-4079-bdfe-a45ed3f086d9 service nova] found 1 providers with available 1 VCPU {{(pid=92295) get_provider_ids_matching /opt/stack/placement/placement/objects/research_context.py:563}}
Jun 10 14:25:58.358425 np0000002507 devstack@placement-api.service[92295]: DEBUG placement.objects.research_context [req-2c077367-5275-4465-ab69-99f1cea8ab9f req-644a1919-5337-4079-bdfe-a45ed3f086d9 service nova] found 1 providers after filtering by previous result {{(pid=92295) get_provider_ids_matching /opt/stack/placement/placement/objects/research_context.py:594}}
Jun 10 14:25:58.364061 np0000002507 devstack@placement-api.service[92296]: DEBUG placement.requestlog [req-e4c364e7-3342-4de7-af2d-ca9e0ef690db req-5984091c-8283-468f-9e3d-9d947a4a6ec7 None None] Starting request: 10.4.3.186 "GET /placement/resource_providers/d49909ac-d47a-45d6-829a-99e57c2ffd12/allocations" {{(pid=92296) __call__ /opt/stack/placement/placement/requestlog.py:55}}
Jun 10 14:25:58.365869 np0000002507 devstack@placement-api.service[92295]: DEBUG placement.objects.allocation_candidate [req-2c077367-5275-4465-ab69-99f1cea8ab9f req-644a1919-5337-4079-bdfe-a45ed3f086d9 service nova] RequestGroup(use_same_provider=False, resources={DISK_GB:1, MEMORY_MB:256, VCPU:1}, traits=(), aggregates=[]) (suffix '') returned 1 matches {{(pid=92295) _get_by_requests /opt/stack/placement/placement/objects/allocation_candidate.py:158}}
Jun 10 14:25:58.366031 np0000002507 devstack@placement-api.service[92295]: DEBUG placement.objects.allocation_candidate [req-2c077367-5275-4465-ab69-99f1cea8ab9f req-644a1919-5337-4079-bdfe-a45ed3f086d9 service nova] Merging candidates yields 1 allocation requests and 1 provider summaries {{(pid=92295) _merge_candidates /opt/stack/placement/placement/objects/allocation_candidate.py:908}}
Jun 10 14:25:58.367089 np0000002507 devstack@placement-api.service[92295]: INFO placement.requestlog [req-2c077367-5275-4465-ab69-99f1cea8ab9f req-644a1919-5337-4079-bdfe-a45ed3f086d9 service nova] 10.4.3.186 "GET /placement/allocation_candidates?limit=1000&resources=DISK_GB%3A1%2CMEMORY_MB%3A256%2CVCPU%3A1&root_required=%21COMPUTE_STATUS_DISABLED" status: 200 len: 2494 microversion: 1.36
Jun 10 14:25:58.367356 np0000002507 devstack@placement-api.service[92295]: [pid: 92295|app: 0|req: 361/1082] 10.4.3.186 () {68 vars in 1625 bytes} [Wed Jun 10 14:25:58 2026] GET /placement/allocation_candidates?limit=1000&resources=DISK_GB%3A1%2CMEMORY_MB%3A256%2CVCPU%3A1&root_required=%21COMPUTE_STATUS_DISABLED => generated 2494 bytes in 48 msecs (HTTP/1.1 200) 8 headers in 297 bytes (1 switches on core 0)
Jun 10 14:25:58.376861 np0000002507 devstack@placement-api.service[92296]: INFO placement.requestlog [req-e4c364e7-3342-4de7-af2d-ca9e0ef690db req-5984091c-8283-468f-9e3d-9d947a4a6ec7 service nova] 10.4.3.186 "GET /placement/resource_providers/d49909ac-d47a-45d6-829a-99e57c2ffd12/allocations" status: 200 len: 1025 microversion: 1.0
Jun 10 14:25:58.377028 np0000002507 devstack@placement-api.service[92296]: [pid: 92296|app: 0|req: 361/1083] 10.4.3.186 () {66 vars in 1512 bytes} [Wed Jun 10 14:25:58 2026] GET /placement/resource_providers/d49909ac-d47a-45d6-829a-99e57c2ffd12/allocations => generated 1025 bytes in 13 msecs (HTTP/1.1 200) 6 headers in 225 bytes (1 switches on core 0)
Jun 10 14:25:58.426672 np0000002507 devstack@placement-api.service[92297]: DEBUG placement.requestlog [req-e4c364e7-3342-4de7-af2d-ca9e0ef690db req-23038397-06d2-4507-b813-02edf642731d None None] Starting request: 10.4.3.186 "GET /placement/allocations/5fade047-11e1-432a-b661-b818aec97f6e" {{(pid=92297) __call__ /opt/stack/placement/placement/requestlog.py:55}}
Jun 10 14:25:58.443934 np0000002507 devstack@placement-api.service[92297]: INFO placement.requestlog [req-e4c364e7-3342-4de7-af2d-ca9e0ef690db req-23038397-06d2-4507-b813-02edf642731d service nova] 10.4.3.186 "GET /placement/allocations/5fade047-11e1-432a-b661-b818aec97f6e" status: 200 len: 258 microversion: 1.28
Jun 10 14:25:58.444932 np0000002507 devstack@placement-api.service[92297]: [pid: 92297|app: 0|req: 362/1084] 10.4.3.186 () {68 vars in 1499 bytes} [Wed Jun 10 14:25:58 2026] GET /placement/allocations/5fade047-11e1-432a-b661-b818aec97f6e => generated 258 bytes in 18 msecs (HTTP/1.1 200) 8 headers in 296 bytes (1 switches on core 0)
Jun 10 14:25:58.445032 np0000002507 devstack@placement-api.service[92295]: DEBUG placement.requestlog [req-2c077367-5275-4465-ab69-99f1cea8ab9f req-8f8911d9-5911-4e12-95b3-2485ed11e0f4 None None] Starting request: 10.4.3.186 "GET /placement/allocations/e4a197b9-9d93-4885-9d78-098fb6ebf372" {{(pid=92295) __call__ /opt/stack/placement/placement/requestlog.py:55}}
Jun 10 14:25:58.453481 np0000002507 devstack@placement-api.service[92295]: INFO placement.requestlog [req-2c077367-5275-4465-ab69-99f1cea8ab9f req-8f8911d9-5911-4e12-95b3-2485ed11e0f4 service nova] 10.4.3.186 "GET /placement/allocations/e4a197b9-9d93-4885-9d78-098fb6ebf372" status: 200 len: 19 microversion: 1.28
Jun 10 14:25:58.453954 np0000002507 devstack@placement-api.service[92295]: [pid: 92295|app: 0|req: 362/1085] 10.4.3.186 () {68 vars in 1501 bytes} [Wed Jun 10 14:25:58 2026] GET /placement/allocations/e4a197b9-9d93-4885-9d78-098fb6ebf372 => generated 19 bytes in 9 msecs (HTTP/1.1 200) 8 headers in 295 bytes (1 switches on core 0)
Jun 10 14:25:58.491780 np0000002507 devstack@placement-api.service[92296]: DEBUG placement.requestlog [req-e4c364e7-3342-4de7-af2d-ca9e0ef690db req-41ee34c6-c221-49cb-8d89-060f2233b23c None None] Starting request: 10.4.3.186 "GET /placement/allocations/de2e02f0-34a7-44a6-aa22-db510706f04f" {{(pid=92296) __call__ /opt/stack/placement/placement/requestlog.py:55}}
Jun 10 14:25:58.506824 np0000002507 devstack@placement-api.service[92297]: DEBUG placement.requestlog [req-2c077367-5275-4465-ab69-99f1cea8ab9f req-c52f592b-20e2-4f4a-ae74-6f5460ca8441 None None] Starting request: 10.4.3.186 "PUT /placement/allocations/e4a197b9-9d93-4885-9d78-098fb6ebf372" {{(pid=92297) __call__ /opt/stack/placement/placement/requestlog.py:55}}
Jun 10 14:25:58.509072 np0000002507 devstack@placement-api.service[92296]: INFO placement.requestlog [req-e4c364e7-3342-4de7-af2d-ca9e0ef690db req-41ee34c6-c221-49cb-8d89-060f2233b23c service nova] 10.4.3.186 "GET /placement/allocations/de2e02f0-34a7-44a6-aa22-db510706f04f" status: 200 len: 244 microversion: 1.28
Jun 10 14:25:58.509371 np0000002507 devstack@placement-api.service[92296]: [pid: 92296|app: 0|req: 362/1086] 10.4.3.186 () {68 vars in 1499 bytes} [Wed Jun 10 14:25:58 2026] GET /placement/allocations/de2e02f0-34a7-44a6-aa22-db510706f04f => generated 244 bytes in 18 msecs (HTTP/1.1 200) 8 headers in 296 bytes (1 switches on core 0)
Jun 10 14:25:58.559691 np0000002507 devstack@placement-api.service[92297]: DEBUG placement.handlers.allocation [req-2c077367-5275-4465-ab69-99f1cea8ab9f req-c52f592b-20e2-4f4a-ae74-6f5460ca8441 service nova] Successfully wrote allocations [, , ] {{(pid=92297) _update_consumers_and_create_allocations /opt/stack/placement/placement/handlers/allocation.py:462}}
Jun 10 14:25:58.563275 np0000002507 devstack@placement-api.service[92295]: DEBUG placement.requestlog [req-e4c364e7-3342-4de7-af2d-ca9e0ef690db req-8c883bf3-2f54-4e55-9814-841d00cac44b None None] Starting request: 10.4.3.186 "GET /placement/allocations/5cf3fc99-2352-443b-a643-51b4e5ff905a" {{(pid=92295) __call__ /opt/stack/placement/placement/requestlog.py:55}}
Jun 10 14:25:58.567278 np0000002507 devstack@placement-api.service[92297]: INFO placement.requestlog [req-2c077367-5275-4465-ab69-99f1cea8ab9f req-c52f592b-20e2-4f4a-ae74-6f5460ca8441 service nova] 10.4.3.186 "PUT /placement/allocations/e4a197b9-9d93-4885-9d78-098fb6ebf372" status: 204 len: 0 microversion: 1.36
Jun 10 14:25:58.567509 np0000002507 devstack@placement-api.service[92297]: [pid: 92297|app: 0|req: 363/1087] 10.4.3.186 () {72 vars in 1554 bytes} [Wed Jun 10 14:25:58 2026] PUT /placement/allocations/e4a197b9-9d93-4885-9d78-098fb6ebf372 => generated 0 bytes in 61 msecs (HTTP/1.1 204) 5 headers in 199 bytes (1 switches on core 0)
Jun 10 14:25:58.573109 np0000002507 devstack@placement-api.service[92295]: INFO placement.requestlog [req-e4c364e7-3342-4de7-af2d-ca9e0ef690db req-8c883bf3-2f54-4e55-9814-841d00cac44b service nova] 10.4.3.186 "GET /placement/allocations/5cf3fc99-2352-443b-a643-51b4e5ff905a" status: 200 len: 244 microversion: 1.28
Jun 10 14:25:58.573375 np0000002507 devstack@placement-api.service[92295]: [pid: 92295|app: 0|req: 363/1088] 10.4.3.186 () {68 vars in 1499 bytes} [Wed Jun 10 14:25:58 2026] GET /placement/allocations/5cf3fc99-2352-443b-a643-51b4e5ff905a => generated 244 bytes in 10 msecs (HTTP/1.1 200) 8 headers in 296 bytes (1 switches on core 0)
Jun 10 14:25:58.621678 np0000002507 devstack@placement-api.service[92296]: DEBUG placement.requestlog [req-e4c364e7-3342-4de7-af2d-ca9e0ef690db req-cddfeb6e-983d-406b-988f-a5c0e733b6b4 None None] Starting request: 10.4.3.186 "GET /placement/allocations/507744aa-cd7c-4663-82e3-0cb8cc1ee46e" {{(pid=92296) __call__ /opt/stack/placement/placement/requestlog.py:55}}
Jun 10 14:25:58.631173 np0000002507 devstack@placement-api.service[92296]: INFO placement.requestlog [req-e4c364e7-3342-4de7-af2d-ca9e0ef690db req-cddfeb6e-983d-406b-988f-a5c0e733b6b4 service nova] 10.4.3.186 "GET /placement/allocations/507744aa-cd7c-4663-82e3-0cb8cc1ee46e" status: 200 len: 258 microversion: 1.28
Jun 10 14:25:58.631173 np0000002507 devstack@placement-api.service[92296]: [pid: 92296|app: 0|req: 363/1089] 10.4.3.186 () {68 vars in 1499 bytes} [Wed Jun 10 14:25:58 2026] GET /placement/allocations/507744aa-cd7c-4663-82e3-0cb8cc1ee46e => generated 258 bytes in 11 msecs (HTTP/1.1 200) 8 headers in 296 bytes (1 switches on core 0)
Jun 10 14:25:58.686736 np0000002507 devstack@placement-api.service[92297]: DEBUG placement.requestlog [req-e4c364e7-3342-4de7-af2d-ca9e0ef690db req-ab77f945-872b-4608-8c04-24ee403103ca None None] Starting request: 10.4.3.186 "GET /placement/allocations/6ce5f05e-5b74-4c03-8ad3-ccdb284b6ed1" {{(pid=92297) __call__ /opt/stack/placement/placement/requestlog.py:55}}
Jun 10 14:25:58.699679 np0000002507 devstack@placement-api.service[92297]: INFO placement.requestlog [req-e4c364e7-3342-4de7-af2d-ca9e0ef690db req-ab77f945-872b-4608-8c04-24ee403103ca service nova] 10.4.3.186 "GET /placement/allocations/6ce5f05e-5b74-4c03-8ad3-ccdb284b6ed1" status: 200 len: 258 microversion: 1.28
Jun 10 14:25:58.699679 np0000002507 devstack@placement-api.service[92297]: [pid: 92297|app: 0|req: 364/1090] 10.4.3.186 () {68 vars in 1499 bytes} [Wed Jun 10 14:25:58 2026] GET /placement/allocations/6ce5f05e-5b74-4c03-8ad3-ccdb284b6ed1 => generated 258 bytes in 13 msecs (HTTP/1.1 200) 8 headers in 296 bytes (1 switches on core 0)
Jun 10 14:25:58.738562 np0000002507 devstack@placement-api.service[92295]: DEBUG placement.requestlog [req-e4c364e7-3342-4de7-af2d-ca9e0ef690db req-88d41acc-47f7-4da7-b47d-cc86a3337a0e None None] Starting request: 10.4.3.186 "GET /placement/allocations/26c14717-c0dc-462c-ab6d-3c36c5b09709" {{(pid=92295) __call__ /opt/stack/placement/placement/requestlog.py:55}}
Jun 10 14:25:58.752220 np0000002507 devstack@placement-api.service[92295]: INFO placement.requestlog [req-e4c364e7-3342-4de7-af2d-ca9e0ef690db req-88d41acc-47f7-4da7-b47d-cc86a3337a0e service nova] 10.4.3.186 "GET /placement/allocations/26c14717-c0dc-462c-ab6d-3c36c5b09709" status: 200 len: 258 microversion: 1.28
Jun 10 14:25:58.753003 np0000002507 devstack@placement-api.service[92295]: [pid: 92295|app: 0|req: 364/1091] 10.4.3.186 () {68 vars in 1499 bytes} [Wed Jun 10 14:25:58 2026] GET /placement/allocations/26c14717-c0dc-462c-ab6d-3c36c5b09709 => generated 258 bytes in 14 msecs (HTTP/1.1 200) 8 headers in 296 bytes (1 switches on core 0)
Jun 10 14:25:58.797683 np0000002507 devstack@placement-api.service[92296]: DEBUG placement.requestlog [req-e4c364e7-3342-4de7-af2d-ca9e0ef690db req-732a048e-644f-434f-9e5a-59b3fd6db5c7 None None] Starting request: 10.4.3.186 "GET /placement/allocations/2aef43c2-358e-4bf5-bee1-016cceef81cf" {{(pid=92296) __call__ /opt/stack/placement/placement/requestlog.py:55}}
Jun 10 14:25:58.814093 np0000002507 devstack@placement-api.service[92296]: INFO placement.requestlog [req-e4c364e7-3342-4de7-af2d-ca9e0ef690db req-732a048e-644f-434f-9e5a-59b3fd6db5c7 service nova] 10.4.3.186 "GET /placement/allocations/2aef43c2-358e-4bf5-bee1-016cceef81cf" status: 200 len: 258 microversion: 1.28
Jun 10 14:25:58.814573 np0000002507 devstack@placement-api.service[92296]: [pid: 92296|app: 0|req: 364/1092] 10.4.3.186 () {68 vars in 1499 bytes} [Wed Jun 10 14:25:58 2026] GET /placement/allocations/2aef43c2-358e-4bf5-bee1-016cceef81cf => generated 258 bytes in 17 msecs (HTTP/1.1 200) 8 headers in 296 bytes (1 switches on core 0)
Jun 10 14:25:58.855928 np0000002507 devstack@placement-api.service[92297]: DEBUG placement.requestlog [req-e4c364e7-3342-4de7-af2d-ca9e0ef690db req-0e79dc7a-5302-4adc-b46d-7a8ea1fb44fd None None] Starting request: 10.4.3.186 "GET /placement/allocations/b5dec7ed-f28a-4c35-b7de-62295c08639e" {{(pid=92297) __call__ /opt/stack/placement/placement/requestlog.py:55}}
Jun 10 14:25:58.870054 np0000002507 devstack@placement-api.service[92297]: INFO placement.requestlog [req-e4c364e7-3342-4de7-af2d-ca9e0ef690db req-0e79dc7a-5302-4adc-b46d-7a8ea1fb44fd service nova] 10.4.3.186 "GET /placement/allocations/b5dec7ed-f28a-4c35-b7de-62295c08639e" status: 200 len: 258 microversion: 1.28
Jun 10 14:25:58.870054 np0000002507 devstack@placement-api.service[92297]: [pid: 92297|app: 0|req: 365/1093] 10.4.3.186 () {68 vars in 1499 bytes} [Wed Jun 10 14:25:58 2026] GET /placement/allocations/b5dec7ed-f28a-4c35-b7de-62295c08639e => generated 258 bytes in 15 msecs (HTTP/1.1 200) 8 headers in 296 bytes (1 switches on core 0)
Jun 10 14:25:58.930868 np0000002507 devstack@placement-api.service[92295]: DEBUG placement.requestlog [req-e4c364e7-3342-4de7-af2d-ca9e0ef690db req-4f98003a-892b-4aa2-a038-1f44e2054632 None None] Starting request: 10.4.3.186 "GET /placement/allocations/35b152f4-beac-455c-bc09-e84cd8d87a1d" {{(pid=92295) __call__ /opt/stack/placement/placement/requestlog.py:55}}
Jun 10 14:25:58.953041 np0000002507 devstack@placement-api.service[92295]: INFO placement.requestlog [req-e4c364e7-3342-4de7-af2d-ca9e0ef690db req-4f98003a-892b-4aa2-a038-1f44e2054632 service nova] 10.4.3.186 "GET /placement/allocations/35b152f4-beac-455c-bc09-e84cd8d87a1d" status: 200 len: 258 microversion: 1.28
Jun 10 14:25:58.954108 np0000002507 devstack@placement-api.service[92295]: [pid: 92295|app: 0|req: 365/1094] 10.4.3.186 () {68 vars in 1499 bytes} [Wed Jun 10 14:25:58 2026] GET /placement/allocations/35b152f4-beac-455c-bc09-e84cd8d87a1d => generated 258 bytes in 23 msecs (HTTP/1.1 200) 8 headers in 296 bytes (1 switches on core 0)
Jun 10 14:25:59.003089 np0000002507 devstack@placement-api.service[92296]: DEBUG placement.requestlog [req-e4c364e7-3342-4de7-af2d-ca9e0ef690db req-3c79f693-2385-473c-a968-6d8bc17477f9 None None] Starting request: 10.4.3.186 "GET /placement/allocations/ba4c4106-4e0d-47db-b39b-eb4c32f91a53" {{(pid=92296) __call__ /opt/stack/placement/placement/requestlog.py:55}}
Jun 10 14:25:59.021424 np0000002507 devstack@placement-api.service[92296]: INFO placement.requestlog [req-e4c364e7-3342-4de7-af2d-ca9e0ef690db req-3c79f693-2385-473c-a968-6d8bc17477f9 service nova] 10.4.3.186 "GET /placement/allocations/ba4c4106-4e0d-47db-b39b-eb4c32f91a53" status: 200 len: 258 microversion: 1.28
Jun 10 14:25:59.021902 np0000002507 devstack@placement-api.service[92296]: [pid: 92296|app: 0|req: 365/1095] 10.4.3.186 () {68 vars in 1499 bytes} [Wed Jun 10 14:25:59 2026] GET /placement/allocations/ba4c4106-4e0d-47db-b39b-eb4c32f91a53 => generated 258 bytes in 19 msecs (HTTP/1.1 200) 8 headers in 296 bytes (1 switches on core 0)
Jun 10 14:25:59.684317 np0000002507 devstack@placement-api.service[92297]: DEBUG placement.requestlog [req-2c077367-5275-4465-ab69-99f1cea8ab9f req-d08c8fce-4891-43f6-992f-6cb798174ae5 None None] Starting request: 10.4.3.186 "GET /placement/allocations/e4a197b9-9d93-4885-9d78-098fb6ebf372" {{(pid=92297) __call__ /opt/stack/placement/placement/requestlog.py:55}}
Jun 10 14:25:59.696575 np0000002507 devstack@placement-api.service[92297]: INFO placement.requestlog [req-2c077367-5275-4465-ab69-99f1cea8ab9f req-d08c8fce-4891-43f6-992f-6cb798174ae5 service nova] 10.4.3.186 "GET /placement/allocations/e4a197b9-9d93-4885-9d78-098fb6ebf372" status: 200 len: 258 microversion: 1.28
Jun 10 14:25:59.696853 np0000002507 devstack@placement-api.service[92297]: [pid: 92297|app: 0|req: 366/1096] 10.4.3.186 () {68 vars in 1499 bytes} [Wed Jun 10 14:25:59 2026] GET /placement/allocations/e4a197b9-9d93-4885-9d78-098fb6ebf372 => generated 258 bytes in 14 msecs (HTTP/1.1 200) 8 headers in 296 bytes (1 switches on core 0)
Jun 10 14:26:01.075118 np0000002507 devstack@placement-api.service[92295]: DEBUG placement.requestlog [req-ac692058-2564-4043-b920-8b61eb921afd req-59f49b51-ee68-49e7-a907-f2843074b6f6 None None] Starting request: 10.4.3.186 "GET /placement/allocation_candidates?limit=1000&resources=DISK_GB%3A1%2CMEMORY_MB%3A192%2CVCPU%3A1&root_required=%21COMPUTE_STATUS_DISABLED" {{(pid=92295) __call__ /opt/stack/placement/placement/requestlog.py:55}}
Jun 10 14:26:01.108104 np0000002507 devstack@placement-api.service[92295]: DEBUG placement.objects.research_context [req-ac692058-2564-4043-b920-8b61eb921afd req-59f49b51-ee68-49e7-a907-f2843074b6f6 service nova] getting providers with 1 DISK_GB {{(pid=92295) __init__ /opt/stack/placement/placement/objects/research_context.py:137}}
Jun 10 14:26:01.120442 np0000002507 devstack@placement-api.service[92295]: DEBUG placement.objects.research_context [req-ac692058-2564-4043-b920-8b61eb921afd req-59f49b51-ee68-49e7-a907-f2843074b6f6 service nova] getting providers with 192 MEMORY_MB {{(pid=92295) __init__ /opt/stack/placement/placement/objects/research_context.py:137}}
Jun 10 14:26:01.123542 np0000002507 devstack@placement-api.service[92296]: DEBUG placement.requestlog [req-22345a73-2225-41e7-9bd6-381c1fff96c0 req-8d48e919-cfec-47f1-a8f0-7c5fce17f1a0 None None] Starting request: 10.4.3.186 "GET /placement/resource_providers/d49909ac-d47a-45d6-829a-99e57c2ffd12/allocations" {{(pid=92296) __call__ /opt/stack/placement/placement/requestlog.py:55}}
Jun 10 14:26:01.124590 np0000002507 devstack@placement-api.service[92295]: DEBUG placement.objects.research_context [req-ac692058-2564-4043-b920-8b61eb921afd req-59f49b51-ee68-49e7-a907-f2843074b6f6 service nova] getting providers with 1 VCPU {{(pid=92295) __init__ /opt/stack/placement/placement/objects/research_context.py:137}}
Jun 10 14:26:01.132475 np0000002507 devstack@placement-api.service[92295]: DEBUG placement.objects.research_context [req-ac692058-2564-4043-b920-8b61eb921afd req-59f49b51-ee68-49e7-a907-f2843074b6f6 service nova] found 1 providers with available 1 DISK_GB {{(pid=92295) get_provider_ids_matching /opt/stack/placement/placement/objects/research_context.py:563}}
Jun 10 14:26:01.132924 np0000002507 devstack@placement-api.service[92295]: DEBUG placement.objects.research_context [req-ac692058-2564-4043-b920-8b61eb921afd req-59f49b51-ee68-49e7-a907-f2843074b6f6 service nova] found 1 providers with available 192 MEMORY_MB {{(pid=92295) get_provider_ids_matching /opt/stack/placement/placement/objects/research_context.py:563}}
Jun 10 14:26:01.132995 np0000002507 devstack@placement-api.service[92295]: DEBUG placement.objects.research_context [req-ac692058-2564-4043-b920-8b61eb921afd req-59f49b51-ee68-49e7-a907-f2843074b6f6 service nova] found 1 providers after filtering by previous result {{(pid=92295) get_provider_ids_matching /opt/stack/placement/placement/objects/research_context.py:594}}
Jun 10 14:26:01.133128 np0000002507 devstack@placement-api.service[92295]: DEBUG placement.objects.research_context [req-ac692058-2564-4043-b920-8b61eb921afd req-59f49b51-ee68-49e7-a907-f2843074b6f6 service nova] found 1 providers with available 1 VCPU {{(pid=92295) get_provider_ids_matching /opt/stack/placement/placement/objects/research_context.py:563}}
Jun 10 14:26:01.133218 np0000002507 devstack@placement-api.service[92295]: DEBUG placement.objects.research_context [req-ac692058-2564-4043-b920-8b61eb921afd req-59f49b51-ee68-49e7-a907-f2843074b6f6 service nova] found 1 providers after filtering by previous result {{(pid=92295) get_provider_ids_matching /opt/stack/placement/placement/objects/research_context.py:594}}
Jun 10 14:26:01.142356 np0000002507 devstack@placement-api.service[92295]: DEBUG placement.objects.allocation_candidate [req-ac692058-2564-4043-b920-8b61eb921afd req-59f49b51-ee68-49e7-a907-f2843074b6f6 service nova] RequestGroup(use_same_provider=False, resources={DISK_GB:1, MEMORY_MB:192, VCPU:1}, traits=(), aggregates=[]) (suffix '') returned 1 matches {{(pid=92295) _get_by_requests /opt/stack/placement/placement/objects/allocation_candidate.py:158}}
Jun 10 14:26:01.142592 np0000002507 devstack@placement-api.service[92295]: DEBUG placement.objects.allocation_candidate [req-ac692058-2564-4043-b920-8b61eb921afd req-59f49b51-ee68-49e7-a907-f2843074b6f6 service nova] Merging candidates yields 1 allocation requests and 1 provider summaries {{(pid=92295) _merge_candidates /opt/stack/placement/placement/objects/allocation_candidate.py:908}}
Jun 10 14:26:01.143387 np0000002507 devstack@placement-api.service[92296]: INFO placement.requestlog [req-22345a73-2225-41e7-9bd6-381c1fff96c0 req-8d48e919-cfec-47f1-a8f0-7c5fce17f1a0 service nova] 10.4.3.186 "GET /placement/resource_providers/d49909ac-d47a-45d6-829a-99e57c2ffd12/allocations" status: 200 len: 1125 microversion: 1.0
Jun 10 14:26:01.143611 np0000002507 devstack@placement-api.service[92295]: INFO placement.requestlog [req-ac692058-2564-4043-b920-8b61eb921afd req-59f49b51-ee68-49e7-a907-f2843074b6f6 service nova] 10.4.3.186 "GET /placement/allocation_candidates?limit=1000&resources=DISK_GB%3A1%2CMEMORY_MB%3A192%2CVCPU%3A1&root_required=%21COMPUTE_STATUS_DISABLED" status: 200 len: 2494 microversion: 1.36
Jun 10 14:26:01.143673 np0000002507 devstack@placement-api.service[92296]: [pid: 92296|app: 0|req: 366/1097] 10.4.3.186 () {66 vars in 1512 bytes} [Wed Jun 10 14:26:01 2026] GET /placement/resource_providers/d49909ac-d47a-45d6-829a-99e57c2ffd12/allocations => generated 1125 bytes in 21 msecs (HTTP/1.1 200) 6 headers in 225 bytes (1 switches on core 0)
Jun 10 14:26:01.144050 np0000002507 devstack@placement-api.service[92295]: [pid: 92295|app: 0|req: 366/1098] 10.4.3.186 () {68 vars in 1625 bytes} [Wed Jun 10 14:26:01 2026] GET /placement/allocation_candidates?limit=1000&resources=DISK_GB%3A1%2CMEMORY_MB%3A192%2CVCPU%3A1&root_required=%21COMPUTE_STATUS_DISABLED => generated 2494 bytes in 69 msecs (HTTP/1.1 200) 8 headers in 297 bytes (1 switches on core 0)
Jun 10 14:26:01.188148 np0000002507 devstack@placement-api.service[92297]: DEBUG placement.requestlog [req-22345a73-2225-41e7-9bd6-381c1fff96c0 req-ad89365a-46e5-4606-8866-6057a618ec16 None None] Starting request: 10.4.3.186 "GET /placement/allocations/5fade047-11e1-432a-b661-b818aec97f6e" {{(pid=92297) __call__ /opt/stack/placement/placement/requestlog.py:55}}
Jun 10 14:26:01.198699 np0000002507 devstack@placement-api.service[92297]: INFO placement.requestlog [req-22345a73-2225-41e7-9bd6-381c1fff96c0 req-ad89365a-46e5-4606-8866-6057a618ec16 service nova] 10.4.3.186 "GET /placement/allocations/5fade047-11e1-432a-b661-b818aec97f6e" status: 200 len: 258 microversion: 1.28
Jun 10 14:26:01.199127 np0000002507 devstack@placement-api.service[92297]: [pid: 92297|app: 0|req: 367/1099] 10.4.3.186 () {68 vars in 1499 bytes} [Wed Jun 10 14:26:01 2026] GET /placement/allocations/5fade047-11e1-432a-b661-b818aec97f6e => generated 258 bytes in 11 msecs (HTTP/1.1 200) 8 headers in 296 bytes (1 switches on core 0)
Jun 10 14:26:01.206397 np0000002507 devstack@placement-api.service[92296]: DEBUG placement.requestlog [req-ac692058-2564-4043-b920-8b61eb921afd req-5585e4bd-e59d-4f61-9a29-1082713aeb4f None None] Starting request: 10.4.3.186 "GET /placement/allocations/708508e6-19e8-4e1c-9e18-899612de2b59" {{(pid=92296) __call__ /opt/stack/placement/placement/requestlog.py:55}}
Jun 10 14:26:01.212404 np0000002507 devstack@placement-api.service[92296]: INFO placement.requestlog [req-ac692058-2564-4043-b920-8b61eb921afd req-5585e4bd-e59d-4f61-9a29-1082713aeb4f service nova] 10.4.3.186 "GET /placement/allocations/708508e6-19e8-4e1c-9e18-899612de2b59" status: 200 len: 19 microversion: 1.28
Jun 10 14:26:01.212695 np0000002507 devstack@placement-api.service[92296]: [pid: 92296|app: 0|req: 367/1100] 10.4.3.186 () {68 vars in 1501 bytes} [Wed Jun 10 14:26:01 2026] GET /placement/allocations/708508e6-19e8-4e1c-9e18-899612de2b59 => generated 19 bytes in 6 msecs (HTTP/1.1 200) 8 headers in 295 bytes (1 switches on core 0)
Jun 10 14:26:01.229232 np0000002507 devstack@placement-api.service[92295]: DEBUG placement.requestlog [req-22345a73-2225-41e7-9bd6-381c1fff96c0 req-08985c3a-4ca6-4126-914f-fbc3bcb19039 None None] Starting request: 10.4.3.186 "GET /placement/allocations/de2e02f0-34a7-44a6-aa22-db510706f04f" {{(pid=92295) __call__ /opt/stack/placement/placement/requestlog.py:55}}
Jun 10 14:26:01.239317 np0000002507 devstack@placement-api.service[92295]: INFO placement.requestlog [req-22345a73-2225-41e7-9bd6-381c1fff96c0 req-08985c3a-4ca6-4126-914f-fbc3bcb19039 service nova] 10.4.3.186 "GET /placement/allocations/de2e02f0-34a7-44a6-aa22-db510706f04f" status: 200 len: 244 microversion: 1.28
Jun 10 14:26:01.239317 np0000002507 devstack@placement-api.service[92295]: [pid: 92295|app: 0|req: 367/1101] 10.4.3.186 () {68 vars in 1499 bytes} [Wed Jun 10 14:26:01 2026] GET /placement/allocations/de2e02f0-34a7-44a6-aa22-db510706f04f => generated 244 bytes in 10 msecs (HTTP/1.1 200) 8 headers in 296 bytes (1 switches on core 0)
Jun 10 14:26:01.264072 np0000002507 devstack@placement-api.service[92297]: DEBUG placement.requestlog [req-ac692058-2564-4043-b920-8b61eb921afd req-028e66f1-26e6-4c55-8fa4-3fd2ae47d38a None None] Starting request: 10.4.3.186 "PUT /placement/allocations/708508e6-19e8-4e1c-9e18-899612de2b59" {{(pid=92297) __call__ /opt/stack/placement/placement/requestlog.py:55}}
Jun 10 14:26:01.276268 np0000002507 devstack@placement-api.service[92296]: DEBUG placement.requestlog [req-22345a73-2225-41e7-9bd6-381c1fff96c0 req-384962e4-373e-4bf3-8f8a-0254676a3d40 None None] Starting request: 10.4.3.186 "GET /placement/allocations/5cf3fc99-2352-443b-a643-51b4e5ff905a" {{(pid=92296) __call__ /opt/stack/placement/placement/requestlog.py:55}}
Jun 10 14:26:01.286369 np0000002507 devstack@placement-api.service[92296]: INFO placement.requestlog [req-22345a73-2225-41e7-9bd6-381c1fff96c0 req-384962e4-373e-4bf3-8f8a-0254676a3d40 service nova] 10.4.3.186 "GET /placement/allocations/5cf3fc99-2352-443b-a643-51b4e5ff905a" status: 200 len: 244 microversion: 1.28
Jun 10 14:26:01.286595 np0000002507 devstack@placement-api.service[92296]: [pid: 92296|app: 0|req: 368/1102] 10.4.3.186 () {68 vars in 1499 bytes} [Wed Jun 10 14:26:01 2026] GET /placement/allocations/5cf3fc99-2352-443b-a643-51b4e5ff905a => generated 244 bytes in 10 msecs (HTTP/1.1 200) 8 headers in 296 bytes (1 switches on core 0)
Jun 10 14:26:01.323975 np0000002507 devstack@placement-api.service[92295]: DEBUG placement.requestlog [req-22345a73-2225-41e7-9bd6-381c1fff96c0 req-34a191f9-c701-4b14-9161-e79cb8abb058 None None] Starting request: 10.4.3.186 "GET /placement/allocations/507744aa-cd7c-4663-82e3-0cb8cc1ee46e" {{(pid=92295) __call__ /opt/stack/placement/placement/requestlog.py:55}}
Jun 10 14:26:01.333617 np0000002507 devstack@placement-api.service[92297]: DEBUG placement.handlers.allocation [req-ac692058-2564-4043-b920-8b61eb921afd req-028e66f1-26e6-4c55-8fa4-3fd2ae47d38a service nova] Successfully wrote allocations [, , ] {{(pid=92297) _update_consumers_and_create_allocations /opt/stack/placement/placement/handlers/allocation.py:462}}
Jun 10 14:26:01.334182 np0000002507 devstack@placement-api.service[92295]: INFO placement.requestlog [req-22345a73-2225-41e7-9bd6-381c1fff96c0 req-34a191f9-c701-4b14-9161-e79cb8abb058 service nova] 10.4.3.186 "GET /placement/allocations/507744aa-cd7c-4663-82e3-0cb8cc1ee46e" status: 200 len: 258 microversion: 1.28
Jun 10 14:26:01.334499 np0000002507 devstack@placement-api.service[92295]: [pid: 92295|app: 0|req: 368/1103] 10.4.3.186 () {68 vars in 1499 bytes} [Wed Jun 10 14:26:01 2026] GET /placement/allocations/507744aa-cd7c-4663-82e3-0cb8cc1ee46e => generated 258 bytes in 10 msecs (HTTP/1.1 200) 8 headers in 296 bytes (1 switches on core 0)
Jun 10 14:26:01.336742 np0000002507 devstack@placement-api.service[92297]: INFO placement.requestlog [req-ac692058-2564-4043-b920-8b61eb921afd req-028e66f1-26e6-4c55-8fa4-3fd2ae47d38a service nova] 10.4.3.186 "PUT /placement/allocations/708508e6-19e8-4e1c-9e18-899612de2b59" status: 204 len: 0 microversion: 1.36
Jun 10 14:26:01.336929 np0000002507 devstack@placement-api.service[92297]: [pid: 92297|app: 0|req: 368/1104] 10.4.3.186 () {72 vars in 1554 bytes} [Wed Jun 10 14:26:01 2026] PUT /placement/allocations/708508e6-19e8-4e1c-9e18-899612de2b59 => generated 0 bytes in 73 msecs (HTTP/1.1 204) 5 headers in 199 bytes (1 switches on core 0)
Jun 10 14:26:01.386610 np0000002507 devstack@placement-api.service[92296]: DEBUG placement.requestlog [req-22345a73-2225-41e7-9bd6-381c1fff96c0 req-61c3d94a-d746-4014-8183-eb5f99751844 None None] Starting request: 10.4.3.186 "GET /placement/allocations/6ce5f05e-5b74-4c03-8ad3-ccdb284b6ed1" {{(pid=92296) __call__ /opt/stack/placement/placement/requestlog.py:55}}
Jun 10 14:26:01.400671 np0000002507 devstack@placement-api.service[92296]: INFO placement.requestlog [req-22345a73-2225-41e7-9bd6-381c1fff96c0 req-61c3d94a-d746-4014-8183-eb5f99751844 service nova] 10.4.3.186 "GET /placement/allocations/6ce5f05e-5b74-4c03-8ad3-ccdb284b6ed1" status: 200 len: 258 microversion: 1.28
Jun 10 14:26:01.400894 np0000002507 devstack@placement-api.service[92296]: [pid: 92296|app: 0|req: 369/1105] 10.4.3.186 () {68 vars in 1499 bytes} [Wed Jun 10 14:26:01 2026] GET /placement/allocations/6ce5f05e-5b74-4c03-8ad3-ccdb284b6ed1 => generated 258 bytes in 15 msecs (HTTP/1.1 200) 8 headers in 296 bytes (1 switches on core 0)
Jun 10 14:26:01.436378 np0000002507 devstack@placement-api.service[92295]: DEBUG placement.requestlog [req-22345a73-2225-41e7-9bd6-381c1fff96c0 req-2002ac93-bb74-4767-b982-b0d96ffd6841 None None] Starting request: 10.4.3.186 "GET /placement/allocations/e4a197b9-9d93-4885-9d78-098fb6ebf372" {{(pid=92295) __call__ /opt/stack/placement/placement/requestlog.py:55}}
Jun 10 14:26:01.447445 np0000002507 devstack@placement-api.service[92295]: INFO placement.requestlog [req-22345a73-2225-41e7-9bd6-381c1fff96c0 req-2002ac93-bb74-4767-b982-b0d96ffd6841 service nova] 10.4.3.186 "GET /placement/allocations/e4a197b9-9d93-4885-9d78-098fb6ebf372" status: 200 len: 258 microversion: 1.28
Jun 10 14:26:01.447644 np0000002507 devstack@placement-api.service[92295]: [pid: 92295|app: 0|req: 369/1106] 10.4.3.186 () {68 vars in 1499 bytes} [Wed Jun 10 14:26:01 2026] GET /placement/allocations/e4a197b9-9d93-4885-9d78-098fb6ebf372 => generated 258 bytes in 11 msecs (HTTP/1.1 200) 8 headers in 296 bytes (1 switches on core 0)
Jun 10 14:26:01.496315 np0000002507 devstack@placement-api.service[92297]: DEBUG placement.requestlog [req-22345a73-2225-41e7-9bd6-381c1fff96c0 req-3493c5bc-1fd7-48c1-9fc5-c57914e2e0e1 None None] Starting request: 10.4.3.186 "GET /placement/allocations/26c14717-c0dc-462c-ab6d-3c36c5b09709" {{(pid=92297) __call__ /opt/stack/placement/placement/requestlog.py:55}}
Jun 10 14:26:01.505110 np0000002507 devstack@placement-api.service[92297]: INFO placement.requestlog [req-22345a73-2225-41e7-9bd6-381c1fff96c0 req-3493c5bc-1fd7-48c1-9fc5-c57914e2e0e1 service nova] 10.4.3.186 "GET /placement/allocations/26c14717-c0dc-462c-ab6d-3c36c5b09709" status: 200 len: 258 microversion: 1.28
Jun 10 14:26:01.505110 np0000002507 devstack@placement-api.service[92297]: [pid: 92297|app: 0|req: 369/1107] 10.4.3.186 () {68 vars in 1499 bytes} [Wed Jun 10 14:26:01 2026] GET /placement/allocations/26c14717-c0dc-462c-ab6d-3c36c5b09709 => generated 258 bytes in 9 msecs (HTTP/1.1 200) 8 headers in 296 bytes (1 switches on core 0)
Jun 10 14:26:01.546754 np0000002507 devstack@placement-api.service[92296]: DEBUG placement.requestlog [req-22345a73-2225-41e7-9bd6-381c1fff96c0 req-597a734c-9623-413f-a4d7-5184caf23125 None None] Starting request: 10.4.3.186 "GET /placement/allocations/2aef43c2-358e-4bf5-bee1-016cceef81cf" {{(pid=92296) __call__ /opt/stack/placement/placement/requestlog.py:55}}
Jun 10 14:26:01.557258 np0000002507 devstack@placement-api.service[92296]: INFO placement.requestlog [req-22345a73-2225-41e7-9bd6-381c1fff96c0 req-597a734c-9623-413f-a4d7-5184caf23125 service nova] 10.4.3.186 "GET /placement/allocations/2aef43c2-358e-4bf5-bee1-016cceef81cf" status: 200 len: 258 microversion: 1.28
Jun 10 14:26:01.557679 np0000002507 devstack@placement-api.service[92296]: [pid: 92296|app: 0|req: 370/1108] 10.4.3.186 () {68 vars in 1499 bytes} [Wed Jun 10 14:26:01 2026] GET /placement/allocations/2aef43c2-358e-4bf5-bee1-016cceef81cf => generated 258 bytes in 11 msecs (HTTP/1.1 200) 8 headers in 296 bytes (1 switches on core 0)
Jun 10 14:26:01.618420 np0000002507 devstack@placement-api.service[92295]: DEBUG placement.requestlog [req-22345a73-2225-41e7-9bd6-381c1fff96c0 req-c47fd2b6-a200-4599-bfea-de1130f6fb3b None None] Starting request: 10.4.3.186 "GET /placement/allocations/b5dec7ed-f28a-4c35-b7de-62295c08639e" {{(pid=92295) __call__ /opt/stack/placement/placement/requestlog.py:55}}
Jun 10 14:26:01.632605 np0000002507 devstack@placement-api.service[92295]: INFO placement.requestlog [req-22345a73-2225-41e7-9bd6-381c1fff96c0 req-c47fd2b6-a200-4599-bfea-de1130f6fb3b service nova] 10.4.3.186 "GET /placement/allocations/b5dec7ed-f28a-4c35-b7de-62295c08639e" status: 200 len: 258 microversion: 1.28
Jun 10 14:26:01.634043 np0000002507 devstack@placement-api.service[92295]: [pid: 92295|app: 0|req: 370/1109] 10.4.3.186 () {68 vars in 1499 bytes} [Wed Jun 10 14:26:01 2026] GET /placement/allocations/b5dec7ed-f28a-4c35-b7de-62295c08639e => generated 258 bytes in 16 msecs (HTTP/1.1 200) 8 headers in 296 bytes (1 switches on core 0)
Jun 10 14:26:01.671095 np0000002507 devstack@placement-api.service[92297]: DEBUG placement.requestlog [req-22345a73-2225-41e7-9bd6-381c1fff96c0 req-1a112469-fcba-4f00-aeb6-8a969b64d451 None None] Starting request: 10.4.3.186 "GET /placement/allocations/35b152f4-beac-455c-bc09-e84cd8d87a1d" {{(pid=92297) __call__ /opt/stack/placement/placement/requestlog.py:55}}
Jun 10 14:26:01.684049 np0000002507 devstack@placement-api.service[92297]: INFO placement.requestlog [req-22345a73-2225-41e7-9bd6-381c1fff96c0 req-1a112469-fcba-4f00-aeb6-8a969b64d451 service nova] 10.4.3.186 "GET /placement/allocations/35b152f4-beac-455c-bc09-e84cd8d87a1d" status: 200 len: 258 microversion: 1.28
Jun 10 14:26:01.684635 np0000002507 devstack@placement-api.service[92297]: [pid: 92297|app: 0|req: 370/1110] 10.4.3.186 () {68 vars in 1499 bytes} [Wed Jun 10 14:26:01 2026] GET /placement/allocations/35b152f4-beac-455c-bc09-e84cd8d87a1d => generated 258 bytes in 13 msecs (HTTP/1.1 200) 8 headers in 296 bytes (1 switches on core 0)
Jun 10 14:26:01.723986 np0000002507 devstack@placement-api.service[92296]: DEBUG placement.requestlog [req-22345a73-2225-41e7-9bd6-381c1fff96c0 req-2b210e91-ea39-4075-8f95-622b979eb798 None None] Starting request: 10.4.3.186 "GET /placement/allocations/ba4c4106-4e0d-47db-b39b-eb4c32f91a53" {{(pid=92296) __call__ /opt/stack/placement/placement/requestlog.py:55}}
Jun 10 14:26:01.736016 np0000002507 devstack@placement-api.service[92296]: INFO placement.requestlog [req-22345a73-2225-41e7-9bd6-381c1fff96c0 req-2b210e91-ea39-4075-8f95-622b979eb798 service nova] 10.4.3.186 "GET /placement/allocations/ba4c4106-4e0d-47db-b39b-eb4c32f91a53" status: 200 len: 258 microversion: 1.28
Jun 10 14:26:01.736241 np0000002507 devstack@placement-api.service[92296]: [pid: 92296|app: 0|req: 371/1111] 10.4.3.186 () {68 vars in 1499 bytes} [Wed Jun 10 14:26:01 2026] GET /placement/allocations/ba4c4106-4e0d-47db-b39b-eb4c32f91a53 => generated 258 bytes in 13 msecs (HTTP/1.1 200) 8 headers in 296 bytes (1 switches on core 0)
Jun 10 14:26:02.712202 np0000002507 devstack@placement-api.service[92295]: DEBUG placement.requestlog [req-ac692058-2564-4043-b920-8b61eb921afd req-056f6b09-0a19-4a63-a10f-92d77739df87 None None] Starting request: 10.4.3.186 "GET /placement/allocations/708508e6-19e8-4e1c-9e18-899612de2b59" {{(pid=92295) __call__ /opt/stack/placement/placement/requestlog.py:55}}
Jun 10 14:26:02.722088 np0000002507 devstack@placement-api.service[92295]: INFO placement.requestlog [req-ac692058-2564-4043-b920-8b61eb921afd req-056f6b09-0a19-4a63-a10f-92d77739df87 service nova] 10.4.3.186 "GET /placement/allocations/708508e6-19e8-4e1c-9e18-899612de2b59" status: 200 len: 258 microversion: 1.28
Jun 10 14:26:02.722607 np0000002507 devstack@placement-api.service[92295]: [pid: 92295|app: 0|req: 371/1112] 10.4.3.186 () {68 vars in 1499 bytes} [Wed Jun 10 14:26:02 2026] GET /placement/allocations/708508e6-19e8-4e1c-9e18-899612de2b59 => generated 258 bytes in 11 msecs (HTTP/1.1 200) 8 headers in 296 bytes (1 switches on core 0)
Jun 10 14:26:03.841113 np0000002507 devstack@placement-api.service[92297]: DEBUG placement.requestlog [req-2c077367-5275-4465-ab69-99f1cea8ab9f req-73faf4e6-3dc7-42da-8cd0-9a1be950d0bd None None] Starting request: 10.4.3.186 "GET /placement/resource_providers/d49909ac-d47a-45d6-829a-99e57c2ffd12/allocations" {{(pid=92297) __call__ /opt/stack/placement/placement/requestlog.py:55}}
Jun 10 14:26:03.867371 np0000002507 devstack@placement-api.service[92297]: INFO placement.requestlog [req-2c077367-5275-4465-ab69-99f1cea8ab9f req-73faf4e6-3dc7-42da-8cd0-9a1be950d0bd service nova] 10.4.3.186 "GET /placement/resource_providers/d49909ac-d47a-45d6-829a-99e57c2ffd12/allocations" status: 200 len: 1225 microversion: 1.0
Jun 10 14:26:03.867684 np0000002507 devstack@placement-api.service[92297]: [pid: 92297|app: 0|req: 371/1113] 10.4.3.186 () {66 vars in 1512 bytes} [Wed Jun 10 14:26:03 2026] GET /placement/resource_providers/d49909ac-d47a-45d6-829a-99e57c2ffd12/allocations => generated 1225 bytes in 29 msecs (HTTP/1.1 200) 6 headers in 225 bytes (1 switches on core 0)
Jun 10 14:26:03.915483 np0000002507 devstack@placement-api.service[92296]: DEBUG placement.requestlog [req-2c077367-5275-4465-ab69-99f1cea8ab9f req-c085ad16-a564-4af6-98ab-a7c460d924f4 None None] Starting request: 10.4.3.186 "GET /placement/allocations/5fade047-11e1-432a-b661-b818aec97f6e" {{(pid=92296) __call__ /opt/stack/placement/placement/requestlog.py:55}}
Jun 10 14:26:03.927456 np0000002507 devstack@placement-api.service[92296]: INFO placement.requestlog [req-2c077367-5275-4465-ab69-99f1cea8ab9f req-c085ad16-a564-4af6-98ab-a7c460d924f4 service nova] 10.4.3.186 "GET /placement/allocations/5fade047-11e1-432a-b661-b818aec97f6e" status: 200 len: 258 microversion: 1.28
Jun 10 14:26:03.927765 np0000002507 devstack@placement-api.service[92296]: [pid: 92296|app: 0|req: 372/1114] 10.4.3.186 () {68 vars in 1499 bytes} [Wed Jun 10 14:26:03 2026] GET /placement/allocations/5fade047-11e1-432a-b661-b818aec97f6e => generated 258 bytes in 12 msecs (HTTP/1.1 200) 8 headers in 296 bytes (1 switches on core 0)
Jun 10 14:26:04.175866 np0000002507 devstack@placement-api.service[92295]: DEBUG placement.requestlog [req-2c077367-5275-4465-ab69-99f1cea8ab9f req-f1524919-be25-4db9-b623-7026af9f72d6 None None] Starting request: 10.4.3.186 "GET /placement/allocations/de2e02f0-34a7-44a6-aa22-db510706f04f" {{(pid=92295) __call__ /opt/stack/placement/placement/requestlog.py:55}}
Jun 10 14:26:04.185588 np0000002507 devstack@placement-api.service[92295]: INFO placement.requestlog [req-2c077367-5275-4465-ab69-99f1cea8ab9f req-f1524919-be25-4db9-b623-7026af9f72d6 service nova] 10.4.3.186 "GET /placement/allocations/de2e02f0-34a7-44a6-aa22-db510706f04f" status: 200 len: 244 microversion: 1.28
Jun 10 14:26:04.185955 np0000002507 devstack@placement-api.service[92295]: [pid: 92295|app: 0|req: 372/1115] 10.4.3.186 () {68 vars in 1499 bytes} [Wed Jun 10 14:26:04 2026] GET /placement/allocations/de2e02f0-34a7-44a6-aa22-db510706f04f => generated 244 bytes in 10 msecs (HTTP/1.1 200) 8 headers in 296 bytes (1 switches on core 0)
Jun 10 14:26:04.239194 np0000002507 devstack@placement-api.service[92297]: DEBUG placement.requestlog [req-2c077367-5275-4465-ab69-99f1cea8ab9f req-40fc0bfe-dfc0-460d-ac61-c7d07b739297 None None] Starting request: 10.4.3.186 "GET /placement/allocations/5cf3fc99-2352-443b-a643-51b4e5ff905a" {{(pid=92297) __call__ /opt/stack/placement/placement/requestlog.py:55}}
Jun 10 14:26:04.247693 np0000002507 devstack@placement-api.service[92297]: INFO placement.requestlog [req-2c077367-5275-4465-ab69-99f1cea8ab9f req-40fc0bfe-dfc0-460d-ac61-c7d07b739297 service nova] 10.4.3.186 "GET /placement/allocations/5cf3fc99-2352-443b-a643-51b4e5ff905a" status: 200 len: 244 microversion: 1.28
Jun 10 14:26:04.248027 np0000002507 devstack@placement-api.service[92297]: [pid: 92297|app: 0|req: 372/1116] 10.4.3.186 () {68 vars in 1499 bytes} [Wed Jun 10 14:26:04 2026] GET /placement/allocations/5cf3fc99-2352-443b-a643-51b4e5ff905a => generated 244 bytes in 9 msecs (HTTP/1.1 200) 8 headers in 296 bytes (1 switches on core 0)
Jun 10 14:26:04.285818 np0000002507 devstack@placement-api.service[92296]: DEBUG placement.requestlog [req-2c077367-5275-4465-ab69-99f1cea8ab9f req-2779853c-2065-4ae1-8fcd-5b66d526ce74 None None] Starting request: 10.4.3.186 "GET /placement/allocations/708508e6-19e8-4e1c-9e18-899612de2b59" {{(pid=92296) __call__ /opt/stack/placement/placement/requestlog.py:55}}
Jun 10 14:26:04.294137 np0000002507 devstack@placement-api.service[92296]: INFO placement.requestlog [req-2c077367-5275-4465-ab69-99f1cea8ab9f req-2779853c-2065-4ae1-8fcd-5b66d526ce74 service nova] 10.4.3.186 "GET /placement/allocations/708508e6-19e8-4e1c-9e18-899612de2b59" status: 200 len: 258 microversion: 1.28
Jun 10 14:26:04.294444 np0000002507 devstack@placement-api.service[92296]: [pid: 92296|app: 0|req: 373/1117] 10.4.3.186 () {68 vars in 1499 bytes} [Wed Jun 10 14:26:04 2026] GET /placement/allocations/708508e6-19e8-4e1c-9e18-899612de2b59 => generated 258 bytes in 9 msecs (HTTP/1.1 200) 8 headers in 296 bytes (1 switches on core 0)
Jun 10 14:26:04.348390 np0000002507 devstack@placement-api.service[92295]: DEBUG placement.requestlog [req-2c077367-5275-4465-ab69-99f1cea8ab9f req-d7c5174d-2046-4fdd-997c-d6da78a24a5d None None] Starting request: 10.4.3.186 "GET /placement/allocations/507744aa-cd7c-4663-82e3-0cb8cc1ee46e" {{(pid=92295) __call__ /opt/stack/placement/placement/requestlog.py:55}}
Jun 10 14:26:04.357324 np0000002507 devstack@placement-api.service[92295]: INFO placement.requestlog [req-2c077367-5275-4465-ab69-99f1cea8ab9f req-d7c5174d-2046-4fdd-997c-d6da78a24a5d service nova] 10.4.3.186 "GET /placement/allocations/507744aa-cd7c-4663-82e3-0cb8cc1ee46e" status: 200 len: 258 microversion: 1.28
Jun 10 14:26:04.357784 np0000002507 devstack@placement-api.service[92295]: [pid: 92295|app: 0|req: 373/1118] 10.4.3.186 () {68 vars in 1499 bytes} [Wed Jun 10 14:26:04 2026] GET /placement/allocations/507744aa-cd7c-4663-82e3-0cb8cc1ee46e => generated 258 bytes in 9 msecs (HTTP/1.1 200) 8 headers in 296 bytes (1 switches on core 0)
Jun 10 14:26:04.393005 np0000002507 devstack@placement-api.service[92297]: DEBUG placement.requestlog [req-2c077367-5275-4465-ab69-99f1cea8ab9f req-83aeb319-d293-4317-afbc-ab80ff6a6dab None None] Starting request: 10.4.3.186 "GET /placement/allocations/6ce5f05e-5b74-4c03-8ad3-ccdb284b6ed1" {{(pid=92297) __call__ /opt/stack/placement/placement/requestlog.py:55}}
Jun 10 14:26:04.407692 np0000002507 devstack@placement-api.service[92297]: INFO placement.requestlog [req-2c077367-5275-4465-ab69-99f1cea8ab9f req-83aeb319-d293-4317-afbc-ab80ff6a6dab service nova] 10.4.3.186 "GET /placement/allocations/6ce5f05e-5b74-4c03-8ad3-ccdb284b6ed1" status: 200 len: 258 microversion: 1.28
Jun 10 14:26:04.407951 np0000002507 devstack@placement-api.service[92297]: [pid: 92297|app: 0|req: 373/1119] 10.4.3.186 () {68 vars in 1499 bytes} [Wed Jun 10 14:26:04 2026] GET /placement/allocations/6ce5f05e-5b74-4c03-8ad3-ccdb284b6ed1 => generated 258 bytes in 15 msecs (HTTP/1.1 200) 8 headers in 296 bytes (1 switches on core 0)
Jun 10 14:26:04.467260 np0000002507 devstack@placement-api.service[92296]: DEBUG placement.requestlog [req-2c077367-5275-4465-ab69-99f1cea8ab9f req-3b259da5-75b5-4a85-8d2c-acfa537ec7e3 None None] Starting request: 10.4.3.186 "GET /placement/allocations/e4a197b9-9d93-4885-9d78-098fb6ebf372" {{(pid=92296) __call__ /opt/stack/placement/placement/requestlog.py:55}}
Jun 10 14:26:04.485015 np0000002507 devstack@placement-api.service[92296]: INFO placement.requestlog [req-2c077367-5275-4465-ab69-99f1cea8ab9f req-3b259da5-75b5-4a85-8d2c-acfa537ec7e3 service nova] 10.4.3.186 "GET /placement/allocations/e4a197b9-9d93-4885-9d78-098fb6ebf372" status: 200 len: 258 microversion: 1.28
Jun 10 14:26:04.485258 np0000002507 devstack@placement-api.service[92296]: [pid: 92296|app: 0|req: 374/1120] 10.4.3.186 () {68 vars in 1499 bytes} [Wed Jun 10 14:26:04 2026] GET /placement/allocations/e4a197b9-9d93-4885-9d78-098fb6ebf372 => generated 258 bytes in 18 msecs (HTTP/1.1 200) 8 headers in 296 bytes (1 switches on core 0)
Jun 10 14:26:04.532244 np0000002507 devstack@placement-api.service[92295]: DEBUG placement.requestlog [req-2c077367-5275-4465-ab69-99f1cea8ab9f req-501db693-a4ef-4553-8a67-395cc91776bf None None] Starting request: 10.4.3.186 "GET /placement/allocations/26c14717-c0dc-462c-ab6d-3c36c5b09709" {{(pid=92295) __call__ /opt/stack/placement/placement/requestlog.py:55}}
Jun 10 14:26:04.541307 np0000002507 devstack@placement-api.service[92295]: INFO placement.requestlog [req-2c077367-5275-4465-ab69-99f1cea8ab9f req-501db693-a4ef-4553-8a67-395cc91776bf service nova] 10.4.3.186 "GET /placement/allocations/26c14717-c0dc-462c-ab6d-3c36c5b09709" status: 200 len: 258 microversion: 1.28
