May 28 15:09:36.204340 np0000001649 nova-scheduler[95633]: DEBUG cotyledon.oslo_config_glue [-] oslo_limit.connect_retries = None {{(pid=95633) log_opt_values /opt/stack/data/venv/lib/python3.12/site-packages/oslo_config/cfg.py:3256}}
May 28 15:09:36.204340 np0000001649 nova-scheduler[95633]: DEBUG cotyledon.oslo_config_glue [-] oslo_limit.connect_retry_delay = None {{(pid=95633) log_opt_values /opt/stack/data/venv/lib/python3.12/site-packages/oslo_config/cfg.py:3256}}
May 28 15:09:36.204340 np0000001649 nova-scheduler[95633]: DEBUG cotyledon.oslo_config_glue [-] oslo_limit.endpoint_id = None {{(pid=95633) log_opt_values /opt/stack/data/venv/lib/python3.12/site-packages/oslo_config/cfg.py:3256}}
May 28 15:09:36.204340 np0000001649 nova-scheduler[95633]: DEBUG cotyledon.oslo_config_glue [-] oslo_limit.endpoint_interface = public {{(pid=95633) log_opt_values /opt/stack/data/venv/lib/python3.12/site-packages/oslo_config/cfg.py:3256}}
May 28 15:09:36.204340 np0000001649 nova-scheduler[95633]: DEBUG cotyledon.oslo_config_glue [-] oslo_limit.endpoint_override = None {{(pid=95633) log_opt_values /opt/stack/data/venv/lib/python3.12/site-packages/oslo_config/cfg.py:3256}}
May 28 15:09:36.204340 np0000001649 nova-scheduler[95633]: DEBUG cotyledon.oslo_config_glue [-] oslo_limit.endpoint_region_name = None {{(pid=95633) log_opt_values /opt/stack/data/venv/lib/python3.12/site-packages/oslo_config/cfg.py:3256}}
May 28 15:09:36.204340 np0000001649 nova-scheduler[95633]: DEBUG cotyledon.oslo_config_glue [-] oslo_limit.endpoint_service_name = None {{(pid=95633) log_opt_values /opt/stack/data/venv/lib/python3.12/site-packages/oslo_config/cfg.py:3256}}
May 28 15:09:36.204585 np0000001649 nova-scheduler[95633]: DEBUG cotyledon.oslo_config_glue [-] oslo_limit.endpoint_service_type = None {{(pid=95633) log_opt_values /opt/stack/data/venv/lib/python3.12/site-packages/oslo_config/cfg.py:3256}}
May 28 15:09:36.204585 np0000001649 nova-scheduler[95633]: DEBUG cotyledon.oslo_config_glue [-] oslo_limit.insecure = False {{(pid=95633) log_opt_values /opt/stack/data/venv/lib/python3.12/site-packages/oslo_config/cfg.py:3256}}
May 28 15:09:36.204585 np0000001649 nova-scheduler[95633]: DEBUG cotyledon.oslo_config_glue [-] oslo_limit.keyfile = None {{(pid=95633) log_opt_values /opt/stack/data/venv/lib/python3.12/site-packages/oslo_config/cfg.py:3256}}
May 28 15:09:36.204585 np0000001649 nova-scheduler[95633]: DEBUG cotyledon.oslo_config_glue [-] oslo_limit.max_version = None {{(pid=95633) log_opt_values /opt/stack/data/venv/lib/python3.12/site-packages/oslo_config/cfg.py:3256}}
May 28 15:09:36.204585 np0000001649 nova-scheduler[95633]: DEBUG cotyledon.oslo_config_glue [-] oslo_limit.min_version = None {{(pid=95633) log_opt_values /opt/stack/data/venv/lib/python3.12/site-packages/oslo_config/cfg.py:3256}}
May 28 15:09:36.204585 np0000001649 nova-scheduler[95633]: DEBUG cotyledon.oslo_config_glue [-] oslo_limit.region_name = None {{(pid=95633) log_opt_values /opt/stack/data/venv/lib/python3.12/site-packages/oslo_config/cfg.py:3256}}
May 28 15:09:36.204585 np0000001649 nova-scheduler[95633]: DEBUG cotyledon.oslo_config_glue [-] oslo_limit.retriable_status_codes = None {{(pid=95633) log_opt_values /opt/stack/data/venv/lib/python3.12/site-packages/oslo_config/cfg.py:3256}}
May 28 15:09:36.204585 np0000001649 nova-scheduler[95633]: DEBUG cotyledon.oslo_config_glue [-] oslo_limit.service_name = None {{(pid=95633) log_opt_values /opt/stack/data/venv/lib/python3.12/site-packages/oslo_config/cfg.py:3256}}
May 28 15:09:36.204585 np0000001649 nova-scheduler[95633]: DEBUG cotyledon.oslo_config_glue [-] oslo_limit.service_type = None {{(pid=95633) log_opt_values /opt/stack/data/venv/lib/python3.12/site-packages/oslo_config/cfg.py:3256}}
May 28 15:09:36.204820 np0000001649 nova-scheduler[95633]: DEBUG cotyledon.oslo_config_glue [-] oslo_limit.split_loggers = False {{(pid=95633) log_opt_values /opt/stack/data/venv/lib/python3.12/site-packages/oslo_config/cfg.py:3256}}
May 28 15:09:36.204820 np0000001649 nova-scheduler[95633]: DEBUG cotyledon.oslo_config_glue [-] oslo_limit.status_code_retries = None {{(pid=95633) log_opt_values /opt/stack/data/venv/lib/python3.12/site-packages/oslo_config/cfg.py:3256}}
May 28 15:09:36.204820 np0000001649 nova-scheduler[95633]: DEBUG cotyledon.oslo_config_glue [-] oslo_limit.status_code_retry_delay = None {{(pid=95633) log_opt_values /opt/stack/data/venv/lib/python3.12/site-packages/oslo_config/cfg.py:3256}}
May 28 15:09:36.204820 np0000001649 nova-scheduler[95633]: DEBUG cotyledon.oslo_config_glue [-] oslo_limit.timeout = None {{(pid=95633) log_opt_values /opt/stack/data/venv/lib/python3.12/site-packages/oslo_config/cfg.py:3256}}
May 28 15:09:36.204820 np0000001649 nova-scheduler[95633]: DEBUG cotyledon.oslo_config_glue [-] oslo_limit.valid_interfaces = None {{(pid=95633) log_opt_values /opt/stack/data/venv/lib/python3.12/site-packages/oslo_config/cfg.py:3256}}
May 28 15:09:36.204820 np0000001649 nova-scheduler[95633]: DEBUG cotyledon.oslo_config_glue [-] oslo_limit.version = None {{(pid=95633) log_opt_values /opt/stack/data/venv/lib/python3.12/site-packages/oslo_config/cfg.py:3256}}
May 28 15:09:36.204820 np0000001649 nova-scheduler[95633]: DEBUG cotyledon.oslo_config_glue [-] oslo_reports.file_event_handler = None {{(pid=95633) log_opt_values /opt/stack/data/venv/lib/python3.12/site-packages/oslo_config/cfg.py:3256}}
May 28 15:09:36.204820 np0000001649 nova-scheduler[95633]: DEBUG cotyledon.oslo_config_glue [-] oslo_reports.file_event_handler_interval = 1 {{(pid=95633) log_opt_values /opt/stack/data/venv/lib/python3.12/site-packages/oslo_config/cfg.py:3256}}
May 28 15:09:36.204820 np0000001649 nova-scheduler[95633]: DEBUG cotyledon.oslo_config_glue [-] oslo_reports.log_dir = None {{(pid=95633) log_opt_values /opt/stack/data/venv/lib/python3.12/site-packages/oslo_config/cfg.py:3256}}
May 28 15:09:36.205060 np0000001649 nova-scheduler[95633]: DEBUG cotyledon.oslo_config_glue [-] ******************************************************************************** {{(pid=95633) log_opt_values /opt/stack/data/venv/lib/python3.12/site-packages/oslo_config/cfg.py:3263}}
May 28 15:09:36.205060 np0000001649 nova-scheduler[95633]: DEBUG cotyledon._service_worker [-] Run service ServiceWrapper(2) [95633] {{(pid=95633) wait_forever /opt/stack/data/venv/lib/python3.12/site-packages/cotyledon/_service_worker.py:218}}
May 28 15:09:36.205060 np0000001649 nova-scheduler[95633]: INFO nova.service [-] Starting scheduler node (version 33.1.0)
May 28 15:09:36.205145 np0000001649 nova-scheduler[95629]: DEBUG dbcounter [-] [95629] Writer thread running {{(pid=95629) stat_writer /opt/stack/data/venv/lib/python3.12/site-packages/dbcounter.py:102}}
May 28 15:09:36.209410 np0000001649 nova-scheduler[95633]: INFO dbcounter [None req-8944d603-bafb-4f62-8926-e2a03691baec None None] Registered counter for database nova_cell0
May 28 15:09:36.222973 np0000001649 nova-scheduler[95629]: DEBUG nova.service [None req-45ce3517-01f1-4727-83ba-dde148e216f2 None None] Creating RPC server for service: nova-scheduler on topic: scheduler {{(pid=95629) start /opt/stack/nova/nova/service.py:195}}
May 28 15:09:36.225053 np0000001649 nova-scheduler[95631]: DEBUG oslo_db.sqlalchemy.engines [None req-98021b07-fed2-4b09-8e27-3164f2073136 None None] MySQL server mode set to STRICT_TRANS_TABLES,STRICT_ALL_TABLES,NO_ZERO_IN_DATE,NO_ZERO_DATE,ERROR_FOR_DIVISION_BY_ZERO,TRADITIONAL,NO_ENGINE_SUBSTITUTION {{(pid=95631) _check_effective_sql_mode /opt/stack/data/venv/lib/python3.12/site-packages/oslo_db/sqlalchemy/engines.py:325}}
May 28 15:09:36.237535 np0000001649 nova-scheduler[95631]: DEBUG dbcounter [-] [95631] Writer thread running {{(pid=95631) stat_writer /opt/stack/data/venv/lib/python3.12/site-packages/dbcounter.py:102}}
May 28 15:09:36.240816 np0000001649 nova-scheduler[95631]: DEBUG nova.service [None req-98021b07-fed2-4b09-8e27-3164f2073136 None None] Creating RPC server for service: nova-scheduler on topic: scheduler {{(pid=95631) start /opt/stack/nova/nova/service.py:195}}
May 28 15:09:36.251471 np0000001649 nova-scheduler[95633]: DEBUG oslo_db.sqlalchemy.engines [None req-8944d603-bafb-4f62-8926-e2a03691baec None None] MySQL server mode set to STRICT_TRANS_TABLES,STRICT_ALL_TABLES,NO_ZERO_IN_DATE,NO_ZERO_DATE,ERROR_FOR_DIVISION_BY_ZERO,TRADITIONAL,NO_ENGINE_SUBSTITUTION {{(pid=95633) _check_effective_sql_mode /opt/stack/data/venv/lib/python3.12/site-packages/oslo_db/sqlalchemy/engines.py:325}}
May 28 15:09:36.251880 np0000001649 nova-scheduler[95629]: DEBUG nova.service [None req-45ce3517-01f1-4727-83ba-dde148e216f2 None None] Join ServiceGroup membership for this service scheduler {{(pid=95629) start /opt/stack/nova/nova/service.py:221}}
May 28 15:09:36.252117 np0000001649 nova-scheduler[95629]: DEBUG nova.servicegroup.drivers.db [None req-45ce3517-01f1-4727-83ba-dde148e216f2 None None] DB_Driver: join new ServiceGroup member np0000001649 to the scheduler group, service = {{(pid=95629) join /opt/stack/nova/nova/servicegroup/drivers/db.py:44}}
May 28 15:09:36.261835 np0000001649 nova-scheduler[95633]: DEBUG dbcounter [-] [95633] Writer thread running {{(pid=95633) stat_writer /opt/stack/data/venv/lib/python3.12/site-packages/dbcounter.py:102}}
May 28 15:09:36.264697 np0000001649 nova-scheduler[95633]: DEBUG nova.service [None req-8944d603-bafb-4f62-8926-e2a03691baec None None] Creating RPC server for service: nova-scheduler on topic: scheduler {{(pid=95633) start /opt/stack/nova/nova/service.py:195}}
May 28 15:09:36.265944 np0000001649 nova-scheduler[95631]: DEBUG nova.service [None req-98021b07-fed2-4b09-8e27-3164f2073136 None None] Join ServiceGroup membership for this service scheduler {{(pid=95631) start /opt/stack/nova/nova/service.py:221}}
May 28 15:09:36.266121 np0000001649 nova-scheduler[95631]: DEBUG nova.servicegroup.drivers.db [None req-98021b07-fed2-4b09-8e27-3164f2073136 None None] DB_Driver: join new ServiceGroup member np0000001649 to the scheduler group, service = {{(pid=95631) join /opt/stack/nova/nova/servicegroup/drivers/db.py:44}}
May 28 15:09:36.286691 np0000001649 nova-scheduler[95633]: DEBUG nova.service [None req-8944d603-bafb-4f62-8926-e2a03691baec None None] Join ServiceGroup membership for this service scheduler {{(pid=95633) start /opt/stack/nova/nova/service.py:221}}
May 28 15:09:36.286951 np0000001649 nova-scheduler[95633]: DEBUG nova.servicegroup.drivers.db [None req-8944d603-bafb-4f62-8926-e2a03691baec None None] DB_Driver: join new ServiceGroup member np0000001649 to the scheduler group, service = {{(pid=95633) join /opt/stack/nova/nova/servicegroup/drivers/db.py:44}}
May 28 15:09:41.263981 np0000001649 nova-scheduler[95629]: DEBUG oslo.service.backend._threading.loopingcall [-] Fixed interval looping call 'nova.servicegroup.drivers.db.DbDriver._report_state' sleeping for 119.99 seconds {{(pid=95629) _run_loop /opt/stack/data/venv/lib/python3.12/site-packages/oslo_service/backend/_threading/loopingcall.py:125}}
May 28 15:09:41.278808 np0000001649 nova-scheduler[95631]: DEBUG oslo.service.backend._threading.loopingcall [-] Fixed interval looping call 'nova.servicegroup.drivers.db.DbDriver._report_state' sleeping for 119.99 seconds {{(pid=95631) _run_loop /opt/stack/data/venv/lib/python3.12/site-packages/oslo_service/backend/_threading/loopingcall.py:125}}
May 28 15:09:41.299822 np0000001649 nova-scheduler[95633]: DEBUG oslo.service.backend._threading.loopingcall [-] Fixed interval looping call 'nova.servicegroup.drivers.db.DbDriver._report_state' sleeping for 119.99 seconds {{(pid=95633) _run_loop /opt/stack/data/venv/lib/python3.12/site-packages/oslo_service/backend/_threading/loopingcall.py:125}}
May 28 15:09:44.829036 np0000001649 nova-scheduler[94353]: DEBUG dbcounter [-] [94353] Writing DB stats nova_api:SELECT=3 {{(pid=94353) stat_writer /opt/stack/data/venv/lib/python3.12/site-packages/dbcounter.py:115}}
May 28 15:09:44.952272 np0000001649 nova-scheduler[94353]: DEBUG dbcounter [-] [94353] Writing DB stats nova_cell0:SELECT=1 {{(pid=94353) stat_writer /opt/stack/data/venv/lib/python3.12/site-packages/dbcounter.py:115}}
May 28 15:09:44.955346 np0000001649 nova-scheduler[94353]: DEBUG dbcounter [-] [94353] Writing DB stats nova_cell1:SELECT=1 {{(pid=94353) stat_writer /opt/stack/data/venv/lib/python3.12/site-packages/dbcounter.py:115}}
May 28 15:09:48.256850 np0000001649 nova-scheduler[95629]: DEBUG oslo.service.backend._threading.loopingcall [None req-9d6dba9c-c622-4d77-be11-4586398f48f0 None None] Dynamic interval looping call 'nova.service.Service.periodic_tasks' sleeping for 60.00 seconds {{(pid=95629) _run_loop /opt/stack/data/venv/lib/python3.12/site-packages/oslo_service/backend/_threading/loopingcall.py:125}}
May 28 15:09:51.260837 np0000001649 nova-scheduler[95629]: DEBUG dbcounter [-] [95629] Writing DB stats nova_cell0:SELECT=4,nova_cell0:INSERT=1,nova_cell0:UPDATE=1 {{(pid=95629) stat_writer /opt/stack/data/venv/lib/python3.12/site-packages/dbcounter.py:115}}
May 28 15:09:51.275502 np0000001649 nova-scheduler[95631]: DEBUG dbcounter [-] [95631] Writing DB stats nova_cell0:SELECT=3 {{(pid=95631) stat_writer /opt/stack/data/venv/lib/python3.12/site-packages/dbcounter.py:115}}
May 28 15:09:51.296886 np0000001649 nova-scheduler[95633]: DEBUG dbcounter [-] [95633] Writing DB stats nova_cell0:SELECT=3 {{(pid=95633) stat_writer /opt/stack/data/venv/lib/python3.12/site-packages/dbcounter.py:115}}
May 28 15:10:04.289085 np0000001649 nova-scheduler[95633]: DEBUG oslo.service.backend._threading.loopingcall [None req-8b1e218a-b6ae-44a2-ab21-d8aa170249ed None None] Dynamic interval looping call 'nova.service.Service.periodic_tasks' sleeping for 60.00 seconds {{(pid=95633) _run_loop /opt/stack/data/venv/lib/python3.12/site-packages/oslo_service/backend/_threading/loopingcall.py:125}}
May 28 15:10:06.269278 np0000001649 nova-scheduler[95631]: DEBUG oslo.service.backend._threading.loopingcall [None req-26d3c227-31d2-4819-b65c-1c4071530867 None None] Dynamic interval looping call 'nova.service.Service.periodic_tasks' sleeping for 60.00 seconds {{(pid=95631) _run_loop /opt/stack/data/venv/lib/python3.12/site-packages/oslo_service/backend/_threading/loopingcall.py:125}}
May 28 15:10:48.257371 np0000001649 nova-scheduler[95629]: DEBUG oslo.service.backend._threading.loopingcall [None req-9d6dba9c-c622-4d77-be11-4586398f48f0 None None] Dynamic interval looping call 'nova.service.Service.periodic_tasks' sleeping for 60.00 seconds {{(pid=95629) _run_loop /opt/stack/data/venv/lib/python3.12/site-packages/oslo_service/backend/_threading/loopingcall.py:125}}
May 28 15:11:04.289624 np0000001649 nova-scheduler[95633]: DEBUG oslo.service.backend._threading.loopingcall [None req-8b1e218a-b6ae-44a2-ab21-d8aa170249ed None None] Dynamic interval looping call 'nova.service.Service.periodic_tasks' sleeping for 60.00 seconds {{(pid=95633) _run_loop /opt/stack/data/venv/lib/python3.12/site-packages/oslo_service/backend/_threading/loopingcall.py:125}}
May 28 15:11:06.269752 np0000001649 nova-scheduler[95631]: DEBUG oslo.service.backend._threading.loopingcall [None req-26d3c227-31d2-4819-b65c-1c4071530867 None None] Dynamic interval looping call 'nova.service.Service.periodic_tasks' sleeping for 60.00 seconds {{(pid=95631) _run_loop /opt/stack/data/venv/lib/python3.12/site-packages/oslo_service/backend/_threading/loopingcall.py:125}}
May 28 15:11:41.260007 np0000001649 nova-scheduler[95629]: DEBUG oslo.service.backend._threading.loopingcall [-] Fixed interval looping call 'nova.servicegroup.drivers.db.DbDriver._report_state' sleeping for 119.99 seconds {{(pid=95629) _run_loop /opt/stack/data/venv/lib/python3.12/site-packages/oslo_service/backend/_threading/loopingcall.py:125}}
May 28 15:11:41.273291 np0000001649 nova-scheduler[95631]: DEBUG oslo.service.backend._threading.loopingcall [-] Fixed interval looping call 'nova.servicegroup.drivers.db.DbDriver._report_state' sleeping for 120.00 seconds {{(pid=95631) _run_loop /opt/stack/data/venv/lib/python3.12/site-packages/oslo_service/backend/_threading/loopingcall.py:125}}
May 28 15:11:41.293960 np0000001649 nova-scheduler[95633]: DEBUG oslo.service.backend._threading.loopingcall [-] Fixed interval looping call 'nova.servicegroup.drivers.db.DbDriver._report_state' sleeping for 120.00 seconds {{(pid=95633) _run_loop /opt/stack/data/venv/lib/python3.12/site-packages/oslo_service/backend/_threading/loopingcall.py:125}}
May 28 15:11:48.257990 np0000001649 nova-scheduler[95629]: DEBUG oslo.service.backend._threading.loopingcall [None req-9d6dba9c-c622-4d77-be11-4586398f48f0 None None] Dynamic interval looping call 'nova.service.Service.periodic_tasks' sleeping for 60.00 seconds {{(pid=95629) _run_loop /opt/stack/data/venv/lib/python3.12/site-packages/oslo_service/backend/_threading/loopingcall.py:125}}
May 28 15:11:51.257682 np0000001649 nova-scheduler[95629]: DEBUG dbcounter [-] [95629] Writing DB stats nova_cell0:SELECT=1,nova_cell0:UPDATE=1 {{(pid=95629) stat_writer /opt/stack/data/venv/lib/python3.12/site-packages/dbcounter.py:115}}
May 28 15:11:51.271450 np0000001649 nova-scheduler[95631]: DEBUG dbcounter [-] [95631] Writing DB stats nova_cell0:SELECT=1 {{(pid=95631) stat_writer /opt/stack/data/venv/lib/python3.12/site-packages/dbcounter.py:115}}
May 28 15:11:51.291818 np0000001649 nova-scheduler[95633]: DEBUG dbcounter [-] [95633] Writing DB stats nova_cell0:SELECT=1 {{(pid=95633) stat_writer /opt/stack/data/venv/lib/python3.12/site-packages/dbcounter.py:115}}
May 28 15:12:04.290087 np0000001649 nova-scheduler[95633]: DEBUG oslo.service.backend._threading.loopingcall [None req-8b1e218a-b6ae-44a2-ab21-d8aa170249ed None None] Dynamic interval looping call 'nova.service.Service.periodic_tasks' sleeping for 60.00 seconds {{(pid=95633) _run_loop /opt/stack/data/venv/lib/python3.12/site-packages/oslo_service/backend/_threading/loopingcall.py:125}}
May 28 15:12:06.270333 np0000001649 nova-scheduler[95631]: DEBUG oslo.service.backend._threading.loopingcall [None req-26d3c227-31d2-4819-b65c-1c4071530867 None None] Dynamic interval looping call 'nova.service.Service.periodic_tasks' sleeping for 60.00 seconds {{(pid=95631) _run_loop /opt/stack/data/venv/lib/python3.12/site-packages/oslo_service/backend/_threading/loopingcall.py:125}}
May 28 15:12:29.519662 np0000001649 nova-scheduler[95629]: DEBUG nova.scheduler.manager [None req-512d99e7-f193-475c-aabc-dcdfdfe7d26a tempest-DeleteServersTestJSON-981594875 tempest-DeleteServersTestJSON-981594875-project-member] Starting to schedule for instances: ['491ff5bf-f4a0-4fba-babe-7946c0e63a99'] {{(pid=95629) select_destinations /opt/stack/nova/nova/scheduler/manager.py:210}}
May 28 15:12:29.521227 np0000001649 nova-scheduler[95629]: DEBUG nova.scheduler.request_filter [None req-512d99e7-f193-475c-aabc-dcdfdfe7d26a tempest-DeleteServersTestJSON-981594875 tempest-DeleteServersTestJSON-981594875-project-member] compute_status_filter request filter added forbidden trait COMPUTE_STATUS_DISABLED {{(pid=95629) compute_status_filter /opt/stack/nova/nova/scheduler/request_filter.py:253}}
May 28 15:12:29.521227 np0000001649 nova-scheduler[95629]: DEBUG nova.scheduler.request_filter [None req-512d99e7-f193-475c-aabc-dcdfdfe7d26a tempest-DeleteServersTestJSON-981594875 tempest-DeleteServersTestJSON-981594875-project-member] Request filter 'compute_status_filter' took 0.0 seconds {{(pid=95629) wrapper /opt/stack/nova/nova/scheduler/request_filter.py:46}}
May 28 15:12:29.521227 np0000001649 nova-scheduler[95629]: DEBUG nova.scheduler.request_filter [None req-512d99e7-f193-475c-aabc-dcdfdfe7d26a tempest-DeleteServersTestJSON-981594875 tempest-DeleteServersTestJSON-981594875-project-member] Request filter 'accelerators_filter' took 0.0 seconds {{(pid=95629) wrapper /opt/stack/nova/nova/scheduler/request_filter.py:46}}
May 28 15:12:29.521227 np0000001649 nova-scheduler[95629]: DEBUG nova.scheduler.request_filter [None req-512d99e7-f193-475c-aabc-dcdfdfe7d26a tempest-DeleteServersTestJSON-981594875 tempest-DeleteServersTestJSON-981594875-project-member] Request filter 'packed_virtqueue_filter' took 0.0 seconds {{(pid=95629) wrapper /opt/stack/nova/nova/scheduler/request_filter.py:46}}
May 28 15:12:29.521464 np0000001649 nova-scheduler[95629]: DEBUG nova.scheduler.request_filter [None req-512d99e7-f193-475c-aabc-dcdfdfe7d26a tempest-DeleteServersTestJSON-981594875 tempest-DeleteServersTestJSON-981594875-project-member] Request filter 'remote_managed_ports_filter' took 0.0 seconds {{(pid=95629) wrapper /opt/stack/nova/nova/scheduler/request_filter.py:46}}
May 28 15:12:29.522523 np0000001649 nova-scheduler[95629]: DEBUG nova.scheduler.request_filter [None req-512d99e7-f193-475c-aabc-dcdfdfe7d26a tempest-DeleteServersTestJSON-981594875 tempest-DeleteServersTestJSON-981594875-project-member] ephemeral_encryption_filter skipped {{(pid=95629) ephemeral_encryption_filter /opt/stack/nova/nova/scheduler/request_filter.py:426}}
May 28 15:12:29.522839 np0000001649 nova-scheduler[95629]: DEBUG nova.scheduler.request_filter [None req-512d99e7-f193-475c-aabc-dcdfdfe7d26a tempest-DeleteServersTestJSON-981594875 tempest-DeleteServersTestJSON-981594875-project-member] virtio_sound_filter skipped {{(pid=95629) virtio_sound_filter /opt/stack/nova/nova/scheduler/request_filter.py:460}}
May 28 15:12:29.523519 np0000001649 nova-scheduler[95629]: DEBUG nova.scheduler.request_filter [None req-512d99e7-f193-475c-aabc-dcdfdfe7d26a tempest-DeleteServersTestJSON-981594875 tempest-DeleteServersTestJSON-981594875-project-member] tpm_secret_security_filter skipped {{(pid=95629) tpm_secret_security_filter /opt/stack/nova/nova/scheduler/request_filter.py:477}}
May 28 15:12:30.736060 np0000001649 nova-scheduler[95629]: INFO nova.utils [None req-512d99e7-f193-475c-aabc-dcdfdfe7d26a tempest-DeleteServersTestJSON-981594875 tempest-DeleteServersTestJSON-981594875-project-member] The cell worker thread pool ForkProcess-1.cell_worker is initialized
May 28 15:12:30.736914 np0000001649 nova-scheduler[95629]: DEBUG oslo_concurrency.lockutils [None req-512d99e7-f193-475c-aabc-dcdfdfe7d26a tempest-DeleteServersTestJSON-981594875 tempest-DeleteServersTestJSON-981594875-project-member] Acquiring lock "416a92d2-0728-416e-aa66-0a0117d9420d" by "nova.context.set_target_cell..get_or_set_cached_cell_and_set_connections" {{(pid=95629) inner /opt/stack/data/venv/lib/python3.12/site-packages/oslo_concurrency/lockutils.py:511}}
May 28 15:12:30.736914 np0000001649 nova-scheduler[95629]: DEBUG oslo_concurrency.lockutils [None req-512d99e7-f193-475c-aabc-dcdfdfe7d26a tempest-DeleteServersTestJSON-981594875 tempest-DeleteServersTestJSON-981594875-project-member] Lock "416a92d2-0728-416e-aa66-0a0117d9420d" acquired by "nova.context.set_target_cell..get_or_set_cached_cell_and_set_connections" :: waited 0.000s {{(pid=95629) inner /opt/stack/data/venv/lib/python3.12/site-packages/oslo_concurrency/lockutils.py:524}}
May 28 15:12:30.738638 np0000001649 nova-scheduler[95629]: DEBUG oslo_concurrency.lockutils [None req-512d99e7-f193-475c-aabc-dcdfdfe7d26a tempest-DeleteServersTestJSON-981594875 tempest-DeleteServersTestJSON-981594875-project-member] Lock "416a92d2-0728-416e-aa66-0a0117d9420d" "released" by "nova.context.set_target_cell..get_or_set_cached_cell_and_set_connections" :: held 0.001s {{(pid=95629) inner /opt/stack/data/venv/lib/python3.12/site-packages/oslo_concurrency/lockutils.py:543}}
May 28 15:12:30.741403 np0000001649 nova-scheduler[95629]: INFO dbcounter [None req-512d99e7-f193-475c-aabc-dcdfdfe7d26a tempest-DeleteServersTestJSON-981594875 tempest-DeleteServersTestJSON-981594875-project-member] Registered counter for database nova_cell1
May 28 15:12:30.791373 np0000001649 nova-scheduler[95629]: DEBUG oslo_db.sqlalchemy.engines [None req-512d99e7-f193-475c-aabc-dcdfdfe7d26a tempest-DeleteServersTestJSON-981594875 tempest-DeleteServersTestJSON-981594875-project-member] MySQL server mode set to STRICT_TRANS_TABLES,STRICT_ALL_TABLES,NO_ZERO_IN_DATE,NO_ZERO_DATE,ERROR_FOR_DIVISION_BY_ZERO,TRADITIONAL,NO_ENGINE_SUBSTITUTION {{(pid=95629) _check_effective_sql_mode /opt/stack/data/venv/lib/python3.12/site-packages/oslo_db/sqlalchemy/engines.py:325}}
May 28 15:12:30.797360 np0000001649 nova-scheduler[95629]: DEBUG dbcounter [-] [95629] Writer thread running {{(pid=95629) stat_writer /opt/stack/data/venv/lib/python3.12/site-packages/dbcounter.py:102}}
May 28 15:12:30.808717 np0000001649 nova-scheduler[95629]: DEBUG oslo_db.sqlalchemy.engines [None req-512d99e7-f193-475c-aabc-dcdfdfe7d26a tempest-DeleteServersTestJSON-981594875 tempest-DeleteServersTestJSON-981594875-project-member] Parent process 94353 forked (95629) with an open database connection, which is being discarded and recreated. {{(pid=95629) checkout /opt/stack/data/venv/lib/python3.12/site-packages/oslo_db/sqlalchemy/engines.py:402}}
May 28 15:12:30.858423 np0000001649 nova-scheduler[95629]: DEBUG dbcounter [-] [95629] Writer thread running {{(pid=95629) stat_writer /opt/stack/data/venv/lib/python3.12/site-packages/dbcounter.py:102}}
May 28 15:12:30.862309 np0000001649 nova-scheduler[95629]: DEBUG oslo_concurrency.lockutils [None req-512d99e7-f193-475c-aabc-dcdfdfe7d26a tempest-DeleteServersTestJSON-981594875 tempest-DeleteServersTestJSON-981594875-project-member] Acquiring lock "416a92d2-0728-416e-aa66-0a0117d9420d" by "nova.context.set_target_cell..get_or_set_cached_cell_and_set_connections" {{(pid=95629) inner /opt/stack/data/venv/lib/python3.12/site-packages/oslo_concurrency/lockutils.py:511}}
May 28 15:12:30.862493 np0000001649 nova-scheduler[95629]: DEBUG oslo_concurrency.lockutils [None req-512d99e7-f193-475c-aabc-dcdfdfe7d26a tempest-DeleteServersTestJSON-981594875 tempest-DeleteServersTestJSON-981594875-project-member] Lock "416a92d2-0728-416e-aa66-0a0117d9420d" acquired by "nova.context.set_target_cell..get_or_set_cached_cell_and_set_connections" :: waited 0.000s {{(pid=95629) inner /opt/stack/data/venv/lib/python3.12/site-packages/oslo_concurrency/lockutils.py:524}}
May 28 15:12:30.862596 np0000001649 nova-scheduler[95629]: DEBUG oslo_concurrency.lockutils [None req-512d99e7-f193-475c-aabc-dcdfdfe7d26a tempest-DeleteServersTestJSON-981594875 tempest-DeleteServersTestJSON-981594875-project-member] Lock "416a92d2-0728-416e-aa66-0a0117d9420d" "released" by "nova.context.set_target_cell..get_or_set_cached_cell_and_set_connections" :: held 0.000s {{(pid=95629) inner /opt/stack/data/venv/lib/python3.12/site-packages/oslo_concurrency/lockutils.py:543}}
May 28 15:12:30.866520 np0000001649 nova-scheduler[95629]: DEBUG oslo_concurrency.lockutils [None req-512d99e7-f193-475c-aabc-dcdfdfe7d26a tempest-DeleteServersTestJSON-981594875 tempest-DeleteServersTestJSON-981594875-project-member] Acquiring lock "('np0000001649', 'np0000001649')" by "nova.scheduler.host_manager.HostState.update.._locked_update" {{(pid=95629) inner /opt/stack/data/venv/lib/python3.12/site-packages/oslo_concurrency/lockutils.py:511}}
May 28 15:12:30.866704 np0000001649 nova-scheduler[95629]: DEBUG oslo_concurrency.lockutils [None req-512d99e7-f193-475c-aabc-dcdfdfe7d26a tempest-DeleteServersTestJSON-981594875 tempest-DeleteServersTestJSON-981594875-project-member] Lock "('np0000001649', 'np0000001649')" acquired by "nova.scheduler.host_manager.HostState.update.._locked_update" :: waited 0.000s {{(pid=95629) inner /opt/stack/data/venv/lib/python3.12/site-packages/oslo_concurrency/lockutils.py:524}}
May 28 15:12:30.867796 np0000001649 nova-scheduler[95629]: DEBUG nova.scheduler.host_manager [None req-512d99e7-f193-475c-aabc-dcdfdfe7d26a tempest-DeleteServersTestJSON-981594875 tempest-DeleteServersTestJSON-981594875-project-member] Update host state from compute node: ComputeNode(cpu_allocation_ratio=4.0,cpu_info='{"arch": "x86_64", "model": "EPYC-Milan", "vendor": "AMD", "topology": {"cells": 1, "sockets": 12, "cores": 1, "threads": 1}, "maxphysaddr": {"mode": "emulate", "bits": 40}, "features": ["pse", "lbrv", "x2apic", "syscall", "erms", "sep", "pause-filter", "bmi2", "mmx", "fma", "sse4.2", "nx", "avx", "f16c", "fpu", "sse", "tsc", "xsaveopt", "xsaveerptr", "arch-capabilities", "pfthreshold", "clwb", "rdseed", "lahf_lm", "stibp", "ibpb", "no-nested-data-bp", "gds-no", "fxsr_opt", "v-vmsave-vmload", "null-sel-clr-base", "tsc-scale", "pae", "pge", "smap", "osvw", "ssse3", "bmi1", "rdpid", "npt", "avx2", "cr8legacy", "sse2", "amd-stibp", "svm", "msr", "lfence-always-serializing", "flushbyasid", "pschange-mc-no", "mtrr", "smep", "amd-ssbd", "fsrm", "rdrand", "misalignsse", "pcid", "aes", "pat", "3dnowprefetch", "apic", "cmp_legacy", "mmxext", "lm", "nrip-save", "vmcb-clean", "mds-no", "perfctr_core", "vgif", "pni", "xgetbv1", "fxsr", "rdtscp", "cx16", "vpclmulqdq", "vme", "topoext", "ibrs", "clzero", "mce", "clflushopt", "sse4.1", "clflush", "xsavec", "invpcid", "xsave", "abm", "hypervisor", "tsc-deadline", "pclmuldq", "spec-ctrl", "rdctl-no", "arat", "sha-ni", "tsc_adjust", "svme-addr-chk", "stibp-always-on", "umip", "pku", "wbnoinvd", "amd-psfd", "mca", "virt-ssbd", "movbe", "popcnt", "fsgsbase", "xsaves", "de", "vaes", "skip-l1dfl-vmentry", "pdpe1gb", "pse36", "adx", "sse4a", "cmov", "cx8", "ssbd"]}',created_at=2026-05-28T15:10:01Z,current_workload=0,deleted=False,deleted_at=None,disk_allocation_ratio=1.0,disk_available_least=74,free_disk_gb=95,free_ram_mb=23518,host='np0000001649',host_ip=10.4.3.81,hypervisor_hostname='np0000001649',hypervisor_type='QEMU',hypervisor_version=8002002,id=1,local_gb=95,local_gb_used=0,mapped=1,memory_mb=24030,memory_mb_used=512,metrics='[]',numa_topology='{"nova_object.name": "NUMATopology", "nova_object.namespace": "nova", "nova_object.version": "1.2", "nova_object.data": {"cells": [{"nova_object.name": "NUMACell", "nova_object.namespace": "nova", "nova_object.version": "1.5", "nova_object.data": {"id": 0, "cpuset": [0, 1, 2, 3, 4, 5, 6, 7, 8, 9, 10, 11], "pcpuset": [0, 1, 2, 3, 4, 5, 6, 7, 8, 9, 10, 11], "memory": 24030, "cpu_usage": 0, "memory_usage": 0, "pinned_cpus": [], "siblings": [[6], [2], [5], [11], [8], [4], [1], [7], [10], [0], [3], [9]], "mempages": [{"nova_object.name": "NUMAPagesTopology", "nova_object.namespace": "nova", "nova_object.version": "1.1", "nova_object.data": {"size_kb": 4, "total": 6151797, "used": 0, "reserved": 0}, "nova_object.changes": ["used", "total", "size_kb", "reserved"]}, {"nova_object.name": "NUMAPagesTopology", "nova_object.namespace": "nova", "nova_object.version": "1.1", "nova_object.data": {"size_kb": 2048, "total": 0, "used": 0, "reserved": 0}, "nova_object.changes": ["used", "total", "size_kb", "reserved"]}, {"nova_object.name": "NUMAPagesTopology", "nova_object.namespace": "nova", "nova_object.version": "1.1", "nova_object.data": {"size_kb": 1048576, "total": 0, "used": 0, "reserved": 0}, "nova_object.changes": ["used", "total", "size_kb", "reserved"]}], "network_metadata": {"nova_object.name": "NetworkMetadata", "nova_object.namespace": "nova", "nova_object.version": "1.0", "nova_object.data": {"physnets": [], "tunneled": false}, "nova_object.changes": ["physnets", "tunneled"]}, "socket": null}, "nova_object.changes": ["siblings", "id", "cpuset", "pcpuset", "socket", "pinned_cpus", "memory", "memory_usage", "network_metadata", "cpu_usage", "mempages"]}]}, "nova_object.changes": ["cells"]}',pci_device_pools=PciDevicePoolList,ram_allocation_ratio=1.0,running_vms=0,service_id=3,stats={failed_builds='0',uptime=' 15:11:47 up 26 min, 2 users, load average: 1.45, 1.57, 0.90
May 28 15:12:30.867796 np0000001649 nova-scheduler[95629]: '},supported_hv_specs=[HVSpec,HVSpec,HVSpec,HVSpec,HVSpec,HVSpec,HVSpec,HVSpec,HVSpec,HVSpec,HVSpec,HVSpec,HVSpec,HVSpec,HVSpec,HVSpec,HVSpec,HVSpec,HVSpec,HVSpec,HVSpec,HVSpec,HVSpec,HVSpec,HVSpec],updated_at=2026-05-28T15:11:49Z,uuid=c6401d8a-955b-453f-a560-fc9a28d56fb7,vcpus=12,vcpus_used=0) {{(pid=95629) _locked_update /opt/stack/nova/nova/scheduler/host_manager.py:168}}
May 28 15:12:30.868801 np0000001649 nova-scheduler[95629]: DEBUG nova.scheduler.host_manager [None req-512d99e7-f193-475c-aabc-dcdfdfe7d26a tempest-DeleteServersTestJSON-981594875 tempest-DeleteServersTestJSON-981594875-project-member] Update host state with aggregates: [] {{(pid=95629) _locked_update /opt/stack/nova/nova/scheduler/host_manager.py:171}}
May 28 15:12:30.868942 np0000001649 nova-scheduler[95629]: DEBUG nova.scheduler.host_manager [None req-512d99e7-f193-475c-aabc-dcdfdfe7d26a tempest-DeleteServersTestJSON-981594875 tempest-DeleteServersTestJSON-981594875-project-member] Update host state with service dict: {'id': 3, 'uuid': '65ebb1a5-f3b8-4696-a0ea-f0af98bc4dff', 'host': 'np0000001649', 'binary': 'nova-compute', 'topic': 'compute', 'report_count': 2, 'disabled': False, 'disabled_reason': None, 'last_seen_up': datetime.datetime(2026, 5, 28, 15, 12, 9, tzinfo=datetime.timezone.utc), 'forced_down': False, 'version': 72, 'created_at': datetime.datetime(2026, 5, 28, 15, 9, 59, tzinfo=datetime.timezone.utc), 'updated_at': datetime.datetime(2026, 5, 28, 15, 12, 9, tzinfo=datetime.timezone.utc), 'deleted_at': None, 'deleted': False} {{(pid=95629) _locked_update /opt/stack/nova/nova/scheduler/host_manager.py:174}}
May 28 15:12:30.869094 np0000001649 nova-scheduler[95629]: DEBUG nova.scheduler.host_manager [None req-512d99e7-f193-475c-aabc-dcdfdfe7d26a tempest-DeleteServersTestJSON-981594875 tempest-DeleteServersTestJSON-981594875-project-member] Update host state with instances: [] {{(pid=95629) _locked_update /opt/stack/nova/nova/scheduler/host_manager.py:177}}
May 28 15:12:30.869255 np0000001649 nova-scheduler[95629]: DEBUG oslo_concurrency.lockutils [None req-512d99e7-f193-475c-aabc-dcdfdfe7d26a tempest-DeleteServersTestJSON-981594875 tempest-DeleteServersTestJSON-981594875-project-member] Lock "('np0000001649', 'np0000001649')" "released" by "nova.scheduler.host_manager.HostState.update.._locked_update" :: held 0.003s {{(pid=95629) inner /opt/stack/data/venv/lib/python3.12/site-packages/oslo_concurrency/lockutils.py:543}}
May 28 15:12:30.869844 np0000001649 nova-scheduler[95629]: DEBUG nova.filters [None req-512d99e7-f193-475c-aabc-dcdfdfe7d26a tempest-DeleteServersTestJSON-981594875 tempest-DeleteServersTestJSON-981594875-project-member] Starting with 1 host(s) {{(pid=95629) get_filtered_objects /opt/stack/nova/nova/filters.py:70}}
May 28 15:12:30.870150 np0000001649 nova-scheduler[95629]: DEBUG nova.filters [None req-512d99e7-f193-475c-aabc-dcdfdfe7d26a tempest-DeleteServersTestJSON-981594875 tempest-DeleteServersTestJSON-981594875-project-member] Filter ComputeFilter returned 1 host(s) {{(pid=95629) get_filtered_objects /opt/stack/nova/nova/filters.py:102}}
May 28 15:12:30.870374 np0000001649 nova-scheduler[95629]: DEBUG nova.filters [None req-512d99e7-f193-475c-aabc-dcdfdfe7d26a tempest-DeleteServersTestJSON-981594875 tempest-DeleteServersTestJSON-981594875-project-member] Filter ComputeCapabilitiesFilter returned 1 host(s) {{(pid=95629) get_filtered_objects /opt/stack/nova/nova/filters.py:102}}
May 28 15:12:30.870649 np0000001649 nova-scheduler[95629]: DEBUG nova.filters [None req-512d99e7-f193-475c-aabc-dcdfdfe7d26a tempest-DeleteServersTestJSON-981594875 tempest-DeleteServersTestJSON-981594875-project-member] Filter ImagePropertiesFilter returned 1 host(s) {{(pid=95629) get_filtered_objects /opt/stack/nova/nova/filters.py:102}}
May 28 15:12:30.870990 np0000001649 nova-scheduler[95629]: DEBUG nova.filters [None req-512d99e7-f193-475c-aabc-dcdfdfe7d26a tempest-DeleteServersTestJSON-981594875 tempest-DeleteServersTestJSON-981594875-project-member] Filter ServerGroupAntiAffinityFilter returned 1 host(s) {{(pid=95629) get_filtered_objects /opt/stack/nova/nova/filters.py:102}}
May 28 15:12:30.870990 np0000001649 nova-scheduler[95629]: DEBUG nova.filters [None req-512d99e7-f193-475c-aabc-dcdfdfe7d26a tempest-DeleteServersTestJSON-981594875 tempest-DeleteServersTestJSON-981594875-project-member] Filter ServerGroupAffinityFilter returned 1 host(s) {{(pid=95629) get_filtered_objects /opt/stack/nova/nova/filters.py:102}}
May 28 15:12:30.871167 np0000001649 nova-scheduler[95629]: DEBUG nova.filters [None req-512d99e7-f193-475c-aabc-dcdfdfe7d26a tempest-DeleteServersTestJSON-981594875 tempest-DeleteServersTestJSON-981594875-project-member] Filter SameHostFilter returned 1 host(s) {{(pid=95629) get_filtered_objects /opt/stack/nova/nova/filters.py:102}}
May 28 15:12:30.871339 np0000001649 nova-scheduler[95629]: DEBUG nova.filters [None req-512d99e7-f193-475c-aabc-dcdfdfe7d26a tempest-DeleteServersTestJSON-981594875 tempest-DeleteServersTestJSON-981594875-project-member] Filter DifferentHostFilter returned 1 host(s) {{(pid=95629) get_filtered_objects /opt/stack/nova/nova/filters.py:102}}
May 28 15:12:30.871526 np0000001649 nova-scheduler[95629]: DEBUG nova.scheduler.manager [None req-512d99e7-f193-475c-aabc-dcdfdfe7d26a tempest-DeleteServersTestJSON-981594875 tempest-DeleteServersTestJSON-981594875-project-member] Filtered [(np0000001649, np0000001649) ram: 23518MB disk: 75776MB io_ops: 0 instances: 0, allocation_candidates: 1] {{(pid=95629) _get_sorted_hosts /opt/stack/nova/nova/scheduler/manager.py:743}}
May 28 15:12:30.871783 np0000001649 nova-scheduler[95629]: DEBUG nova.scheduler.manager [None req-512d99e7-f193-475c-aabc-dcdfdfe7d26a tempest-DeleteServersTestJSON-981594875 tempest-DeleteServersTestJSON-981594875-project-member] Weighed [WeighedHost [host: (np0000001649, np0000001649) ram: 23518MB disk: 75776MB io_ops: 0 instances: 0, allocation_candidates: 1, weight: 0.0]] {{(pid=95629) _get_sorted_hosts /opt/stack/nova/nova/scheduler/manager.py:765}}
May 28 15:12:30.872045 np0000001649 nova-scheduler[95629]: DEBUG nova.scheduler.utils [None req-512d99e7-f193-475c-aabc-dcdfdfe7d26a tempest-DeleteServersTestJSON-981594875 tempest-DeleteServersTestJSON-981594875-project-member] Attempting to claim resources in the placement API for instance 491ff5bf-f4a0-4fba-babe-7946c0e63a99 {{(pid=95629) claim_resources /opt/stack/nova/nova/scheduler/utils.py:1304}}
May 28 15:12:31.061249 np0000001649 nova-scheduler[95629]: DEBUG nova.scheduler.manager [None req-512d99e7-f193-475c-aabc-dcdfdfe7d26a tempest-DeleteServersTestJSON-981594875 tempest-DeleteServersTestJSON-981594875-project-member] [instance: 491ff5bf-f4a0-4fba-babe-7946c0e63a99] Selected host: (np0000001649, np0000001649) ram: 23518MB disk: 75776MB io_ops: 0 instances: 0, allocation_candidates: 1 {{(pid=95629) _consume_selected_host /opt/stack/nova/nova/scheduler/manager.py:625}}
May 28 15:12:31.061610 np0000001649 nova-scheduler[95629]: DEBUG oslo_concurrency.lockutils [None req-512d99e7-f193-475c-aabc-dcdfdfe7d26a tempest-DeleteServersTestJSON-981594875 tempest-DeleteServersTestJSON-981594875-project-member] Acquiring lock "('np0000001649', 'np0000001649')" by "nova.scheduler.host_manager.HostState.consume_from_request.._locked" {{(pid=95629) inner /opt/stack/data/venv/lib/python3.12/site-packages/oslo_concurrency/lockutils.py:511}}
May 28 15:12:31.061758 np0000001649 nova-scheduler[95629]: DEBUG oslo_concurrency.lockutils [None req-512d99e7-f193-475c-aabc-dcdfdfe7d26a tempest-DeleteServersTestJSON-981594875 tempest-DeleteServersTestJSON-981594875-project-member] Lock "('np0000001649', 'np0000001649')" acquired by "nova.scheduler.host_manager.HostState.consume_from_request.._locked" :: waited 0.000s {{(pid=95629) inner /opt/stack/data/venv/lib/python3.12/site-packages/oslo_concurrency/lockutils.py:524}}
May 28 15:12:31.061933 np0000001649 nova-scheduler[95629]: DEBUG oslo_concurrency.lockutils [None req-512d99e7-f193-475c-aabc-dcdfdfe7d26a tempest-DeleteServersTestJSON-981594875 tempest-DeleteServersTestJSON-981594875-project-member] Lock "('np0000001649', 'np0000001649')" "released" by "nova.scheduler.host_manager.HostState.consume_from_request.._locked" :: held 0.000s {{(pid=95629) inner /opt/stack/data/venv/lib/python3.12/site-packages/oslo_concurrency/lockutils.py:543}}
May 28 15:12:40.858710 np0000001649 nova-scheduler[95629]: DEBUG dbcounter [-] [95629] Writing DB stats nova_api:SELECT=1 {{(pid=95629) stat_writer /opt/stack/data/venv/lib/python3.12/site-packages/dbcounter.py:115}}
May 28 15:12:40.865586 np0000001649 nova-scheduler[95629]: DEBUG dbcounter [-] [95629] Writing DB stats nova_cell1:SELECT=3 {{(pid=95629) stat_writer /opt/stack/data/venv/lib/python3.12/site-packages/dbcounter.py:115}}
May 28 15:12:41.750784 np0000001649 nova-scheduler[95631]: DEBUG nova.scheduler.manager [None req-2a6e4fff-d82f-4c38-931a-b33add8962c6 tempest-AttachSCSIVolumeTestJSON-1506162696 tempest-AttachSCSIVolumeTestJSON-1506162696-project-member] Starting to schedule for instances: ['0dba57eb-50c3-4d75-aa3c-cfdd2a6afa51'] {{(pid=95631) select_destinations /opt/stack/nova/nova/scheduler/manager.py:210}}
May 28 15:12:41.751937 np0000001649 nova-scheduler[95631]: DEBUG nova.scheduler.request_filter [None req-2a6e4fff-d82f-4c38-931a-b33add8962c6 tempest-AttachSCSIVolumeTestJSON-1506162696 tempest-AttachSCSIVolumeTestJSON-1506162696-project-member] compute_status_filter request filter added forbidden trait COMPUTE_STATUS_DISABLED {{(pid=95631) compute_status_filter /opt/stack/nova/nova/scheduler/request_filter.py:253}}
May 28 15:12:41.752097 np0000001649 nova-scheduler[95631]: DEBUG nova.scheduler.request_filter [None req-2a6e4fff-d82f-4c38-931a-b33add8962c6 tempest-AttachSCSIVolumeTestJSON-1506162696 tempest-AttachSCSIVolumeTestJSON-1506162696-project-member] Request filter 'compute_status_filter' took 0.0 seconds {{(pid=95631) wrapper /opt/stack/nova/nova/scheduler/request_filter.py:46}}
May 28 15:12:41.752373 np0000001649 nova-scheduler[95631]: DEBUG nova.scheduler.request_filter [None req-2a6e4fff-d82f-4c38-931a-b33add8962c6 tempest-AttachSCSIVolumeTestJSON-1506162696 tempest-AttachSCSIVolumeTestJSON-1506162696-project-member] Request filter 'accelerators_filter' took 0.0 seconds {{(pid=95631) wrapper /opt/stack/nova/nova/scheduler/request_filter.py:46}}
May 28 15:12:41.752627 np0000001649 nova-scheduler[95631]: DEBUG nova.scheduler.request_filter [None req-2a6e4fff-d82f-4c38-931a-b33add8962c6 tempest-AttachSCSIVolumeTestJSON-1506162696 tempest-AttachSCSIVolumeTestJSON-1506162696-project-member] Request filter 'packed_virtqueue_filter' took 0.0 seconds {{(pid=95631) wrapper /opt/stack/nova/nova/scheduler/request_filter.py:46}}
May 28 15:12:41.752990 np0000001649 nova-scheduler[95631]: DEBUG nova.scheduler.request_filter [None req-2a6e4fff-d82f-4c38-931a-b33add8962c6 tempest-AttachSCSIVolumeTestJSON-1506162696 tempest-AttachSCSIVolumeTestJSON-1506162696-project-member] Request filter 'remote_managed_ports_filter' took 0.0 seconds {{(pid=95631) wrapper /opt/stack/nova/nova/scheduler/request_filter.py:46}}
May 28 15:12:41.753201 np0000001649 nova-scheduler[95631]: DEBUG nova.scheduler.request_filter [None req-2a6e4fff-d82f-4c38-931a-b33add8962c6 tempest-AttachSCSIVolumeTestJSON-1506162696 tempest-AttachSCSIVolumeTestJSON-1506162696-project-member] ephemeral_encryption_filter skipped {{(pid=95631) ephemeral_encryption_filter /opt/stack/nova/nova/scheduler/request_filter.py:426}}
May 28 15:12:41.753629 np0000001649 nova-scheduler[95631]: DEBUG nova.scheduler.request_filter [None req-2a6e4fff-d82f-4c38-931a-b33add8962c6 tempest-AttachSCSIVolumeTestJSON-1506162696 tempest-AttachSCSIVolumeTestJSON-1506162696-project-member] virtio_sound_filter skipped {{(pid=95631) virtio_sound_filter /opt/stack/nova/nova/scheduler/request_filter.py:460}}
May 28 15:12:41.753800 np0000001649 nova-scheduler[95631]: DEBUG nova.scheduler.request_filter [None req-2a6e4fff-d82f-4c38-931a-b33add8962c6 tempest-AttachSCSIVolumeTestJSON-1506162696 tempest-AttachSCSIVolumeTestJSON-1506162696-project-member] tpm_secret_security_filter skipped {{(pid=95631) tpm_secret_security_filter /opt/stack/nova/nova/scheduler/request_filter.py:477}}
May 28 15:12:41.883079 np0000001649 nova-scheduler[95631]: INFO nova.utils [None req-2a6e4fff-d82f-4c38-931a-b33add8962c6 tempest-AttachSCSIVolumeTestJSON-1506162696 tempest-AttachSCSIVolumeTestJSON-1506162696-project-member] The cell worker thread pool ForkProcess-2.cell_worker is initialized
May 28 15:12:41.883533 np0000001649 nova-scheduler[95631]: DEBUG oslo_concurrency.lockutils [None req-2a6e4fff-d82f-4c38-931a-b33add8962c6 tempest-AttachSCSIVolumeTestJSON-1506162696 tempest-AttachSCSIVolumeTestJSON-1506162696-project-member] Acquiring lock "416a92d2-0728-416e-aa66-0a0117d9420d" by "nova.context.set_target_cell..get_or_set_cached_cell_and_set_connections" {{(pid=95631) inner /opt/stack/data/venv/lib/python3.12/site-packages/oslo_concurrency/lockutils.py:511}}
May 28 15:12:41.884120 np0000001649 nova-scheduler[95631]: DEBUG oslo_concurrency.lockutils [None req-2a6e4fff-d82f-4c38-931a-b33add8962c6 tempest-AttachSCSIVolumeTestJSON-1506162696 tempest-AttachSCSIVolumeTestJSON-1506162696-project-member] Lock "416a92d2-0728-416e-aa66-0a0117d9420d" acquired by "nova.context.set_target_cell..get_or_set_cached_cell_and_set_connections" :: waited 0.000s {{(pid=95631) inner /opt/stack/data/venv/lib/python3.12/site-packages/oslo_concurrency/lockutils.py:524}}
May 28 15:12:41.885888 np0000001649 nova-scheduler[95631]: DEBUG oslo_concurrency.lockutils [None req-2a6e4fff-d82f-4c38-931a-b33add8962c6 tempest-AttachSCSIVolumeTestJSON-1506162696 tempest-AttachSCSIVolumeTestJSON-1506162696-project-member] Lock "416a92d2-0728-416e-aa66-0a0117d9420d" "released" by "nova.context.set_target_cell..get_or_set_cached_cell_and_set_connections" :: held 0.002s {{(pid=95631) inner /opt/stack/data/venv/lib/python3.12/site-packages/oslo_concurrency/lockutils.py:543}}
May 28 15:12:41.888555 np0000001649 nova-scheduler[95631]: INFO dbcounter [None req-2a6e4fff-d82f-4c38-931a-b33add8962c6 tempest-AttachSCSIVolumeTestJSON-1506162696 tempest-AttachSCSIVolumeTestJSON-1506162696-project-member] Registered counter for database nova_cell1
May 28 15:12:41.943517 np0000001649 nova-scheduler[95631]: DEBUG oslo_db.sqlalchemy.engines [None req-2a6e4fff-d82f-4c38-931a-b33add8962c6 tempest-AttachSCSIVolumeTestJSON-1506162696 tempest-AttachSCSIVolumeTestJSON-1506162696-project-member] MySQL server mode set to STRICT_TRANS_TABLES,STRICT_ALL_TABLES,NO_ZERO_IN_DATE,NO_ZERO_DATE,ERROR_FOR_DIVISION_BY_ZERO,TRADITIONAL,NO_ENGINE_SUBSTITUTION {{(pid=95631) _check_effective_sql_mode /opt/stack/data/venv/lib/python3.12/site-packages/oslo_db/sqlalchemy/engines.py:325}}
May 28 15:12:41.950144 np0000001649 nova-scheduler[95631]: DEBUG dbcounter [-] [95631] Writer thread running {{(pid=95631) stat_writer /opt/stack/data/venv/lib/python3.12/site-packages/dbcounter.py:102}}
May 28 15:12:42.015260 np0000001649 nova-scheduler[95631]: DEBUG dbcounter [-] [95631] Writer thread running {{(pid=95631) stat_writer /opt/stack/data/venv/lib/python3.12/site-packages/dbcounter.py:102}}
May 28 15:12:42.018392 np0000001649 nova-scheduler[95631]: DEBUG oslo_concurrency.lockutils [None req-2a6e4fff-d82f-4c38-931a-b33add8962c6 tempest-AttachSCSIVolumeTestJSON-1506162696 tempest-AttachSCSIVolumeTestJSON-1506162696-project-member] Acquiring lock "416a92d2-0728-416e-aa66-0a0117d9420d" by "nova.context.set_target_cell..get_or_set_cached_cell_and_set_connections" {{(pid=95631) inner /opt/stack/data/venv/lib/python3.12/site-packages/oslo_concurrency/lockutils.py:511}}
May 28 15:12:42.018865 np0000001649 nova-scheduler[95631]: DEBUG oslo_concurrency.lockutils [None req-2a6e4fff-d82f-4c38-931a-b33add8962c6 tempest-AttachSCSIVolumeTestJSON-1506162696 tempest-AttachSCSIVolumeTestJSON-1506162696-project-member] Lock "416a92d2-0728-416e-aa66-0a0117d9420d" acquired by "nova.context.set_target_cell..get_or_set_cached_cell_and_set_connections" :: waited 0.000s {{(pid=95631) inner /opt/stack/data/venv/lib/python3.12/site-packages/oslo_concurrency/lockutils.py:524}}
May 28 15:12:42.018865 np0000001649 nova-scheduler[95631]: DEBUG oslo_concurrency.lockutils [None req-2a6e4fff-d82f-4c38-931a-b33add8962c6 tempest-AttachSCSIVolumeTestJSON-1506162696 tempest-AttachSCSIVolumeTestJSON-1506162696-project-member] Lock "416a92d2-0728-416e-aa66-0a0117d9420d" "released" by "nova.context.set_target_cell..get_or_set_cached_cell_and_set_connections" :: held 0.000s {{(pid=95631) inner /opt/stack/data/venv/lib/python3.12/site-packages/oslo_concurrency/lockutils.py:543}}
May 28 15:12:42.023686 np0000001649 nova-scheduler[95631]: DEBUG oslo_concurrency.lockutils [None req-2a6e4fff-d82f-4c38-931a-b33add8962c6 tempest-AttachSCSIVolumeTestJSON-1506162696 tempest-AttachSCSIVolumeTestJSON-1506162696-project-member] Acquiring lock "('np0000001649', 'np0000001649')" by "nova.scheduler.host_manager.HostState.update.._locked_update" {{(pid=95631) inner /opt/stack/data/venv/lib/python3.12/site-packages/oslo_concurrency/lockutils.py:511}}
May 28 15:12:42.023888 np0000001649 nova-scheduler[95631]: DEBUG oslo_concurrency.lockutils [None req-2a6e4fff-d82f-4c38-931a-b33add8962c6 tempest-AttachSCSIVolumeTestJSON-1506162696 tempest-AttachSCSIVolumeTestJSON-1506162696-project-member] Lock "('np0000001649', 'np0000001649')" acquired by "nova.scheduler.host_manager.HostState.update.._locked_update" :: waited 0.000s {{(pid=95631) inner /opt/stack/data/venv/lib/python3.12/site-packages/oslo_concurrency/lockutils.py:524}}
