May 28 15:09:17.598964 np0000001649 devstack@neutron-api.service[89810]: DEBUG neutron_lib.callbacks.manager [None req-1c4fb293-6b93-4115-bd4d-b467550e0b4d admin admin] Publish callbacks ['neutron.plugins.ml2.plugin.SecurityGroupDbMixin._ensure_default_security_group_handler-146886'] for network (None), before_create {{(pid=89810) _notify_loop /opt/stack/data/venv/lib/python3.12/site-packages/neutron_lib/callbacks/manager.py:184}}
May 28 15:09:17.615656 np0000001649 devstack@neutron-api.service[89810]: DEBUG neutron_lib.callbacks.manager [None req-1c4fb293-6b93-4115-bd4d-b467550e0b4d admin admin] Publish callbacks [] for security_group (None), before_create {{(pid=89810) _notify_loop /opt/stack/data/venv/lib/python3.12/site-packages/neutron_lib/callbacks/manager.py:184}}
May 28 15:09:17.701786 np0000001649 devstack@neutron-api.service[89810]: DEBUG neutron_lib.callbacks.manager [None req-1c4fb293-6b93-4115-bd4d-b467550e0b4d admin admin] Publish callbacks ['neutron.plugins.ml2.drivers.ovn.mech_driver.mech_driver.OVNMechanismDriver._create_security_group_precommit-324984'] for security_group (f8129cb7-b048-41cb-b936-67283b9d2fff), precommit_create {{(pid=89810) _notify_loop /opt/stack/data/venv/lib/python3.12/site-packages/neutron_lib/callbacks/manager.py:184}}
May 28 15:09:17.701914 np0000001649 devstack@neutron-api.service[89810]: DEBUG neutron.db.ovn_revision_numbers_db [None req-1c4fb293-6b93-4115-bd4d-b467550e0b4d admin admin] create_initial_revision uuid=f8129cb7-b048-41cb-b936-67283b9d2fff, type=security_groups, rev=-1 {{(pid=89810) create_initial_revision /opt/stack/neutron/neutron/db/ovn_revision_numbers_db.py:98}}
May 28 15:09:17.704088 np0000001649 devstack@neutron-api.service[89810]: DEBUG neutron.db.ovn_revision_numbers_db [None req-1c4fb293-6b93-4115-bd4d-b467550e0b4d admin admin] create_initial_revision uuid=2d50dc3f-5505-4285-b5c1-2aab995b0984, type=security_group_rules, rev=-1 {{(pid=89810) create_initial_revision /opt/stack/neutron/neutron/db/ovn_revision_numbers_db.py:98}}
May 28 15:09:17.705098 np0000001649 devstack@neutron-api.service[89810]: DEBUG neutron.db.ovn_revision_numbers_db [None req-1c4fb293-6b93-4115-bd4d-b467550e0b4d admin admin] create_initial_revision uuid=60b68783-0eb8-45b5-add1-e753f7de8704, type=security_group_rules, rev=-1 {{(pid=89810) create_initial_revision /opt/stack/neutron/neutron/db/ovn_revision_numbers_db.py:98}}
May 28 15:09:17.706077 np0000001649 devstack@neutron-api.service[89810]: DEBUG neutron.db.ovn_revision_numbers_db [None req-1c4fb293-6b93-4115-bd4d-b467550e0b4d admin admin] create_initial_revision uuid=7b5a2b07-b3c4-4167-bc04-1350a5fc0287, type=security_group_rules, rev=-1 {{(pid=89810) create_initial_revision /opt/stack/neutron/neutron/db/ovn_revision_numbers_db.py:98}}
May 28 15:09:17.707260 np0000001649 devstack@neutron-api.service[89810]: DEBUG neutron.db.ovn_revision_numbers_db [None req-1c4fb293-6b93-4115-bd4d-b467550e0b4d admin admin] create_initial_revision uuid=872c8e6d-80f3-45cf-9038-d3dc00ea8450, type=security_group_rules, rev=-1 {{(pid=89810) create_initial_revision /opt/stack/neutron/neutron/db/ovn_revision_numbers_db.py:98}}
May 28 15:09:17.710934 np0000001649 devstack@neutron-api.service[89810]: DEBUG neutron_lib.callbacks.manager [None req-1c4fb293-6b93-4115-bd4d-b467550e0b4d admin admin] Publish callbacks ['neutron.plugins.ml2.drivers.ovn.mech_driver.mech_driver.OVNMechanismDriver._create_security_group-324962', 'neutron.plugins.ml2.ovo_rpc._ObjectChangeHandler.handle_event-7402905'] for security_group (f8129cb7-b048-41cb-b936-67283b9d2fff), after_create {{(pid=89810) _notify_loop /opt/stack/data/venv/lib/python3.12/site-packages/neutron_lib/callbacks/manager.py:184}}
May 28 15:09:17.711603 np0000001649 devstack@neutron-api.service[89810]: DEBUG ovsdbapp.backend.ovs_idl.transaction [-] Running txn n=1 command(idx=0): PgAddCommand(_result=None, name=pg_f8129cb7_b048_41cb_b936_67283b9d2fff, may_exist=False, columns={'acls': [], 'external_ids': {'neutron:security_group_id': 'f8129cb7-b048-41cb-b936-67283b9d2fff'}}) {{(pid=89810) do_commit /opt/stack/data/venv/lib/python3.12/site-packages/ovsdbapp/backend/ovs_idl/transaction.py:89}}
May 28 15:09:17.712465 np0000001649 devstack@neutron-api.service[89810]: DEBUG ovsdbapp.backend.ovs_idl.transaction [-] Running txn n=1 command(idx=1): PgAclAddCommand(_result=None, entity=pg_f8129cb7_b048_41cb_b936_67283b9d2fff, direction=to-lport, priority=1002, match=outport == @pg_f8129cb7_b048_41cb_b936_67283b9d2fff && ip6 && ip6.src == $pg_f8129cb7_b048_41cb_b936_67283b9d2fff_ip6, action=allow-related, log=False, may_exist=True, severity=[], name=[], meter=[], external_ids={'neutron:security_group_rule_id': '2d50dc3f-5505-4285-b5c1-2aab995b0984'}) {{(pid=89810) do_commit /opt/stack/data/venv/lib/python3.12/site-packages/ovsdbapp/backend/ovs_idl/transaction.py:89}}
May 28 15:09:17.712770 np0000001649 devstack@neutron-api.service[89810]: DEBUG ovsdbapp.backend.ovs_idl.transaction [-] Running txn n=1 command(idx=2): PgAclAddCommand(_result=None, entity=pg_f8129cb7_b048_41cb_b936_67283b9d2fff, direction=from-lport, priority=1002, match=inport == @pg_f8129cb7_b048_41cb_b936_67283b9d2fff && ip4, action=allow-related, log=False, may_exist=True, severity=[], name=[], meter=[], external_ids={'neutron:security_group_rule_id': '60b68783-0eb8-45b5-add1-e753f7de8704'}) {{(pid=89810) do_commit /opt/stack/data/venv/lib/python3.12/site-packages/ovsdbapp/backend/ovs_idl/transaction.py:89}}
May 28 15:09:17.713043 np0000001649 devstack@neutron-api.service[89810]: DEBUG ovsdbapp.backend.ovs_idl.transaction [-] Running txn n=1 command(idx=3): PgAclAddCommand(_result=None, entity=pg_f8129cb7_b048_41cb_b936_67283b9d2fff, direction=from-lport, priority=1002, match=inport == @pg_f8129cb7_b048_41cb_b936_67283b9d2fff && ip6, action=allow-related, log=False, may_exist=True, severity=[], name=[], meter=[], external_ids={'neutron:security_group_rule_id': '7b5a2b07-b3c4-4167-bc04-1350a5fc0287'}) {{(pid=89810) do_commit /opt/stack/data/venv/lib/python3.12/site-packages/ovsdbapp/backend/ovs_idl/transaction.py:89}}
May 28 15:09:17.713296 np0000001649 devstack@neutron-api.service[89810]: DEBUG ovsdbapp.backend.ovs_idl.transaction [-] Running txn n=1 command(idx=4): PgAclAddCommand(_result=None, entity=pg_f8129cb7_b048_41cb_b936_67283b9d2fff, direction=to-lport, priority=1002, match=outport == @pg_f8129cb7_b048_41cb_b936_67283b9d2fff && ip4 && ip4.src == $pg_f8129cb7_b048_41cb_b936_67283b9d2fff_ip4, action=allow-related, log=False, may_exist=True, severity=[], name=[], meter=[], external_ids={'neutron:security_group_rule_id': '872c8e6d-80f3-45cf-9038-d3dc00ea8450'}) {{(pid=89810) do_commit /opt/stack/data/venv/lib/python3.12/site-packages/ovsdbapp/backend/ovs_idl/transaction.py:89}}
May 28 15:09:17.718083 np0000001649 devstack@neutron-api.service[89812]: DEBUG neutron.plugins.ml2.drivers.ovn.mech_driver.ovsdb.ovsdb_monitor [-] Hash Ring: Node 5440dac96dea541fbb5ac2b122b359d6 (host: np0000001649) handling event "create" for row 9e3689c0-38b3-417f-bef2-88bb006e4f05 (table: ACL) {{(pid=89812) notify /opt/stack/neutron/neutron/plugins/ml2/drivers/ovn/mech_driver/ovsdb/ovsdb_monitor.py:986}}
May 28 15:09:17.718083 np0000001649 devstack@neutron-api.service[89812]: DEBUG neutron.plugins.ml2.drivers.ovn.mech_driver.ovsdb.ovsdb_monitor [-] Hash Ring: Node 5440dac96dea541fbb5ac2b122b359d6 (host: np0000001649) handling event "create" for row aac43748-ca74-4483-ad48-14e6a97d9740 (table: ACL) {{(pid=89812) notify /opt/stack/neutron/neutron/plugins/ml2/drivers/ovn/mech_driver/ovsdb/ovsdb_monitor.py:986}}
May 28 15:09:17.718245 np0000001649 devstack@neutron-api.service[89811]: DEBUG neutron.plugins.ml2.drivers.ovn.mech_driver.ovsdb.ovsdb_monitor [-] Hash Ring: Node 36144312dcb459f39e0935eccfefc0a2 (host: np0000001649) handling event "create" for row 3781684a-c0b6-4bdf-bbf6-f87a2274f08c (table: ACL) {{(pid=89811) notify /opt/stack/neutron/neutron/plugins/ml2/drivers/ovn/mech_driver/ovsdb/ovsdb_monitor.py:986}}
May 28 15:09:17.718525 np0000001649 devstack@neutron-api.service[89810]: DEBUG neutron.plugins.ml2.drivers.ovn.mech_driver.ovsdb.ovsdb_monitor [-] Hash Ring: Node 77af7d6590065d8cb84c2b71424401b0 (host: np0000001649) handling event "create" for row 3781684a-c0b6-4bdf-bbf6-f87a2274f08c (table: ACL) {{(pid=89810) notify /opt/stack/neutron/neutron/plugins/ml2/drivers/ovn/mech_driver/ovsdb/ovsdb_monitor.py:986}}
May 28 15:09:17.718561 np0000001649 devstack@neutron-api.service[89811]: DEBUG neutron.plugins.ml2.drivers.ovn.mech_driver.ovsdb.ovsdb_monitor [-] Hash Ring: Node 36144312dcb459f39e0935eccfefc0a2 (host: np0000001649) handling event "create" for row 897281cc-0200-4fbb-82af-8cd3cd693a4f (table: ACL) {{(pid=89811) notify /opt/stack/neutron/neutron/plugins/ml2/drivers/ovn/mech_driver/ovsdb/ovsdb_monitor.py:986}}
May 28 15:09:17.718561 np0000001649 devstack@neutron-api.service[89811]: DEBUG neutron.plugins.ml2.drivers.ovn.mech_driver.ovsdb.ovsdb_monitor [-] Hash Ring: Node 36144312dcb459f39e0935eccfefc0a2 (host: np0000001649) handling event "create" for row 9e3689c0-38b3-417f-bef2-88bb006e4f05 (table: ACL) {{(pid=89811) notify /opt/stack/neutron/neutron/plugins/ml2/drivers/ovn/mech_driver/ovsdb/ovsdb_monitor.py:986}}
May 28 15:09:17.718629 np0000001649 devstack@neutron-api.service[89810]: DEBUG neutron.plugins.ml2.drivers.ovn.mech_driver.ovsdb.ovsdb_monitor [-] Hash Ring: Node 77af7d6590065d8cb84c2b71424401b0 (host: np0000001649) handling event "create" for row 897281cc-0200-4fbb-82af-8cd3cd693a4f (table: ACL) {{(pid=89810) notify /opt/stack/neutron/neutron/plugins/ml2/drivers/ovn/mech_driver/ovsdb/ovsdb_monitor.py:986}}
May 28 15:09:17.718654 np0000001649 devstack@neutron-api.service[89811]: DEBUG neutron.plugins.ml2.drivers.ovn.mech_driver.ovsdb.ovsdb_monitor [-] Hash Ring: Node 36144312dcb459f39e0935eccfefc0a2 (host: np0000001649) handling event "create" for row aac43748-ca74-4483-ad48-14e6a97d9740 (table: ACL) {{(pid=89811) notify /opt/stack/neutron/neutron/plugins/ml2/drivers/ovn/mech_driver/ovsdb/ovsdb_monitor.py:986}}
May 28 15:09:17.718675 np0000001649 devstack@neutron-api.service[89810]: DEBUG neutron.plugins.ml2.drivers.ovn.mech_driver.ovsdb.ovsdb_monitor [-] Hash Ring: Node 77af7d6590065d8cb84c2b71424401b0 (host: np0000001649) handling event "create" for row 9e3689c0-38b3-417f-bef2-88bb006e4f05 (table: ACL) {{(pid=89810) notify /opt/stack/neutron/neutron/plugins/ml2/drivers/ovn/mech_driver/ovsdb/ovsdb_monitor.py:986}}
May 28 15:09:17.718675 np0000001649 devstack@neutron-api.service[89810]: DEBUG neutron.plugins.ml2.drivers.ovn.mech_driver.ovsdb.ovsdb_monitor [-] Hash Ring: Node 77af7d6590065d8cb84c2b71424401b0 (host: np0000001649) handling event "create" for row aac43748-ca74-4483-ad48-14e6a97d9740 (table: ACL) {{(pid=89810) notify /opt/stack/neutron/neutron/plugins/ml2/drivers/ovn/mech_driver/ovsdb/ovsdb_monitor.py:986}}
May 28 15:09:17.718675 np0000001649 devstack@neutron-api.service[89810]: DEBUG neutron.plugins.ml2.drivers.ovn.mech_driver.ovsdb.ovsdb_monitor [-] Hash Ring: Node 77af7d6590065d8cb84c2b71424401b0 (host: np0000001649) handling event "create" for row e3760c87-61a3-48f4-b53c-a48700f168cf (table: Port_Group) {{(pid=89810) notify /opt/stack/neutron/neutron/plugins/ml2/drivers/ovn/mech_driver/ovsdb/ovsdb_monitor.py:986}}
May 28 15:09:17.738896 np0000001649 devstack@neutron-api.service[89810]: INFO neutron.db.ovn_revision_numbers_db [None req-1c4fb293-6b93-4115-bd4d-b467550e0b4d admin admin] Successfully bumped revision number for resource f8129cb7-b048-41cb-b936-67283b9d2fff (type: security_groups) to 1
May 28 15:09:17.752020 np0000001649 devstack@neutron-api.service[89810]: INFO neutron.db.ovn_revision_numbers_db [None req-1c4fb293-6b93-4115-bd4d-b467550e0b4d admin admin] Successfully bumped revision number for resource 2d50dc3f-5505-4285-b5c1-2aab995b0984 (type: security_group_rules) to 0
May 28 15:09:17.761843 np0000001649 devstack@neutron-api.service[89810]: INFO neutron.db.ovn_revision_numbers_db [None req-1c4fb293-6b93-4115-bd4d-b467550e0b4d admin admin] Successfully bumped revision number for resource 60b68783-0eb8-45b5-add1-e753f7de8704 (type: security_group_rules) to 0
May 28 15:09:17.770723 np0000001649 devstack@neutron-api.service[89810]: INFO neutron.db.ovn_revision_numbers_db [None req-1c4fb293-6b93-4115-bd4d-b467550e0b4d admin admin] Successfully bumped revision number for resource 7b5a2b07-b3c4-4167-bc04-1350a5fc0287 (type: security_group_rules) to 0
May 28 15:09:17.779591 np0000001649 devstack@neutron-api.service[89810]: INFO neutron.db.ovn_revision_numbers_db [None req-1c4fb293-6b93-4115-bd4d-b467550e0b4d admin admin] Successfully bumped revision number for resource 872c8e6d-80f3-45cf-9038-d3dc00ea8450 (type: security_group_rules) to 0
May 28 15:09:17.799471 np0000001649 devstack@neutron-api.service[89810]: DEBUG neutron.api.rpc.handlers.resources_rpc [None req-1c4fb293-6b93-4115-bd4d-b467550e0b4d admin admin] Pushing event updated for resources: {'SecurityGroup': ['ID=f8129cb7-b048-41cb-b936-67283b9d2fff,revision_number=1']} {{(pid=89810) push /opt/stack/neutron/neutron/api/rpc/handlers/resources_rpc.py:237}}
May 28 15:09:17.805860 np0000001649 devstack@neutron-api.service[89810]: DEBUG ovsdbapp.backend.ovs_idl.transaction [-] Running txn n=1 command(idx=0): CheckLivenessCommand(_result=None) {{(pid=89810) do_commit /opt/stack/data/venv/lib/python3.12/site-packages/ovsdbapp/backend/ovs_idl/transaction.py:89}}
May 28 15:09:17.807804 np0000001649 devstack@neutron-api.service[89810]: DEBUG neutron.plugins.ml2.drivers.ovn.mech_driver.ovsdb.ovsdb_monitor [-] Hash Ring: Node 77af7d6590065d8cb84c2b71424401b0 (host: np0000001649) handling event "update" for row 94dafef4-f4f9-42ff-8588-cd79a1a62120 (table: NB_Global) {{(pid=89810) notify /opt/stack/neutron/neutron/plugins/ml2/drivers/ovn/mech_driver/ovsdb/ovsdb_monitor.py:986}}
May 28 15:09:17.809539 np0000001649 devstack@neutron-api.service[89810]: DEBUG neutron.plugins.ml2.drivers.ovn.mech_driver.ovsdb.ovsdb_monitor [-] Hash Ring: Node 77af7d6590065d8cb84c2b71424401b0 (host: np0000001649) handling event "update" for row 94dafef4-f4f9-42ff-8588-cd79a1a62120 (table: NB_Global) {{(pid=89810) notify /opt/stack/neutron/neutron/plugins/ml2/drivers/ovn/mech_driver/ovsdb/ovsdb_monitor.py:986}}
May 28 15:09:17.810181 np0000001649 devstack@neutron-api.service[89810]: DEBUG neutron.plugins.ml2.drivers.ovn.mech_driver.ovsdb.ovsdb_monitor [-] ChassisAgentWriteEvent : Matched Chassis_Private, update, None None {{(pid=89810) matches /opt/stack/neutron/neutron/plugins/ml2/drivers/ovn/mech_driver/ovsdb/ovsdb_monitor.py:64}}
May 28 15:09:17.811068 np0000001649 devstack@neutron-api.service[89811]: DEBUG neutron.plugins.ml2.drivers.ovn.mech_driver.ovsdb.ovsdb_monitor [-] ChassisAgentWriteEvent : Matched Chassis_Private, update, None None {{(pid=89811) matches /opt/stack/neutron/neutron/plugins/ml2/drivers/ovn/mech_driver/ovsdb/ovsdb_monitor.py:64}}
May 28 15:09:17.811139 np0000001649 devstack@neutron-api.service[89812]: DEBUG neutron.plugins.ml2.drivers.ovn.mech_driver.ovsdb.ovsdb_monitor [-] ChassisAgentWriteEvent : Matched Chassis_Private, update, None None {{(pid=89812) matches /opt/stack/neutron/neutron/plugins/ml2/drivers/ovn/mech_driver/ovsdb/ovsdb_monitor.py:64}}
May 28 15:09:17.812973 np0000001649 devstack@neutron-api.service[89810]: DEBUG neutron.plugins.ml2.drivers.ovn.mech_driver.ovsdb.ovsdb_monitor [-] Hash Ring: Node 77af7d6590065d8cb84c2b71424401b0 (host: np0000001649) handling event "update" for row 94dafef4-f4f9-42ff-8588-cd79a1a62120 (table: NB_Global) {{(pid=89810) notify /opt/stack/neutron/neutron/plugins/ml2/drivers/ovn/mech_driver/ovsdb/ovsdb_monitor.py:986}}
May 28 15:09:17.813489 np0000001649 devstack@neutron-api.service[89810]: DEBUG neutron.plugins.ml2.drivers.ovn.mech_driver.ovsdb.ovsdb_monitor [-] Hash Ring: Node 77af7d6590065d8cb84c2b71424401b0 (host: np0000001649) handling event "update" for row 94dafef4-f4f9-42ff-8588-cd79a1a62120 (table: NB_Global) {{(pid=89810) notify /opt/stack/neutron/neutron/plugins/ml2/drivers/ovn/mech_driver/ovsdb/ovsdb_monitor.py:986}}
May 28 15:09:17.814888 np0000001649 devstack@neutron-api.service[89811]: DEBUG neutron.plugins.ml2.drivers.ovn.mech_driver.ovsdb.ovsdb_monitor [-] ChassisOVNAgentWriteEvent : Matched Chassis_Private, update, None None {{(pid=89811) matches /opt/stack/neutron/neutron/plugins/ml2/drivers/ovn/mech_driver/ovsdb/ovsdb_monitor.py:64}}
May 28 15:09:17.815085 np0000001649 devstack@neutron-api.service[89812]: DEBUG neutron.plugins.ml2.drivers.ovn.mech_driver.ovsdb.ovsdb_monitor [-] ChassisOVNAgentWriteEvent : Matched Chassis_Private, update, None None {{(pid=89812) matches /opt/stack/neutron/neutron/plugins/ml2/drivers/ovn/mech_driver/ovsdb/ovsdb_monitor.py:64}}
May 28 15:09:17.816284 np0000001649 devstack@neutron-api.service[89810]: DEBUG neutron.api.rpc.callbacks.version_manager [None req-1c4fb293-6b93-4115-bd4d-b467550e0b4d admin admin] Tracked resource versions report:
May 28 15:09:17.816284 np0000001649 devstack@neutron-api.service[89810]: pushed versions:
May 28 15:09:17.816284 np0000001649 devstack@neutron-api.service[89810]: { 'AddressGroup': {'1.2'},
May 28 15:09:17.816284 np0000001649 devstack@neutron-api.service[89810]: 'Agent': {'1.1'},
May 28 15:09:17.816284 np0000001649 devstack@neutron-api.service[89810]: 'ConntrackHelper': {'1.0'},
May 28 15:09:17.816284 np0000001649 devstack@neutron-api.service[89810]: 'LocalIPAssociation': {'1.0'},
May 28 15:09:17.816284 np0000001649 devstack@neutron-api.service[89810]: 'Log': {'1.0'},
May 28 15:09:17.816284 np0000001649 devstack@neutron-api.service[89810]: 'NDPProxy': {'1.0'},
May 28 15:09:17.816284 np0000001649 devstack@neutron-api.service[89810]: 'Network': {'1.3'},
May 28 15:09:17.816284 np0000001649 devstack@neutron-api.service[89810]: 'Port': {'1.11'},
May 28 15:09:17.816284 np0000001649 devstack@neutron-api.service[89810]: 'PortForwarding': {'1.3'},
May 28 15:09:17.816284 np0000001649 devstack@neutron-api.service[89810]: 'QosPolicy': {'1.10'},
May 28 15:09:17.816284 np0000001649 devstack@neutron-api.service[89810]: 'SecurityGroup': {'1.6'},
May 28 15:09:17.816284 np0000001649 devstack@neutron-api.service[89810]: 'SecurityGroupRule': {'1.3'},
May 28 15:09:17.816284 np0000001649 devstack@neutron-api.service[89810]: 'SubPort': {'1.0'},
May 28 15:09:17.816284 np0000001649 devstack@neutron-api.service[89810]: 'Subnet': {'1.2'},
May 28 15:09:17.816284 np0000001649 devstack@neutron-api.service[89810]: 'Trunk': {'1.1'}}
May 28 15:09:17.816284 np0000001649 devstack@neutron-api.service[89810]: consumer versions:
May 28 15:09:17.816284 np0000001649 devstack@neutron-api.service[89810]: {OVN Controller Gateway agent@np0000001649: {}}
May 28 15:09:17.816284 np0000001649 devstack@neutron-api.service[89810]: {{(pid=89810) report /opt/stack/neutron/neutron/api/rpc/callbacks/version_manager.py:183}}
May 28 15:09:17.821144 np0000001649 devstack@neutron-api.service[89810]: DEBUG neutron.common.ovn.hash_ring_manager [-] Allow caching, nodes 3>=3 {{(pid=89810) _wait_startup_before_caching /opt/stack/neutron/neutron/common/ovn/hash_ring_manager.py:65}}
May 28 15:09:17.821386 np0000001649 devstack@neutron-api.service[89810]: DEBUG neutron.plugins.ml2.drivers.ovn.mech_driver.ovsdb.ovsdb_monitor [-] Hash Ring: Node 77af7d6590065d8cb84c2b71424401b0 (host: np0000001649) handling event "update" for row 1a997aff-84fd-4dce-ae8d-88f55ad4d8fc (table: Chassis_Private) {{(pid=89810) notify /opt/stack/neutron/neutron/plugins/ml2/drivers/ovn/mech_driver/ovsdb/ovsdb_monitor.py:986}}
May 28 15:09:17.823597 np0000001649 devstack@neutron-api.service[89810]: DEBUG neutron.plugins.ml2.drivers.ovn.mech_driver.ovsdb.ovsdb_monitor [-] ChassisOVNAgentWriteEvent : Matched Chassis_Private, update, None None {{(pid=89810) matches /opt/stack/neutron/neutron/plugins/ml2/drivers/ovn/mech_driver/ovsdb/ovsdb_monitor.py:64}}
May 28 15:09:17.823863 np0000001649 devstack@neutron-api.service[89810]: DEBUG neutron.plugins.ml2.drivers.ovn.mech_driver.ovsdb.ovsdb_monitor [-] Hash Ring: Node 77af7d6590065d8cb84c2b71424401b0 (host: np0000001649) handling event "update" for row 1a997aff-84fd-4dce-ae8d-88f55ad4d8fc (table: Chassis_Private) {{(pid=89810) notify /opt/stack/neutron/neutron/plugins/ml2/drivers/ovn/mech_driver/ovsdb/ovsdb_monitor.py:986}}
May 28 15:09:17.860299 np0000001649 devstack@neutron-api.service[89810]: DEBUG neutron.plugins.ml2.drivers.helpers [None req-1c4fb293-6b93-4115-bd4d-b467550e0b4d admin admin] geneve segment allocate from pool success with {'geneve_vni': 1268} {{(pid=89810) allocate_partially_specified_segment /opt/stack/neutron/neutron/plugins/ml2/drivers/helpers.py:142}}
May 28 15:09:17.870437 np0000001649 devstack@neutron-api.service[89810]: DEBUG neutron_lib.callbacks.manager [None req-1c4fb293-6b93-4115-bd4d-b467550e0b4d admin admin] Publish callbacks ['neutron.services.segments.db._add_segment_host_mapping_for_segment-8035938939784', 'neutron.plugins.ml2.plugin.Ml2Plugin._handle_segment_change-945672'] for segment (516e2865-e974-4a58-880d-ae020f907d60), precommit_create {{(pid=89810) _notify_loop /opt/stack/data/venv/lib/python3.12/site-packages/neutron_lib/callbacks/manager.py:184}}
May 28 15:09:17.870662 np0000001649 devstack@neutron-api.service[89810]: INFO neutron.db.segments_db [None req-1c4fb293-6b93-4115-bd4d-b467550e0b4d admin admin] Added segment 516e2865-e974-4a58-880d-ae020f907d60 of type geneve for network 279bfca1-6c0a-4214-ae82-e5982e05dfd8
May 28 15:09:17.907477 np0000001649 devstack@neutron-api.service[89810]: DEBUG neutron_lib.callbacks.manager [None req-1c4fb293-6b93-4115-bd4d-b467550e0b4d admin admin] Publish callbacks ['neutron.services.auto_allocate.db._ensure_external_network_default_value_callback-8035937221976'] for network (279bfca1-6c0a-4214-ae82-e5982e05dfd8), precommit_create {{(pid=89810) _notify_loop /opt/stack/data/venv/lib/python3.12/site-packages/neutron_lib/callbacks/manager.py:184}}
May 28 15:09:17.924835 np0000001649 devstack@neutron-api.service[89810]: DEBUG neutron.plugins.ml2.drivers.ovn.mech_driver.mech_driver [None req-1c4fb293-6b93-4115-bd4d-b467550e0b4d admin admin] Validating network segment with type geneve, segmentation ID 1268, physical network None {{(pid=89810) _validate_network_segments /opt/stack/neutron/neutron/plugins/ml2/drivers/ovn/mech_driver/mech_driver.py:643}}
May 28 15:09:17.924976 np0000001649 devstack@neutron-api.service[89810]: DEBUG neutron.db.ovn_revision_numbers_db [None req-1c4fb293-6b93-4115-bd4d-b467550e0b4d admin admin] create_initial_revision uuid=279bfca1-6c0a-4214-ae82-e5982e05dfd8, type=networks, rev=-1 {{(pid=89810) create_initial_revision /opt/stack/neutron/neutron/db/ovn_revision_numbers_db.py:98}}
May 28 15:09:17.942026 np0000001649 devstack@neutron-api.service[89810]: DEBUG neutron_lib.callbacks.manager [None req-1c4fb293-6b93-4115-bd4d-b467550e0b4d admin admin] Publish callbacks ['neutron.plugins.ml2.ovo_rpc._ObjectChangeHandler.handle_event-7402908'] for network (279bfca1-6c0a-4214-ae82-e5982e05dfd8), after_create {{(pid=89810) _notify_loop /opt/stack/data/venv/lib/python3.12/site-packages/neutron_lib/callbacks/manager.py:184}}
May 28 15:09:17.987584 np0000001649 devstack@neutron-api.service[89810]: DEBUG neutron.api.rpc.handlers.resources_rpc [None req-1c4fb293-6b93-4115-bd4d-b467550e0b4d admin admin] Pushing event updated for resources: {'Network': ['ID=279bfca1-6c0a-4214-ae82-e5982e05dfd8,revision_number=1']} {{(pid=89810) push /opt/stack/neutron/neutron/api/rpc/handlers/resources_rpc.py:237}}
May 28 15:09:17.994655 np0000001649 devstack@neutron-api.service[89810]: DEBUG ovsdbapp.backend.ovs_idl.transaction [-] Running txn n=1 command(idx=0): AddNetworkCommand(_result=None, network_uuid=279bfca1-6c0a-4214-ae82-e5982e05dfd8, may_exist=True, columns={'external_ids': {'neutron:network_name': 'private', 'neutron:mtu': '1372', 'neutron:revision_number': '1', 'neutron:availability_zone_hints': '', 'neutron:provnet-network-type': 'geneve'}, 'other_config': {'mcast_snoop': 'false', 'mcast_flood_unregistered': 'false', 'vlan-passthru': 'false'}}) {{(pid=89810) do_commit /opt/stack/data/venv/lib/python3.12/site-packages/ovsdbapp/backend/ovs_idl/transaction.py:89}}
May 28 15:09:17.994847 np0000001649 devstack@neutron-api.service[89810]: DEBUG neutron.common.ovn.utils [-] OVS persist_uuid supported=True {{(pid=89810) ovs_persist_uuid_supported /opt/stack/neutron/neutron/common/ovn/utils.py:1538}}
May 28 15:09:17.997369 np0000001649 devstack@neutron-api.service[89811]: DEBUG neutron.plugins.ml2.drivers.ovn.mech_driver.ovsdb.ovsdb_monitor [-] Hash Ring: Node 36144312dcb459f39e0935eccfefc0a2 (host: np0000001649) handling event "create" for row 279bfca1-6c0a-4214-ae82-e5982e05dfd8 (table: Logical_Switch) {{(pid=89811) notify /opt/stack/neutron/neutron/plugins/ml2/drivers/ovn/mech_driver/ovsdb/ovsdb_monitor.py:986}}
May 28 15:09:17.997817 np0000001649 devstack@neutron-api.service[89810]: DEBUG neutron.plugins.ml2.drivers.ovn.mech_driver.ovsdb.ovsdb_monitor [-] Hash Ring: Node 77af7d6590065d8cb84c2b71424401b0 (host: np0000001649) handling event "create" for row 279bfca1-6c0a-4214-ae82-e5982e05dfd8 (table: Logical_Switch) {{(pid=89810) notify /opt/stack/neutron/neutron/plugins/ml2/drivers/ovn/mech_driver/ovsdb/ovsdb_monitor.py:986}}
May 28 15:09:18.009574 np0000001649 devstack@neutron-api.service[89810]: DEBUG neutron.plugins.ml2.drivers.ovn.mech_driver.ovsdb.ovsdb_monitor [-] Hash Ring: Node 77af7d6590065d8cb84c2b71424401b0 (host: np0000001649) handling event "create" for row 5c95632c-4d5d-4398-95b1-f6424c4ed333 (table: Datapath_Binding) {{(pid=89810) notify /opt/stack/neutron/neutron/plugins/ml2/drivers/ovn/mech_driver/ovsdb/ovsdb_monitor.py:986}}
May 28 15:09:18.024748 np0000001649 devstack@neutron-api.service[89810]: INFO neutron.db.ovn_revision_numbers_db [None req-1c4fb293-6b93-4115-bd4d-b467550e0b4d admin admin] Successfully bumped revision number for resource 279bfca1-6c0a-4214-ae82-e5982e05dfd8 (type: networks) to 1
May 28 15:09:18.073646 np0000001649 devstack@neutron-api.service[89810]: DEBUG neutron_lib.callbacks.manager [None req-1c4fb293-6b93-4115-bd4d-b467550e0b4d admin admin] Publish callbacks ['neutron.plugins.ml2.plugin.SecurityGroupDbMixin._ensure_default_security_group_handler-146886'] for port (None), before_create {{(pid=89810) _notify_loop /opt/stack/data/venv/lib/python3.12/site-packages/neutron_lib/callbacks/manager.py:184}}
May 28 15:09:18.170724 np0000001649 devstack@neutron-api.service[89810]: DEBUG neutron_lib.callbacks.manager [None req-1c4fb293-6b93-4115-bd4d-b467550e0b4d admin admin] Publish callbacks ['neutron.plugins.ml2.drivers.ovn.mech_driver.mech_driver.OVNMechanismDriver._validate_allowed_address_pairs-325104'] for allowed_address_pair (70493bff-d44a-4a80-885e-51816980525d), before_create {{(pid=89810) _notify_loop /opt/stack/data/venv/lib/python3.12/site-packages/neutron_lib/callbacks/manager.py:184}}
May 28 15:09:18.171258 np0000001649 devstack@neutron-api.service[89810]: DEBUG neutron_lib.callbacks.manager [None req-1c4fb293-6b93-4115-bd4d-b467550e0b4d admin admin] Publish callbacks [] for port (70493bff-d44a-4a80-885e-51816980525d), precommit_create {{(pid=89810) _notify_loop /opt/stack/data/venv/lib/python3.12/site-packages/neutron_lib/callbacks/manager.py:184}}
May 28 15:09:18.171441 np0000001649 devstack@neutron-api.service[89810]: DEBUG neutron.plugins.ml2.drivers.ovn.mech_driver.mech_driver [None req-1c4fb293-6b93-4115-bd4d-b467550e0b4d admin admin] No provisioning block for port 70493bff-d44a-4a80-885e-51816980525d since it does not have a host {{(pid=89810) _is_port_provisioning_required /opt/stack/neutron/neutron/plugins/ml2/drivers/ovn/mech_driver/mech_driver.py:896}}
May 28 15:09:18.171547 np0000001649 devstack@neutron-api.service[89810]: DEBUG neutron.db.ovn_revision_numbers_db [None req-1c4fb293-6b93-4115-bd4d-b467550e0b4d admin admin] create_initial_revision uuid=70493bff-d44a-4a80-885e-51816980525d, type=ports, rev=-1 {{(pid=89810) create_initial_revision /opt/stack/neutron/neutron/db/ovn_revision_numbers_db.py:98}}
May 28 15:09:18.219290 np0000001649 devstack@neutron-api.service[89810]: DEBUG neutron_lib.callbacks.manager [None req-1c4fb293-6b93-4115-bd4d-b467550e0b4d admin admin] Publish callbacks ['neutron.plugins.ml2.ovo_rpc._ObjectChangeHandler.handle_event-7402893'] for port (70493bff-d44a-4a80-885e-51816980525d), after_create {{(pid=89810) _notify_loop /opt/stack/data/venv/lib/python3.12/site-packages/neutron_lib/callbacks/manager.py:184}}
May 28 15:09:18.271672 np0000001649 devstack@neutron-api.service[89810]: DEBUG neutron.api.rpc.handlers.resources_rpc [None req-1c4fb293-6b93-4115-bd4d-b467550e0b4d admin admin] Pushing event updated for resources: {'Port': ['ID=70493bff-d44a-4a80-885e-51816980525d,revision_number=1']} {{(pid=89810) push /opt/stack/neutron/neutron/api/rpc/handlers/resources_rpc.py:237}}
May 28 15:09:18.299953 np0000001649 devstack@neutron-api.service[89810]: DEBUG ovsdbapp.backend.ovs_idl.transaction [-] Running txn n=1 command(idx=0): AddLSwitchPortCommand(_result=None, lport=70493bff-d44a-4a80-885e-51816980525d, lswitch=neutron-279bfca1-6c0a-4214-ae82-e5982e05dfd8, may_exist=True, network_uuid=279bfca1-6c0a-4214-ae82-e5982e05dfd8, columns={'addresses': ['fa:16:3e:6e:d9:6b'], 'external_ids': {'neutron:port_name': '', 'neutron:device_id': 'ovnmeta-279bfca1-6c0a-4214-ae82-e5982e05dfd8', 'neutron:project_id': '729cea02da1a43ee88bb4baf0fc47342', 'neutron:cidrs': '', 'neutron:device_owner': 'network:distributed', 'neutron:subnet_pool_addr_scope4': '', 'neutron:subnet_pool_addr_scope6': '', 'neutron:network_name': 'neutron-279bfca1-6c0a-4214-ae82-e5982e05dfd8', 'neutron:security_group_ids': '', 'neutron:revision_number': '1', 'neutron:vnic_type': 'normal', 'neutron:port_capabilities': '', 'neutron:mtu': '1372'}, 'parent_name': [], 'tag': [], 'enabled': True, 'options': {}, 'type': 'localport', 'port_security': [], 'dhcpv4_options': [], 'dhcpv6_options': []}) {{(pid=89810) do_commit /opt/stack/data/venv/lib/python3.12/site-packages/ovsdbapp/backend/ovs_idl/transaction.py:89}}
May 28 15:09:18.300507 np0000001649 devstack@neutron-api.service[89810]: DEBUG ovsdbapp.backend.ovs_idl.transaction [-] Running txn n=1 command(idx=1): QoSDelCommand(_result=None, switch=neutron-279bfca1-6c0a-4214-ae82-e5982e05dfd8, conditions=[('direction', '=', 'to-lport'), ('priority', '=', 2002), ('match', '=', 'outport == "70493bff-d44a-4a80-885e-51816980525d"')], if_exists=True) {{(pid=89810) do_commit /opt/stack/data/venv/lib/python3.12/site-packages/ovsdbapp/backend/ovs_idl/transaction.py:89}}
May 28 15:09:18.300670 np0000001649 devstack@neutron-api.service[89810]: DEBUG ovsdbapp.backend.ovs_idl.transaction [-] Running txn n=1 command(idx=2): QoSDelCommand(_result=None, switch=neutron-279bfca1-6c0a-4214-ae82-e5982e05dfd8, conditions=[('direction', '=', 'from-lport'), ('priority', '=', 2002), ('match', '=', 'inport == "70493bff-d44a-4a80-885e-51816980525d"')], if_exists=True) {{(pid=89810) do_commit /opt/stack/data/venv/lib/python3.12/site-packages/ovsdbapp/backend/ovs_idl/transaction.py:89}}
May 28 15:09:18.303043 np0000001649 devstack@neutron-api.service[89810]: DEBUG neutron.plugins.ml2.drivers.ovn.mech_driver.ovsdb.ovsdb_monitor [-] Hash Ring: Node 77af7d6590065d8cb84c2b71424401b0 (host: np0000001649) handling event "update" for row 279bfca1-6c0a-4214-ae82-e5982e05dfd8 (table: Logical_Switch) {{(pid=89810) notify /opt/stack/neutron/neutron/plugins/ml2/drivers/ovn/mech_driver/ovsdb/ovsdb_monitor.py:986}}
May 28 15:09:18.303117 np0000001649 devstack@neutron-api.service[89811]: DEBUG neutron.plugins.ml2.drivers.ovn.mech_driver.ovsdb.ovsdb_monitor [-] Hash Ring: Node 36144312dcb459f39e0935eccfefc0a2 (host: np0000001649) handling event "update" for row 279bfca1-6c0a-4214-ae82-e5982e05dfd8 (table: Logical_Switch) {{(pid=89811) notify /opt/stack/neutron/neutron/plugins/ml2/drivers/ovn/mech_driver/ovsdb/ovsdb_monitor.py:986}}
May 28 15:09:18.303249 np0000001649 devstack@neutron-api.service[89810]: DEBUG neutron.plugins.ml2.drivers.ovn.mech_driver.ovsdb.ovsdb_monitor [-] Hash Ring: Node 77af7d6590065d8cb84c2b71424401b0 (host: np0000001649) handling event "create" for row 3d73c2db-3bda-4f82-907a-0a2b41ac30f2 (table: Logical_Switch_Port) {{(pid=89810) notify /opt/stack/neutron/neutron/plugins/ml2/drivers/ovn/mech_driver/ovsdb/ovsdb_monitor.py:986}}
May 28 15:09:18.303309 np0000001649 devstack@neutron-api.service[89811]: DEBUG neutron.plugins.ml2.drivers.ovn.mech_driver.ovsdb.ovsdb_monitor [-] Hash Ring: Node 36144312dcb459f39e0935eccfefc0a2 (host: np0000001649) handling event "create" for row 3d73c2db-3bda-4f82-907a-0a2b41ac30f2 (table: Logical_Switch_Port) {{(pid=89811) notify /opt/stack/neutron/neutron/plugins/ml2/drivers/ovn/mech_driver/ovsdb/ovsdb_monitor.py:986}}
May 28 15:09:18.304043 np0000001649 devstack@neutron-api.service[89811]: DEBUG ovsdbapp.backend.ovs_idl.event [-] Matched CREATE: LogicalSwitchPortCreateEvent(events=('create',), table='Logical_Switch_Port', conditions=[], old_conditions=None), priority=20 to row=Logical_Switch_Port(uuid=3d73c2db-3bda-4f82-907a-0a2b41ac30f2, addresses=['fa:16:3e:6e:d9:6b'], dhcpv4_options=[], dhcpv6_options=[], dynamic_addresses=[], enabled=True, external_ids={'neutron:cidrs': '', 'neutron:device_id': 'ovnmeta-279bfca1-6c0a-4214-ae82-e5982e05dfd8', 'neutron:device_owner': 'network:distributed', 'neutron:mtu': '1372', 'neutron:network_name': 'neutron-279bfca1-6c0a-4214-ae82-e5982e05dfd8', 'neutron:port_capabilities': '', 'neutron:port_name': '', 'neutron:project_id': '729cea02da1a43ee88bb4baf0fc47342', 'neutron:revision_number': '1', 'neutron:security_group_ids': '', 'neutron:subnet_pool_addr_scope4': '', 'neutron:subnet_pool_addr_scope6': '', 'neutron:vnic_type': 'normal'}, ha_chassis_group=[], mirror_rules=[], name='70493bff-d44a-4a80-885e-51816980525d', options={}, parent_name=[], port_security=[], tag=[], tag_request=[], type='localport', up=[]) old= {{(pid=89811) matches /opt/stack/data/venv/lib/python3.12/site-packages/ovsdbapp/backend/ovs_idl/event.py:55}}
May 28 15:09:18.304566 np0000001649 devstack@neutron-api.service[89810]: DEBUG ovsdbapp.backend.ovs_idl.event [-] Matched CREATE: LogicalSwitchPortCreateEvent(events=('create',), table='Logical_Switch_Port', conditions=[], old_conditions=None), priority=20 to row=Logical_Switch_Port(uuid=3d73c2db-3bda-4f82-907a-0a2b41ac30f2, addresses=['fa:16:3e:6e:d9:6b'], dhcpv4_options=[], dhcpv6_options=[], dynamic_addresses=[], enabled=True, external_ids={'neutron:cidrs': '', 'neutron:device_id': 'ovnmeta-279bfca1-6c0a-4214-ae82-e5982e05dfd8', 'neutron:device_owner': 'network:distributed', 'neutron:mtu': '1372', 'neutron:network_name': 'neutron-279bfca1-6c0a-4214-ae82-e5982e05dfd8', 'neutron:port_capabilities': '', 'neutron:port_name': '', 'neutron:project_id': '729cea02da1a43ee88bb4baf0fc47342', 'neutron:revision_number': '1', 'neutron:security_group_ids': '', 'neutron:subnet_pool_addr_scope4': '', 'neutron:subnet_pool_addr_scope6': '', 'neutron:vnic_type': 'normal'}, ha_chassis_group=[], mirror_rules=[], name='70493bff-d44a-4a80-885e-51816980525d', options={}, parent_name=[], port_security=[], tag=[], tag_request=[], type='localport', up=[]) old= {{(pid=89810) matches /opt/stack/data/venv/lib/python3.12/site-packages/ovsdbapp/backend/ovs_idl/event.py:55}}
May 28 15:09:18.304806 np0000001649 devstack@neutron-api.service[89811]: INFO neutron.plugins.ml2.drivers.ovn.mech_driver.mech_driver [-] OVN reports status down for port: 70493bff-d44a-4a80-885e-51816980525d
May 28 15:09:18.305116 np0000001649 devstack@neutron-api.service[89811]: DEBUG neutron.plugins.ml2.drivers.ovn.mech_driver.ovsdb.ovsdb_monitor [-] Hash Ring: Node 36144312dcb459f39e0935eccfefc0a2 (host: np0000001649) handling event "update" for row 3d73c2db-3bda-4f82-907a-0a2b41ac30f2 (table: Logical_Switch_Port) {{(pid=89811) notify /opt/stack/neutron/neutron/plugins/ml2/drivers/ovn/mech_driver/ovsdb/ovsdb_monitor.py:986}}
May 28 15:09:18.305381 np0000001649 devstack@neutron-api.service[89810]: INFO neutron.plugins.ml2.drivers.ovn.mech_driver.mech_driver [-] OVN reports status down for port: 70493bff-d44a-4a80-885e-51816980525d
May 28 15:09:18.306965 np0000001649 devstack@neutron-api.service[89811]: DEBUG neutron.plugins.ml2.drivers.ovn.mech_driver.ovsdb.ovsdb_monitor [-] Hash Ring: Node 36144312dcb459f39e0935eccfefc0a2 (host: np0000001649) handling event "create" for row b1ac2163-d7ff-485e-b60b-3ea1a8845e7d (table: Port_Binding) {{(pid=89811) notify /opt/stack/neutron/neutron/plugins/ml2/drivers/ovn/mech_driver/ovsdb/ovsdb_monitor.py:986}}
May 28 15:09:18.307254 np0000001649 devstack@neutron-api.service[89810]: DEBUG neutron.plugins.ml2.drivers.ovn.mech_driver.ovsdb.ovsdb_monitor [-] Hash Ring: Node 77af7d6590065d8cb84c2b71424401b0 (host: np0000001649) handling event "create" for row b1ac2163-d7ff-485e-b60b-3ea1a8845e7d (table: Port_Binding) {{(pid=89810) notify /opt/stack/neutron/neutron/plugins/ml2/drivers/ovn/mech_driver/ovsdb/ovsdb_monitor.py:986}}
May 28 15:09:18.307839 np0000001649 devstack@neutron-api.service[89810]: DEBUG neutron.plugins.ml2.drivers.ovn.mech_driver.ovsdb.ovsdb_monitor [-] Hash Ring: Node 77af7d6590065d8cb84c2b71424401b0 (host: np0000001649) handling event "update" for row 3d73c2db-3bda-4f82-907a-0a2b41ac30f2 (table: Logical_Switch_Port) {{(pid=89810) notify /opt/stack/neutron/neutron/plugins/ml2/drivers/ovn/mech_driver/ovsdb/ovsdb_monitor.py:986}}
May 28 15:09:18.344469 np0000001649 devstack@neutron-api.service[89810]: DEBUG neutron.db.provisioning_blocks [None req-39534528-aa8f-4bd2-be63-43e450f48575 None None] Transition to ACTIVE for port object 70493bff-d44a-4a80-885e-51816980525d will not be triggered until provisioned by entity L2. {{(pid=89810) add_provisioning_component /opt/stack/neutron/neutron/db/provisioning_blocks.py:74}}
May 28 15:09:18.358827 np0000001649 devstack@neutron-api.service[89811]: DEBUG neutron.db.provisioning_blocks [None req-c4abb61d-6e49-4d86-93e2-1c53ddda0638 None None] Ignored duplicate provisioning block setup for port 70493bff-d44a-4a80-885e-51816980525d by entity L2. {{(pid=89811) add_provisioning_component /opt/stack/neutron/neutron/db/provisioning_blocks.py:69}}
May 28 15:09:18.388340 np0000001649 devstack@neutron-api.service[89811]: DEBUG neutron.plugins.ml2.plugin [None req-c4abb61d-6e49-4d86-93e2-1c53ddda0638 None None] Current status of the port 70493bff-d44a-4a80-885e-51816980525d is: DOWN; New status is: DOWN {{(pid=89811) _update_individual_port_db_status /opt/stack/neutron/neutron/plugins/ml2/plugin.py:2469}}
May 28 15:09:18.390161 np0000001649 devstack@neutron-api.service[89811]: DEBUG ovsdbapp.backend.ovs_idl.transaction [-] Running txn n=1 command(idx=0): DbRemoveCommand(_result=None, table=Logical_Switch_Port, record=70493bff-d44a-4a80-885e-51816980525d, column=external_ids, values=('neutron:host_id',), keyvalues={}, if_exists=True) {{(pid=89811) do_commit /opt/stack/data/venv/lib/python3.12/site-packages/ovsdbapp/backend/ovs_idl/transaction.py:89}}
May 28 15:09:18.415585 np0000001649 devstack@neutron-api.service[89810]: DEBUG neutron.plugins.ml2.plugin [None req-39534528-aa8f-4bd2-be63-43e450f48575 None None] Current status of the port 70493bff-d44a-4a80-885e-51816980525d is: DOWN; New status is: DOWN {{(pid=89810) _update_individual_port_db_status /opt/stack/neutron/neutron/plugins/ml2/plugin.py:2469}}
May 28 15:09:18.417262 np0000001649 devstack@neutron-api.service[89810]: DEBUG ovsdbapp.backend.ovs_idl.transaction [-] Running txn n=1 command(idx=0): DbRemoveCommand(_result=None, table=Logical_Switch_Port, record=70493bff-d44a-4a80-885e-51816980525d, column=external_ids, values=('neutron:host_id',), keyvalues={}, if_exists=True) {{(pid=89810) do_commit /opt/stack/data/venv/lib/python3.12/site-packages/ovsdbapp/backend/ovs_idl/transaction.py:89}}
May 28 15:09:18.419113 np0000001649 devstack@neutron-api.service[89810]: INFO neutron.db.ovn_revision_numbers_db [None req-1c4fb293-6b93-4115-bd4d-b467550e0b4d admin admin] Successfully bumped revision number for resource 70493bff-d44a-4a80-885e-51816980525d (type: ports) to 1
May 28 15:09:18.430512 np0000001649 devstack@neutron-api.service[89810]: DEBUG neutron.pecan_wsgi.hooks.policy_enforcement [None req-1c4fb293-6b93-4115-bd4d-b467550e0b4d admin admin] Attributes excluded by policy engine: ['standard_attr_id'] {{(pid=89810) _exclude_attributes_by_policy /opt/stack/neutron/neutron/pecan_wsgi/hooks/policy_enforcement.py:256}}
May 28 15:09:18.430813 np0000001649 devstack@neutron-api.service[89810]: DEBUG neutron_lib.callbacks.manager [None req-1c4fb293-6b93-4115-bd4d-b467550e0b4d admin admin] Publish callbacks [] for network (None), before_response {{(pid=89810) _notify_loop /opt/stack/data/venv/lib/python3.12/site-packages/neutron_lib/callbacks/manager.py:184}}
May 28 15:09:18.442787 np0000001649 devstack@neutron-api.service[89810]: [pid: 89810|app: 0|req: 3/5] 10.4.3.81 () {68 vars in 1319 bytes} [Thu May 28 15:09:17 2026] POST /networking/v2.0/networks => generated 680 bytes in 1106 msecs (HTTP/1.1 201) 4 headers in 162 bytes (1 switches on core 0)
May 28 15:09:18.772306 np0000001649 devstack@neutron-api.service[89811]: DEBUG neutron.pecan_wsgi.hooks.policy_enforcement [None req-78c591f5-f5f5-44b9-a5b6-fdf2a5645e43 admin admin] Attributes excluded by policy engine: ['standard_attr_id'] {{(pid=89811) _exclude_attributes_by_policy /opt/stack/neutron/neutron/pecan_wsgi/hooks/policy_enforcement.py:256}}
May 28 15:09:18.773011 np0000001649 devstack@neutron-api.service[89811]: [pid: 89811|app: 0|req: 2/6] 10.4.3.81 () {64 vars in 1377 bytes} [Thu May 28 15:09:18 2026] GET /networking/v2.0/networks/279bfca1-6c0a-4214-ae82-e5982e05dfd8 => generated 661 bytes in 64 msecs (HTTP/1.1 200) 4 headers in 157 bytes (1 switches on core 0)
May 28 15:09:18.784378 np0000001649 devstack@neutron-api.service[89812]: DEBUG neutron.api.wsgi [None req-edc997bb-8cd8-414c-a512-d62bf3e581a7 admin admin] Missing Content-Type {{(pid=89812) get_content_type /opt/stack/neutron/neutron/api/wsgi.py:80}}
May 28 15:09:18.792982 np0000001649 devstack@neutron-api.service[89812]: [pid: 89812|app: 0|req: 2/7] 10.4.3.81 () {64 vars in 1386 bytes} [Thu May 28 15:09:18 2026] GET /networking/v2.0/subnetpools/ba82a47b-0a10-4714-9c8e-a8346b2d1f2d => generated 533 bytes in 11 msecs (HTTP/1.1 200) 4 headers in 157 bytes (1 switches on core 0)
May 28 15:09:18.804904 np0000001649 devstack@neutron-api.service[89810]: DEBUG neutron.api.v2.base [None req-68456c00-f3c6-4c99-9b56-732995e15749 admin admin] Request body: {'subnet': {'ip_version': 4, 'gateway_ip': '10.1.0.1', 'network_id': '279bfca1-6c0a-4214-ae82-e5982e05dfd8', 'subnetpool_id': 'ba82a47b-0a10-4714-9c8e-a8346b2d1f2d', 'name': 'private-subnet'}} {{(pid=89810) prepare_request_body /opt/stack/neutron/neutron/api/v2/base.py:727}}
May 28 15:09:18.818896 np0000001649 devstack@neutron-api.service[89810]: DEBUG neutron.pecan_wsgi.hooks.quota_enforcement [None req-68456c00-f3c6-4c99-9b56-732995e15749 admin admin] Made reservation on behalf of 729cea02da1a43ee88bb4baf0fc47342 for: {'subnet': 1} {{(pid=89810) before /opt/stack/neutron/neutron/pecan_wsgi/hooks/quota_enforcement.py:66}}
May 28 15:09:18.821255 np0000001649 devstack@neutron-api.service[89810]: DEBUG neutron_lib.callbacks.manager [None req-68456c00-f3c6-4c99-9b56-732995e15749 admin admin] Publish callbacks [] for subnet (None), before_create {{(pid=89810) _notify_loop /opt/stack/data/venv/lib/python3.12/site-packages/neutron_lib/callbacks/manager.py:184}}
May 28 15:09:19.126584 np0000001649 devstack@neutron-api.service[89810]: DEBUG neutron.db.ovn_revision_numbers_db [None req-68456c00-f3c6-4c99-9b56-732995e15749 admin admin] create_initial_revision uuid=9ca3c5de-500c-410d-a617-0f83190de39e, type=subnets, rev=-1 {{(pid=89810) create_initial_revision /opt/stack/neutron/neutron/db/ovn_revision_numbers_db.py:98}}
May 28 15:09:19.129736 np0000001649 devstack@neutron-api.service[89810]: DEBUG neutron_lib.callbacks.manager [None req-68456c00-f3c6-4c99-9b56-732995e15749 admin admin] Publish callbacks ['neutron.plugins.ml2.ovo_rpc._ObjectChangeHandler.handle_event-7402896'] for subnet (9ca3c5de-500c-410d-a617-0f83190de39e), after_create {{(pid=89810) _notify_loop /opt/stack/data/venv/lib/python3.12/site-packages/neutron_lib/callbacks/manager.py:184}}
May 28 15:09:19.142666 np0000001649 devstack@neutron-api.service[89810]: DEBUG neutron.api.rpc.handlers.resources_rpc [None req-68456c00-f3c6-4c99-9b56-732995e15749 admin admin] Pushing event updated for resources: {'Subnet': ['ID=9ca3c5de-500c-410d-a617-0f83190de39e,revision_number=0']} {{(pid=89810) push /opt/stack/neutron/neutron/api/rpc/handlers/resources_rpc.py:237}}
May 28 15:09:19.202204 np0000001649 devstack@neutron-api.service[89810]: DEBUG neutron_lib.callbacks.manager [None req-68456c00-f3c6-4c99-9b56-732995e15749 admin admin] Publish callbacks ['neutron.plugins.ml2.plugin.SecurityGroupDbMixin._ensure_default_security_group_handler-146886', 'neutron.services.ovn_l3.plugin.OVNL3RouterPlugin._port_update-8035937234754', 'neutron.db.l3_db.L3_NAT_dbonly_mixin._prevent_internal_ip_change_for_fip-8035938799960'] for port (70493bff-d44a-4a80-885e-51816980525d), before_update {{(pid=89810) _notify_loop /opt/stack/data/venv/lib/python3.12/site-packages/neutron_lib/callbacks/manager.py:184}}
May 28 15:09:19.302082 np0000001649 devstack@neutron-api.service[89810]: DEBUG neutron.db.db_base_plugin_common [None req-68456c00-f3c6-4c99-9b56-732995e15749 admin admin] Allocated IP 10.1.0.2 (279bfca1-6c0a-4214-ae82-e5982e05dfd8/9ca3c5de-500c-410d-a617-0f83190de39e/70493bff-d44a-4a80-885e-51816980525d) {{(pid=89810) _store_ip_allocation /opt/stack/neutron/neutron/db/db_base_plugin_common.py:131}}
May 28 15:09:19.393369 np0000001649 devstack@neutron-api.service[89810]: DEBUG neutron_lib.callbacks.manager [None req-68456c00-f3c6-4c99-9b56-732995e15749 admin admin] Publish callbacks [] for port (70493bff-d44a-4a80-885e-51816980525d), precommit_update {{(pid=89810) _notify_loop /opt/stack/data/venv/lib/python3.12/site-packages/neutron_lib/callbacks/manager.py:184}}
May 28 15:09:19.393820 np0000001649 devstack@neutron-api.service[89810]: DEBUG neutron.plugins.ml2.drivers.ovn.mech_driver.mech_driver [None req-68456c00-f3c6-4c99-9b56-732995e15749 admin admin] No provisioning block for port 70493bff-d44a-4a80-885e-51816980525d since it does not have a host {{(pid=89810) _is_port_provisioning_required /opt/stack/neutron/neutron/plugins/ml2/drivers/ovn/mech_driver/mech_driver.py:896}}
May 28 15:09:19.404115 np0000001649 devstack@neutron-api.service[89810]: DEBUG neutron_lib.callbacks.manager [None req-68456c00-f3c6-4c99-9b56-732995e15749 admin admin] Publish callbacks ['neutron.plugins.ml2.ovo_rpc._ObjectChangeHandler.handle_event-7402893', 'neutron.services.ovn_l3.plugin.OVNL3RouterPlugin._port_update-8035937234754'] for port (70493bff-d44a-4a80-885e-51816980525d), after_update {{(pid=89810) _notify_loop /opt/stack/data/venv/lib/python3.12/site-packages/neutron_lib/callbacks/manager.py:184}}
May 28 15:09:19.430863 np0000001649 devstack@neutron-api.service[89810]: DEBUG neutron.api.rpc.handlers.resources_rpc [None req-68456c00-f3c6-4c99-9b56-732995e15749 admin admin] Pushing event updated for resources: {'Port': ['ID=70493bff-d44a-4a80-885e-51816980525d,revision_number=2']} {{(pid=89810) push /opt/stack/neutron/neutron/api/rpc/handlers/resources_rpc.py:237}}
May 28 15:09:19.543425 np0000001649 devstack@neutron-api.service[89810]: DEBUG ovsdbapp.backend.ovs_idl.transaction [-] Running txn n=1 command(idx=0): CheckRevisionNumberCommand(_result=None, name=70493bff-d44a-4a80-885e-51816980525d, resource={'id': '70493bff-d44a-4a80-885e-51816980525d', 'name': '', 'network_id': '279bfca1-6c0a-4214-ae82-e5982e05dfd8', 'project_id': '729cea02da1a43ee88bb4baf0fc47342', 'mac_address': 'fa:16:3e:6e:d9:6b', 'admin_state_up': True, 'status': 'DOWN', 'device_id': 'ovnmeta-279bfca1-6c0a-4214-ae82-e5982e05dfd8', 'device_owner': 'network:distributed', 'standard_attr_id': 14, 'fixed_ips': [{'subnet_id': '9ca3c5de-500c-410d-a617-0f83190de39e', 'ip_address': '10.1.0.2'}], 'allowed_address_pairs': [], 'extra_dhcp_opts': [], 'security_groups': [], 'description': '', 'binding:vnic_type': 'normal', 'binding:profile': {}, 'binding:host_id': '', 'binding:vif_type': 'unbound', 'binding:vif_details': {}, 'port_security_enabled': False, 'tags': [], 'created_at': '2026-05-28T15:09:18Z', 'updated_at': '2026-05-28T15:09:19Z', 'revision_number': 2, 'tenant_id': '729cea02da1a43ee88bb4baf0fc47342', 'network': {'id': '279bfca1-6c0a-4214-ae82-e5982e05dfd8', 'name': 'private', 'tenant_id': '729cea02da1a43ee88bb4baf0fc47342', 'project_id': '729cea02da1a43ee88bb4baf0fc47342', 'admin_state_up': True, 'mtu': 1372, 'status': 'ACTIVE', 'subnets': ['9ca3c5de-500c-410d-a617-0f83190de39e'], 'standard_attr_id': 12, 'shared': False, 'availability_zone_hints': [], 'availability_zones': [], 'ipv4_address_scope': None, 'ipv6_address_scope': None, 'router:external': False, 'qinq': False, 'vlan_transparent': False, 'description': '', 'port_security_enabled': True, 'tags': [], 'created_at': '2026-05-28T15:09:17Z', 'updated_at': '2026-05-28T15:09:18Z', 'revision_number': 2, 'provider:network_type': 'geneve', 'provider:physical_network': None, 'provider:segmentation_id': 1268}}, resource_type=ports, if_exists=True) {{(pid=89810) do_commit /opt/stack/data/venv/lib/python3.12/site-packages/ovsdbapp/backend/ovs_idl/transaction.py:89}}
