Aug 13 17:23:00.258807 np0000007238 devstack@g-api.service[99740]: DEBUG glance_store.backend [-] Registering store swift with schemes ('swift+https', 'swift', 'swift+http', 'swift+config') {{(pid=99740) create_stores /opt/stack/data/venv/lib/python3.12/site-packages/glance_store/backend.py:261}}
Aug 13 17:23:00.258844 np0000007238 devstack@g-api.service[99740]: DEBUG glance_store.driver [-] Late loading location class glance_store._drivers.swift.store.StoreLocation {{(pid=99740) get_store_location_class /opt/stack/data/venv/lib/python3.12/site-packages/glance_store/driver.py:134}}
Aug 13 17:23:00.258922 np0000007238 devstack@g-api.service[99740]: DEBUG glance_store.location [-] Registering scheme swift+https with {'store': , 'location_class': , 'store_entry': 'swift'} {{(pid=99740) register_scheme_map /opt/stack/data/venv/lib/python3.12/site-packages/glance_store/location.py:146}}
Aug 13 17:23:00.258966 np0000007238 devstack@g-api.service[99740]: DEBUG glance_store.location [-] Registering scheme swift with {'store': , 'location_class': , 'store_entry': 'swift'} {{(pid=99740) register_scheme_map /opt/stack/data/venv/lib/python3.12/site-packages/glance_store/location.py:146}}
Aug 13 17:23:00.259018 np0000007238 devstack@g-api.service[99740]: DEBUG glance_store.location [-] Registering scheme swift+http with {'store': , 'location_class': , 'store_entry': 'swift'} {{(pid=99740) register_scheme_map /opt/stack/data/venv/lib/python3.12/site-packages/glance_store/location.py:146}}
Aug 13 17:23:00.259071 np0000007238 devstack@g-api.service[99740]: DEBUG glance_store.location [-] Registering scheme swift+config with {'store': , 'location_class': , 'store_entry': 'swift'} {{(pid=99740) register_scheme_map /opt/stack/data/venv/lib/python3.12/site-packages/glance_store/location.py:146}}
Aug 13 17:23:00.259121 np0000007238 devstack@g-api.service[99740]: DEBUG glance_store.backend [-] Attempting to import store file {{(pid=99740) _load_store /opt/stack/data/venv/lib/python3.12/site-packages/glance_store/backend.py:215}}
Aug 13 17:23:00.259624 np0000007238 devstack@g-api.service[99740]: DEBUG glance_store.capabilities [-] Store glance_store._drivers.filesystem.Store doesn't support updating dynamic storage capabilities. Please overwrite 'update_capabilities' method of the store to implement updating logics if needed. {{(pid=99740) update_capabilities /opt/stack/data/venv/lib/python3.12/site-packages/glance_store/capabilities.py:91}}
Aug 13 17:23:00.259676 np0000007238 devstack@g-api.service[99740]: DEBUG glance_store.backend [-] Registering store file with schemes ('file', 'filesystem') {{(pid=99740) create_stores /opt/stack/data/venv/lib/python3.12/site-packages/glance_store/backend.py:261}}
Aug 13 17:23:00.259736 np0000007238 devstack@g-api.service[99740]: DEBUG glance_store.driver [-] Late loading location class glance_store._drivers.filesystem.StoreLocation {{(pid=99740) get_store_location_class /opt/stack/data/venv/lib/python3.12/site-packages/glance_store/driver.py:134}}
Aug 13 17:23:00.259797 np0000007238 devstack@g-api.service[99740]: DEBUG glance_store.location [-] Registering scheme file with {'store': , 'location_class': , 'store_entry': 'file'} {{(pid=99740) register_scheme_map /opt/stack/data/venv/lib/python3.12/site-packages/glance_store/location.py:146}}
Aug 13 17:23:00.259845 np0000007238 devstack@g-api.service[99740]: DEBUG glance_store.location [-] Registering scheme filesystem with {'store': , 'location_class': , 'store_entry': 'file'} {{(pid=99740) register_scheme_map /opt/stack/data/venv/lib/python3.12/site-packages/glance_store/location.py:146}}
Aug 13 17:23:00.259948 np0000007238 devstack@g-api.service[99740]: DEBUG glance_store.backend [-] Attempting to import store swift {{(pid=99740) _load_store /opt/stack/data/venv/lib/python3.12/site-packages/glance_store/backend.py:215}}
Aug 13 17:23:00.261019 np0000007238 devstack@g-api.service[99740]: DEBUG glance_store.capabilities [-] Store glance_store._drivers.swift.store.SingleTenantStore doesn't support updating dynamic storage capabilities. Please overwrite 'update_capabilities' method of the store to implement updating logics if needed. {{(pid=99740) update_capabilities /opt/stack/data/venv/lib/python3.12/site-packages/glance_store/capabilities.py:91}}
Aug 13 17:23:00.261065 np0000007238 devstack@g-api.service[99740]: DEBUG glance_store.driver [-] Late loading location class glance_store._drivers.swift.store.StoreLocation {{(pid=99740) get_store_location_class /opt/stack/data/venv/lib/python3.12/site-packages/glance_store/driver.py:134}}
Aug 13 17:23:00.261141 np0000007238 devstack@g-api.service[99740]: DEBUG glance_store.location [-] Registering scheme swift+https with {'store': , 'location_class': , 'store_entry': 'swift'} {{(pid=99740) register_scheme_map /opt/stack/data/venv/lib/python3.12/site-packages/glance_store/location.py:146}}
Aug 13 17:23:00.261187 np0000007238 devstack@g-api.service[99740]: DEBUG glance_store.location [-] Registering scheme swift+https with {'store': , 'location_class': , 'store_entry': 'swift'} {{(pid=99740) register_scheme_map /opt/stack/data/venv/lib/python3.12/site-packages/glance_store/location.py:146}}
Aug 13 17:23:00.261247 np0000007238 devstack@g-api.service[99740]: DEBUG glance_store.location [-] Registering scheme swift with {'store': , 'location_class': , 'store_entry': 'swift'} {{(pid=99740) register_scheme_map /opt/stack/data/venv/lib/python3.12/site-packages/glance_store/location.py:146}}
Aug 13 17:23:00.261321 np0000007238 devstack@g-api.service[99740]: DEBUG glance_store.location [-] Registering scheme swift+https with {'store': , 'location_class': , 'store_entry': 'swift'} {{(pid=99740) register_scheme_map /opt/stack/data/venv/lib/python3.12/site-packages/glance_store/location.py:146}}
Aug 13 17:23:00.261385 np0000007238 devstack@g-api.service[99740]: DEBUG glance_store.location [-] Registering scheme swift with {'store': , 'location_class': , 'store_entry': 'swift'} {{(pid=99740) register_scheme_map /opt/stack/data/venv/lib/python3.12/site-packages/glance_store/location.py:146}}
Aug 13 17:23:00.261441 np0000007238 devstack@g-api.service[99740]: DEBUG glance_store.location [-] Registering scheme swift+http with {'store': , 'location_class': , 'store_entry': 'swift'} {{(pid=99740) register_scheme_map /opt/stack/data/venv/lib/python3.12/site-packages/glance_store/location.py:146}}
Aug 13 17:23:00.261493 np0000007238 devstack@g-api.service[99740]: DEBUG glance_store.location [-] Registering scheme swift+https with {'store': , 'location_class': , 'store_entry': 'swift'} {{(pid=99740) register_scheme_map /opt/stack/data/venv/lib/python3.12/site-packages/glance_store/location.py:146}}
Aug 13 17:23:00.261560 np0000007238 devstack@g-api.service[99740]: DEBUG glance_store.location [-] Registering scheme swift with {'store': , 'location_class': , 'store_entry': 'swift'} {{(pid=99740) register_scheme_map /opt/stack/data/venv/lib/python3.12/site-packages/glance_store/location.py:146}}
Aug 13 17:23:00.261615 np0000007238 devstack@g-api.service[99740]: DEBUG glance_store.location [-] Registering scheme swift+http with {'store': , 'location_class': , 'store_entry': 'swift'} {{(pid=99740) register_scheme_map /opt/stack/data/venv/lib/python3.12/site-packages/glance_store/location.py:146}}
Aug 13 17:23:00.261682 np0000007238 devstack@g-api.service[99740]: DEBUG glance_store.location [-] Registering scheme swift+config with {'store': , 'location_class': , 'store_entry': 'swift'} {{(pid=99740) register_scheme_map /opt/stack/data/venv/lib/python3.12/site-packages/glance_store/location.py:146}}
Aug 13 17:23:00.261973 np0000007238 devstack@g-api.service[99740]: DEBUG glance.sqlite_migration [-] SQLite caching database not located, skipping migration {{(pid=99740) get_db_path /opt/stack/glance/glance/sqlite_migration.py:68}}
Aug 13 17:23:00.262163 np0000007238 devstack@g-api.service[99740]: WARNING glance.common.wsgi_app [-] Import methods are enabled but staging directory /tmp/staging/ does not exist; Imports will fail!
Aug 13 17:23:00.378093 np0000007238 devstack@g-api.service[99739]: DEBUG glance.common.config [None req-a900feed-6687-4eb4-8fbe-63d9002b460a None None] Loading glance-api-keystone+cachemanagement from /etc/glance/glance-api-paste.ini {{(pid=99739) load_paste_app /opt/stack/glance/glance/common/config.py:772}}
Aug 13 17:23:00.395440 np0000007238 devstack@g-api.service[99741]: DEBUG glance.common.config [None req-fbabf34f-bf1e-4a22-a088-3c6fec969ca2 None None] Loading glance-api-keystone+cachemanagement from /etc/glance/glance-api-paste.ini {{(pid=99741) load_paste_app /opt/stack/glance/glance/common/config.py:772}}
Aug 13 17:23:00.417276 np0000007238 devstack@g-api.service[99740]: DEBUG glance.common.config [None req-ec91aa59-7e01-474d-bae7-80b3a6a1405d None None] Loading glance-api-keystone+cachemanagement from /etc/glance/glance-api-paste.ini {{(pid=99740) load_paste_app /opt/stack/glance/glance/common/config.py:772}}
Aug 13 17:23:00.983105 np0000007238 devstack@g-api.service[99740]: INFO glance.image_cache [None req-ec91aa59-7e01-474d-bae7-80b3a6a1405d None None] Image cache loaded driver 'centralized_db'.
Aug 13 17:23:00.991029 np0000007238 devstack@g-api.service[99741]: INFO glance.image_cache [None req-fbabf34f-bf1e-4a22-a088-3c6fec969ca2 None None] Image cache loaded driver 'centralized_db'.
Aug 13 17:23:00.997778 np0000007238 devstack@g-api.service[99739]: INFO glance.image_cache [None req-a900feed-6687-4eb4-8fbe-63d9002b460a None None] Image cache loaded driver 'centralized_db'.
Aug 13 17:23:01.028393 np0000007238 devstack@g-api.service[99740]: INFO dbcounter [None req-ec91aa59-7e01-474d-bae7-80b3a6a1405d None None] Registered counter for database glance
Aug 13 17:23:01.037786 np0000007238 devstack@g-api.service[99741]: INFO dbcounter [None req-fbabf34f-bf1e-4a22-a088-3c6fec969ca2 None None] Registered counter for database glance
Aug 13 17:23:01.045141 np0000007238 devstack@g-api.service[99739]: INFO dbcounter [None req-a900feed-6687-4eb4-8fbe-63d9002b460a None None] Registered counter for database glance
Aug 13 17:23:01.069139 np0000007238 devstack@g-api.service[99740]: DEBUG oslo_db.sqlalchemy.engines [None req-ec91aa59-7e01-474d-bae7-80b3a6a1405d None None] MySQL server mode set to STRICT_TRANS_TABLES,STRICT_ALL_TABLES,NO_ZERO_IN_DATE,NO_ZERO_DATE,ERROR_FOR_DIVISION_BY_ZERO,TRADITIONAL,NO_ENGINE_SUBSTITUTION {{(pid=99740) _check_effective_sql_mode /opt/stack/data/venv/lib/python3.12/site-packages/oslo_db/sqlalchemy/engines.py:325}}
Aug 13 17:23:01.075795 np0000007238 devstack@g-api.service[99741]: DEBUG oslo_db.sqlalchemy.engines [None req-fbabf34f-bf1e-4a22-a088-3c6fec969ca2 None None] MySQL server mode set to STRICT_TRANS_TABLES,STRICT_ALL_TABLES,NO_ZERO_IN_DATE,NO_ZERO_DATE,ERROR_FOR_DIVISION_BY_ZERO,TRADITIONAL,NO_ENGINE_SUBSTITUTION {{(pid=99741) _check_effective_sql_mode /opt/stack/data/venv/lib/python3.12/site-packages/oslo_db/sqlalchemy/engines.py:325}}
Aug 13 17:23:01.090463 np0000007238 devstack@g-api.service[99739]: DEBUG oslo_db.sqlalchemy.engines [None req-a900feed-6687-4eb4-8fbe-63d9002b460a None None] MySQL server mode set to STRICT_TRANS_TABLES,STRICT_ALL_TABLES,NO_ZERO_IN_DATE,NO_ZERO_DATE,ERROR_FOR_DIVISION_BY_ZERO,TRADITIONAL,NO_ENGINE_SUBSTITUTION {{(pid=99739) _check_effective_sql_mode /opt/stack/data/venv/lib/python3.12/site-packages/oslo_db/sqlalchemy/engines.py:325}}
Aug 13 17:23:01.178419 np0000007238 devstack@g-api.service[99741]: DEBUG dbcounter [-] [99741] Writer thread running {{(pid=99741) stat_writer /opt/stack/data/venv/lib/python3.12/site-packages/dbcounter.py:102}}
Aug 13 17:23:01.189349 np0000007238 devstack@g-api.service[99740]: DEBUG dbcounter [-] [99740] Writer thread running {{(pid=99740) stat_writer /opt/stack/data/venv/lib/python3.12/site-packages/dbcounter.py:102}}
Aug 13 17:23:01.189584 np0000007238 devstack@g-api.service[99741]: INFO glance.image_cache [None req-fbabf34f-bf1e-4a22-a088-3c6fec969ca2 None None] Image cache loaded driver 'centralized_db'.
Aug 13 17:23:01.191609 np0000007238 devstack@g-api.service[99740]: DEBUG glance.image_cache.drivers.centralized_db [None req-ec91aa59-7e01-474d-bae7-80b3a6a1405d None None] Node reference is already recorded, ignoring it {{(pid=99740) configure /opt/stack/glance/glance/image_cache/drivers/centralized_db.py:71}}
Aug 13 17:23:01.195580 np0000007238 devstack@g-api.service[99741]: DEBUG glance.image_cache.drivers.centralized_db [None req-fbabf34f-bf1e-4a22-a088-3c6fec969ca2 None None] Node reference is already recorded, ignoring it {{(pid=99741) configure /opt/stack/glance/glance/image_cache/drivers/centralized_db.py:71}}
Aug 13 17:23:01.196375 np0000007238 devstack@g-api.service[99739]: DEBUG dbcounter [-] [99739] Writer thread running {{(pid=99739) stat_writer /opt/stack/data/venv/lib/python3.12/site-packages/dbcounter.py:102}}
Aug 13 17:23:01.199035 np0000007238 devstack@g-api.service[99739]: DEBUG glance.image_cache.drivers.centralized_db [None req-a900feed-6687-4eb4-8fbe-63d9002b460a None None] Node reference is already recorded, ignoring it {{(pid=99739) configure /opt/stack/glance/glance/image_cache/drivers/centralized_db.py:71}}
Aug 13 17:23:01.199194 np0000007238 devstack@g-api.service[99740]: INFO glance.image_cache [None req-ec91aa59-7e01-474d-bae7-80b3a6a1405d None None] Image cache loaded driver 'centralized_db'.
Aug 13 17:23:01.199817 np0000007238 devstack@g-api.service[99741]: DEBUG glance.api.v2.cached_images [None req-fbabf34f-bf1e-4a22-a088-3c6fec969ca2 None None] Started cache worker thread {{(pid=99741) __init__ /opt/stack/glance/glance/api/v2/cached_images.py:71}}
Aug 13 17:23:01.200461 np0000007238 devstack@g-api.service[99741]: INFO glance.image_cache [None req-fbabf34f-bf1e-4a22-a088-3c6fec969ca2 None None] Image cache loaded driver 'centralized_db'.
Aug 13 17:23:01.204096 np0000007238 devstack@g-api.service[99739]: INFO glance.image_cache [None req-a900feed-6687-4eb4-8fbe-63d9002b460a None None] Image cache loaded driver 'centralized_db'.
Aug 13 17:23:01.207166 np0000007238 devstack@g-api.service[99741]: DEBUG glance.image_cache.drivers.centralized_db [None req-fbabf34f-bf1e-4a22-a088-3c6fec969ca2 None None] Node reference is already recorded, ignoring it {{(pid=99741) configure /opt/stack/glance/glance/image_cache/drivers/centralized_db.py:71}}
Aug 13 17:23:01.209430 np0000007238 devstack@g-api.service[99740]: DEBUG glance.image_cache.drivers.centralized_db [None req-ec91aa59-7e01-474d-bae7-80b3a6a1405d None None] Node reference is already recorded, ignoring it {{(pid=99740) configure /opt/stack/glance/glance/image_cache/drivers/centralized_db.py:71}}
Aug 13 17:23:01.210295 np0000007238 devstack@g-api.service[99739]: DEBUG glance.image_cache.drivers.centralized_db [None req-a900feed-6687-4eb4-8fbe-63d9002b460a None None] Node reference is already recorded, ignoring it {{(pid=99739) configure /opt/stack/glance/glance/image_cache/drivers/centralized_db.py:71}}
Aug 13 17:23:01.212012 np0000007238 devstack@g-api.service[99741]: INFO glance.api.middleware.cache_manage [None req-fbabf34f-bf1e-4a22-a088-3c6fec969ca2 None None] Initialized image cache management middleware
Aug 13 17:23:01.212165 np0000007238 devstack@g-api.service[99741]: INFO glance.image_cache [None req-fbabf34f-bf1e-4a22-a088-3c6fec969ca2 None None] Image cache loaded driver 'centralized_db'.
Aug 13 17:23:01.214703 np0000007238 devstack@g-api.service[99739]: DEBUG glance.api.v2.cached_images [None req-a900feed-6687-4eb4-8fbe-63d9002b460a None None] Started cache worker thread {{(pid=99739) __init__ /opt/stack/glance/glance/api/v2/cached_images.py:71}}
Aug 13 17:23:01.215282 np0000007238 devstack@g-api.service[99739]: INFO glance.image_cache [None req-a900feed-6687-4eb4-8fbe-63d9002b460a None None] Image cache loaded driver 'centralized_db'.
Aug 13 17:23:01.217341 np0000007238 devstack@g-api.service[99740]: DEBUG glance.api.v2.cached_images [None req-ec91aa59-7e01-474d-bae7-80b3a6a1405d None None] Started cache worker thread {{(pid=99740) __init__ /opt/stack/glance/glance/api/v2/cached_images.py:71}}
Aug 13 17:23:01.218298 np0000007238 devstack@g-api.service[99740]: INFO glance.image_cache [None req-ec91aa59-7e01-474d-bae7-80b3a6a1405d None None] Image cache loaded driver 'centralized_db'.
Aug 13 17:23:01.219568 np0000007238 devstack@g-api.service[99741]: DEBUG glance.image_cache.drivers.centralized_db [None req-fbabf34f-bf1e-4a22-a088-3c6fec969ca2 None None] Node reference is already recorded, ignoring it {{(pid=99741) configure /opt/stack/glance/glance/image_cache/drivers/centralized_db.py:71}}
Aug 13 17:23:01.221232 np0000007238 devstack@g-api.service[99739]: DEBUG glance.image_cache.drivers.centralized_db [None req-a900feed-6687-4eb4-8fbe-63d9002b460a None None] Node reference is already recorded, ignoring it {{(pid=99739) configure /opt/stack/glance/glance/image_cache/drivers/centralized_db.py:71}}
Aug 13 17:23:01.223095 np0000007238 devstack@g-api.service[99741]: INFO glance.api.middleware.cache [None req-fbabf34f-bf1e-4a22-a088-3c6fec969ca2 None None] Initialized image cache middleware
Aug 13 17:23:01.225139 np0000007238 devstack@g-api.service[99740]: DEBUG glance.image_cache.drivers.centralized_db [None req-ec91aa59-7e01-474d-bae7-80b3a6a1405d None None] Node reference is already recorded, ignoring it {{(pid=99740) configure /opt/stack/glance/glance/image_cache/drivers/centralized_db.py:71}}
Aug 13 17:23:01.226663 np0000007238 devstack@g-api.service[99739]: INFO glance.api.middleware.cache_manage [None req-a900feed-6687-4eb4-8fbe-63d9002b460a None None] Initialized image cache management middleware
Aug 13 17:23:01.226794 np0000007238 devstack@g-api.service[99739]: INFO glance.image_cache [None req-a900feed-6687-4eb4-8fbe-63d9002b460a None None] Image cache loaded driver 'centralized_db'.
Aug 13 17:23:01.230430 np0000007238 devstack@g-api.service[99740]: INFO glance.api.middleware.cache_manage [None req-ec91aa59-7e01-474d-bae7-80b3a6a1405d None None] Initialized image cache management middleware
Aug 13 17:23:01.230587 np0000007238 devstack@g-api.service[99740]: INFO glance.image_cache [None req-ec91aa59-7e01-474d-bae7-80b3a6a1405d None None] Image cache loaded driver 'centralized_db'.
Aug 13 17:23:01.232167 np0000007238 devstack@g-api.service[99739]: DEBUG glance.image_cache.drivers.centralized_db [None req-a900feed-6687-4eb4-8fbe-63d9002b460a None None] Node reference is already recorded, ignoring it {{(pid=99739) configure /opt/stack/glance/glance/image_cache/drivers/centralized_db.py:71}}
Aug 13 17:23:01.233889 np0000007238 devstack@g-api.service[99741]: DEBUG glance.common.config [None req-fbabf34f-bf1e-4a22-a088-3c6fec969ca2 None None] ******************************************************************************** {{(pid=99741) log_opt_values /opt/stack/data/venv/lib/python3.12/site-packages/oslo_config/cfg.py:3533}}
Aug 13 17:23:01.233972 np0000007238 devstack@g-api.service[99741]: DEBUG glance.common.config [None req-fbabf34f-bf1e-4a22-a088-3c6fec969ca2 None None] Configuration options gathered from: {{(pid=99741) log_opt_values /opt/stack/data/venv/lib/python3.12/site-packages/oslo_config/cfg.py:3534}}
Aug 13 17:23:01.234275 np0000007238 devstack@g-api.service[99741]: DEBUG glance.common.config [None req-fbabf34f-bf1e-4a22-a088-3c6fec969ca2 None None] command line args: [] {{(pid=99741) log_opt_values /opt/stack/data/venv/lib/python3.12/site-packages/oslo_config/cfg.py:3535}}
Aug 13 17:23:01.234407 np0000007238 devstack@g-api.service[99741]: DEBUG glance.common.config [None req-fbabf34f-bf1e-4a22-a088-3c6fec969ca2 None None] config files: ['/etc/glance/glance-image-import.conf', '/etc/glance/glance-api.conf'] {{(pid=99741) log_opt_values /opt/stack/data/venv/lib/python3.12/site-packages/oslo_config/cfg.py:3536}}
Aug 13 17:23:01.234496 np0000007238 devstack@g-api.service[99741]: DEBUG glance.common.config [None req-fbabf34f-bf1e-4a22-a088-3c6fec969ca2 None None] ================================================================================ {{(pid=99741) log_opt_values /opt/stack/data/venv/lib/python3.12/site-packages/oslo_config/cfg.py:3541}}
Aug 13 17:23:01.234655 np0000007238 devstack@g-api.service[99741]: DEBUG glance.common.config [None req-fbabf34f-bf1e-4a22-a088-3c6fec969ca2 None None] allow_anonymous_access = False {{(pid=99741) log_opt_values /opt/stack/data/venv/lib/python3.12/site-packages/oslo_config/cfg.py:3549}}
Aug 13 17:23:01.234793 np0000007238 devstack@g-api.service[99741]: DEBUG glance.common.config [None req-fbabf34f-bf1e-4a22-a088-3c6fec969ca2 None None] api_limit_max = 1000 {{(pid=99741) log_opt_values /opt/stack/data/venv/lib/python3.12/site-packages/oslo_config/cfg.py:3549}}
Aug 13 17:23:01.234943 np0000007238 devstack@g-api.service[99741]: DEBUG glance.common.config [None req-fbabf34f-bf1e-4a22-a088-3c6fec969ca2 None None] config_dir = [] {{(pid=99741) log_opt_values /opt/stack/data/venv/lib/python3.12/site-packages/oslo_config/cfg.py:3549}}
Aug 13 17:23:01.235067 np0000007238 devstack@g-api.service[99741]: DEBUG glance.common.config [None req-fbabf34f-bf1e-4a22-a088-3c6fec969ca2 None None] config_file = ['/etc/glance/glance-image-import.conf', '/etc/glance/glance-api.conf'] {{(pid=99741) log_opt_values /opt/stack/data/venv/lib/python3.12/site-packages/oslo_config/cfg.py:3549}}
Aug 13 17:23:01.235228 np0000007238 devstack@g-api.service[99741]: DEBUG glance.common.config [None req-fbabf34f-bf1e-4a22-a088-3c6fec969ca2 None None] config_source = [] {{(pid=99741) log_opt_values /opt/stack/data/venv/lib/python3.12/site-packages/oslo_config/cfg.py:3549}}
Aug 13 17:23:01.235411 np0000007238 devstack@g-api.service[99741]: DEBUG glance.common.config [None req-fbabf34f-bf1e-4a22-a088-3c6fec969ca2 None None] control_exchange = glance {{(pid=99741) log_opt_values /opt/stack/data/venv/lib/python3.12/site-packages/oslo_config/cfg.py:3549}}
Aug 13 17:23:01.235519 np0000007238 devstack@g-api.service[99741]: DEBUG glance.common.config [None req-fbabf34f-bf1e-4a22-a088-3c6fec969ca2 None None] debug = True {{(pid=99741) log_opt_values /opt/stack/data/venv/lib/python3.12/site-packages/oslo_config/cfg.py:3549}}
Aug 13 17:23:01.235704 np0000007238 devstack@g-api.service[99741]: DEBUG glance.common.config [None req-fbabf34f-bf1e-4a22-a088-3c6fec969ca2 None None] default_log_levels = ['amqp=WARN', 'boto=WARN', 'sqlalchemy=WARN', 'suds=INFO', 'oslo.messaging=INFO', 'oslo_messaging=INFO', 'iso8601=WARN', 'requests.packages.urllib3.connectionpool=WARN', 'urllib3.connectionpool=WARN', 'websocket=WARN', 'requests.packages.urllib3.util.retry=WARN', 'urllib3.util.retry=WARN', 'keystonemiddleware=WARN', 'routes.middleware=WARN', 'stevedore=WARN', 'taskflow=WARN', 'keystoneauth=WARN', 'oslo.cache=INFO', 'oslo_policy=INFO', 'dogpile.core.dogpile=INFO'] {{(pid=99741) log_opt_values /opt/stack/data/venv/lib/python3.12/site-packages/oslo_config/cfg.py:3549}}
Aug 13 17:23:01.235803 np0000007238 devstack@g-api.service[99741]: DEBUG glance.common.config [None req-fbabf34f-bf1e-4a22-a088-3c6fec969ca2 None None] default_publisher_id = image.localhost {{(pid=99741) log_opt_values /opt/stack/data/venv/lib/python3.12/site-packages/oslo_config/cfg.py:3549}}
Aug 13 17:23:01.235894 np0000007238 devstack@g-api.service[99741]: DEBUG glance.common.config [None req-fbabf34f-bf1e-4a22-a088-3c6fec969ca2 None None] delayed_delete = False {{(pid=99741) log_opt_values /opt/stack/data/venv/lib/python3.12/site-packages/oslo_config/cfg.py:3549}}
Aug 13 17:23:01.235950 np0000007238 devstack@g-api.service[99739]: INFO glance.api.middleware.cache [None req-a900feed-6687-4eb4-8fbe-63d9002b460a None None] Initialized image cache middleware
Aug 13 17:23:01.235984 np0000007238 devstack@g-api.service[99741]: DEBUG glance.common.config [None req-fbabf34f-bf1e-4a22-a088-3c6fec969ca2 None None] digest_algorithm = sha256 {{(pid=99741) log_opt_values /opt/stack/data/venv/lib/python3.12/site-packages/oslo_config/cfg.py:3549}}
Aug 13 17:23:01.236071 np0000007238 devstack@g-api.service[99741]: DEBUG glance.common.config [None req-fbabf34f-bf1e-4a22-a088-3c6fec969ca2 None None] disabled_notifications = [] {{(pid=99741) log_opt_values /opt/stack/data/venv/lib/python3.12/site-packages/oslo_config/cfg.py:3549}}
Aug 13 17:23:01.236155 np0000007238 devstack@g-api.service[99741]: DEBUG glance.common.config [None req-fbabf34f-bf1e-4a22-a088-3c6fec969ca2 None None] do_secure_hash = True {{(pid=99741) log_opt_values /opt/stack/data/venv/lib/python3.12/site-packages/oslo_config/cfg.py:3549}}
Aug 13 17:23:01.236240 np0000007238 devstack@g-api.service[99741]: DEBUG glance.common.config [None req-fbabf34f-bf1e-4a22-a088-3c6fec969ca2 None None] enabled_backends = None {{(pid=99741) log_opt_values /opt/stack/data/venv/lib/python3.12/site-packages/oslo_config/cfg.py:3549}}
Aug 13 17:23:01.236340 np0000007238 devstack@g-api.service[99740]: DEBUG glance.image_cache.drivers.centralized_db [None req-ec91aa59-7e01-474d-bae7-80b3a6a1405d None None] Node reference is already recorded, ignoring it {{(pid=99740) configure /opt/stack/glance/glance/image_cache/drivers/centralized_db.py:71}}
Aug 13 17:23:01.236381 np0000007238 devstack@g-api.service[99741]: DEBUG glance.common.config [None req-fbabf34f-bf1e-4a22-a088-3c6fec969ca2 None None] enabled_import_methods = ['glance-direct', 'web-download', 'copy-image'] {{(pid=99741) log_opt_values /opt/stack/data/venv/lib/python3.12/site-packages/oslo_config/cfg.py:3549}}
Aug 13 17:23:01.236443 np0000007238 devstack@g-api.service[99741]: DEBUG glance.common.config [None req-fbabf34f-bf1e-4a22-a088-3c6fec969ca2 None None] fatal_deprecations = False {{(pid=99741) log_opt_values /opt/stack/data/venv/lib/python3.12/site-packages/oslo_config/cfg.py:3549}}
Aug 13 17:23:01.236550 np0000007238 devstack@g-api.service[99741]: DEBUG glance.common.config [None req-fbabf34f-bf1e-4a22-a088-3c6fec969ca2 None None] hashing_algorithm = sha512 {{(pid=99741) log_opt_values /opt/stack/data/venv/lib/python3.12/site-packages/oslo_config/cfg.py:3549}}
Aug 13 17:23:01.236638 np0000007238 devstack@g-api.service[99741]: DEBUG glance.common.config [None req-fbabf34f-bf1e-4a22-a088-3c6fec969ca2 None None] http_retries = 3 {{(pid=99741) log_opt_values /opt/stack/data/venv/lib/python3.12/site-packages/oslo_config/cfg.py:3549}}
Aug 13 17:23:01.236746 np0000007238 devstack@g-api.service[99741]: DEBUG glance.common.config [None req-fbabf34f-bf1e-4a22-a088-3c6fec969ca2 None None] image_cache_dir = /opt/stack/data/glance/cache/ {{(pid=99741) log_opt_values /opt/stack/data/venv/lib/python3.12/site-packages/oslo_config/cfg.py:3549}}
Aug 13 17:23:01.236843 np0000007238 devstack@g-api.service[99741]: DEBUG glance.common.config [None req-fbabf34f-bf1e-4a22-a088-3c6fec969ca2 None None] image_cache_driver = centralized_db {{(pid=99741) log_opt_values /opt/stack/data/venv/lib/python3.12/site-packages/oslo_config/cfg.py:3549}}
Aug 13 17:23:01.236930 np0000007238 devstack@g-api.service[99741]: DEBUG glance.common.config [None req-fbabf34f-bf1e-4a22-a088-3c6fec969ca2 None None] image_cache_max_size = 10737418240 {{(pid=99741) log_opt_values /opt/stack/data/venv/lib/python3.12/site-packages/oslo_config/cfg.py:3549}}
Aug 13 17:23:01.237020 np0000007238 devstack@g-api.service[99741]: DEBUG glance.common.config [None req-fbabf34f-bf1e-4a22-a088-3c6fec969ca2 None None] image_cache_sqlite_db = cache.db {{(pid=99741) log_opt_values /opt/stack/data/venv/lib/python3.12/site-packages/oslo_config/cfg.py:3549}}
Aug 13 17:23:01.237107 np0000007238 devstack@g-api.service[99741]: DEBUG glance.common.config [None req-fbabf34f-bf1e-4a22-a088-3c6fec969ca2 None None] image_cache_stall_time = 86400 {{(pid=99741) log_opt_values /opt/stack/data/venv/lib/python3.12/site-packages/oslo_config/cfg.py:3549}}
Aug 13 17:23:01.237190 np0000007238 devstack@g-api.service[99741]: DEBUG glance.common.config [None req-fbabf34f-bf1e-4a22-a088-3c6fec969ca2 None None] image_location_quota = 10 {{(pid=99741) log_opt_values /opt/stack/data/venv/lib/python3.12/site-packages/oslo_config/cfg.py:3549}}
Aug 13 17:23:01.237278 np0000007238 devstack@g-api.service[99741]: DEBUG glance.common.config [None req-fbabf34f-bf1e-4a22-a088-3c6fec969ca2 None None] image_member_quota = 128 {{(pid=99741) log_opt_values /opt/stack/data/venv/lib/python3.12/site-packages/oslo_config/cfg.py:3549}}
Aug 13 17:23:01.237417 np0000007238 devstack@g-api.service[99741]: DEBUG glance.common.config [None req-fbabf34f-bf1e-4a22-a088-3c6fec969ca2 None None] image_property_quota = 128 {{(pid=99741) log_opt_values /opt/stack/data/venv/lib/python3.12/site-packages/oslo_config/cfg.py:3549}}
Aug 13 17:23:01.237549 np0000007238 devstack@g-api.service[99741]: DEBUG glance.common.config [None req-fbabf34f-bf1e-4a22-a088-3c6fec969ca2 None None] image_size_cap = 1099511627776 {{(pid=99741) log_opt_values /opt/stack/data/venv/lib/python3.12/site-packages/oslo_config/cfg.py:3549}}
Aug 13 17:23:01.237640 np0000007238 devstack@g-api.service[99741]: DEBUG glance.common.config [None req-fbabf34f-bf1e-4a22-a088-3c6fec969ca2 None None] image_tag_quota = 128 {{(pid=99741) log_opt_values /opt/stack/data/venv/lib/python3.12/site-packages/oslo_config/cfg.py:3549}}
Aug 13 17:23:01.237732 np0000007238 devstack@g-api.service[99741]: DEBUG glance.common.config [None req-fbabf34f-bf1e-4a22-a088-3c6fec969ca2 None None] instance_format = [instance: %(uuid)s] {{(pid=99741) log_opt_values /opt/stack/data/venv/lib/python3.12/site-packages/oslo_config/cfg.py:3549}}
Aug 13 17:23:01.237843 np0000007238 devstack@g-api.service[99741]: DEBUG glance.common.config [None req-fbabf34f-bf1e-4a22-a088-3c6fec969ca2 None None] instance_uuid_format = [instance: %(uuid)s] {{(pid=99741) log_opt_values /opt/stack/data/venv/lib/python3.12/site-packages/oslo_config/cfg.py:3549}}
Aug 13 17:23:01.237955 np0000007238 devstack@g-api.service[99741]: DEBUG glance.common.config [None req-fbabf34f-bf1e-4a22-a088-3c6fec969ca2 None None] limit_param_default = 25 {{(pid=99741) log_opt_values /opt/stack/data/venv/lib/python3.12/site-packages/oslo_config/cfg.py:3549}}
Aug 13 17:23:01.238084 np0000007238 devstack@g-api.service[99741]: DEBUG glance.common.config [None req-fbabf34f-bf1e-4a22-a088-3c6fec969ca2 None None] log_color = False {{(pid=99741) log_opt_values /opt/stack/data/venv/lib/python3.12/site-packages/oslo_config/cfg.py:3549}}
Aug 13 17:23:01.238211 np0000007238 devstack@g-api.service[99741]: DEBUG glance.common.config [None req-fbabf34f-bf1e-4a22-a088-3c6fec969ca2 None None] log_config_append = None {{(pid=99741) log_opt_values /opt/stack/data/venv/lib/python3.12/site-packages/oslo_config/cfg.py:3549}}
Aug 13 17:23:01.238349 np0000007238 devstack@g-api.service[99741]: DEBUG glance.common.config [None req-fbabf34f-bf1e-4a22-a088-3c6fec969ca2 None None] log_date_format = %Y-%m-%d %H:%M:%S {{(pid=99741) log_opt_values /opt/stack/data/venv/lib/python3.12/site-packages/oslo_config/cfg.py:3549}}
Aug 13 17:23:01.238484 np0000007238 devstack@g-api.service[99741]: DEBUG glance.common.config [None req-fbabf34f-bf1e-4a22-a088-3c6fec969ca2 None None] log_dir = None {{(pid=99741) log_opt_values /opt/stack/data/venv/lib/python3.12/site-packages/oslo_config/cfg.py:3549}}
Aug 13 17:23:01.238636 np0000007238 devstack@g-api.service[99741]: DEBUG glance.common.config [None req-fbabf34f-bf1e-4a22-a088-3c6fec969ca2 None None] log_file = None {{(pid=99741) log_opt_values /opt/stack/data/venv/lib/python3.12/site-packages/oslo_config/cfg.py:3549}}
Aug 13 17:23:01.238743 np0000007238 devstack@g-api.service[99741]: DEBUG glance.common.config [None req-fbabf34f-bf1e-4a22-a088-3c6fec969ca2 None None] log_rotate_interval = 1 {{(pid=99741) log_opt_values /opt/stack/data/venv/lib/python3.12/site-packages/oslo_config/cfg.py:3549}}
Aug 13 17:23:01.238837 np0000007238 devstack@g-api.service[99741]: DEBUG glance.common.config [None req-fbabf34f-bf1e-4a22-a088-3c6fec969ca2 None None] log_rotate_interval_type = days {{(pid=99741) log_opt_values /opt/stack/data/venv/lib/python3.12/site-packages/oslo_config/cfg.py:3549}}
Aug 13 17:23:01.238928 np0000007238 devstack@g-api.service[99741]: DEBUG glance.common.config [None req-fbabf34f-bf1e-4a22-a088-3c6fec969ca2 None None] log_rotation_type = none {{(pid=99741) log_opt_values /opt/stack/data/venv/lib/python3.12/site-packages/oslo_config/cfg.py:3549}}
Aug 13 17:23:01.238994 np0000007238 devstack@g-api.service[99741]: DEBUG glance.common.config [None req-fbabf34f-bf1e-4a22-a088-3c6fec969ca2 None None] logging_context_format_string = %(color)s%(levelname)s %(name)s [%(global_request_id)s %(request_id)s %(project_name)s %(user_name)s%(color)s] %(instance)s%(color)s%(message)s {{(pid=99741) log_opt_values /opt/stack/data/venv/lib/python3.12/site-packages/oslo_config/cfg.py:3549}}
Aug 13 17:23:01.239058 np0000007238 devstack@g-api.service[99741]: DEBUG glance.common.config [None req-fbabf34f-bf1e-4a22-a088-3c6fec969ca2 None None] logging_debug_format_suffix = {{(pid=%(process)d) %(funcName)s %(pathname)s:%(lineno)d}} {{(pid=99741) log_opt_values /opt/stack/data/venv/lib/python3.12/site-packages/oslo_config/cfg.py:3549}}
Aug 13 17:23:01.239151 np0000007238 devstack@g-api.service[99741]: DEBUG glance.common.config [None req-fbabf34f-bf1e-4a22-a088-3c6fec969ca2 None None] logging_default_format_string = %(color)s%(levelname)s %(name)s [-%(color)s] %(instance)s%(color)s%(message)s {{(pid=99741) log_opt_values /opt/stack/data/venv/lib/python3.12/site-packages/oslo_config/cfg.py:3549}}
Aug 13 17:23:01.239241 np0000007238 devstack@g-api.service[99741]: DEBUG glance.common.config [None req-fbabf34f-bf1e-4a22-a088-3c6fec969ca2 None None] logging_exception_prefix = ERROR %(name)s %(instance)s {{(pid=99741) log_opt_values /opt/stack/data/venv/lib/python3.12/site-packages/oslo_config/cfg.py:3549}}
Aug 13 17:23:01.239304 np0000007238 devstack@g-api.service[99741]: DEBUG glance.common.config [None req-fbabf34f-bf1e-4a22-a088-3c6fec969ca2 None None] logging_user_identity_format = %(user)s %(project)s %(domain)s %(system_scope)s %(user_domain)s %(project_domain)s {{(pid=99741) log_opt_values /opt/stack/data/venv/lib/python3.12/site-packages/oslo_config/cfg.py:3549}}
Aug 13 17:23:01.239407 np0000007238 devstack@g-api.service[99741]: DEBUG glance.common.config [None req-fbabf34f-bf1e-4a22-a088-3c6fec969ca2 None None] max_logfile_count = 30 {{(pid=99741) log_opt_values /opt/stack/data/venv/lib/python3.12/site-packages/oslo_config/cfg.py:3549}}
Aug 13 17:23:01.239493 np0000007238 devstack@g-api.service[99741]: DEBUG glance.common.config [None req-fbabf34f-bf1e-4a22-a088-3c6fec969ca2 None None] max_logfile_size_mb = 200 {{(pid=99741) log_opt_values /opt/stack/data/venv/lib/python3.12/site-packages/oslo_config/cfg.py:3549}}
Aug 13 17:23:01.239628 np0000007238 devstack@g-api.service[99741]: DEBUG glance.common.config [None req-fbabf34f-bf1e-4a22-a088-3c6fec969ca2 None None] max_request_id_length = 64 {{(pid=99741) log_opt_values /opt/stack/data/venv/lib/python3.12/site-packages/oslo_config/cfg.py:3549}}
Aug 13 17:23:01.239720 np0000007238 devstack@g-api.service[99741]: DEBUG glance.common.config [None req-fbabf34f-bf1e-4a22-a088-3c6fec969ca2 None None] metadata_encryption_key = **** {{(pid=99741) log_opt_values /opt/stack/data/venv/lib/python3.12/site-packages/oslo_config/cfg.py:3549}}
Aug 13 17:23:01.239799 np0000007238 devstack@g-api.service[99740]: INFO glance.api.middleware.cache [None req-ec91aa59-7e01-474d-bae7-80b3a6a1405d None None] Initialized image cache middleware
Aug 13 17:23:01.239837 np0000007238 devstack@g-api.service[99741]: DEBUG glance.common.config [None req-fbabf34f-bf1e-4a22-a088-3c6fec969ca2 None None] node_staging_uri = file:///tmp/staging/ {{(pid=99741) log_opt_values /opt/stack/data/venv/lib/python3.12/site-packages/oslo_config/cfg.py:3549}}
Aug 13 17:23:01.239887 np0000007238 devstack@g-api.service[99741]: DEBUG glance.common.config [None req-fbabf34f-bf1e-4a22-a088-3c6fec969ca2 None None] property_protection_file = None {{(pid=99741) log_opt_values /opt/stack/data/venv/lib/python3.12/site-packages/oslo_config/cfg.py:3549}}
Aug 13 17:23:01.239979 np0000007238 devstack@g-api.service[99741]: DEBUG glance.common.config [None req-fbabf34f-bf1e-4a22-a088-3c6fec969ca2 None None] property_protection_rule_format = roles {{(pid=99741) log_opt_values /opt/stack/data/venv/lib/python3.12/site-packages/oslo_config/cfg.py:3549}}
Aug 13 17:23:01.240069 np0000007238 devstack@g-api.service[99741]: DEBUG glance.common.config [None req-fbabf34f-bf1e-4a22-a088-3c6fec969ca2 None None] public_endpoint = https://10.4.3.129/image {{(pid=99741) log_opt_values /opt/stack/data/venv/lib/python3.12/site-packages/oslo_config/cfg.py:3549}}
Aug 13 17:23:01.240154 np0000007238 devstack@g-api.service[99741]: DEBUG glance.common.config [None req-fbabf34f-bf1e-4a22-a088-3c6fec969ca2 None None] publish_errors = False {{(pid=99741) log_opt_values /opt/stack/data/venv/lib/python3.12/site-packages/oslo_config/cfg.py:3549}}
Aug 13 17:23:01.240237 np0000007238 devstack@g-api.service[99741]: DEBUG glance.common.config [None req-fbabf34f-bf1e-4a22-a088-3c6fec969ca2 None None] pydev_worker_debug_host = None {{(pid=99741) log_opt_values /opt/stack/data/venv/lib/python3.12/site-packages/oslo_config/cfg.py:3549}}
Aug 13 17:23:01.240328 np0000007238 devstack@g-api.service[99741]: DEBUG glance.common.config [None req-fbabf34f-bf1e-4a22-a088-3c6fec969ca2 None None] pydev_worker_debug_port = 5678 {{(pid=99741) log_opt_values /opt/stack/data/venv/lib/python3.12/site-packages/oslo_config/cfg.py:3549}}
Aug 13 17:23:01.240420 np0000007238 devstack@g-api.service[99741]: DEBUG glance.common.config [None req-fbabf34f-bf1e-4a22-a088-3c6fec969ca2 None None] rate_limit_burst = 0 {{(pid=99741) log_opt_values /opt/stack/data/venv/lib/python3.12/site-packages/oslo_config/cfg.py:3549}}
Aug 13 17:23:01.240510 np0000007238 devstack@g-api.service[99741]: DEBUG glance.common.config [None req-fbabf34f-bf1e-4a22-a088-3c6fec969ca2 None None] rate_limit_except_level = CRITICAL {{(pid=99741) log_opt_values /opt/stack/data/venv/lib/python3.12/site-packages/oslo_config/cfg.py:3549}}
Aug 13 17:23:01.240622 np0000007238 devstack@g-api.service[99741]: DEBUG glance.common.config [None req-fbabf34f-bf1e-4a22-a088-3c6fec969ca2 None None] rate_limit_interval = 0 {{(pid=99741) log_opt_values /opt/stack/data/venv/lib/python3.12/site-packages/oslo_config/cfg.py:3549}}
Aug 13 17:23:01.240750 np0000007238 devstack@g-api.service[99741]: DEBUG glance.common.config [None req-fbabf34f-bf1e-4a22-a088-3c6fec969ca2 None None] scrub_pool_size = 1 {{(pid=99741) log_opt_values /opt/stack/data/venv/lib/python3.12/site-packages/oslo_config/cfg.py:3549}}
Aug 13 17:23:01.240840 np0000007238 devstack@g-api.service[99741]: DEBUG glance.common.config [None req-fbabf34f-bf1e-4a22-a088-3c6fec969ca2 None None] scrub_time = 0 {{(pid=99741) log_opt_values /opt/stack/data/venv/lib/python3.12/site-packages/oslo_config/cfg.py:3549}}
Aug 13 17:23:01.240924 np0000007238 devstack@g-api.service[99741]: DEBUG glance.common.config [None req-fbabf34f-bf1e-4a22-a088-3c6fec969ca2 None None] shell_completion = None {{(pid=99741) log_opt_values /opt/stack/data/venv/lib/python3.12/site-packages/oslo_config/cfg.py:3549}}
Aug 13 17:23:01.241015 np0000007238 devstack@g-api.service[99741]: DEBUG glance.common.config [None req-fbabf34f-bf1e-4a22-a088-3c6fec969ca2 None None] show_image_direct_url = False {{(pid=99741) log_opt_values /opt/stack/data/venv/lib/python3.12/site-packages/oslo_config/cfg.py:3549}}
Aug 13 17:23:01.241204 np0000007238 devstack@g-api.service[99741]: WARNING oslo_config.cfg [None req-fbabf34f-bf1e-4a22-a088-3c6fec969ca2 None None] Deprecated: Option "show_multiple_locations" from group "DEFAULT" is deprecated for removal (Use of this option, deprecated since Newton, is a security risk and will be removed once we figure out a way to satisfy those use cases that currently require it. An earlier announcement that the same functionality can be achieved with greater granularity by using policies is incorrect. You cannot work around this option via policy configuration at the present time, though that is the direction we believe the fix will take. Please keep an eye on the Glance release notes to stay up to date on progress in addressing this issue.). Its value may be silently ignored in the future.
Aug 13 17:23:01.241307 np0000007238 devstack@g-api.service[99741]: DEBUG glance.common.config [None req-fbabf34f-bf1e-4a22-a088-3c6fec969ca2 None None] show_multiple_locations = False {{(pid=99741) log_opt_values /opt/stack/data/venv/lib/python3.12/site-packages/oslo_config/cfg.py:3549}}
Aug 13 17:23:01.241408 np0000007238 devstack@g-api.service[99741]: DEBUG glance.common.config [None req-fbabf34f-bf1e-4a22-a088-3c6fec969ca2 None None] syslog_log_facility = LOG_USER {{(pid=99741) log_opt_values /opt/stack/data/venv/lib/python3.12/site-packages/oslo_config/cfg.py:3549}}
Aug 13 17:23:01.241497 np0000007238 devstack@g-api.service[99741]: DEBUG glance.common.config [None req-fbabf34f-bf1e-4a22-a088-3c6fec969ca2 None None] transport_url = **** {{(pid=99741) log_opt_values /opt/stack/data/venv/lib/python3.12/site-packages/oslo_config/cfg.py:3549}}
Aug 13 17:23:01.241602 np0000007238 devstack@g-api.service[99741]: DEBUG glance.common.config [None req-fbabf34f-bf1e-4a22-a088-3c6fec969ca2 None None] use_journal = False {{(pid=99741) log_opt_values /opt/stack/data/venv/lib/python3.12/site-packages/oslo_config/cfg.py:3549}}
Aug 13 17:23:01.241687 np0000007238 devstack@g-api.service[99741]: DEBUG glance.common.config [None req-fbabf34f-bf1e-4a22-a088-3c6fec969ca2 None None] use_json = False {{(pid=99741) log_opt_values /opt/stack/data/venv/lib/python3.12/site-packages/oslo_config/cfg.py:3549}}
Aug 13 17:23:01.241830 np0000007238 devstack@g-api.service[99741]: DEBUG glance.common.config [None req-fbabf34f-bf1e-4a22-a088-3c6fec969ca2 None None] use_keystone_limits = True {{(pid=99741) log_opt_values /opt/stack/data/venv/lib/python3.12/site-packages/oslo_config/cfg.py:3549}}
Aug 13 17:23:01.241923 np0000007238 devstack@g-api.service[99741]: DEBUG glance.common.config [None req-fbabf34f-bf1e-4a22-a088-3c6fec969ca2 None None] use_stderr = False {{(pid=99741) log_opt_values /opt/stack/data/venv/lib/python3.12/site-packages/oslo_config/cfg.py:3549}}
Aug 13 17:23:01.242013 np0000007238 devstack@g-api.service[99741]: DEBUG glance.common.config [None req-fbabf34f-bf1e-4a22-a088-3c6fec969ca2 None None] use_syslog = False {{(pid=99741) log_opt_values /opt/stack/data/venv/lib/python3.12/site-packages/oslo_config/cfg.py:3549}}
Aug 13 17:23:01.242104 np0000007238 devstack@g-api.service[99741]: DEBUG glance.common.config [None req-fbabf34f-bf1e-4a22-a088-3c6fec969ca2 None None] user_storage_quota = 0 {{(pid=99741) log_opt_values /opt/stack/data/venv/lib/python3.12/site-packages/oslo_config/cfg.py:3549}}
Aug 13 17:23:01.242193 np0000007238 devstack@g-api.service[99741]: DEBUG glance.common.config [None req-fbabf34f-bf1e-4a22-a088-3c6fec969ca2 None None] worker_self_reference_url = http://127.0.0.1:60999 {{(pid=99741) log_opt_values /opt/stack/data/venv/lib/python3.12/site-packages/oslo_config/cfg.py:3549}}
Aug 13 17:23:01.242291 np0000007238 devstack@g-api.service[99741]: DEBUG glance.common.config [None req-fbabf34f-bf1e-4a22-a088-3c6fec969ca2 None None] oslo_concurrency.disable_process_locking = False {{(pid=99741) log_opt_values /opt/stack/data/venv/lib/python3.12/site-packages/oslo_config/cfg.py:3560}}
Aug 13 17:23:01.242397 np0000007238 devstack@g-api.service[99741]: DEBUG glance.common.config [None req-fbabf34f-bf1e-4a22-a088-3c6fec969ca2 None None] oslo_concurrency.lock_path = /opt/stack/data/glance/locks {{(pid=99741) log_opt_values /opt/stack/data/venv/lib/python3.12/site-packages/oslo_config/cfg.py:3560}}
Aug 13 17:23:01.242490 np0000007238 devstack@g-api.service[99741]: DEBUG glance.common.config [None req-fbabf34f-bf1e-4a22-a088-3c6fec969ca2 None None] oslo_middleware.enable_proxy_headers_parsing = False {{(pid=99741) log_opt_values /opt/stack/data/venv/lib/python3.12/site-packages/oslo_config/cfg.py:3560}}
Aug 13 17:23:01.242600 np0000007238 devstack@g-api.service[99741]: DEBUG glance.common.config [None req-fbabf34f-bf1e-4a22-a088-3c6fec969ca2 None None] oslo_middleware.http_basic_auth_user_file = /etc/htpasswd {{(pid=99741) log_opt_values /opt/stack/data/venv/lib/python3.12/site-packages/oslo_config/cfg.py:3560}}
Aug 13 17:23:01.242715 np0000007238 devstack@g-api.service[99741]: DEBUG glance.common.config [None req-fbabf34f-bf1e-4a22-a088-3c6fec969ca2 None None] paste_deploy.config_file = None {{(pid=99741) log_opt_values /opt/stack/data/venv/lib/python3.12/site-packages/oslo_config/cfg.py:3560}}
Aug 13 17:23:01.242813 np0000007238 devstack@g-api.service[99741]: DEBUG glance.common.config [None req-fbabf34f-bf1e-4a22-a088-3c6fec969ca2 None None] paste_deploy.flavor = keystone+cachemanagement {{(pid=99741) log_opt_values /opt/stack/data/venv/lib/python3.12/site-packages/oslo_config/cfg.py:3560}}
Aug 13 17:23:01.242939 np0000007238 devstack@g-api.service[99741]: DEBUG glance.common.config [None req-fbabf34f-bf1e-4a22-a088-3c6fec969ca2 None None] image_format.container_formats = ['ami', 'ari', 'aki', 'bare', 'ovf', 'ova', 'docker', 'compressed'] {{(pid=99741) log_opt_values /opt/stack/data/venv/lib/python3.12/site-packages/oslo_config/cfg.py:3560}}
Aug 13 17:23:01.243061 np0000007238 devstack@g-api.service[99741]: DEBUG glance.common.config [None req-fbabf34f-bf1e-4a22-a088-3c6fec969ca2 None None] image_format.disk_formats = ['ami', 'ari', 'aki', 'vhd', 'vhdx', 'vmdk', 'raw', 'qcow2', 'vdi', 'iso', 'ploop'] {{(pid=99741) log_opt_values /opt/stack/data/venv/lib/python3.12/site-packages/oslo_config/cfg.py:3560}}
Aug 13 17:23:01.243154 np0000007238 devstack@g-api.service[99741]: DEBUG glance.common.config [None req-fbabf34f-bf1e-4a22-a088-3c6fec969ca2 None None] image_format.gpt_safety_checks_nonfatal = [] {{(pid=99741) log_opt_values /opt/stack/data/venv/lib/python3.12/site-packages/oslo_config/cfg.py:3560}}
Aug 13 17:23:01.243244 np0000007238 devstack@g-api.service[99741]: DEBUG glance.common.config [None req-fbabf34f-bf1e-4a22-a088-3c6fec969ca2 None None] image_format.require_image_format_match = True {{(pid=99741) log_opt_values /opt/stack/data/venv/lib/python3.12/site-packages/oslo_config/cfg.py:3560}}
Aug 13 17:23:01.243343 np0000007238 devstack@g-api.service[99741]: DEBUG glance.common.config [None req-fbabf34f-bf1e-4a22-a088-3c6fec969ca2 None None] image_format.vmdk_allowed_types = ['streamOptimized', 'monolithicSparse'] {{(pid=99741) log_opt_values /opt/stack/data/venv/lib/python3.12/site-packages/oslo_config/cfg.py:3560}}
Aug 13 17:23:01.243474 np0000007238 devstack@g-api.service[99741]: DEBUG glance.common.config [None req-fbabf34f-bf1e-4a22-a088-3c6fec969ca2 None None] task.task_executor = taskflow {{(pid=99741) log_opt_values /opt/stack/data/venv/lib/python3.12/site-packages/oslo_config/cfg.py:3560}}
Aug 13 17:23:01.243616 np0000007238 devstack@g-api.service[99741]: DEBUG glance.common.config [None req-fbabf34f-bf1e-4a22-a088-3c6fec969ca2 None None] task.task_time_to_live = 48 {{(pid=99741) log_opt_values /opt/stack/data/venv/lib/python3.12/site-packages/oslo_config/cfg.py:3560}}
Aug 13 17:23:01.243737 np0000007238 devstack@g-api.service[99741]: DEBUG glance.common.config [None req-fbabf34f-bf1e-4a22-a088-3c6fec969ca2 None None] task.work_dir = None {{(pid=99741) log_opt_values /opt/stack/data/venv/lib/python3.12/site-packages/oslo_config/cfg.py:3560}}
Aug 13 17:23:01.243897 np0000007238 devstack@g-api.service[99741]: DEBUG glance.common.config [None req-fbabf34f-bf1e-4a22-a088-3c6fec969ca2 None None] wsgi.python_interpreter = /opt/stack/data/venv/bin/python3 {{(pid=99741) log_opt_values /opt/stack/data/venv/lib/python3.12/site-packages/oslo_config/cfg.py:3560}}
Aug 13 17:23:01.244004 np0000007238 devstack@g-api.service[99741]: DEBUG glance.common.config [None req-fbabf34f-bf1e-4a22-a088-3c6fec969ca2 None None] wsgi.task_pool_threads = 16 {{(pid=99741) log_opt_values /opt/stack/data/venv/lib/python3.12/site-packages/oslo_config/cfg.py:3560}}
Aug 13 17:23:01.244100 np0000007238 devstack@g-api.service[99741]: DEBUG glance.common.config [None req-fbabf34f-bf1e-4a22-a088-3c6fec969ca2 None None] import_filtering_opts.allowed_hosts = [] {{(pid=99741) log_opt_values /opt/stack/data/venv/lib/python3.12/site-packages/oslo_config/cfg.py:3560}}
Aug 13 17:23:01.244193 np0000007238 devstack@g-api.service[99741]: DEBUG glance.common.config [None req-fbabf34f-bf1e-4a22-a088-3c6fec969ca2 None None] import_filtering_opts.allowed_ports = [80, 443] {{(pid=99741) log_opt_values /opt/stack/data/venv/lib/python3.12/site-packages/oslo_config/cfg.py:3560}}
Aug 13 17:23:01.244295 np0000007238 devstack@g-api.service[99741]: DEBUG glance.common.config [None req-fbabf34f-bf1e-4a22-a088-3c6fec969ca2 None None] import_filtering_opts.allowed_schemes = ['http', 'https'] {{(pid=99741) log_opt_values /opt/stack/data/venv/lib/python3.12/site-packages/oslo_config/cfg.py:3560}}
Aug 13 17:23:01.244393 np0000007238 devstack@g-api.service[99741]: DEBUG glance.common.config [None req-fbabf34f-bf1e-4a22-a088-3c6fec969ca2 None None] import_filtering_opts.disallowed_hosts = [] {{(pid=99741) log_opt_values /opt/stack/data/venv/lib/python3.12/site-packages/oslo_config/cfg.py:3560}}
Aug 13 17:23:01.244481 np0000007238 devstack@g-api.service[99741]: DEBUG glance.common.config [None req-fbabf34f-bf1e-4a22-a088-3c6fec969ca2 None None] import_filtering_opts.disallowed_ports = [] {{(pid=99741) log_opt_values /opt/stack/data/venv/lib/python3.12/site-packages/oslo_config/cfg.py:3560}}
Aug 13 17:23:01.244591 np0000007238 devstack@g-api.service[99741]: DEBUG glance.common.config [None req-fbabf34f-bf1e-4a22-a088-3c6fec969ca2 None None] import_filtering_opts.disallowed_schemes = [] {{(pid=99741) log_opt_values /opt/stack/data/venv/lib/python3.12/site-packages/oslo_config/cfg.py:3560}}
