Aug 13 17:27:18.630305 np0000007238 devstack@g-api.service[99740]: DEBUG glance_store._drivers.swift.store [None req-0f5af5a8-1515-4302-83cf-e528f08bd5ad tempest-VolumesActionsTest-2143987480 tempest-VolumesActionsTest-2143987480-project-member] Wrote chunk 6b043c0a-9b02-4ae1-b273-0345152429aa-00003 (3/?) of length 204800000 to Swift returning MD5 of content: eda9a9889837ac4bc81d6387d92c1bec {{(pid=99740) add /opt/stack/data/venv/lib/python3.12/site-packages/glance_store/_drivers/swift/store.py:1059}}
Aug 13 17:27:18.661554 np0000007238 devstack@g-api.service[99741]: DEBUG glance.api.middleware.version_negotiation [None req-e1a766b8-18db-4c54-8a65-104439312ac1 tempest-VolumesActionsTest-2143987480 tempest-VolumesActionsTest-2143987480-project-member] Determining version of request: GET /v2/images/aaf105c4-3628-4d24-a331-1ebc392b884a Accept: */* {{(pid=99741) process_request /opt/stack/glance/glance/api/middleware/version_negotiation.py:44}}
Aug 13 17:27:18.662028 np0000007238 devstack@g-api.service[99741]: DEBUG glance.api.middleware.version_negotiation [None req-e1a766b8-18db-4c54-8a65-104439312ac1 tempest-VolumesActionsTest-2143987480 tempest-VolumesActionsTest-2143987480-project-member] Using url versioning {{(pid=99741) process_request /opt/stack/glance/glance/api/middleware/version_negotiation.py:57}}
Aug 13 17:27:18.662028 np0000007238 devstack@g-api.service[99741]: DEBUG glance.api.middleware.version_negotiation [None req-e1a766b8-18db-4c54-8a65-104439312ac1 tempest-VolumesActionsTest-2143987480 tempest-VolumesActionsTest-2143987480-project-member] Matched version: v2 {{(pid=99741) process_request /opt/stack/glance/glance/api/middleware/version_negotiation.py:69}}
Aug 13 17:27:18.662188 np0000007238 devstack@g-api.service[99741]: DEBUG glance.api.middleware.version_negotiation [None req-e1a766b8-18db-4c54-8a65-104439312ac1 tempest-VolumesActionsTest-2143987480 tempest-VolumesActionsTest-2143987480-project-member] new path /v2/images/aaf105c4-3628-4d24-a331-1ebc392b884a {{(pid=99741) process_request /opt/stack/glance/glance/api/middleware/version_negotiation.py:70}}
Aug 13 17:27:18.672849 np0000007238 devstack@g-api.service[99741]: [pid: 99741|app: 0|req: 67/198] 127.0.0.1 () {44 vars in 1115 bytes} [Thu Aug 13 17:27:18 2026] GET /v2/images/aaf105c4-3628-4d24-a331-1ebc392b884a => generated 1359 bytes in 11 msecs (HTTP/1.1 200) 4 headers in 158 bytes (1 switches on core 0)
Aug 13 17:27:18.717725 np0000007238 devstack@g-api.service[99739]: DEBUG glance.api.middleware.version_negotiation [None req-106c865f-4f2b-449a-b557-0d393f765c33 tempest-ServerBootFromVolumeStableRescueTest-1429444525 tempest-ServerBootFromVolumeStableRescueTest-1429444525-project-member] Determining version of request: GET /v2/schemas/image Accept: */* {{(pid=99739) process_request /opt/stack/glance/glance/api/middleware/version_negotiation.py:44}}
Aug 13 17:27:18.719249 np0000007238 devstack@g-api.service[99739]: DEBUG glance.api.middleware.version_negotiation [None req-106c865f-4f2b-449a-b557-0d393f765c33 tempest-ServerBootFromVolumeStableRescueTest-1429444525 tempest-ServerBootFromVolumeStableRescueTest-1429444525-project-member] Using url versioning {{(pid=99739) process_request /opt/stack/glance/glance/api/middleware/version_negotiation.py:57}}
Aug 13 17:27:18.719383 np0000007238 devstack@g-api.service[99739]: DEBUG glance.api.middleware.version_negotiation [None req-106c865f-4f2b-449a-b557-0d393f765c33 tempest-ServerBootFromVolumeStableRescueTest-1429444525 tempest-ServerBootFromVolumeStableRescueTest-1429444525-project-member] Matched version: v2 {{(pid=99739) process_request /opt/stack/glance/glance/api/middleware/version_negotiation.py:69}}
Aug 13 17:27:18.719488 np0000007238 devstack@g-api.service[99739]: DEBUG glance.api.middleware.version_negotiation [None req-106c865f-4f2b-449a-b557-0d393f765c33 tempest-ServerBootFromVolumeStableRescueTest-1429444525 tempest-ServerBootFromVolumeStableRescueTest-1429444525-project-member] new path /v2/schemas/image {{(pid=99739) process_request /opt/stack/glance/glance/api/middleware/version_negotiation.py:70}}
Aug 13 17:27:18.722221 np0000007238 devstack@g-api.service[99739]: [pid: 99739|app: 0|req: 67/199] 127.0.0.1 () {44 vars in 1055 bytes} [Thu Aug 13 17:27:18 2026] GET /v2/schemas/image => generated 6083 bytes in 6 msecs (HTTP/1.1 200) 4 headers in 158 bytes (1 switches on core 0)
Aug 13 17:27:18.751538 np0000007238 devstack@g-api.service[99741]: DEBUG glance.api.middleware.version_negotiation [None req-94a1d79f-d7f0-42fd-a208-3b0ebae8dc4b tempest-ServerBootFromVolumeStableRescueTest-1429444525 tempest-ServerBootFromVolumeStableRescueTest-1429444525-project-member] Determining version of request: GET /v2/schemas/image Accept: */* {{(pid=99741) process_request /opt/stack/glance/glance/api/middleware/version_negotiation.py:44}}
Aug 13 17:27:18.753541 np0000007238 devstack@g-api.service[99741]: DEBUG glance.api.middleware.version_negotiation [None req-94a1d79f-d7f0-42fd-a208-3b0ebae8dc4b tempest-ServerBootFromVolumeStableRescueTest-1429444525 tempest-ServerBootFromVolumeStableRescueTest-1429444525-project-member] Using url versioning {{(pid=99741) process_request /opt/stack/glance/glance/api/middleware/version_negotiation.py:57}}
Aug 13 17:27:18.753753 np0000007238 devstack@g-api.service[99741]: DEBUG glance.api.middleware.version_negotiation [None req-94a1d79f-d7f0-42fd-a208-3b0ebae8dc4b tempest-ServerBootFromVolumeStableRescueTest-1429444525 tempest-ServerBootFromVolumeStableRescueTest-1429444525-project-member] Matched version: v2 {{(pid=99741) process_request /opt/stack/glance/glance/api/middleware/version_negotiation.py:69}}
Aug 13 17:27:18.753922 np0000007238 devstack@g-api.service[99741]: DEBUG glance.api.middleware.version_negotiation [None req-94a1d79f-d7f0-42fd-a208-3b0ebae8dc4b tempest-ServerBootFromVolumeStableRescueTest-1429444525 tempest-ServerBootFromVolumeStableRescueTest-1429444525-project-member] new path /v2/schemas/image {{(pid=99741) process_request /opt/stack/glance/glance/api/middleware/version_negotiation.py:70}}
Aug 13 17:27:18.756783 np0000007238 devstack@g-api.service[99741]: [pid: 99741|app: 0|req: 68/200] 127.0.0.1 () {44 vars in 1055 bytes} [Thu Aug 13 17:27:18 2026] GET /v2/schemas/image => generated 6083 bytes in 5 msecs (HTTP/1.1 200) 4 headers in 158 bytes (1 switches on core 0)
Aug 13 17:27:18.802824 np0000007238 devstack@g-api.service[99739]: DEBUG glance.api.middleware.version_negotiation [None req-94a1d79f-d7f0-42fd-a208-3b0ebae8dc4b tempest-ServerBootFromVolumeStableRescueTest-1429444525 tempest-ServerBootFromVolumeStableRescueTest-1429444525-project-member] Determining version of request: PATCH /v2/images/aaf105c4-3628-4d24-a331-1ebc392b884a Accept: */* {{(pid=99739) process_request /opt/stack/glance/glance/api/middleware/version_negotiation.py:44}}
Aug 13 17:27:18.802824 np0000007238 devstack@g-api.service[99739]: DEBUG glance.api.middleware.version_negotiation [None req-94a1d79f-d7f0-42fd-a208-3b0ebae8dc4b tempest-ServerBootFromVolumeStableRescueTest-1429444525 tempest-ServerBootFromVolumeStableRescueTest-1429444525-project-member] Using url versioning {{(pid=99739) process_request /opt/stack/glance/glance/api/middleware/version_negotiation.py:57}}
Aug 13 17:27:18.802824 np0000007238 devstack@g-api.service[99739]: DEBUG glance.api.middleware.version_negotiation [None req-94a1d79f-d7f0-42fd-a208-3b0ebae8dc4b tempest-ServerBootFromVolumeStableRescueTest-1429444525 tempest-ServerBootFromVolumeStableRescueTest-1429444525-project-member] Matched version: v2 {{(pid=99739) process_request /opt/stack/glance/glance/api/middleware/version_negotiation.py:69}}
Aug 13 17:27:18.802824 np0000007238 devstack@g-api.service[99739]: DEBUG glance.api.middleware.version_negotiation [None req-94a1d79f-d7f0-42fd-a208-3b0ebae8dc4b tempest-ServerBootFromVolumeStableRescueTest-1429444525 tempest-ServerBootFromVolumeStableRescueTest-1429444525-project-member] new path /v2/images/aaf105c4-3628-4d24-a331-1ebc392b884a {{(pid=99739) process_request /opt/stack/glance/glance/api/middleware/version_negotiation.py:70}}
Aug 13 17:27:18.977344 np0000007238 devstack@g-api.service[99739]: [pid: 99739|app: 0|req: 68/201] 127.0.0.1 () {46 vars in 1158 bytes} [Thu Aug 13 17:27:18 2026] PATCH /v2/images/aaf105c4-3628-4d24-a331-1ebc392b884a => generated 1470 bytes in 175 msecs (HTTP/1.1 200) 4 headers in 158 bytes (1 switches on core 0)
Aug 13 17:27:19.028595 np0000007238 devstack@g-api.service[99741]: DEBUG glance.api.middleware.version_negotiation [None req-94a1d79f-d7f0-42fd-a208-3b0ebae8dc4b tempest-ServerBootFromVolumeStableRescueTest-1429444525 tempest-ServerBootFromVolumeStableRescueTest-1429444525-project-member] Determining version of request: GET /v2/images/aaf105c4-3628-4d24-a331-1ebc392b884a Accept: */* {{(pid=99741) process_request /opt/stack/glance/glance/api/middleware/version_negotiation.py:44}}
Aug 13 17:27:19.028595 np0000007238 devstack@g-api.service[99741]: DEBUG glance.api.middleware.version_negotiation [None req-94a1d79f-d7f0-42fd-a208-3b0ebae8dc4b tempest-ServerBootFromVolumeStableRescueTest-1429444525 tempest-ServerBootFromVolumeStableRescueTest-1429444525-project-member] Using url versioning {{(pid=99741) process_request /opt/stack/glance/glance/api/middleware/version_negotiation.py:57}}
Aug 13 17:27:19.028595 np0000007238 devstack@g-api.service[99741]: DEBUG glance.api.middleware.version_negotiation [None req-94a1d79f-d7f0-42fd-a208-3b0ebae8dc4b tempest-ServerBootFromVolumeStableRescueTest-1429444525 tempest-ServerBootFromVolumeStableRescueTest-1429444525-project-member] Matched version: v2 {{(pid=99741) process_request /opt/stack/glance/glance/api/middleware/version_negotiation.py:69}}
Aug 13 17:27:19.028767 np0000007238 devstack@g-api.service[99741]: DEBUG glance.api.middleware.version_negotiation [None req-94a1d79f-d7f0-42fd-a208-3b0ebae8dc4b tempest-ServerBootFromVolumeStableRescueTest-1429444525 tempest-ServerBootFromVolumeStableRescueTest-1429444525-project-member] new path /v2/images/aaf105c4-3628-4d24-a331-1ebc392b884a {{(pid=99741) process_request /opt/stack/glance/glance/api/middleware/version_negotiation.py:70}}
Aug 13 17:27:19.048785 np0000007238 devstack@g-api.service[99741]: [pid: 99741|app: 0|req: 69/202] 127.0.0.1 () {44 vars in 1115 bytes} [Thu Aug 13 17:27:19 2026] GET /v2/images/aaf105c4-3628-4d24-a331-1ebc392b884a => generated 1470 bytes in 20 msecs (HTTP/1.1 200) 4 headers in 158 bytes (1 switches on core 0)
Aug 13 17:27:19.110817 np0000007238 devstack@g-api.service[99739]: DEBUG glance.api.middleware.version_negotiation [None req-94a1d79f-d7f0-42fd-a208-3b0ebae8dc4b tempest-ServerBootFromVolumeStableRescueTest-1429444525 tempest-ServerBootFromVolumeStableRescueTest-1429444525-project-member] Determining version of request: PUT /v2/images/aaf105c4-3628-4d24-a331-1ebc392b884a/file Accept: */* {{(pid=99739) process_request /opt/stack/glance/glance/api/middleware/version_negotiation.py:44}}
Aug 13 17:27:19.111008 np0000007238 devstack@g-api.service[99739]: DEBUG glance.api.middleware.version_negotiation [None req-94a1d79f-d7f0-42fd-a208-3b0ebae8dc4b tempest-ServerBootFromVolumeStableRescueTest-1429444525 tempest-ServerBootFromVolumeStableRescueTest-1429444525-project-member] Using url versioning {{(pid=99739) process_request /opt/stack/glance/glance/api/middleware/version_negotiation.py:57}}
Aug 13 17:27:19.111176 np0000007238 devstack@g-api.service[99739]: DEBUG glance.api.middleware.version_negotiation [None req-94a1d79f-d7f0-42fd-a208-3b0ebae8dc4b tempest-ServerBootFromVolumeStableRescueTest-1429444525 tempest-ServerBootFromVolumeStableRescueTest-1429444525-project-member] Matched version: v2 {{(pid=99739) process_request /opt/stack/glance/glance/api/middleware/version_negotiation.py:69}}
Aug 13 17:27:19.111367 np0000007238 devstack@g-api.service[99739]: DEBUG glance.api.middleware.version_negotiation [None req-94a1d79f-d7f0-42fd-a208-3b0ebae8dc4b tempest-ServerBootFromVolumeStableRescueTest-1429444525 tempest-ServerBootFromVolumeStableRescueTest-1429444525-project-member] new path /v2/images/aaf105c4-3628-4d24-a331-1ebc392b884a/file {{(pid=99739) process_request /opt/stack/glance/glance/api/middleware/version_negotiation.py:70}}
Aug 13 17:27:19.399205 np0000007238 devstack@g-api.service[99741]: DEBUG glance.api.middleware.version_negotiation [None req-94a1d79f-d7f0-42fd-a208-3b0ebae8dc4b tempest-ServerBootFromVolumeStableRescueTest-1429444525 tempest-ServerBootFromVolumeStableRescueTest-1429444525-project-member] Determining version of request: GET /v2/images/6b043c0a-9b02-4ae1-b273-0345152429aa Accept: application/json {{(pid=99741) process_request /opt/stack/glance/glance/api/middleware/version_negotiation.py:44}}
Aug 13 17:27:19.399384 np0000007238 devstack@g-api.service[99741]: DEBUG glance.api.middleware.version_negotiation [None req-94a1d79f-d7f0-42fd-a208-3b0ebae8dc4b tempest-ServerBootFromVolumeStableRescueTest-1429444525 tempest-ServerBootFromVolumeStableRescueTest-1429444525-project-member] Using url versioning {{(pid=99741) process_request /opt/stack/glance/glance/api/middleware/version_negotiation.py:57}}
Aug 13 17:27:19.399555 np0000007238 devstack@g-api.service[99741]: DEBUG glance.api.middleware.version_negotiation [None req-94a1d79f-d7f0-42fd-a208-3b0ebae8dc4b tempest-ServerBootFromVolumeStableRescueTest-1429444525 tempest-ServerBootFromVolumeStableRescueTest-1429444525-project-member] Matched version: v2 {{(pid=99741) process_request /opt/stack/glance/glance/api/middleware/version_negotiation.py:69}}
Aug 13 17:27:19.399946 np0000007238 devstack@g-api.service[99741]: DEBUG glance.api.middleware.version_negotiation [None req-94a1d79f-d7f0-42fd-a208-3b0ebae8dc4b tempest-ServerBootFromVolumeStableRescueTest-1429444525 tempest-ServerBootFromVolumeStableRescueTest-1429444525-project-member] new path /v2/images/6b043c0a-9b02-4ae1-b273-0345152429aa {{(pid=99741) process_request /opt/stack/glance/glance/api/middleware/version_negotiation.py:70}}
Aug 13 17:27:19.410577 np0000007238 devstack@g-api.service[99741]: [pid: 99741|app: 0|req: 70/203] 127.0.0.1 () {40 vars in 838 bytes} [Thu Aug 13 17:27:19 2026] GET /v2/images/6b043c0a-9b02-4ae1-b273-0345152429aa => generated 649 bytes in 11 msecs (HTTP/1.1 200) 4 headers in 157 bytes (1 switches on core 0)
Aug 13 17:27:19.529416 np0000007238 devstack@g-api.service[99741]: DEBUG glance.api.middleware.version_negotiation [None req-dd7d426e-2836-48ac-8249-69bd3e8ae853 tempest-VolumesActionsTest-2143987480 tempest-VolumesActionsTest-2143987480-project-member] Determining version of request: GET /v2/images/aaf105c4-3628-4d24-a331-1ebc392b884a Accept: application/json {{(pid=99741) process_request /opt/stack/glance/glance/api/middleware/version_negotiation.py:44}}
Aug 13 17:27:19.529616 np0000007238 devstack@g-api.service[99741]: DEBUG glance.api.middleware.version_negotiation [None req-dd7d426e-2836-48ac-8249-69bd3e8ae853 tempest-VolumesActionsTest-2143987480 tempest-VolumesActionsTest-2143987480-project-member] Using url versioning {{(pid=99741) process_request /opt/stack/glance/glance/api/middleware/version_negotiation.py:57}}
Aug 13 17:27:19.529757 np0000007238 devstack@g-api.service[99741]: DEBUG glance.api.middleware.version_negotiation [None req-dd7d426e-2836-48ac-8249-69bd3e8ae853 tempest-VolumesActionsTest-2143987480 tempest-VolumesActionsTest-2143987480-project-member] Matched version: v2 {{(pid=99741) process_request /opt/stack/glance/glance/api/middleware/version_negotiation.py:69}}
Aug 13 17:27:19.529868 np0000007238 devstack@g-api.service[99741]: DEBUG glance.api.middleware.version_negotiation [None req-dd7d426e-2836-48ac-8249-69bd3e8ae853 tempest-VolumesActionsTest-2143987480 tempest-VolumesActionsTest-2143987480-project-member] new path /v2/images/aaf105c4-3628-4d24-a331-1ebc392b884a {{(pid=99741) process_request /opt/stack/glance/glance/api/middleware/version_negotiation.py:70}}
Aug 13 17:27:19.542585 np0000007238 devstack@g-api.service[99741]: [pid: 99741|app: 0|req: 71/204] 127.0.0.1 () {40 vars in 838 bytes} [Thu Aug 13 17:27:19 2026] GET /v2/images/aaf105c4-3628-4d24-a331-1ebc392b884a => generated 1470 bytes in 13 msecs (HTTP/1.1 200) 4 headers in 158 bytes (1 switches on core 0)
Aug 13 17:27:19.682615 np0000007238 devstack@g-api.service[99739]: INFO glance.api.v2.image_data [None req-94a1d79f-d7f0-42fd-a208-3b0ebae8dc4b tempest-ServerBootFromVolumeStableRescueTest-1429444525 tempest-ServerBootFromVolumeStableRescueTest-1429444525-project-member] Unable to create trust: no such option collect_timing in group [keystone_authtoken] Use the existing user token.
Aug 13 17:27:20.137712 np0000007238 devstack@g-api.service[99739]: DEBUG glance.location [None req-94a1d79f-d7f0-42fd-a208-3b0ebae8dc4b tempest-ServerBootFromVolumeStableRescueTest-1429444525 tempest-ServerBootFromVolumeStableRescueTest-1429444525-project-member] Enabling in-flight format inspection for qcow2 {{(pid=99739) set_data /opt/stack/glance/glance/location.py:596}}
Aug 13 17:27:20.138179 np0000007238 devstack@g-api.service[99739]: DEBUG glance_store.backend [None req-94a1d79f-d7f0-42fd-a208-3b0ebae8dc4b tempest-ServerBootFromVolumeStableRescueTest-1429444525 tempest-ServerBootFromVolumeStableRescueTest-1429444525-project-member] Attempting to import store swift {{(pid=99739) _load_store /opt/stack/data/venv/lib/python3.12/site-packages/glance_store/backend.py:215}}
Aug 13 17:27:20.139947 np0000007238 devstack@g-api.service[99739]: DEBUG glance_store.capabilities [None req-94a1d79f-d7f0-42fd-a208-3b0ebae8dc4b tempest-ServerBootFromVolumeStableRescueTest-1429444525 tempest-ServerBootFromVolumeStableRescueTest-1429444525-project-member] Store glance_store._drivers.swift.store.SingleTenantStore doesn't support updating dynamic storage capabilities. Please overwrite 'update_capabilities' method of the store to implement updating logics if needed. {{(pid=99739) update_capabilities /opt/stack/data/venv/lib/python3.12/site-packages/glance_store/capabilities.py:91}}
Aug 13 17:27:20.139947 np0000007238 devstack@g-api.service[99739]: DEBUG glance_store.driver [None req-94a1d79f-d7f0-42fd-a208-3b0ebae8dc4b tempest-ServerBootFromVolumeStableRescueTest-1429444525 tempest-ServerBootFromVolumeStableRescueTest-1429444525-project-member] Late loading location class glance_store._drivers.swift.store.StoreLocation {{(pid=99739) get_store_location_class /opt/stack/data/venv/lib/python3.12/site-packages/glance_store/driver.py:134}}
Aug 13 17:27:20.140132 np0000007238 devstack@g-api.service[99739]: DEBUG glance_store.location [None req-94a1d79f-d7f0-42fd-a208-3b0ebae8dc4b tempest-ServerBootFromVolumeStableRescueTest-1429444525 tempest-ServerBootFromVolumeStableRescueTest-1429444525-project-member] Registering scheme swift+https with {'store': , 'location_class': , 'store_entry': 'swift'} {{(pid=99739) register_scheme_map /opt/stack/data/venv/lib/python3.12/site-packages/glance_store/location.py:146}}
Aug 13 17:27:20.140132 np0000007238 devstack@g-api.service[99739]: DEBUG glance_store.location [None req-94a1d79f-d7f0-42fd-a208-3b0ebae8dc4b tempest-ServerBootFromVolumeStableRescueTest-1429444525 tempest-ServerBootFromVolumeStableRescueTest-1429444525-project-member] Registering scheme swift+https with {'store': , 'location_class': , 'store_entry': 'swift'} {{(pid=99739) register_scheme_map /opt/stack/data/venv/lib/python3.12/site-packages/glance_store/location.py:146}}
Aug 13 17:27:20.140265 np0000007238 devstack@g-api.service[99739]: DEBUG glance_store.location [None req-94a1d79f-d7f0-42fd-a208-3b0ebae8dc4b tempest-ServerBootFromVolumeStableRescueTest-1429444525 tempest-ServerBootFromVolumeStableRescueTest-1429444525-project-member] Registering scheme swift with {'store': , 'location_class': , 'store_entry': 'swift'} {{(pid=99739) register_scheme_map /opt/stack/data/venv/lib/python3.12/site-packages/glance_store/location.py:146}}
Aug 13 17:27:20.140265 np0000007238 devstack@g-api.service[99739]: DEBUG glance_store.location [None req-94a1d79f-d7f0-42fd-a208-3b0ebae8dc4b tempest-ServerBootFromVolumeStableRescueTest-1429444525 tempest-ServerBootFromVolumeStableRescueTest-1429444525-project-member] Registering scheme swift+https with {'store': , 'location_class': , 'store_entry': 'swift'} {{(pid=99739) register_scheme_map /opt/stack/data/venv/lib/python3.12/site-packages/glance_store/location.py:146}}
Aug 13 17:27:20.140394 np0000007238 devstack@g-api.service[99739]: DEBUG glance_store.location [None req-94a1d79f-d7f0-42fd-a208-3b0ebae8dc4b tempest-ServerBootFromVolumeStableRescueTest-1429444525 tempest-ServerBootFromVolumeStableRescueTest-1429444525-project-member] Registering scheme swift with {'store': , 'location_class': , 'store_entry': 'swift'} {{(pid=99739) register_scheme_map /opt/stack/data/venv/lib/python3.12/site-packages/glance_store/location.py:146}}
Aug 13 17:27:20.140503 np0000007238 devstack@g-api.service[99739]: DEBUG glance_store.location [None req-94a1d79f-d7f0-42fd-a208-3b0ebae8dc4b tempest-ServerBootFromVolumeStableRescueTest-1429444525 tempest-ServerBootFromVolumeStableRescueTest-1429444525-project-member] Registering scheme swift+http with {'store': , 'location_class': , 'store_entry': 'swift'} {{(pid=99739) register_scheme_map /opt/stack/data/venv/lib/python3.12/site-packages/glance_store/location.py:146}}
Aug 13 17:27:20.140636 np0000007238 devstack@g-api.service[99739]: DEBUG glance_store.location [None req-94a1d79f-d7f0-42fd-a208-3b0ebae8dc4b tempest-ServerBootFromVolumeStableRescueTest-1429444525 tempest-ServerBootFromVolumeStableRescueTest-1429444525-project-member] Registering scheme swift+https with {'store': , 'location_class': , 'store_entry': 'swift'} {{(pid=99739) register_scheme_map /opt/stack/data/venv/lib/python3.12/site-packages/glance_store/location.py:146}}
Aug 13 17:27:20.140754 np0000007238 devstack@g-api.service[99739]: DEBUG glance_store.location [None req-94a1d79f-d7f0-42fd-a208-3b0ebae8dc4b tempest-ServerBootFromVolumeStableRescueTest-1429444525 tempest-ServerBootFromVolumeStableRescueTest-1429444525-project-member] Registering scheme swift with {'store': , 'location_class': , 'store_entry': 'swift'} {{(pid=99739) register_scheme_map /opt/stack/data/venv/lib/python3.12/site-packages/glance_store/location.py:146}}
Aug 13 17:27:20.140861 np0000007238 devstack@g-api.service[99739]: DEBUG glance_store.location [None req-94a1d79f-d7f0-42fd-a208-3b0ebae8dc4b tempest-ServerBootFromVolumeStableRescueTest-1429444525 tempest-ServerBootFromVolumeStableRescueTest-1429444525-project-member] Registering scheme swift+http with {'store': , 'location_class': , 'store_entry': 'swift'} {{(pid=99739) register_scheme_map /opt/stack/data/venv/lib/python3.12/site-packages/glance_store/location.py:146}}
Aug 13 17:27:20.141083 np0000007238 devstack@g-api.service[99739]: DEBUG glance_store.location [None req-94a1d79f-d7f0-42fd-a208-3b0ebae8dc4b tempest-ServerBootFromVolumeStableRescueTest-1429444525 tempest-ServerBootFromVolumeStableRescueTest-1429444525-project-member] Registering scheme swift+config with {'store': , 'location_class': , 'store_entry': 'swift'} {{(pid=99739) register_scheme_map /opt/stack/data/venv/lib/python3.12/site-packages/glance_store/location.py:146}}
Aug 13 17:27:20.422900 np0000007238 devstack@g-api.service[99741]: DEBUG glance.api.middleware.version_negotiation [None req-a20b6b93-c5c7-4bce-af69-fa5685d582d2 tempest-ServerBootFromVolumeStableRescueTest-1429444525 tempest-ServerBootFromVolumeStableRescueTest-1429444525-project-member] Determining version of request: GET /v2/images/6b043c0a-9b02-4ae1-b273-0345152429aa Accept: application/json {{(pid=99741) process_request /opt/stack/glance/glance/api/middleware/version_negotiation.py:44}}
Aug 13 17:27:20.423294 np0000007238 devstack@g-api.service[99741]: DEBUG glance.api.middleware.version_negotiation [None req-a20b6b93-c5c7-4bce-af69-fa5685d582d2 tempest-ServerBootFromVolumeStableRescueTest-1429444525 tempest-ServerBootFromVolumeStableRescueTest-1429444525-project-member] Using url versioning {{(pid=99741) process_request /opt/stack/glance/glance/api/middleware/version_negotiation.py:57}}
Aug 13 17:27:20.423294 np0000007238 devstack@g-api.service[99741]: DEBUG glance.api.middleware.version_negotiation [None req-a20b6b93-c5c7-4bce-af69-fa5685d582d2 tempest-ServerBootFromVolumeStableRescueTest-1429444525 tempest-ServerBootFromVolumeStableRescueTest-1429444525-project-member] Matched version: v2 {{(pid=99741) process_request /opt/stack/glance/glance/api/middleware/version_negotiation.py:69}}
Aug 13 17:27:20.423410 np0000007238 devstack@g-api.service[99741]: DEBUG glance.api.middleware.version_negotiation [None req-a20b6b93-c5c7-4bce-af69-fa5685d582d2 tempest-ServerBootFromVolumeStableRescueTest-1429444525 tempest-ServerBootFromVolumeStableRescueTest-1429444525-project-member] new path /v2/images/6b043c0a-9b02-4ae1-b273-0345152429aa {{(pid=99741) process_request /opt/stack/glance/glance/api/middleware/version_negotiation.py:70}}
Aug 13 17:27:20.439655 np0000007238 devstack@g-api.service[99741]: [pid: 99741|app: 0|req: 72/205] 127.0.0.1 () {40 vars in 838 bytes} [Thu Aug 13 17:27:20 2026] GET /v2/images/6b043c0a-9b02-4ae1-b273-0345152429aa => generated 649 bytes in 17 msecs (HTTP/1.1 200) 4 headers in 157 bytes (1 switches on core 0)
Aug 13 17:27:20.537867 np0000007238 devstack@g-api.service[99739]: DEBUG swiftclient [None req-94a1d79f-d7f0-42fd-a208-3b0ebae8dc4b tempest-ServerBootFromVolumeStableRescueTest-1429444525 tempest-ServerBootFromVolumeStableRescueTest-1429444525-project-member] REQ: curl -i https://10.4.3.129:8080/v1/AUTH_6ad7028374dc427a8327ba128c5c245f/glance -I -H "X-Auth-Token: gAAAAABqff54-zYN..." {{(pid=99739) http_log /opt/stack/data/venv/lib/python3.12/site-packages/swiftclient/client.py:160}}
Aug 13 17:27:20.538053 np0000007238 devstack@g-api.service[99739]: DEBUG swiftclient [None req-94a1d79f-d7f0-42fd-a208-3b0ebae8dc4b tempest-ServerBootFromVolumeStableRescueTest-1429444525 tempest-ServerBootFromVolumeStableRescueTest-1429444525-project-member] RESP STATUS: 204 No Content {{(pid=99739) http_log /opt/stack/data/venv/lib/python3.12/site-packages/swiftclient/client.py:161}}
Aug 13 17:27:20.538245 np0000007238 devstack@g-api.service[99739]: DEBUG swiftclient [None req-94a1d79f-d7f0-42fd-a208-3b0ebae8dc4b tempest-ServerBootFromVolumeStableRescueTest-1429444525 tempest-ServerBootFromVolumeStableRescueTest-1429444525-project-member] RESP HEADERS: {'Date': 'Thu, 13 Aug 2026 17:27:20 GMT', 'Server': 'Apache/2.4.58 (Ubuntu)', 'Content-Type': 'text/plain; charset=utf-8', 'X-Container-Object-Count': '8', 'X-Container-Bytes-Used': '702283776', 'X-Timestamp': '1786641787.77508', 'Last-Modified': 'Thu, 13 Aug 2026 17:23:08 GMT', 'Accept-Ranges': 'bytes', 'X-Storage-Policy': 'Policy-0', 'X-Container-Sharding': 'False', 'Vary': 'Accept', 'X-Trans-Id': 'txc400e9653a1644668c586-006a7dfe78', 'X-Openstack-Request-Id': 'txc400e9653a1644668c586-006a7dfe78', 'Connection': 'close'} {{(pid=99739) http_log /opt/stack/data/venv/lib/python3.12/site-packages/swiftclient/client.py:162}}
Aug 13 17:27:20.538449 np0000007238 devstack@g-api.service[99739]: DEBUG glance_store._drivers.swift.store [None req-94a1d79f-d7f0-42fd-a208-3b0ebae8dc4b tempest-ServerBootFromVolumeStableRescueTest-1429444525 tempest-ServerBootFromVolumeStableRescueTest-1429444525-project-member] Adding image object 'aaf105c4-3628-4d24-a331-1ebc392b884a' to Swift {{(pid=99739) add /opt/stack/data/venv/lib/python3.12/site-packages/glance_store/_drivers/swift/store.py:970}}
Aug 13 17:27:20.538584 np0000007238 devstack@g-api.service[99739]: DEBUG glance_store._drivers.swift.store [None req-94a1d79f-d7f0-42fd-a208-3b0ebae8dc4b tempest-ServerBootFromVolumeStableRescueTest-1429444525 tempest-ServerBootFromVolumeStableRescueTest-1429444525-project-member] Cannot determine image size because it is either not provided in the request or chunked-transfer encoding is used. Adding image as a segmented object to Swift. {{(pid=99739) add /opt/stack/data/venv/lib/python3.12/site-packages/glance_store/_drivers/swift/store.py:994}}
Aug 13 17:27:20.547652 np0000007238 devstack@g-api.service[99740]: DEBUG swiftclient [None req-0f5af5a8-1515-4302-83cf-e528f08bd5ad tempest-VolumesActionsTest-2143987480 tempest-VolumesActionsTest-2143987480-project-member] REQ: curl -i https://10.4.3.129:8080/v1/AUTH_6ad7028374dc427a8327ba128c5c245f/glance/6b043c0a-9b02-4ae1-b273-0345152429aa-00004 -X PUT -H "X-Auth-Token: gAAAAABqff5vnjI6..." {{(pid=99740) http_log /opt/stack/data/venv/lib/python3.12/site-packages/swiftclient/client.py:160}}
Aug 13 17:27:20.548053 np0000007238 devstack@g-api.service[99740]: DEBUG swiftclient [None req-0f5af5a8-1515-4302-83cf-e528f08bd5ad tempest-VolumesActionsTest-2143987480 tempest-VolumesActionsTest-2143987480-project-member] RESP STATUS: 201 Created {{(pid=99740) http_log /opt/stack/data/venv/lib/python3.12/site-packages/swiftclient/client.py:161}}
Aug 13 17:27:20.548053 np0000007238 devstack@g-api.service[99740]: DEBUG swiftclient [None req-0f5af5a8-1515-4302-83cf-e528f08bd5ad tempest-VolumesActionsTest-2143987480 tempest-VolumesActionsTest-2143987480-project-member] RESP HEADERS: {'Date': 'Thu, 13 Aug 2026 17:27:20 GMT', 'Server': 'Apache/2.4.58 (Ubuntu)', 'Content-Type': 'text/html; charset=UTF-8', 'Content-Length': '0', 'Etag': 'eda9a9889837ac4bc81d6387d92c1bec', 'Last-Modified': 'Thu, 13 Aug 2026 17:27:19 GMT', 'X-Trans-Id': 'txd19441d9d2e144ba8f965-006a7dfe76', 'X-Openstack-Request-Id': 'txd19441d9d2e144ba8f965-006a7dfe76', 'Connection': 'close'} {{(pid=99740) http_log /opt/stack/data/venv/lib/python3.12/site-packages/swiftclient/client.py:162}}
Aug 13 17:27:20.548176 np0000007238 devstack@g-api.service[99740]: DEBUG glance_store._drivers.swift.store [None req-0f5af5a8-1515-4302-83cf-e528f08bd5ad tempest-VolumesActionsTest-2143987480 tempest-VolumesActionsTest-2143987480-project-member] Wrote chunk 6b043c0a-9b02-4ae1-b273-0345152429aa-00004 (4/?) of length 204800000 to Swift returning MD5 of content: eda9a9889837ac4bc81d6387d92c1bec {{(pid=99740) add /opt/stack/data/venv/lib/python3.12/site-packages/glance_store/_drivers/swift/store.py:1059}}
Aug 13 17:27:20.548932 np0000007238 devstack@g-api.service[99739]: DEBUG oslo_utils.imageutils.format_inspector [None req-94a1d79f-d7f0-42fd-a208-3b0ebae8dc4b tempest-ServerBootFromVolumeStableRescueTest-1429444525 tempest-ServerBootFromVolumeStableRescueTest-1429444525-project-member] Format inspector for vmdk does not match, excluding from consideration (Signature KDMV not found: b'QFI\xfb') {{(pid=99739) _process_chunk /opt/stack/data/venv/lib/python3.12/site-packages/oslo_utils/imageutils/format_inspector.py:1758}}
Aug 13 17:27:20.549815 np0000007238 devstack@g-api.service[99741]: DEBUG glance.api.middleware.version_negotiation [None req-c5cc64d6-e3d5-4154-961a-15b017d36e05 tempest-VolumesActionsTest-2143987480 tempest-VolumesActionsTest-2143987480-project-member] Determining version of request: GET /v2/images/aaf105c4-3628-4d24-a331-1ebc392b884a Accept: application/json {{(pid=99741) process_request /opt/stack/glance/glance/api/middleware/version_negotiation.py:44}}
Aug 13 17:27:20.549988 np0000007238 devstack@g-api.service[99741]: DEBUG glance.api.middleware.version_negotiation [None req-c5cc64d6-e3d5-4154-961a-15b017d36e05 tempest-VolumesActionsTest-2143987480 tempest-VolumesActionsTest-2143987480-project-member] Using url versioning {{(pid=99741) process_request /opt/stack/glance/glance/api/middleware/version_negotiation.py:57}}
Aug 13 17:27:20.550160 np0000007238 devstack@g-api.service[99741]: DEBUG glance.api.middleware.version_negotiation [None req-c5cc64d6-e3d5-4154-961a-15b017d36e05 tempest-VolumesActionsTest-2143987480 tempest-VolumesActionsTest-2143987480-project-member] Matched version: v2 {{(pid=99741) process_request /opt/stack/glance/glance/api/middleware/version_negotiation.py:69}}
Aug 13 17:27:20.550658 np0000007238 devstack@g-api.service[99741]: DEBUG glance.api.middleware.version_negotiation [None req-c5cc64d6-e3d5-4154-961a-15b017d36e05 tempest-VolumesActionsTest-2143987480 tempest-VolumesActionsTest-2143987480-project-member] new path /v2/images/aaf105c4-3628-4d24-a331-1ebc392b884a {{(pid=99741) process_request /opt/stack/glance/glance/api/middleware/version_negotiation.py:70}}
Aug 13 17:27:20.551925 np0000007238 devstack@g-api.service[99739]: DEBUG oslo_utils.imageutils.format_inspector [None req-94a1d79f-d7f0-42fd-a208-3b0ebae8dc4b tempest-ServerBootFromVolumeStableRescueTest-1429444525 tempest-ServerBootFromVolumeStableRescueTest-1429444525-project-member] Format inspector for vhdx does not match, excluding from consideration (Region signature not found at 30000) {{(pid=99739) _process_chunk /opt/stack/data/venv/lib/python3.12/site-packages/oslo_utils/imageutils/format_inspector.py:1758}}
Aug 13 17:27:20.571626 np0000007238 devstack@g-api.service[99741]: [pid: 99741|app: 0|req: 73/206] 127.0.0.1 () {40 vars in 838 bytes} [Thu Aug 13 17:27:20 2026] GET /v2/images/aaf105c4-3628-4d24-a331-1ebc392b884a => generated 1470 bytes in 22 msecs (HTTP/1.1 200) 4 headers in 158 bytes (1 switches on core 0)
Aug 13 17:27:20.801125 np0000007238 devstack@g-api.service[99739]: DEBUG swiftclient [None req-94a1d79f-d7f0-42fd-a208-3b0ebae8dc4b tempest-ServerBootFromVolumeStableRescueTest-1429444525 tempest-ServerBootFromVolumeStableRescueTest-1429444525-project-member] REQ: curl -i https://10.4.3.129:8080/v1/AUTH_6ad7028374dc427a8327ba128c5c245f/glance/aaf105c4-3628-4d24-a331-1ebc392b884a-00001 -X PUT -H "X-Auth-Token: gAAAAABqff54-zYN..." {{(pid=99739) http_log /opt/stack/data/venv/lib/python3.12/site-packages/swiftclient/client.py:160}}
Aug 13 17:27:20.802887 np0000007238 devstack@g-api.service[99739]: DEBUG swiftclient [None req-94a1d79f-d7f0-42fd-a208-3b0ebae8dc4b tempest-ServerBootFromVolumeStableRescueTest-1429444525 tempest-ServerBootFromVolumeStableRescueTest-1429444525-project-member] RESP STATUS: 201 Created {{(pid=99739) http_log /opt/stack/data/venv/lib/python3.12/site-packages/swiftclient/client.py:161}}
Aug 13 17:27:20.802887 np0000007238 devstack@g-api.service[99739]: DEBUG swiftclient [None req-94a1d79f-d7f0-42fd-a208-3b0ebae8dc4b tempest-ServerBootFromVolumeStableRescueTest-1429444525 tempest-ServerBootFromVolumeStableRescueTest-1429444525-project-member] RESP HEADERS: {'Date': 'Thu, 13 Aug 2026 17:27:20 GMT', 'Server': 'Apache/2.4.58 (Ubuntu)', 'Content-Type': 'text/html; charset=UTF-8', 'Content-Length': '0', 'Etag': '4fa343ee581d8d2e78533191fd1ac3e1', 'Last-Modified': 'Thu, 13 Aug 2026 17:27:21 GMT', 'X-Trans-Id': 'tx2e684212ae49427fb28fc-006a7dfe78', 'X-Openstack-Request-Id': 'tx2e684212ae49427fb28fc-006a7dfe78', 'Connection': 'close'} {{(pid=99739) http_log /opt/stack/data/venv/lib/python3.12/site-packages/swiftclient/client.py:162}}
Aug 13 17:27:20.803194 np0000007238 devstack@g-api.service[99739]: DEBUG glance_store._drivers.swift.store [None req-94a1d79f-d7f0-42fd-a208-3b0ebae8dc4b tempest-ServerBootFromVolumeStableRescueTest-1429444525 tempest-ServerBootFromVolumeStableRescueTest-1429444525-project-member] Wrote chunk aaf105c4-3628-4d24-a331-1ebc392b884a-00001 (1/?) of length 23527424 to Swift returning MD5 of content: 4fa343ee581d8d2e78533191fd1ac3e1 {{(pid=99739) add /opt/stack/data/venv/lib/python3.12/site-packages/glance_store/_drivers/swift/store.py:1059}}
Aug 13 17:27:20.803348 np0000007238 devstack@g-api.service[99739]: DEBUG glance_store._drivers.swift.store [None req-94a1d79f-d7f0-42fd-a208-3b0ebae8dc4b tempest-ServerBootFromVolumeStableRescueTest-1429444525 tempest-ServerBootFromVolumeStableRescueTest-1429444525-project-member] Not writing zero-length chunk. {{(pid=99739) add /opt/stack/data/venv/lib/python3.12/site-packages/glance_store/_drivers/swift/store.py:1028}}
Aug 13 17:27:20.835603 np0000007238 devstack@g-api.service[99739]: DEBUG swiftclient [None req-94a1d79f-d7f0-42fd-a208-3b0ebae8dc4b tempest-ServerBootFromVolumeStableRescueTest-1429444525 tempest-ServerBootFromVolumeStableRescueTest-1429444525-project-member] REQ: curl -i https://10.4.3.129:8080/v1/AUTH_6ad7028374dc427a8327ba128c5c245f/glance/aaf105c4-3628-4d24-a331-1ebc392b884a -X PUT -H "X-Object-Manifest: glance/aaf105c4-3628-4d24-a331-1ebc392b884a-" -H "X-Auth-Token: gAAAAABqff54-zYN..." -H "Content-Length: 0" {{(pid=99739) http_log /opt/stack/data/venv/lib/python3.12/site-packages/swiftclient/client.py:160}}
Aug 13 17:27:20.835761 np0000007238 devstack@g-api.service[99739]: DEBUG swiftclient [None req-94a1d79f-d7f0-42fd-a208-3b0ebae8dc4b tempest-ServerBootFromVolumeStableRescueTest-1429444525 tempest-ServerBootFromVolumeStableRescueTest-1429444525-project-member] RESP STATUS: 201 Created {{(pid=99739) http_log /opt/stack/data/venv/lib/python3.12/site-packages/swiftclient/client.py:161}}
Aug 13 17:27:20.836008 np0000007238 devstack@g-api.service[99739]: DEBUG swiftclient [None req-94a1d79f-d7f0-42fd-a208-3b0ebae8dc4b tempest-ServerBootFromVolumeStableRescueTest-1429444525 tempest-ServerBootFromVolumeStableRescueTest-1429444525-project-member] RESP HEADERS: {'Date': 'Thu, 13 Aug 2026 17:27:20 GMT', 'Server': 'Apache/2.4.58 (Ubuntu)', 'Content-Type': 'text/html; charset=UTF-8', 'Content-Length': '0', 'Etag': 'd41d8cd98f00b204e9800998ecf8427e', 'Last-Modified': 'Thu, 13 Aug 2026 17:27:21 GMT', 'X-Trans-Id': 'txa259633b266f42248e25c-006a7dfe78', 'X-Openstack-Request-Id': 'txa259633b266f42248e25c-006a7dfe78', 'Connection': 'close'} {{(pid=99739) http_log /opt/stack/data/venv/lib/python3.12/site-packages/swiftclient/client.py:162}}
Aug 13 17:27:20.836602 np0000007238 devstack@g-api.service[99739]: INFO glance.location [None req-94a1d79f-d7f0-42fd-a208-3b0ebae8dc4b tempest-ServerBootFromVolumeStableRescueTest-1429444525 tempest-ServerBootFromVolumeStableRescueTest-1429444525-project-member] Image format matched and virtual size computed: 1073741824
Aug 13 17:27:20.880554 np0000007238 devstack@g-api.service[99739]: DEBUG glance_store.backend [None req-94a1d79f-d7f0-42fd-a208-3b0ebae8dc4b tempest-ServerBootFromVolumeStableRescueTest-1429444525 tempest-ServerBootFromVolumeStableRescueTest-1429444525-project-member] Attempting to import store swift {{(pid=99739) _load_store /opt/stack/data/venv/lib/python3.12/site-packages/glance_store/backend.py:215}}
Aug 13 17:27:20.880554 np0000007238 devstack@g-api.service[99739]: DEBUG glance_store.capabilities [None req-94a1d79f-d7f0-42fd-a208-3b0ebae8dc4b tempest-ServerBootFromVolumeStableRescueTest-1429444525 tempest-ServerBootFromVolumeStableRescueTest-1429444525-project-member] Store glance_store._drivers.swift.store.SingleTenantStore doesn't support updating dynamic storage capabilities. Please overwrite 'update_capabilities' method of the store to implement updating logics if needed. {{(pid=99739) update_capabilities /opt/stack/data/venv/lib/python3.12/site-packages/glance_store/capabilities.py:91}}
Aug 13 17:27:20.880554 np0000007238 devstack@g-api.service[99739]: DEBUG glance_store.driver [None req-94a1d79f-d7f0-42fd-a208-3b0ebae8dc4b tempest-ServerBootFromVolumeStableRescueTest-1429444525 tempest-ServerBootFromVolumeStableRescueTest-1429444525-project-member] Late loading location class glance_store._drivers.swift.store.StoreLocation {{(pid=99739) get_store_location_class /opt/stack/data/venv/lib/python3.12/site-packages/glance_store/driver.py:134}}
Aug 13 17:27:20.880739 np0000007238 devstack@g-api.service[99739]: DEBUG glance_store.location [None req-94a1d79f-d7f0-42fd-a208-3b0ebae8dc4b tempest-ServerBootFromVolumeStableRescueTest-1429444525 tempest-ServerBootFromVolumeStableRescueTest-1429444525-project-member] Registering scheme swift+https with {'store': , 'location_class': , 'store_entry': 'swift'} {{(pid=99739) register_scheme_map /opt/stack/data/venv/lib/python3.12/site-packages/glance_store/location.py:146}}
Aug 13 17:27:20.880739 np0000007238 devstack@g-api.service[99739]: DEBUG glance_store.location [None req-94a1d79f-d7f0-42fd-a208-3b0ebae8dc4b tempest-ServerBootFromVolumeStableRescueTest-1429444525 tempest-ServerBootFromVolumeStableRescueTest-1429444525-project-member] Registering scheme swift+https with {'store': , 'location_class': , 'store_entry': 'swift'} {{(pid=99739) register_scheme_map /opt/stack/data/venv/lib/python3.12/site-packages/glance_store/location.py:146}}
Aug 13 17:27:20.880739 np0000007238 devstack@g-api.service[99739]: DEBUG glance_store.location [None req-94a1d79f-d7f0-42fd-a208-3b0ebae8dc4b tempest-ServerBootFromVolumeStableRescueTest-1429444525 tempest-ServerBootFromVolumeStableRescueTest-1429444525-project-member] Registering scheme swift with {'store': , 'location_class': , 'store_entry': 'swift'} {{(pid=99739) register_scheme_map /opt/stack/data/venv/lib/python3.12/site-packages/glance_store/location.py:146}}
Aug 13 17:27:20.880876 np0000007238 devstack@g-api.service[99739]: DEBUG glance_store.location [None req-94a1d79f-d7f0-42fd-a208-3b0ebae8dc4b tempest-ServerBootFromVolumeStableRescueTest-1429444525 tempest-ServerBootFromVolumeStableRescueTest-1429444525-project-member] Registering scheme swift+https with {'store': , 'location_class': , 'store_entry': 'swift'} {{(pid=99739) register_scheme_map /opt/stack/data/venv/lib/python3.12/site-packages/glance_store/location.py:146}}
Aug 13 17:27:20.880876 np0000007238 devstack@g-api.service[99739]: DEBUG glance_store.location [None req-94a1d79f-d7f0-42fd-a208-3b0ebae8dc4b tempest-ServerBootFromVolumeStableRescueTest-1429444525 tempest-ServerBootFromVolumeStableRescueTest-1429444525-project-member] Registering scheme swift with {'store': , 'location_class': , 'store_entry': 'swift'} {{(pid=99739) register_scheme_map /opt/stack/data/venv/lib/python3.12/site-packages/glance_store/location.py:146}}
Aug 13 17:27:20.880932 np0000007238 devstack@g-api.service[99739]: DEBUG glance_store.location [None req-94a1d79f-d7f0-42fd-a208-3b0ebae8dc4b tempest-ServerBootFromVolumeStableRescueTest-1429444525 tempest-ServerBootFromVolumeStableRescueTest-1429444525-project-member] Registering scheme swift+http with {'store': , 'location_class': , 'store_entry': 'swift'} {{(pid=99739) register_scheme_map /opt/stack/data/venv/lib/python3.12/site-packages/glance_store/location.py:146}}
Aug 13 17:27:20.881023 np0000007238 devstack@g-api.service[99739]: DEBUG glance_store.location [None req-94a1d79f-d7f0-42fd-a208-3b0ebae8dc4b tempest-ServerBootFromVolumeStableRescueTest-1429444525 tempest-ServerBootFromVolumeStableRescueTest-1429444525-project-member] Registering scheme swift+https with {'store': , 'location_class': , 'store_entry': 'swift'} {{(pid=99739) register_scheme_map /opt/stack/data/venv/lib/python3.12/site-packages/glance_store/location.py:146}}
Aug 13 17:27:20.881093 np0000007238 devstack@g-api.service[99739]: DEBUG glance_store.location [None req-94a1d79f-d7f0-42fd-a208-3b0ebae8dc4b tempest-ServerBootFromVolumeStableRescueTest-1429444525 tempest-ServerBootFromVolumeStableRescueTest-1429444525-project-member] Registering scheme swift with {'store': , 'location_class': , 'store_entry': 'swift'} {{(pid=99739) register_scheme_map /opt/stack/data/venv/lib/python3.12/site-packages/glance_store/location.py:146}}
Aug 13 17:27:20.881161 np0000007238 devstack@g-api.service[99739]: DEBUG glance_store.location [None req-94a1d79f-d7f0-42fd-a208-3b0ebae8dc4b tempest-ServerBootFromVolumeStableRescueTest-1429444525 tempest-ServerBootFromVolumeStableRescueTest-1429444525-project-member] Registering scheme swift+http with {'store': , 'location_class': , 'store_entry': 'swift'} {{(pid=99739) register_scheme_map /opt/stack/data/venv/lib/python3.12/site-packages/glance_store/location.py:146}}
Aug 13 17:27:20.881274 np0000007238 devstack@g-api.service[99739]: DEBUG glance_store.location [None req-94a1d79f-d7f0-42fd-a208-3b0ebae8dc4b tempest-ServerBootFromVolumeStableRescueTest-1429444525 tempest-ServerBootFromVolumeStableRescueTest-1429444525-project-member] Registering scheme swift+config with {'store': , 'location_class': , 'store_entry': 'swift'} {{(pid=99739) register_scheme_map /opt/stack/data/venv/lib/python3.12/site-packages/glance_store/location.py:146}}
Aug 13 17:27:20.881325 np0000007238 devstack@g-api.service[99739]: DEBUG glance_store.backend [None req-94a1d79f-d7f0-42fd-a208-3b0ebae8dc4b tempest-ServerBootFromVolumeStableRescueTest-1429444525 tempest-ServerBootFromVolumeStableRescueTest-1429444525-project-member] Skipping store.set_acls... not implemented. {{(pid=99739) set_acls /opt/stack/data/venv/lib/python3.12/site-packages/glance_store/backend.py:507}}
Aug 13 17:27:20.883355 np0000007238 devstack@g-api.service[99739]: [pid: 99739|app: 0|req: 69/207] 127.0.0.1 () {46 vars in 1158 bytes} [Thu Aug 13 17:27:19 2026] PUT /v2/images/aaf105c4-3628-4d24-a331-1ebc392b884a/file => generated 0 bytes in 1773 msecs (HTTP/1.1 204) 4 headers in 171 bytes (1 switches on core 0)
Aug 13 17:27:20.918227 np0000007238 devstack@g-api.service[99741]: DEBUG glance.api.middleware.version_negotiation [None req-c2bc2cee-556a-46db-807f-077a2e40a0af tempest-ServerBootFromVolumeStableRescueTest-1429444525 tempest-ServerBootFromVolumeStableRescueTest-1429444525-project-member] Determining version of request: GET /v2/images/aaf105c4-3628-4d24-a331-1ebc392b884a Accept: */* {{(pid=99741) process_request /opt/stack/glance/glance/api/middleware/version_negotiation.py:44}}
Aug 13 17:27:20.918418 np0000007238 devstack@g-api.service[99741]: DEBUG glance.api.middleware.version_negotiation [None req-c2bc2cee-556a-46db-807f-077a2e40a0af tempest-ServerBootFromVolumeStableRescueTest-1429444525 tempest-ServerBootFromVolumeStableRescueTest-1429444525-project-member] Using url versioning {{(pid=99741) process_request /opt/stack/glance/glance/api/middleware/version_negotiation.py:57}}
Aug 13 17:27:20.918630 np0000007238 devstack@g-api.service[99741]: DEBUG glance.api.middleware.version_negotiation [None req-c2bc2cee-556a-46db-807f-077a2e40a0af tempest-ServerBootFromVolumeStableRescueTest-1429444525 tempest-ServerBootFromVolumeStableRescueTest-1429444525-project-member] Matched version: v2 {{(pid=99741) process_request /opt/stack/glance/glance/api/middleware/version_negotiation.py:69}}
Aug 13 17:27:20.918794 np0000007238 devstack@g-api.service[99741]: DEBUG glance.api.middleware.version_negotiation [None req-c2bc2cee-556a-46db-807f-077a2e40a0af tempest-ServerBootFromVolumeStableRescueTest-1429444525 tempest-ServerBootFromVolumeStableRescueTest-1429444525-project-member] new path /v2/images/aaf105c4-3628-4d24-a331-1ebc392b884a {{(pid=99741) process_request /opt/stack/glance/glance/api/middleware/version_negotiation.py:70}}
Aug 13 17:27:20.934774 np0000007238 devstack@g-api.service[99741]: [pid: 99741|app: 0|req: 74/208] 127.0.0.1 () {44 vars in 1115 bytes} [Thu Aug 13 17:27:20 2026] GET /v2/images/aaf105c4-3628-4d24-a331-1ebc392b884a => generated 1640 bytes in 17 msecs (HTTP/1.1 200) 4 headers in 158 bytes (1 switches on core 0)
Aug 13 17:27:20.980924 np0000007238 devstack@g-api.service[99739]: DEBUG glance.api.middleware.version_negotiation [None req-94a1d79f-d7f0-42fd-a208-3b0ebae8dc4b tempest-ServerBootFromVolumeStableRescueTest-1429444525 tempest-ServerBootFromVolumeStableRescueTest-1429444525-project-member] Determining version of request: GET /v2/schemas/image Accept: */* {{(pid=99739) process_request /opt/stack/glance/glance/api/middleware/version_negotiation.py:44}}
Aug 13 17:27:20.980924 np0000007238 devstack@g-api.service[99739]: DEBUG glance.api.middleware.version_negotiation [None req-94a1d79f-d7f0-42fd-a208-3b0ebae8dc4b tempest-ServerBootFromVolumeStableRescueTest-1429444525 tempest-ServerBootFromVolumeStableRescueTest-1429444525-project-member] Using url versioning {{(pid=99739) process_request /opt/stack/glance/glance/api/middleware/version_negotiation.py:57}}
Aug 13 17:27:20.980924 np0000007238 devstack@g-api.service[99739]: DEBUG glance.api.middleware.version_negotiation [None req-94a1d79f-d7f0-42fd-a208-3b0ebae8dc4b tempest-ServerBootFromVolumeStableRescueTest-1429444525 tempest-ServerBootFromVolumeStableRescueTest-1429444525-project-member] Matched version: v2 {{(pid=99739) process_request /opt/stack/glance/glance/api/middleware/version_negotiation.py:69}}
Aug 13 17:27:20.980924 np0000007238 devstack@g-api.service[99739]: DEBUG glance.api.middleware.version_negotiation [None req-94a1d79f-d7f0-42fd-a208-3b0ebae8dc4b tempest-ServerBootFromVolumeStableRescueTest-1429444525 tempest-ServerBootFromVolumeStableRescueTest-1429444525-project-member] new path /v2/schemas/image {{(pid=99739) process_request /opt/stack/glance/glance/api/middleware/version_negotiation.py:70}}
Aug 13 17:27:20.983268 np0000007238 devstack@g-api.service[99739]: [pid: 99739|app: 0|req: 70/209] 127.0.0.1 () {44 vars in 1055 bytes} [Thu Aug 13 17:27:20 2026] GET /v2/schemas/image => generated 6083 bytes in 4 msecs (HTTP/1.1 200) 4 headers in 158 bytes (1 switches on core 0)
Aug 13 17:27:21.448064 np0000007238 devstack@g-api.service[99741]: DEBUG glance.api.middleware.version_negotiation [None req-94a1d79f-d7f0-42fd-a208-3b0ebae8dc4b tempest-ServerBootFromVolumeStableRescueTest-1429444525 tempest-ServerBootFromVolumeStableRescueTest-1429444525-project-member] Determining version of request: GET /v2/images/6b043c0a-9b02-4ae1-b273-0345152429aa Accept: application/json {{(pid=99741) process_request /opt/stack/glance/glance/api/middleware/version_negotiation.py:44}}
Aug 13 17:27:21.448556 np0000007238 devstack@g-api.service[99741]: DEBUG glance.api.middleware.version_negotiation [None req-94a1d79f-d7f0-42fd-a208-3b0ebae8dc4b tempest-ServerBootFromVolumeStableRescueTest-1429444525 tempest-ServerBootFromVolumeStableRescueTest-1429444525-project-member] Using url versioning {{(pid=99741) process_request /opt/stack/glance/glance/api/middleware/version_negotiation.py:57}}
