Aug 13 17:27:09.502321 np0000007238 devstack@g-api.service[99741]: DEBUG glance.api.middleware.version_negotiation [None req-12fe642c-b325-476f-b094-b54bc9e6dea6 tempest-ServerBootFromVolumeStableRescueTest-1429444525 tempest-ServerBootFromVolumeStableRescueTest-1429444525-project-member] Matched version: v2 {{(pid=99741) process_request /opt/stack/glance/glance/api/middleware/version_negotiation.py:69}}
Aug 13 17:27:09.502425 np0000007238 devstack@g-api.service[99741]: DEBUG glance.api.middleware.version_negotiation [None req-12fe642c-b325-476f-b094-b54bc9e6dea6 tempest-ServerBootFromVolumeStableRescueTest-1429444525 tempest-ServerBootFromVolumeStableRescueTest-1429444525-project-member] new path /v2/schemas/image {{(pid=99741) process_request /opt/stack/glance/glance/api/middleware/version_negotiation.py:70}}
Aug 13 17:27:09.504801 np0000007238 devstack@g-api.service[99741]: [pid: 99741|app: 0|req: 59/180] 127.0.0.1 () {44 vars in 1055 bytes} [Thu Aug 13 17:27:09 2026] GET /v2/schemas/image => generated 6083 bytes in 3 msecs (HTTP/1.1 200) 4 headers in 158 bytes (1 switches on core 0)
Aug 13 17:27:10.097876 np0000007238 devstack@g-api.service[99740]: [pid: 99740|app: 0|req: 65/181] 127.0.0.1 () {46 vars in 1055 bytes} [Thu Aug 13 17:27:09 2026] POST /v2/images => generated 649 bytes in 621 msecs (HTTP/1.1 201) 6 headers in 315 bytes (1 switches on core 0)
Aug 13 17:27:10.112556 np0000007238 devstack@g-api.service[99739]: DEBUG glance.api.middleware.version_negotiation [None req-0f5af5a8-1515-4302-83cf-e528f08bd5ad tempest-VolumesActionsTest-2143987480 tempest-VolumesActionsTest-2143987480-project-member] Determining version of request: GET /v2/schemas/image Accept: */* {{(pid=99739) process_request /opt/stack/glance/glance/api/middleware/version_negotiation.py:44}}
Aug 13 17:27:10.112742 np0000007238 devstack@g-api.service[99739]: DEBUG glance.api.middleware.version_negotiation [None req-0f5af5a8-1515-4302-83cf-e528f08bd5ad tempest-VolumesActionsTest-2143987480 tempest-VolumesActionsTest-2143987480-project-member] Using url versioning {{(pid=99739) process_request /opt/stack/glance/glance/api/middleware/version_negotiation.py:57}}
Aug 13 17:27:10.112868 np0000007238 devstack@g-api.service[99739]: DEBUG glance.api.middleware.version_negotiation [None req-0f5af5a8-1515-4302-83cf-e528f08bd5ad tempest-VolumesActionsTest-2143987480 tempest-VolumesActionsTest-2143987480-project-member] Matched version: v2 {{(pid=99739) process_request /opt/stack/glance/glance/api/middleware/version_negotiation.py:69}}
Aug 13 17:27:10.112980 np0000007238 devstack@g-api.service[99739]: DEBUG glance.api.middleware.version_negotiation [None req-0f5af5a8-1515-4302-83cf-e528f08bd5ad tempest-VolumesActionsTest-2143987480 tempest-VolumesActionsTest-2143987480-project-member] new path /v2/schemas/image {{(pid=99739) process_request /opt/stack/glance/glance/api/middleware/version_negotiation.py:70}}
Aug 13 17:27:10.115819 np0000007238 devstack@g-api.service[99739]: [pid: 99739|app: 0|req: 58/182] 127.0.0.1 () {44 vars in 1055 bytes} [Thu Aug 13 17:27:10 2026] GET /v2/schemas/image => generated 6083 bytes in 3 msecs (HTTP/1.1 200) 4 headers in 158 bytes (1 switches on core 0)
Aug 13 17:27:10.132177 np0000007238 devstack@g-api.service[99741]: DEBUG glance.api.middleware.version_negotiation [None req-12fe642c-b325-476f-b094-b54bc9e6dea6 tempest-ServerBootFromVolumeStableRescueTest-1429444525 tempest-ServerBootFromVolumeStableRescueTest-1429444525-project-member] Determining version of request: GET /v2/images/6b043c0a-9b02-4ae1-b273-0345152429aa Accept: application/json {{(pid=99741) process_request /opt/stack/glance/glance/api/middleware/version_negotiation.py:44}}
Aug 13 17:27:10.132415 np0000007238 devstack@g-api.service[99741]: DEBUG glance.api.middleware.version_negotiation [None req-12fe642c-b325-476f-b094-b54bc9e6dea6 tempest-ServerBootFromVolumeStableRescueTest-1429444525 tempest-ServerBootFromVolumeStableRescueTest-1429444525-project-member] Using url versioning {{(pid=99741) process_request /opt/stack/glance/glance/api/middleware/version_negotiation.py:57}}
Aug 13 17:27:10.132770 np0000007238 devstack@g-api.service[99741]: DEBUG glance.api.middleware.version_negotiation [None req-12fe642c-b325-476f-b094-b54bc9e6dea6 tempest-ServerBootFromVolumeStableRescueTest-1429444525 tempest-ServerBootFromVolumeStableRescueTest-1429444525-project-member] Matched version: v2 {{(pid=99741) process_request /opt/stack/glance/glance/api/middleware/version_negotiation.py:69}}
Aug 13 17:27:10.133127 np0000007238 devstack@g-api.service[99741]: DEBUG glance.api.middleware.version_negotiation [None req-12fe642c-b325-476f-b094-b54bc9e6dea6 tempest-ServerBootFromVolumeStableRescueTest-1429444525 tempest-ServerBootFromVolumeStableRescueTest-1429444525-project-member] new path /v2/images/6b043c0a-9b02-4ae1-b273-0345152429aa {{(pid=99741) process_request /opt/stack/glance/glance/api/middleware/version_negotiation.py:70}}
Aug 13 17:27:10.142723 np0000007238 devstack@g-api.service[99741]: [pid: 99741|app: 0|req: 60/183] 127.0.0.1 () {40 vars in 838 bytes} [Thu Aug 13 17:27:10 2026] GET /v2/images/6b043c0a-9b02-4ae1-b273-0345152429aa => generated 649 bytes in 11 msecs (HTTP/1.1 200) 4 headers in 157 bytes (1 switches on core 0)
Aug 13 17:27:10.393008 np0000007238 devstack@g-api.service[99740]: DEBUG glance.api.middleware.version_negotiation [None req-0f5af5a8-1515-4302-83cf-e528f08bd5ad tempest-VolumesActionsTest-2143987480 tempest-VolumesActionsTest-2143987480-project-member] Determining version of request: PUT /v2/images/6b043c0a-9b02-4ae1-b273-0345152429aa/file Accept: */* {{(pid=99740) process_request /opt/stack/glance/glance/api/middleware/version_negotiation.py:44}}
Aug 13 17:27:10.393184 np0000007238 devstack@g-api.service[99740]: DEBUG glance.api.middleware.version_negotiation [None req-0f5af5a8-1515-4302-83cf-e528f08bd5ad tempest-VolumesActionsTest-2143987480 tempest-VolumesActionsTest-2143987480-project-member] Using url versioning {{(pid=99740) process_request /opt/stack/glance/glance/api/middleware/version_negotiation.py:57}}
Aug 13 17:27:10.393353 np0000007238 devstack@g-api.service[99740]: DEBUG glance.api.middleware.version_negotiation [None req-0f5af5a8-1515-4302-83cf-e528f08bd5ad tempest-VolumesActionsTest-2143987480 tempest-VolumesActionsTest-2143987480-project-member] Matched version: v2 {{(pid=99740) process_request /opt/stack/glance/glance/api/middleware/version_negotiation.py:69}}
Aug 13 17:27:10.393485 np0000007238 devstack@g-api.service[99740]: DEBUG glance.api.middleware.version_negotiation [None req-0f5af5a8-1515-4302-83cf-e528f08bd5ad tempest-VolumesActionsTest-2143987480 tempest-VolumesActionsTest-2143987480-project-member] new path /v2/images/6b043c0a-9b02-4ae1-b273-0345152429aa/file {{(pid=99740) process_request /opt/stack/glance/glance/api/middleware/version_negotiation.py:70}}
Aug 13 17:27:10.950049 np0000007238 devstack@g-api.service[99740]: INFO glance.api.v2.image_data [None req-0f5af5a8-1515-4302-83cf-e528f08bd5ad tempest-VolumesActionsTest-2143987480 tempest-VolumesActionsTest-2143987480-project-member] Unable to create trust: no such option collect_timing in group [keystone_authtoken] Use the existing user token.
Aug 13 17:27:11.151855 np0000007238 devstack@g-api.service[99739]: DEBUG glance.api.middleware.version_negotiation [None req-0f5af5a8-1515-4302-83cf-e528f08bd5ad tempest-VolumesActionsTest-2143987480 tempest-VolumesActionsTest-2143987480-project-member] Determining version of request: GET /v2/images/6b043c0a-9b02-4ae1-b273-0345152429aa Accept: application/json {{(pid=99739) process_request /opt/stack/glance/glance/api/middleware/version_negotiation.py:44}}
Aug 13 17:27:11.153401 np0000007238 devstack@g-api.service[99739]: DEBUG glance.api.middleware.version_negotiation [None req-0f5af5a8-1515-4302-83cf-e528f08bd5ad tempest-VolumesActionsTest-2143987480 tempest-VolumesActionsTest-2143987480-project-member] Using url versioning {{(pid=99739) process_request /opt/stack/glance/glance/api/middleware/version_negotiation.py:57}}
Aug 13 17:27:11.153628 np0000007238 devstack@g-api.service[99739]: DEBUG glance.api.middleware.version_negotiation [None req-0f5af5a8-1515-4302-83cf-e528f08bd5ad tempest-VolumesActionsTest-2143987480 tempest-VolumesActionsTest-2143987480-project-member] Matched version: v2 {{(pid=99739) process_request /opt/stack/glance/glance/api/middleware/version_negotiation.py:69}}
Aug 13 17:27:11.153772 np0000007238 devstack@g-api.service[99739]: DEBUG glance.api.middleware.version_negotiation [None req-0f5af5a8-1515-4302-83cf-e528f08bd5ad tempest-VolumesActionsTest-2143987480 tempest-VolumesActionsTest-2143987480-project-member] new path /v2/images/6b043c0a-9b02-4ae1-b273-0345152429aa {{(pid=99739) process_request /opt/stack/glance/glance/api/middleware/version_negotiation.py:70}}
Aug 13 17:27:11.170583 np0000007238 devstack@g-api.service[99739]: [pid: 99739|app: 0|req: 59/184] 127.0.0.1 () {40 vars in 838 bytes} [Thu Aug 13 17:27:11 2026] GET /v2/images/6b043c0a-9b02-4ae1-b273-0345152429aa => generated 649 bytes in 19 msecs (HTTP/1.1 200) 4 headers in 157 bytes (1 switches on core 0)
Aug 13 17:27:11.847745 np0000007238 devstack@g-api.service[99740]: DEBUG glance.location [None req-0f5af5a8-1515-4302-83cf-e528f08bd5ad tempest-VolumesActionsTest-2143987480 tempest-VolumesActionsTest-2143987480-project-member] Enabling in-flight format inspection for raw {{(pid=99740) set_data /opt/stack/glance/glance/location.py:596}}
Aug 13 17:27:11.848121 np0000007238 devstack@g-api.service[99740]: DEBUG glance_store.backend [None req-0f5af5a8-1515-4302-83cf-e528f08bd5ad tempest-VolumesActionsTest-2143987480 tempest-VolumesActionsTest-2143987480-project-member] Attempting to import store swift {{(pid=99740) _load_store /opt/stack/data/venv/lib/python3.12/site-packages/glance_store/backend.py:215}}
Aug 13 17:27:11.852067 np0000007238 devstack@g-api.service[99740]: DEBUG glance_store.capabilities [None req-0f5af5a8-1515-4302-83cf-e528f08bd5ad tempest-VolumesActionsTest-2143987480 tempest-VolumesActionsTest-2143987480-project-member] Store glance_store._drivers.swift.store.SingleTenantStore doesn't support updating dynamic storage capabilities. Please overwrite 'update_capabilities' method of the store to implement updating logics if needed. {{(pid=99740) update_capabilities /opt/stack/data/venv/lib/python3.12/site-packages/glance_store/capabilities.py:91}}
Aug 13 17:27:11.852067 np0000007238 devstack@g-api.service[99740]: DEBUG glance_store.driver [None req-0f5af5a8-1515-4302-83cf-e528f08bd5ad tempest-VolumesActionsTest-2143987480 tempest-VolumesActionsTest-2143987480-project-member] Late loading location class glance_store._drivers.swift.store.StoreLocation {{(pid=99740) get_store_location_class /opt/stack/data/venv/lib/python3.12/site-packages/glance_store/driver.py:134}}
Aug 13 17:27:11.852067 np0000007238 devstack@g-api.service[99740]: DEBUG glance_store.location [None req-0f5af5a8-1515-4302-83cf-e528f08bd5ad tempest-VolumesActionsTest-2143987480 tempest-VolumesActionsTest-2143987480-project-member] Registering scheme swift+https with {'store': , 'location_class': , 'store_entry': 'swift'} {{(pid=99740) register_scheme_map /opt/stack/data/venv/lib/python3.12/site-packages/glance_store/location.py:146}}
Aug 13 17:27:11.852067 np0000007238 devstack@g-api.service[99740]: DEBUG glance_store.location [None req-0f5af5a8-1515-4302-83cf-e528f08bd5ad tempest-VolumesActionsTest-2143987480 tempest-VolumesActionsTest-2143987480-project-member] Registering scheme swift+https with {'store': , 'location_class': , 'store_entry': 'swift'} {{(pid=99740) register_scheme_map /opt/stack/data/venv/lib/python3.12/site-packages/glance_store/location.py:146}}
Aug 13 17:27:11.852067 np0000007238 devstack@g-api.service[99740]: DEBUG glance_store.location [None req-0f5af5a8-1515-4302-83cf-e528f08bd5ad tempest-VolumesActionsTest-2143987480 tempest-VolumesActionsTest-2143987480-project-member] Registering scheme swift with {'store': , 'location_class': , 'store_entry': 'swift'} {{(pid=99740) register_scheme_map /opt/stack/data/venv/lib/python3.12/site-packages/glance_store/location.py:146}}
Aug 13 17:27:11.852067 np0000007238 devstack@g-api.service[99740]: DEBUG glance_store.location [None req-0f5af5a8-1515-4302-83cf-e528f08bd5ad tempest-VolumesActionsTest-2143987480 tempest-VolumesActionsTest-2143987480-project-member] Registering scheme swift+https with {'store': , 'location_class': , 'store_entry': 'swift'} {{(pid=99740) register_scheme_map /opt/stack/data/venv/lib/python3.12/site-packages/glance_store/location.py:146}}
Aug 13 17:27:11.852067 np0000007238 devstack@g-api.service[99740]: DEBUG glance_store.location [None req-0f5af5a8-1515-4302-83cf-e528f08bd5ad tempest-VolumesActionsTest-2143987480 tempest-VolumesActionsTest-2143987480-project-member] Registering scheme swift with {'store': , 'location_class': , 'store_entry': 'swift'} {{(pid=99740) register_scheme_map /opt/stack/data/venv/lib/python3.12/site-packages/glance_store/location.py:146}}
Aug 13 17:27:11.852067 np0000007238 devstack@g-api.service[99740]: DEBUG glance_store.location [None req-0f5af5a8-1515-4302-83cf-e528f08bd5ad tempest-VolumesActionsTest-2143987480 tempest-VolumesActionsTest-2143987480-project-member] Registering scheme swift+http with {'store': , 'location_class': , 'store_entry': 'swift'} {{(pid=99740) register_scheme_map /opt/stack/data/venv/lib/python3.12/site-packages/glance_store/location.py:146}}
Aug 13 17:27:11.852067 np0000007238 devstack@g-api.service[99740]: DEBUG glance_store.location [None req-0f5af5a8-1515-4302-83cf-e528f08bd5ad tempest-VolumesActionsTest-2143987480 tempest-VolumesActionsTest-2143987480-project-member] Registering scheme swift+https with {'store': , 'location_class': , 'store_entry': 'swift'} {{(pid=99740) register_scheme_map /opt/stack/data/venv/lib/python3.12/site-packages/glance_store/location.py:146}}
Aug 13 17:27:11.852067 np0000007238 devstack@g-api.service[99740]: DEBUG glance_store.location [None req-0f5af5a8-1515-4302-83cf-e528f08bd5ad tempest-VolumesActionsTest-2143987480 tempest-VolumesActionsTest-2143987480-project-member] Registering scheme swift with {'store': , 'location_class': , 'store_entry': 'swift'} {{(pid=99740) register_scheme_map /opt/stack/data/venv/lib/python3.12/site-packages/glance_store/location.py:146}}
Aug 13 17:27:11.852067 np0000007238 devstack@g-api.service[99740]: DEBUG glance_store.location [None req-0f5af5a8-1515-4302-83cf-e528f08bd5ad tempest-VolumesActionsTest-2143987480 tempest-VolumesActionsTest-2143987480-project-member] Registering scheme swift+http with {'store': , 'location_class': , 'store_entry': 'swift'} {{(pid=99740) register_scheme_map /opt/stack/data/venv/lib/python3.12/site-packages/glance_store/location.py:146}}
Aug 13 17:27:11.852686 np0000007238 devstack@g-api.service[99740]: DEBUG glance_store.location [None req-0f5af5a8-1515-4302-83cf-e528f08bd5ad tempest-VolumesActionsTest-2143987480 tempest-VolumesActionsTest-2143987480-project-member] Registering scheme swift+config with {'store': , 'location_class': , 'store_entry': 'swift'} {{(pid=99740) register_scheme_map /opt/stack/data/venv/lib/python3.12/site-packages/glance_store/location.py:146}}
Aug 13 17:27:12.179974 np0000007238 devstack@g-api.service[99741]: DEBUG glance.api.middleware.version_negotiation [None req-0837bc08-8aad-4c6a-b3ed-cb8b24569a01 tempest-VolumesActionsTest-2143987480 tempest-VolumesActionsTest-2143987480-project-member] Determining version of request: GET /v2/images/6b043c0a-9b02-4ae1-b273-0345152429aa Accept: application/json {{(pid=99741) process_request /opt/stack/glance/glance/api/middleware/version_negotiation.py:44}}
Aug 13 17:27:12.180435 np0000007238 devstack@g-api.service[99741]: DEBUG glance.api.middleware.version_negotiation [None req-0837bc08-8aad-4c6a-b3ed-cb8b24569a01 tempest-VolumesActionsTest-2143987480 tempest-VolumesActionsTest-2143987480-project-member] Using url versioning {{(pid=99741) process_request /opt/stack/glance/glance/api/middleware/version_negotiation.py:57}}
Aug 13 17:27:12.180435 np0000007238 devstack@g-api.service[99741]: DEBUG glance.api.middleware.version_negotiation [None req-0837bc08-8aad-4c6a-b3ed-cb8b24569a01 tempest-VolumesActionsTest-2143987480 tempest-VolumesActionsTest-2143987480-project-member] Matched version: v2 {{(pid=99741) process_request /opt/stack/glance/glance/api/middleware/version_negotiation.py:69}}
Aug 13 17:27:12.180524 np0000007238 devstack@g-api.service[99741]: DEBUG glance.api.middleware.version_negotiation [None req-0837bc08-8aad-4c6a-b3ed-cb8b24569a01 tempest-VolumesActionsTest-2143987480 tempest-VolumesActionsTest-2143987480-project-member] new path /v2/images/6b043c0a-9b02-4ae1-b273-0345152429aa {{(pid=99741) process_request /opt/stack/glance/glance/api/middleware/version_negotiation.py:70}}
Aug 13 17:27:12.196489 np0000007238 devstack@g-api.service[99741]: [pid: 99741|app: 0|req: 61/185] 127.0.0.1 () {40 vars in 838 bytes} [Thu Aug 13 17:27:12 2026] GET /v2/images/6b043c0a-9b02-4ae1-b273-0345152429aa => generated 649 bytes in 17 msecs (HTTP/1.1 200) 4 headers in 157 bytes (1 switches on core 0)
Aug 13 17:27:12.350370 np0000007238 devstack@g-api.service[99740]: DEBUG swiftclient [None req-0f5af5a8-1515-4302-83cf-e528f08bd5ad tempest-VolumesActionsTest-2143987480 tempest-VolumesActionsTest-2143987480-project-member] REQ: curl -i https://10.4.3.129:8080/v1/AUTH_6ad7028374dc427a8327ba128c5c245f/glance -I -H "X-Auth-Token: gAAAAABqff5vnjI6..." {{(pid=99740) http_log /opt/stack/data/venv/lib/python3.12/site-packages/swiftclient/client.py:160}}
Aug 13 17:27:12.350370 np0000007238 devstack@g-api.service[99740]: DEBUG swiftclient [None req-0f5af5a8-1515-4302-83cf-e528f08bd5ad tempest-VolumesActionsTest-2143987480 tempest-VolumesActionsTest-2143987480-project-member] RESP STATUS: 204 No Content {{(pid=99740) http_log /opt/stack/data/venv/lib/python3.12/site-packages/swiftclient/client.py:161}}
Aug 13 17:27:12.350370 np0000007238 devstack@g-api.service[99740]: DEBUG swiftclient [None req-0f5af5a8-1515-4302-83cf-e528f08bd5ad tempest-VolumesActionsTest-2143987480 tempest-VolumesActionsTest-2143987480-project-member] RESP HEADERS: {'Date': 'Thu, 13 Aug 2026 17:27:12 GMT', 'Server': 'Apache/2.4.58 (Ubuntu)', 'Content-Type': 'text/plain; charset=utf-8', 'X-Container-Object-Count': '5', 'X-Container-Bytes-Used': '87883776', 'X-Timestamp': '1786641787.77508', 'Last-Modified': 'Thu, 13 Aug 2026 17:23:08 GMT', 'Accept-Ranges': 'bytes', 'X-Storage-Policy': 'Policy-0', 'X-Container-Sharding': 'False', 'Vary': 'Accept', 'X-Trans-Id': 'txff1b4ac3a2ae4459be7f2-006a7dfe6f', 'X-Openstack-Request-Id': 'txff1b4ac3a2ae4459be7f2-006a7dfe6f', 'Connection': 'close'} {{(pid=99740) http_log /opt/stack/data/venv/lib/python3.12/site-packages/swiftclient/client.py:162}}
Aug 13 17:27:12.350370 np0000007238 devstack@g-api.service[99740]: DEBUG glance_store._drivers.swift.store [None req-0f5af5a8-1515-4302-83cf-e528f08bd5ad tempest-VolumesActionsTest-2143987480 tempest-VolumesActionsTest-2143987480-project-member] Adding image object '6b043c0a-9b02-4ae1-b273-0345152429aa' to Swift {{(pid=99740) add /opt/stack/data/venv/lib/python3.12/site-packages/glance_store/_drivers/swift/store.py:970}}
Aug 13 17:27:12.350370 np0000007238 devstack@g-api.service[99740]: DEBUG glance_store._drivers.swift.store [None req-0f5af5a8-1515-4302-83cf-e528f08bd5ad tempest-VolumesActionsTest-2143987480 tempest-VolumesActionsTest-2143987480-project-member] Cannot determine image size because it is either not provided in the request or chunked-transfer encoding is used. Adding image as a segmented object to Swift. {{(pid=99740) add /opt/stack/data/venv/lib/python3.12/site-packages/glance_store/_drivers/swift/store.py:994}}
Aug 13 17:27:12.355770 np0000007238 devstack@g-api.service[99740]: DEBUG oslo_utils.imageutils.format_inspector [None req-0f5af5a8-1515-4302-83cf-e528f08bd5ad tempest-VolumesActionsTest-2143987480 tempest-VolumesActionsTest-2143987480-project-member] Format inspector for vmdk does not match, excluding from consideration (Signature KDMV not found: b'\x00\x00\x00\x00') {{(pid=99740) _process_chunk /opt/stack/data/venv/lib/python3.12/site-packages/oslo_utils/imageutils/format_inspector.py:1758}}
Aug 13 17:27:12.358263 np0000007238 devstack@g-api.service[99740]: DEBUG oslo_utils.imageutils.format_inspector [None req-0f5af5a8-1515-4302-83cf-e528f08bd5ad tempest-VolumesActionsTest-2143987480 tempest-VolumesActionsTest-2143987480-project-member] Format inspector for vhdx does not match, excluding from consideration (Region signature not found at 30000) {{(pid=99740) _process_chunk /opt/stack/data/venv/lib/python3.12/site-packages/oslo_utils/imageutils/format_inspector.py:1758}}
Aug 13 17:27:13.208504 np0000007238 devstack@g-api.service[99739]: DEBUG glance.api.middleware.version_negotiation [None req-4ab398b9-1ef1-41ca-acc0-95cb1050a438 tempest-VolumesActionsTest-2143987480 tempest-VolumesActionsTest-2143987480-project-member] Determining version of request: GET /v2/images/6b043c0a-9b02-4ae1-b273-0345152429aa Accept: application/json {{(pid=99739) process_request /opt/stack/glance/glance/api/middleware/version_negotiation.py:44}}
Aug 13 17:27:13.209255 np0000007238 devstack@g-api.service[99739]: DEBUG glance.api.middleware.version_negotiation [None req-4ab398b9-1ef1-41ca-acc0-95cb1050a438 tempest-VolumesActionsTest-2143987480 tempest-VolumesActionsTest-2143987480-project-member] Using url versioning {{(pid=99739) process_request /opt/stack/glance/glance/api/middleware/version_negotiation.py:57}}
Aug 13 17:27:13.209255 np0000007238 devstack@g-api.service[99739]: DEBUG glance.api.middleware.version_negotiation [None req-4ab398b9-1ef1-41ca-acc0-95cb1050a438 tempest-VolumesActionsTest-2143987480 tempest-VolumesActionsTest-2143987480-project-member] Matched version: v2 {{(pid=99739) process_request /opt/stack/glance/glance/api/middleware/version_negotiation.py:69}}
Aug 13 17:27:13.209255 np0000007238 devstack@g-api.service[99739]: DEBUG glance.api.middleware.version_negotiation [None req-4ab398b9-1ef1-41ca-acc0-95cb1050a438 tempest-VolumesActionsTest-2143987480 tempest-VolumesActionsTest-2143987480-project-member] new path /v2/images/6b043c0a-9b02-4ae1-b273-0345152429aa {{(pid=99739) process_request /opt/stack/glance/glance/api/middleware/version_negotiation.py:70}}
Aug 13 17:27:13.222484 np0000007238 devstack@g-api.service[99739]: [pid: 99739|app: 0|req: 60/186] 127.0.0.1 () {40 vars in 838 bytes} [Thu Aug 13 17:27:13 2026] GET /v2/images/6b043c0a-9b02-4ae1-b273-0345152429aa => generated 649 bytes in 14 msecs (HTTP/1.1 200) 4 headers in 157 bytes (1 switches on core 0)
Aug 13 17:27:14.234107 np0000007238 devstack@g-api.service[99741]: DEBUG glance.api.middleware.version_negotiation [None req-70be2bf6-7dd6-4066-b5c3-8cce151c00ce tempest-VolumesActionsTest-2143987480 tempest-VolumesActionsTest-2143987480-project-member] Determining version of request: GET /v2/images/6b043c0a-9b02-4ae1-b273-0345152429aa Accept: application/json {{(pid=99741) process_request /opt/stack/glance/glance/api/middleware/version_negotiation.py:44}}
Aug 13 17:27:14.234545 np0000007238 devstack@g-api.service[99741]: DEBUG glance.api.middleware.version_negotiation [None req-70be2bf6-7dd6-4066-b5c3-8cce151c00ce tempest-VolumesActionsTest-2143987480 tempest-VolumesActionsTest-2143987480-project-member] Using url versioning {{(pid=99741) process_request /opt/stack/glance/glance/api/middleware/version_negotiation.py:57}}
Aug 13 17:27:14.234545 np0000007238 devstack@g-api.service[99741]: DEBUG glance.api.middleware.version_negotiation [None req-70be2bf6-7dd6-4066-b5c3-8cce151c00ce tempest-VolumesActionsTest-2143987480 tempest-VolumesActionsTest-2143987480-project-member] Matched version: v2 {{(pid=99741) process_request /opt/stack/glance/glance/api/middleware/version_negotiation.py:69}}
Aug 13 17:27:14.234701 np0000007238 devstack@g-api.service[99741]: DEBUG glance.api.middleware.version_negotiation [None req-70be2bf6-7dd6-4066-b5c3-8cce151c00ce tempest-VolumesActionsTest-2143987480 tempest-VolumesActionsTest-2143987480-project-member] new path /v2/images/6b043c0a-9b02-4ae1-b273-0345152429aa {{(pid=99741) process_request /opt/stack/glance/glance/api/middleware/version_negotiation.py:70}}
Aug 13 17:27:14.271861 np0000007238 devstack@g-api.service[99741]: [pid: 99741|app: 0|req: 62/187] 127.0.0.1 () {40 vars in 838 bytes} [Thu Aug 13 17:27:14 2026] GET /v2/images/6b043c0a-9b02-4ae1-b273-0345152429aa => generated 649 bytes in 38 msecs (HTTP/1.1 200) 4 headers in 157 bytes (1 switches on core 0)
Aug 13 17:27:14.553777 np0000007238 devstack@g-api.service[99740]: DEBUG swiftclient [None req-0f5af5a8-1515-4302-83cf-e528f08bd5ad tempest-VolumesActionsTest-2143987480 tempest-VolumesActionsTest-2143987480-project-member] REQ: curl -i https://10.4.3.129:8080/v1/AUTH_6ad7028374dc427a8327ba128c5c245f/glance/6b043c0a-9b02-4ae1-b273-0345152429aa-00001 -X PUT -H "X-Auth-Token: gAAAAABqff5vnjI6..." {{(pid=99740) http_log /opt/stack/data/venv/lib/python3.12/site-packages/swiftclient/client.py:160}}
Aug 13 17:27:14.554141 np0000007238 devstack@g-api.service[99740]: DEBUG swiftclient [None req-0f5af5a8-1515-4302-83cf-e528f08bd5ad tempest-VolumesActionsTest-2143987480 tempest-VolumesActionsTest-2143987480-project-member] RESP STATUS: 201 Created {{(pid=99740) http_log /opt/stack/data/venv/lib/python3.12/site-packages/swiftclient/client.py:161}}
Aug 13 17:27:14.554141 np0000007238 devstack@g-api.service[99740]: DEBUG swiftclient [None req-0f5af5a8-1515-4302-83cf-e528f08bd5ad tempest-VolumesActionsTest-2143987480 tempest-VolumesActionsTest-2143987480-project-member] RESP HEADERS: {'Date': 'Thu, 13 Aug 2026 17:27:14 GMT', 'Server': 'Apache/2.4.58 (Ubuntu)', 'Content-Type': 'text/html; charset=UTF-8', 'Content-Length': '0', 'Etag': 'eda9a9889837ac4bc81d6387d92c1bec', 'Last-Modified': 'Thu, 13 Aug 2026 17:27:13 GMT', 'X-Trans-Id': 'tx606749b72c4c49acb2f7c-006a7dfe70', 'X-Openstack-Request-Id': 'tx606749b72c4c49acb2f7c-006a7dfe70', 'Connection': 'close'} {{(pid=99740) http_log /opt/stack/data/venv/lib/python3.12/site-packages/swiftclient/client.py:162}}
Aug 13 17:27:14.554141 np0000007238 devstack@g-api.service[99740]: DEBUG glance_store._drivers.swift.store [None req-0f5af5a8-1515-4302-83cf-e528f08bd5ad tempest-VolumesActionsTest-2143987480 tempest-VolumesActionsTest-2143987480-project-member] Wrote chunk 6b043c0a-9b02-4ae1-b273-0345152429aa-00001 (1/?) of length 204800000 to Swift returning MD5 of content: eda9a9889837ac4bc81d6387d92c1bec {{(pid=99740) add /opt/stack/data/venv/lib/python3.12/site-packages/glance_store/_drivers/swift/store.py:1059}}
Aug 13 17:27:15.283937 np0000007238 devstack@g-api.service[99739]: DEBUG glance.api.middleware.version_negotiation [None req-e7ba3c50-f670-4194-aef2-8633347f628e tempest-VolumesActionsTest-2143987480 tempest-VolumesActionsTest-2143987480-project-member] Determining version of request: GET /v2/images/6b043c0a-9b02-4ae1-b273-0345152429aa Accept: application/json {{(pid=99739) process_request /opt/stack/glance/glance/api/middleware/version_negotiation.py:44}}
Aug 13 17:27:15.284355 np0000007238 devstack@g-api.service[99739]: DEBUG glance.api.middleware.version_negotiation [None req-e7ba3c50-f670-4194-aef2-8633347f628e tempest-VolumesActionsTest-2143987480 tempest-VolumesActionsTest-2143987480-project-member] Using url versioning {{(pid=99739) process_request /opt/stack/glance/glance/api/middleware/version_negotiation.py:57}}
Aug 13 17:27:15.284355 np0000007238 devstack@g-api.service[99739]: DEBUG glance.api.middleware.version_negotiation [None req-e7ba3c50-f670-4194-aef2-8633347f628e tempest-VolumesActionsTest-2143987480 tempest-VolumesActionsTest-2143987480-project-member] Matched version: v2 {{(pid=99739) process_request /opt/stack/glance/glance/api/middleware/version_negotiation.py:69}}
Aug 13 17:27:15.284835 np0000007238 devstack@g-api.service[99739]: DEBUG glance.api.middleware.version_negotiation [None req-e7ba3c50-f670-4194-aef2-8633347f628e tempest-VolumesActionsTest-2143987480 tempest-VolumesActionsTest-2143987480-project-member] new path /v2/images/6b043c0a-9b02-4ae1-b273-0345152429aa {{(pid=99739) process_request /opt/stack/glance/glance/api/middleware/version_negotiation.py:70}}
Aug 13 17:27:15.311742 np0000007238 devstack@g-api.service[99739]: [pid: 99739|app: 0|req: 61/188] 127.0.0.1 () {40 vars in 838 bytes} [Thu Aug 13 17:27:15 2026] GET /v2/images/6b043c0a-9b02-4ae1-b273-0345152429aa => generated 649 bytes in 28 msecs (HTTP/1.1 200) 4 headers in 157 bytes (1 switches on core 0)
Aug 13 17:27:16.320934 np0000007238 devstack@g-api.service[99741]: DEBUG glance.api.middleware.version_negotiation [None req-f4bb9298-112f-4d27-bc15-b3830c7828dd tempest-VolumesActionsTest-2143987480 tempest-VolumesActionsTest-2143987480-project-member] Determining version of request: GET /v2/images/6b043c0a-9b02-4ae1-b273-0345152429aa Accept: application/json {{(pid=99741) process_request /opt/stack/glance/glance/api/middleware/version_negotiation.py:44}}
Aug 13 17:27:16.321775 np0000007238 devstack@g-api.service[99741]: DEBUG glance.api.middleware.version_negotiation [None req-f4bb9298-112f-4d27-bc15-b3830c7828dd tempest-VolumesActionsTest-2143987480 tempest-VolumesActionsTest-2143987480-project-member] Using url versioning {{(pid=99741) process_request /opt/stack/glance/glance/api/middleware/version_negotiation.py:57}}
Aug 13 17:27:16.321775 np0000007238 devstack@g-api.service[99741]: DEBUG glance.api.middleware.version_negotiation [None req-f4bb9298-112f-4d27-bc15-b3830c7828dd tempest-VolumesActionsTest-2143987480 tempest-VolumesActionsTest-2143987480-project-member] Matched version: v2 {{(pid=99741) process_request /opt/stack/glance/glance/api/middleware/version_negotiation.py:69}}
Aug 13 17:27:16.321775 np0000007238 devstack@g-api.service[99741]: DEBUG glance.api.middleware.version_negotiation [None req-f4bb9298-112f-4d27-bc15-b3830c7828dd tempest-VolumesActionsTest-2143987480 tempest-VolumesActionsTest-2143987480-project-member] new path /v2/images/6b043c0a-9b02-4ae1-b273-0345152429aa {{(pid=99741) process_request /opt/stack/glance/glance/api/middleware/version_negotiation.py:70}}
Aug 13 17:27:16.340302 np0000007238 devstack@g-api.service[99741]: [pid: 99741|app: 0|req: 63/189] 127.0.0.1 () {40 vars in 838 bytes} [Thu Aug 13 17:27:16 2026] GET /v2/images/6b043c0a-9b02-4ae1-b273-0345152429aa => generated 649 bytes in 19 msecs (HTTP/1.1 200) 4 headers in 157 bytes (1 switches on core 0)
Aug 13 17:27:16.621769 np0000007238 devstack@g-api.service[99739]: DEBUG glance.api.middleware.version_negotiation [None req-0c6bb1cb-bb6e-469f-863e-1e58ed00b464 tempest-VolumesActionsTest-2143987480 tempest-VolumesActionsTest-2143987480-project-member] Determining version of request: GET /v2/schemas/image Accept: */* {{(pid=99739) process_request /opt/stack/glance/glance/api/middleware/version_negotiation.py:44}}
Aug 13 17:27:16.622275 np0000007238 devstack@g-api.service[99739]: DEBUG glance.api.middleware.version_negotiation [None req-0c6bb1cb-bb6e-469f-863e-1e58ed00b464 tempest-VolumesActionsTest-2143987480 tempest-VolumesActionsTest-2143987480-project-member] Using url versioning {{(pid=99739) process_request /opt/stack/glance/glance/api/middleware/version_negotiation.py:57}}
Aug 13 17:27:16.622275 np0000007238 devstack@g-api.service[99739]: DEBUG glance.api.middleware.version_negotiation [None req-0c6bb1cb-bb6e-469f-863e-1e58ed00b464 tempest-VolumesActionsTest-2143987480 tempest-VolumesActionsTest-2143987480-project-member] Matched version: v2 {{(pid=99739) process_request /opt/stack/glance/glance/api/middleware/version_negotiation.py:69}}
Aug 13 17:27:16.622275 np0000007238 devstack@g-api.service[99739]: DEBUG glance.api.middleware.version_negotiation [None req-0c6bb1cb-bb6e-469f-863e-1e58ed00b464 tempest-VolumesActionsTest-2143987480 tempest-VolumesActionsTest-2143987480-project-member] new path /v2/schemas/image {{(pid=99739) process_request /opt/stack/glance/glance/api/middleware/version_negotiation.py:70}}
Aug 13 17:27:16.626010 np0000007238 devstack@g-api.service[99739]: [pid: 99739|app: 0|req: 62/190] 127.0.0.1 () {44 vars in 1055 bytes} [Thu Aug 13 17:27:16 2026] GET /v2/schemas/image => generated 6083 bytes in 4 msecs (HTTP/1.1 200) 4 headers in 158 bytes (1 switches on core 0)
Aug 13 17:27:16.659274 np0000007238 devstack@g-api.service[99741]: DEBUG glance.api.middleware.version_negotiation [None req-cf6d0a14-c92e-482d-b47f-386d319fe893 tempest-VolumesActionsTest-2143987480 tempest-VolumesActionsTest-2143987480-project-member] Determining version of request: POST /v2/images Accept: */* {{(pid=99741) process_request /opt/stack/glance/glance/api/middleware/version_negotiation.py:44}}
Aug 13 17:27:16.659459 np0000007238 devstack@g-api.service[99741]: DEBUG glance.api.middleware.version_negotiation [None req-cf6d0a14-c92e-482d-b47f-386d319fe893 tempest-VolumesActionsTest-2143987480 tempest-VolumesActionsTest-2143987480-project-member] Using url versioning {{(pid=99741) process_request /opt/stack/glance/glance/api/middleware/version_negotiation.py:57}}
Aug 13 17:27:16.659673 np0000007238 devstack@g-api.service[99741]: DEBUG glance.api.middleware.version_negotiation [None req-cf6d0a14-c92e-482d-b47f-386d319fe893 tempest-VolumesActionsTest-2143987480 tempest-VolumesActionsTest-2143987480-project-member] Matched version: v2 {{(pid=99741) process_request /opt/stack/glance/glance/api/middleware/version_negotiation.py:69}}
Aug 13 17:27:16.659748 np0000007238 devstack@g-api.service[99741]: DEBUG glance.api.middleware.version_negotiation [None req-cf6d0a14-c92e-482d-b47f-386d319fe893 tempest-VolumesActionsTest-2143987480 tempest-VolumesActionsTest-2143987480-project-member] new path /v2/images {{(pid=99741) process_request /opt/stack/glance/glance/api/middleware/version_negotiation.py:70}}
Aug 13 17:27:16.769434 np0000007238 devstack@g-api.service[99740]: DEBUG swiftclient [None req-0f5af5a8-1515-4302-83cf-e528f08bd5ad tempest-VolumesActionsTest-2143987480 tempest-VolumesActionsTest-2143987480-project-member] REQ: curl -i https://10.4.3.129:8080/v1/AUTH_6ad7028374dc427a8327ba128c5c245f/glance/6b043c0a-9b02-4ae1-b273-0345152429aa-00002 -X PUT -H "X-Auth-Token: gAAAAABqff5vnjI6..." {{(pid=99740) http_log /opt/stack/data/venv/lib/python3.12/site-packages/swiftclient/client.py:160}}
Aug 13 17:27:16.769787 np0000007238 devstack@g-api.service[99740]: DEBUG swiftclient [None req-0f5af5a8-1515-4302-83cf-e528f08bd5ad tempest-VolumesActionsTest-2143987480 tempest-VolumesActionsTest-2143987480-project-member] RESP STATUS: 201 Created {{(pid=99740) http_log /opt/stack/data/venv/lib/python3.12/site-packages/swiftclient/client.py:161}}
Aug 13 17:27:16.769787 np0000007238 devstack@g-api.service[99740]: DEBUG swiftclient [None req-0f5af5a8-1515-4302-83cf-e528f08bd5ad tempest-VolumesActionsTest-2143987480 tempest-VolumesActionsTest-2143987480-project-member] RESP HEADERS: {'Date': 'Thu, 13 Aug 2026 17:27:16 GMT', 'Server': 'Apache/2.4.58 (Ubuntu)', 'Content-Type': 'text/html; charset=UTF-8', 'Content-Length': '0', 'Etag': 'eda9a9889837ac4bc81d6387d92c1bec', 'Last-Modified': 'Thu, 13 Aug 2026 17:27:15 GMT', 'X-Trans-Id': 'tx499541dfbd554c2d81cc3-006a7dfe72', 'X-Openstack-Request-Id': 'tx499541dfbd554c2d81cc3-006a7dfe72', 'Connection': 'close'} {{(pid=99740) http_log /opt/stack/data/venv/lib/python3.12/site-packages/swiftclient/client.py:162}}
Aug 13 17:27:16.769787 np0000007238 devstack@g-api.service[99740]: DEBUG glance_store._drivers.swift.store [None req-0f5af5a8-1515-4302-83cf-e528f08bd5ad tempest-VolumesActionsTest-2143987480 tempest-VolumesActionsTest-2143987480-project-member] Wrote chunk 6b043c0a-9b02-4ae1-b273-0345152429aa-00002 (2/?) of length 204800000 to Swift returning MD5 of content: eda9a9889837ac4bc81d6387d92c1bec {{(pid=99740) add /opt/stack/data/venv/lib/python3.12/site-packages/glance_store/_drivers/swift/store.py:1059}}
Aug 13 17:27:17.352680 np0000007238 devstack@g-api.service[99739]: DEBUG glance.api.middleware.version_negotiation [None req-94a1d79f-d7f0-42fd-a208-3b0ebae8dc4b tempest-ServerBootFromVolumeStableRescueTest-1429444525 tempest-ServerBootFromVolumeStableRescueTest-1429444525-project-member] Determining version of request: GET /v2/images/6b043c0a-9b02-4ae1-b273-0345152429aa Accept: application/json {{(pid=99739) process_request /opt/stack/glance/glance/api/middleware/version_negotiation.py:44}}
Aug 13 17:27:17.352881 np0000007238 devstack@g-api.service[99739]: DEBUG glance.api.middleware.version_negotiation [None req-94a1d79f-d7f0-42fd-a208-3b0ebae8dc4b tempest-ServerBootFromVolumeStableRescueTest-1429444525 tempest-ServerBootFromVolumeStableRescueTest-1429444525-project-member] Using url versioning {{(pid=99739) process_request /opt/stack/glance/glance/api/middleware/version_negotiation.py:57}}
Aug 13 17:27:17.353188 np0000007238 devstack@g-api.service[99739]: DEBUG glance.api.middleware.version_negotiation [None req-94a1d79f-d7f0-42fd-a208-3b0ebae8dc4b tempest-ServerBootFromVolumeStableRescueTest-1429444525 tempest-ServerBootFromVolumeStableRescueTest-1429444525-project-member] Matched version: v2 {{(pid=99739) process_request /opt/stack/glance/glance/api/middleware/version_negotiation.py:69}}
Aug 13 17:27:17.353332 np0000007238 devstack@g-api.service[99739]: DEBUG glance.api.middleware.version_negotiation [None req-94a1d79f-d7f0-42fd-a208-3b0ebae8dc4b tempest-ServerBootFromVolumeStableRescueTest-1429444525 tempest-ServerBootFromVolumeStableRescueTest-1429444525-project-member] new path /v2/images/6b043c0a-9b02-4ae1-b273-0345152429aa {{(pid=99739) process_request /opt/stack/glance/glance/api/middleware/version_negotiation.py:70}}
Aug 13 17:27:17.365352 np0000007238 devstack@g-api.service[99739]: [pid: 99739|app: 0|req: 63/191] 127.0.0.1 () {40 vars in 838 bytes} [Thu Aug 13 17:27:17 2026] GET /v2/images/6b043c0a-9b02-4ae1-b273-0345152429aa => generated 649 bytes in 13 msecs (HTTP/1.1 200) 4 headers in 157 bytes (1 switches on core 0)
Aug 13 17:27:17.420287 np0000007238 devstack@g-api.service[99741]: [pid: 99741|app: 0|req: 64/192] 127.0.0.1 () {46 vars in 1055 bytes} [Thu Aug 13 17:27:16 2026] POST /v2/images => generated 1359 bytes in 761 msecs (HTTP/1.1 201) 6 headers in 316 bytes (1 switches on core 0)
Aug 13 17:27:17.481422 np0000007238 devstack@g-api.service[99739]: DEBUG glance.api.middleware.version_negotiation [None req-0509d302-16a3-405f-8712-3ad97b39bf5e tempest-VolumesActionsTest-2143987480 tempest-VolumesActionsTest-2143987480-project-member] Determining version of request: GET /v2/images/aaf105c4-3628-4d24-a331-1ebc392b884a Accept: application/json {{(pid=99739) process_request /opt/stack/glance/glance/api/middleware/version_negotiation.py:44}}
Aug 13 17:27:17.481422 np0000007238 devstack@g-api.service[99739]: DEBUG glance.api.middleware.version_negotiation [None req-0509d302-16a3-405f-8712-3ad97b39bf5e tempest-VolumesActionsTest-2143987480 tempest-VolumesActionsTest-2143987480-project-member] Using url versioning {{(pid=99739) process_request /opt/stack/glance/glance/api/middleware/version_negotiation.py:57}}
Aug 13 17:27:17.481422 np0000007238 devstack@g-api.service[99739]: DEBUG glance.api.middleware.version_negotiation [None req-0509d302-16a3-405f-8712-3ad97b39bf5e tempest-VolumesActionsTest-2143987480 tempest-VolumesActionsTest-2143987480-project-member] Matched version: v2 {{(pid=99739) process_request /opt/stack/glance/glance/api/middleware/version_negotiation.py:69}}
Aug 13 17:27:17.481422 np0000007238 devstack@g-api.service[99739]: DEBUG glance.api.middleware.version_negotiation [None req-0509d302-16a3-405f-8712-3ad97b39bf5e tempest-VolumesActionsTest-2143987480 tempest-VolumesActionsTest-2143987480-project-member] new path /v2/images/aaf105c4-3628-4d24-a331-1ebc392b884a {{(pid=99739) process_request /opt/stack/glance/glance/api/middleware/version_negotiation.py:70}}
Aug 13 17:27:17.495082 np0000007238 devstack@g-api.service[99739]: [pid: 99739|app: 0|req: 64/193] 127.0.0.1 () {40 vars in 838 bytes} [Thu Aug 13 17:27:17 2026] GET /v2/images/aaf105c4-3628-4d24-a331-1ebc392b884a => generated 1359 bytes in 14 msecs (HTTP/1.1 200) 4 headers in 158 bytes (1 switches on core 0)
Aug 13 17:27:17.674940 np0000007238 devstack@g-api.service[99741]: DEBUG glance.api.middleware.version_negotiation [None req-94a1d79f-d7f0-42fd-a208-3b0ebae8dc4b tempest-ServerBootFromVolumeStableRescueTest-1429444525 tempest-ServerBootFromVolumeStableRescueTest-1429444525-project-member] Determining version of request: GET /v2/images/aaf105c4-3628-4d24-a331-1ebc392b884a Accept: */* {{(pid=99741) process_request /opt/stack/glance/glance/api/middleware/version_negotiation.py:44}}
Aug 13 17:27:17.675095 np0000007238 devstack@g-api.service[99741]: DEBUG glance.api.middleware.version_negotiation [None req-94a1d79f-d7f0-42fd-a208-3b0ebae8dc4b tempest-ServerBootFromVolumeStableRescueTest-1429444525 tempest-ServerBootFromVolumeStableRescueTest-1429444525-project-member] Using url versioning {{(pid=99741) process_request /opt/stack/glance/glance/api/middleware/version_negotiation.py:57}}
Aug 13 17:27:17.675196 np0000007238 devstack@g-api.service[99741]: DEBUG glance.api.middleware.version_negotiation [None req-94a1d79f-d7f0-42fd-a208-3b0ebae8dc4b tempest-ServerBootFromVolumeStableRescueTest-1429444525 tempest-ServerBootFromVolumeStableRescueTest-1429444525-project-member] Matched version: v2 {{(pid=99741) process_request /opt/stack/glance/glance/api/middleware/version_negotiation.py:69}}
Aug 13 17:27:17.675302 np0000007238 devstack@g-api.service[99741]: DEBUG glance.api.middleware.version_negotiation [None req-94a1d79f-d7f0-42fd-a208-3b0ebae8dc4b tempest-ServerBootFromVolumeStableRescueTest-1429444525 tempest-ServerBootFromVolumeStableRescueTest-1429444525-project-member] new path /v2/images/aaf105c4-3628-4d24-a331-1ebc392b884a {{(pid=99741) process_request /opt/stack/glance/glance/api/middleware/version_negotiation.py:70}}
Aug 13 17:27:17.687275 np0000007238 devstack@g-api.service[99741]: [pid: 99741|app: 0|req: 65/194] 127.0.0.1 () {44 vars in 1115 bytes} [Thu Aug 13 17:27:17 2026] GET /v2/images/aaf105c4-3628-4d24-a331-1ebc392b884a => generated 1359 bytes in 12 msecs (HTTP/1.1 200) 4 headers in 158 bytes (1 switches on core 0)
Aug 13 17:27:17.733853 np0000007238 devstack@g-api.service[99739]: DEBUG glance.api.middleware.version_negotiation [None req-3b1d8c26-ff05-40ab-8d35-aaf5cbc337b7 tempest-ServerBootFromVolumeStableRescueTest-1429444525 tempest-ServerBootFromVolumeStableRescueTest-1429444525-project-member] Determining version of request: GET /v2/schemas/image Accept: */* {{(pid=99739) process_request /opt/stack/glance/glance/api/middleware/version_negotiation.py:44}}
Aug 13 17:27:17.734340 np0000007238 devstack@g-api.service[99739]: DEBUG glance.api.middleware.version_negotiation [None req-3b1d8c26-ff05-40ab-8d35-aaf5cbc337b7 tempest-ServerBootFromVolumeStableRescueTest-1429444525 tempest-ServerBootFromVolumeStableRescueTest-1429444525-project-member] Using url versioning {{(pid=99739) process_request /opt/stack/glance/glance/api/middleware/version_negotiation.py:57}}
Aug 13 17:27:17.734340 np0000007238 devstack@g-api.service[99739]: DEBUG glance.api.middleware.version_negotiation [None req-3b1d8c26-ff05-40ab-8d35-aaf5cbc337b7 tempest-ServerBootFromVolumeStableRescueTest-1429444525 tempest-ServerBootFromVolumeStableRescueTest-1429444525-project-member] Matched version: v2 {{(pid=99739) process_request /opt/stack/glance/glance/api/middleware/version_negotiation.py:69}}
Aug 13 17:27:17.735756 np0000007238 devstack@g-api.service[99739]: DEBUG glance.api.middleware.version_negotiation [None req-3b1d8c26-ff05-40ab-8d35-aaf5cbc337b7 tempest-ServerBootFromVolumeStableRescueTest-1429444525 tempest-ServerBootFromVolumeStableRescueTest-1429444525-project-member] new path /v2/schemas/image {{(pid=99739) process_request /opt/stack/glance/glance/api/middleware/version_negotiation.py:70}}
Aug 13 17:27:17.738482 np0000007238 devstack@g-api.service[99739]: [pid: 99739|app: 0|req: 65/195] 127.0.0.1 () {44 vars in 1055 bytes} [Thu Aug 13 17:27:17 2026] GET /v2/schemas/image => generated 6083 bytes in 5 msecs (HTTP/1.1 200) 4 headers in 158 bytes (1 switches on core 0)
Aug 13 17:27:18.374203 np0000007238 devstack@g-api.service[99741]: DEBUG glance.api.middleware.version_negotiation [None req-94a1d79f-d7f0-42fd-a208-3b0ebae8dc4b tempest-ServerBootFromVolumeStableRescueTest-1429444525 tempest-ServerBootFromVolumeStableRescueTest-1429444525-project-member] Determining version of request: GET /v2/images/6b043c0a-9b02-4ae1-b273-0345152429aa Accept: application/json {{(pid=99741) process_request /opt/stack/glance/glance/api/middleware/version_negotiation.py:44}}
Aug 13 17:27:18.374380 np0000007238 devstack@g-api.service[99741]: DEBUG glance.api.middleware.version_negotiation [None req-94a1d79f-d7f0-42fd-a208-3b0ebae8dc4b tempest-ServerBootFromVolumeStableRescueTest-1429444525 tempest-ServerBootFromVolumeStableRescueTest-1429444525-project-member] Using url versioning {{(pid=99741) process_request /opt/stack/glance/glance/api/middleware/version_negotiation.py:57}}
Aug 13 17:27:18.374550 np0000007238 devstack@g-api.service[99741]: DEBUG glance.api.middleware.version_negotiation [None req-94a1d79f-d7f0-42fd-a208-3b0ebae8dc4b tempest-ServerBootFromVolumeStableRescueTest-1429444525 tempest-ServerBootFromVolumeStableRescueTest-1429444525-project-member] Matched version: v2 {{(pid=99741) process_request /opt/stack/glance/glance/api/middleware/version_negotiation.py:69}}
Aug 13 17:27:18.374699 np0000007238 devstack@g-api.service[99741]: DEBUG glance.api.middleware.version_negotiation [None req-94a1d79f-d7f0-42fd-a208-3b0ebae8dc4b tempest-ServerBootFromVolumeStableRescueTest-1429444525 tempest-ServerBootFromVolumeStableRescueTest-1429444525-project-member] new path /v2/images/6b043c0a-9b02-4ae1-b273-0345152429aa {{(pid=99741) process_request /opt/stack/glance/glance/api/middleware/version_negotiation.py:70}}
Aug 13 17:27:18.388498 np0000007238 devstack@g-api.service[99741]: [pid: 99741|app: 0|req: 66/196] 127.0.0.1 () {40 vars in 838 bytes} [Thu Aug 13 17:27:18 2026] GET /v2/images/6b043c0a-9b02-4ae1-b273-0345152429aa => generated 649 bytes in 14 msecs (HTTP/1.1 200) 4 headers in 157 bytes (1 switches on core 0)
Aug 13 17:27:18.504516 np0000007238 devstack@g-api.service[99739]: DEBUG glance.api.middleware.version_negotiation [None req-94a1d79f-d7f0-42fd-a208-3b0ebae8dc4b tempest-ServerBootFromVolumeStableRescueTest-1429444525 tempest-ServerBootFromVolumeStableRescueTest-1429444525-project-member] Determining version of request: GET /v2/images/aaf105c4-3628-4d24-a331-1ebc392b884a Accept: application/json {{(pid=99739) process_request /opt/stack/glance/glance/api/middleware/version_negotiation.py:44}}
Aug 13 17:27:18.504669 np0000007238 devstack@g-api.service[99739]: DEBUG glance.api.middleware.version_negotiation [None req-94a1d79f-d7f0-42fd-a208-3b0ebae8dc4b tempest-ServerBootFromVolumeStableRescueTest-1429444525 tempest-ServerBootFromVolumeStableRescueTest-1429444525-project-member] Using url versioning {{(pid=99739) process_request /opt/stack/glance/glance/api/middleware/version_negotiation.py:57}}
Aug 13 17:27:18.504780 np0000007238 devstack@g-api.service[99739]: DEBUG glance.api.middleware.version_negotiation [None req-94a1d79f-d7f0-42fd-a208-3b0ebae8dc4b tempest-ServerBootFromVolumeStableRescueTest-1429444525 tempest-ServerBootFromVolumeStableRescueTest-1429444525-project-member] Matched version: v2 {{(pid=99739) process_request /opt/stack/glance/glance/api/middleware/version_negotiation.py:69}}
Aug 13 17:27:18.504871 np0000007238 devstack@g-api.service[99739]: DEBUG glance.api.middleware.version_negotiation [None req-94a1d79f-d7f0-42fd-a208-3b0ebae8dc4b tempest-ServerBootFromVolumeStableRescueTest-1429444525 tempest-ServerBootFromVolumeStableRescueTest-1429444525-project-member] new path /v2/images/aaf105c4-3628-4d24-a331-1ebc392b884a {{(pid=99739) process_request /opt/stack/glance/glance/api/middleware/version_negotiation.py:70}}
Aug 13 17:27:18.522597 np0000007238 devstack@g-api.service[99739]: [pid: 99739|app: 0|req: 66/197] 127.0.0.1 () {40 vars in 838 bytes} [Thu Aug 13 17:27:18 2026] GET /v2/images/aaf105c4-3628-4d24-a331-1ebc392b884a => generated 1359 bytes in 15 msecs (HTTP/1.1 200) 4 headers in 158 bytes (1 switches on core 0)
Aug 13 17:27:18.629771 np0000007238 devstack@g-api.service[99740]: DEBUG swiftclient [None req-0f5af5a8-1515-4302-83cf-e528f08bd5ad tempest-VolumesActionsTest-2143987480 tempest-VolumesActionsTest-2143987480-project-member] REQ: curl -i https://10.4.3.129:8080/v1/AUTH_6ad7028374dc427a8327ba128c5c245f/glance/6b043c0a-9b02-4ae1-b273-0345152429aa-00003 -X PUT -H "X-Auth-Token: gAAAAABqff5vnjI6..." {{(pid=99740) http_log /opt/stack/data/venv/lib/python3.12/site-packages/swiftclient/client.py:160}}
Aug 13 17:27:18.630131 np0000007238 devstack@g-api.service[99740]: DEBUG swiftclient [None req-0f5af5a8-1515-4302-83cf-e528f08bd5ad tempest-VolumesActionsTest-2143987480 tempest-VolumesActionsTest-2143987480-project-member] RESP STATUS: 201 Created {{(pid=99740) http_log /opt/stack/data/venv/lib/python3.12/site-packages/swiftclient/client.py:161}}
Aug 13 17:27:18.630179 np0000007238 devstack@g-api.service[99740]: DEBUG swiftclient [None req-0f5af5a8-1515-4302-83cf-e528f08bd5ad tempest-VolumesActionsTest-2143987480 tempest-VolumesActionsTest-2143987480-project-member] RESP HEADERS: {'Date': 'Thu, 13 Aug 2026 17:27:18 GMT', 'Server': 'Apache/2.4.58 (Ubuntu)', 'Content-Type': 'text/html; charset=UTF-8', 'Content-Length': '0', 'Etag': 'eda9a9889837ac4bc81d6387d92c1bec', 'Last-Modified': 'Thu, 13 Aug 2026 17:27:17 GMT', 'X-Trans-Id': 'tx35a310368f354151ab387-006a7dfe74', 'X-Openstack-Request-Id': 'tx35a310368f354151ab387-006a7dfe74', 'Connection': 'close'} {{(pid=99740) http_log /opt/stack/data/venv/lib/python3.12/site-packages/swiftclient/client.py:162}}
