Jul 10 08:04:48.668846 np0000004973 devstack@g-api.service[99643]: DEBUG swiftclient [None req-d22b44b2-0f9d-46b8-b8e2-2fe69dd6e963 tempest-AttachSCSIVolumeTestJSON-671075901 tempest-AttachSCSIVolumeTestJSON-671075901-project-admin] RESP STATUS: 200 OK {{(pid=99643) http_log /opt/stack/data/venv/lib/python3.12/site-packages/swiftclient/client.py:161}}
Jul 10 08:04:48.669064 np0000004973 devstack@g-api.service[99643]: DEBUG swiftclient [None req-d22b44b2-0f9d-46b8-b8e2-2fe69dd6e963 tempest-AttachSCSIVolumeTestJSON-671075901 tempest-AttachSCSIVolumeTestJSON-671075901-project-admin] RESP HEADERS: {'Date': 'Fri, 10 Jul 2026 08:04:48 GMT', 'Server': 'Apache/2.4.58 (Ubuntu)', 'Content-Type': 'application/octet-stream', 'Etag': '87617e24a5e30cb3b87fda8c0764838f', 'Last-Modified': 'Fri, 10 Jul 2026 08:03:06 GMT', 'X-Timestamp': '1783670585.13476', 'Accept-Ranges': 'bytes', 'Content-Length': '21692416', 'X-Trans-Id': 'tx6a0c163374a140d8867f0-006a50a7a0', 'X-Openstack-Request-Id': 'tx6a0c163374a140d8867f0-006a50a7a0', 'Connection': 'close'} {{(pid=99643) http_log /opt/stack/data/venv/lib/python3.12/site-packages/swiftclient/client.py:162}}
Jul 10 08:04:48.677716 np0000004973 devstack@g-api.service[99643]: DEBUG glance.image_cache [None req-d22b44b2-0f9d-46b8-b8e2-2fe69dd6e963 tempest-AttachSCSIVolumeTestJSON-671075901 tempest-AttachSCSIVolumeTestJSON-671075901-project-admin] Tee'ing image '822cb6f1-e8a8-4fcb-aa99-ec70078376e4' into cache {{(pid=99643) get_caching_iter /opt/stack/glance/glance/image_cache/__init__.py:356}}
Jul 10 08:04:48.685525 np0000004973 devstack@g-api.service[99644]: DEBUG glance.api.middleware.version_negotiation [None req-86bdfacf-19c5-46b3-8325-2410bfa63f51 tempest-AttachVolumeShelveTestJSON-1365693609 tempest-AttachVolumeShelveTestJSON-1365693609-project-member] Determining version of request: POST /v2/images Accept: application/json {{(pid=99644) process_request /opt/stack/glance/glance/api/middleware/version_negotiation.py:44}}
Jul 10 08:04:48.685959 np0000004973 devstack@g-api.service[99644]: DEBUG glance.api.middleware.version_negotiation [None req-86bdfacf-19c5-46b3-8325-2410bfa63f51 tempest-AttachVolumeShelveTestJSON-1365693609 tempest-AttachVolumeShelveTestJSON-1365693609-project-member] Using url versioning {{(pid=99644) process_request /opt/stack/glance/glance/api/middleware/version_negotiation.py:57}}
Jul 10 08:04:48.685959 np0000004973 devstack@g-api.service[99644]: DEBUG glance.api.middleware.version_negotiation [None req-86bdfacf-19c5-46b3-8325-2410bfa63f51 tempest-AttachVolumeShelveTestJSON-1365693609 tempest-AttachVolumeShelveTestJSON-1365693609-project-member] Matched version: v2 {{(pid=99644) process_request /opt/stack/glance/glance/api/middleware/version_negotiation.py:69}}
Jul 10 08:04:48.686085 np0000004973 devstack@g-api.service[99644]: DEBUG glance.api.middleware.version_negotiation [None req-86bdfacf-19c5-46b3-8325-2410bfa63f51 tempest-AttachVolumeShelveTestJSON-1365693609 tempest-AttachVolumeShelveTestJSON-1365693609-project-member] new path /v2/images {{(pid=99644) process_request /opt/stack/glance/glance/api/middleware/version_negotiation.py:70}}
Jul 10 08:04:49.410774 np0000004973 devstack@g-api.service[99644]: [pid: 99644|app: 0|req: 10/29] 127.0.0.1 () {42 vars in 786 bytes} [Fri Jul 10 08:04:48 2026] POST /v2/images => generated 690 bytes in 725 msecs (HTTP/1.1 201) 6 headers in 315 bytes (1 switches on core 0)
Jul 10 08:04:49.420004 np0000004973 devstack@g-api.service[99645]: DEBUG glance.api.middleware.version_negotiation [None req-904e71e8-dd72-4fd3-920c-8878bf925c26 tempest-AttachSCSIVolumeTestJSON-778720220 tempest-AttachSCSIVolumeTestJSON-778720220-project-reader] Determining version of request: PUT /v2/images/f050f733-1c3d-4e63-9438-b8f5bda79418/file Accept: {{(pid=99645) process_request /opt/stack/glance/glance/api/middleware/version_negotiation.py:44}}
Jul 10 08:04:49.420511 np0000004973 devstack@g-api.service[99645]: DEBUG glance.api.middleware.version_negotiation [None req-904e71e8-dd72-4fd3-920c-8878bf925c26 tempest-AttachSCSIVolumeTestJSON-778720220 tempest-AttachSCSIVolumeTestJSON-778720220-project-reader] Using url versioning {{(pid=99645) process_request /opt/stack/glance/glance/api/middleware/version_negotiation.py:57}}
Jul 10 08:04:49.420511 np0000004973 devstack@g-api.service[99645]: DEBUG glance.api.middleware.version_negotiation [None req-904e71e8-dd72-4fd3-920c-8878bf925c26 tempest-AttachSCSIVolumeTestJSON-778720220 tempest-AttachSCSIVolumeTestJSON-778720220-project-reader] Matched version: v2 {{(pid=99645) process_request /opt/stack/glance/glance/api/middleware/version_negotiation.py:69}}
Jul 10 08:04:49.420687 np0000004973 devstack@g-api.service[99645]: DEBUG glance.api.middleware.version_negotiation [None req-904e71e8-dd72-4fd3-920c-8878bf925c26 tempest-AttachSCSIVolumeTestJSON-778720220 tempest-AttachSCSIVolumeTestJSON-778720220-project-reader] new path /v2/images/f050f733-1c3d-4e63-9438-b8f5bda79418/file {{(pid=99645) process_request /opt/stack/glance/glance/api/middleware/version_negotiation.py:70}}
Jul 10 08:04:49.467733 np0000004973 devstack@g-api.service[99643]: DEBUG glance.image_cache.drivers.centralized_db [None req-d22b44b2-0f9d-46b8-b8e2-2fe69dd6e963 tempest-AttachSCSIVolumeTestJSON-671075901 tempest-AttachSCSIVolumeTestJSON-671075901-project-admin] Fetch finished, moving '/opt/stack/data/glance/cache/incomplete/822cb6f1-e8a8-4fcb-aa99-ec70078376e4' to '/opt/stack/data/glance/cache/822cb6f1-e8a8-4fcb-aa99-ec70078376e4' {{(pid=99643) commit /opt/stack/glance/glance/image_cache/drivers/centralized_db.py:243}}
Jul 10 08:04:49.481172 np0000004973 devstack@g-api.service[99643]: DEBUG glance.image_cache.drivers.centralized_db [None req-d22b44b2-0f9d-46b8-b8e2-2fe69dd6e963 tempest-AttachSCSIVolumeTestJSON-671075901 tempest-AttachSCSIVolumeTestJSON-671075901-project-admin] Image cached successfully. {{(pid=99643) commit /opt/stack/glance/glance/image_cache/drivers/centralized_db.py:258}}
Jul 10 08:04:49.481326 np0000004973 devstack@g-api.service[99643]: [pid: 99643|app: 0|req: 10/30] 127.0.0.1 () {40 vars in 848 bytes} [Fri Jul 10 08:04:47 2026] GET /v2/images/822cb6f1-e8a8-4fcb-aa99-ec70078376e4/file => generated 21692416 bytes in 1611 msecs (HTTP/1.1 200) 4 headers in 191 bytes (333 switches on core 0)
Jul 10 08:04:50.097294 np0000004973 devstack@g-api.service[99645]: INFO glance.api.v2.image_data [None req-fff48e09-33fc-438c-bc4a-831227d04e6a tempest-AttachSCSIVolumeTestJSON-671075901 tempest-AttachSCSIVolumeTestJSON-671075901-project-admin] Unable to create trust: no such option collect_timing in group [keystone_authtoken] Use the existing user token.
Jul 10 08:04:50.611590 np0000004973 devstack@g-api.service[99644]: DEBUG glance.api.middleware.version_negotiation [None req-b3069f4a-5c7b-4966-8eb8-d4ea92b9ced5 tempest-AttachSCSIVolumeTestJSON-671075901 tempest-AttachSCSIVolumeTestJSON-671075901-project-admin] Determining version of request: GET /v2/images/822cb6f1-e8a8-4fcb-aa99-ec70078376e4 Accept: */* {{(pid=99644) process_request /opt/stack/glance/glance/api/middleware/version_negotiation.py:44}}
Jul 10 08:04:50.612049 np0000004973 devstack@g-api.service[99644]: DEBUG glance.api.middleware.version_negotiation [None req-b3069f4a-5c7b-4966-8eb8-d4ea92b9ced5 tempest-AttachSCSIVolumeTestJSON-671075901 tempest-AttachSCSIVolumeTestJSON-671075901-project-admin] Using url versioning {{(pid=99644) process_request /opt/stack/glance/glance/api/middleware/version_negotiation.py:57}}
Jul 10 08:04:50.612049 np0000004973 devstack@g-api.service[99644]: DEBUG glance.api.middleware.version_negotiation [None req-b3069f4a-5c7b-4966-8eb8-d4ea92b9ced5 tempest-AttachSCSIVolumeTestJSON-671075901 tempest-AttachSCSIVolumeTestJSON-671075901-project-admin] Matched version: v2 {{(pid=99644) process_request /opt/stack/glance/glance/api/middleware/version_negotiation.py:69}}
Jul 10 08:04:50.612049 np0000004973 devstack@g-api.service[99644]: DEBUG glance.api.middleware.version_negotiation [None req-b3069f4a-5c7b-4966-8eb8-d4ea92b9ced5 tempest-AttachSCSIVolumeTestJSON-671075901 tempest-AttachSCSIVolumeTestJSON-671075901-project-admin] new path /v2/images/822cb6f1-e8a8-4fcb-aa99-ec70078376e4 {{(pid=99644) process_request /opt/stack/glance/glance/api/middleware/version_negotiation.py:70}}
Jul 10 08:04:50.634867 np0000004973 devstack@g-api.service[99644]: [pid: 99644|app: 0|req: 11/31] 127.0.0.1 () {44 vars in 1115 bytes} [Fri Jul 10 08:04:50 2026] GET /v2/images/822cb6f1-e8a8-4fcb-aa99-ec70078376e4 => generated 1044 bytes in 23 msecs (HTTP/1.1 200) 4 headers in 158 bytes (1 switches on core 0)
Jul 10 08:04:50.669394 np0000004973 devstack@g-api.service[99643]: DEBUG glance.api.middleware.version_negotiation [None req-d22b44b2-0f9d-46b8-b8e2-2fe69dd6e963 tempest-AttachSCSIVolumeTestJSON-671075901 tempest-AttachSCSIVolumeTestJSON-671075901-project-admin] Determining version of request: GET /v2/images/822cb6f1-e8a8-4fcb-aa99-ec70078376e4 Accept: */* {{(pid=99643) process_request /opt/stack/glance/glance/api/middleware/version_negotiation.py:44}}
Jul 10 08:04:50.669763 np0000004973 devstack@g-api.service[99644]: DEBUG glance.api.middleware.version_negotiation [None req-be3c0223-4d89-4ece-bebf-fe236acb05a0 tempest-ServerBootFromVolumeStableRescueTest-938071454 tempest-ServerBootFromVolumeStableRescueTest-938071454-project-member] Determining version of request: GET /v2/images/822cb6f1-e8a8-4fcb-aa99-ec70078376e4/file Accept: */* {{(pid=99644) process_request /opt/stack/glance/glance/api/middleware/version_negotiation.py:44}}
Jul 10 08:04:50.669815 np0000004973 devstack@g-api.service[99643]: DEBUG glance.api.middleware.version_negotiation [None req-d22b44b2-0f9d-46b8-b8e2-2fe69dd6e963 tempest-AttachSCSIVolumeTestJSON-671075901 tempest-AttachSCSIVolumeTestJSON-671075901-project-admin] Using url versioning {{(pid=99643) process_request /opt/stack/glance/glance/api/middleware/version_negotiation.py:57}}
Jul 10 08:04:50.669850 np0000004973 devstack@g-api.service[99644]: DEBUG glance.api.middleware.version_negotiation [None req-be3c0223-4d89-4ece-bebf-fe236acb05a0 tempest-ServerBootFromVolumeStableRescueTest-938071454 tempest-ServerBootFromVolumeStableRescueTest-938071454-project-member] Using url versioning {{(pid=99644) process_request /opt/stack/glance/glance/api/middleware/version_negotiation.py:57}}
Jul 10 08:04:50.669887 np0000004973 devstack@g-api.service[99643]: DEBUG glance.api.middleware.version_negotiation [None req-d22b44b2-0f9d-46b8-b8e2-2fe69dd6e963 tempest-AttachSCSIVolumeTestJSON-671075901 tempest-AttachSCSIVolumeTestJSON-671075901-project-admin] Matched version: v2 {{(pid=99643) process_request /opt/stack/glance/glance/api/middleware/version_negotiation.py:69}}
Jul 10 08:04:50.669887 np0000004973 devstack@g-api.service[99643]: DEBUG glance.api.middleware.version_negotiation [None req-d22b44b2-0f9d-46b8-b8e2-2fe69dd6e963 tempest-AttachSCSIVolumeTestJSON-671075901 tempest-AttachSCSIVolumeTestJSON-671075901-project-admin] new path /v2/images/822cb6f1-e8a8-4fcb-aa99-ec70078376e4 {{(pid=99643) process_request /opt/stack/glance/glance/api/middleware/version_negotiation.py:70}}
Jul 10 08:04:50.670123 np0000004973 devstack@g-api.service[99644]: DEBUG glance.api.middleware.version_negotiation [None req-be3c0223-4d89-4ece-bebf-fe236acb05a0 tempest-ServerBootFromVolumeStableRescueTest-938071454 tempest-ServerBootFromVolumeStableRescueTest-938071454-project-member] Matched version: v2 {{(pid=99644) process_request /opt/stack/glance/glance/api/middleware/version_negotiation.py:69}}
Jul 10 08:04:50.670286 np0000004973 devstack@g-api.service[99644]: DEBUG glance.api.middleware.version_negotiation [None req-be3c0223-4d89-4ece-bebf-fe236acb05a0 tempest-ServerBootFromVolumeStableRescueTest-938071454 tempest-ServerBootFromVolumeStableRescueTest-938071454-project-member] new path /v2/images/822cb6f1-e8a8-4fcb-aa99-ec70078376e4/file {{(pid=99644) process_request /opt/stack/glance/glance/api/middleware/version_negotiation.py:70}}
Jul 10 08:04:50.683546 np0000004973 devstack@g-api.service[99644]: DEBUG glance.api.middleware.cache [None req-be3c0223-4d89-4ece-bebf-fe236acb05a0 tempest-ServerBootFromVolumeStableRescueTest-938071454 tempest-ServerBootFromVolumeStableRescueTest-938071454-project-member] Cache hit for image '822cb6f1-e8a8-4fcb-aa99-ec70078376e4' {{(pid=99644) process_request /opt/stack/glance/glance/api/middleware/cache.py:160}}
Jul 10 08:04:50.683813 np0000004973 devstack@g-api.service[99643]: [pid: 99643|app: 0|req: 11/32] 127.0.0.1 () {44 vars in 1115 bytes} [Fri Jul 10 08:04:50 2026] GET /v2/images/822cb6f1-e8a8-4fcb-aa99-ec70078376e4 => generated 1044 bytes in 14 msecs (HTTP/1.1 200) 4 headers in 158 bytes (1 switches on core 0)
Jul 10 08:04:50.713490 np0000004973 devstack@g-api.service[99643]: DEBUG glance.api.middleware.version_negotiation [None req-d71e27e9-917b-4530-b22e-187a2518f730 tempest-TaggedAttachmentsTest-1155078808 tempest-TaggedAttachmentsTest-1155078808-project-member] Determining version of request: GET /v2/schemas/image Accept: */* {{(pid=99643) process_request /opt/stack/glance/glance/api/middleware/version_negotiation.py:44}}
Jul 10 08:04:50.713719 np0000004973 devstack@g-api.service[99643]: DEBUG glance.api.middleware.version_negotiation [None req-d71e27e9-917b-4530-b22e-187a2518f730 tempest-TaggedAttachmentsTest-1155078808 tempest-TaggedAttachmentsTest-1155078808-project-member] Using url versioning {{(pid=99643) process_request /opt/stack/glance/glance/api/middleware/version_negotiation.py:57}}
Jul 10 08:04:50.713876 np0000004973 devstack@g-api.service[99643]: DEBUG glance.api.middleware.version_negotiation [None req-d71e27e9-917b-4530-b22e-187a2518f730 tempest-TaggedAttachmentsTest-1155078808 tempest-TaggedAttachmentsTest-1155078808-project-member] Matched version: v2 {{(pid=99643) process_request /opt/stack/glance/glance/api/middleware/version_negotiation.py:69}}
Jul 10 08:04:50.713876 np0000004973 devstack@g-api.service[99643]: DEBUG glance.api.middleware.version_negotiation [None req-d71e27e9-917b-4530-b22e-187a2518f730 tempest-TaggedAttachmentsTest-1155078808 tempest-TaggedAttachmentsTest-1155078808-project-member] new path /v2/schemas/image {{(pid=99643) process_request /opt/stack/glance/glance/api/middleware/version_negotiation.py:70}}
Jul 10 08:04:50.716060 np0000004973 devstack@g-api.service[99643]: [pid: 99643|app: 0|req: 12/33] 127.0.0.1 () {44 vars in 1055 bytes} [Fri Jul 10 08:04:50 2026] GET /v2/schemas/image => generated 6083 bytes in 3 msecs (HTTP/1.1 200) 4 headers in 158 bytes (1 switches on core 0)
Jul 10 08:04:50.749460 np0000004973 devstack@g-api.service[99644]: [pid: 99644|app: 0|req: 12/34] 127.0.0.1 () {44 vars in 1125 bytes} [Fri Jul 10 08:04:50 2026] GET /v2/images/822cb6f1-e8a8-4fcb-aa99-ec70078376e4/file => generated 21692416 bytes in 80 msecs (HTTP/1.1 200) 5 headers in 217 bytes (339 switches on core 0)
Jul 10 08:04:50.797594 np0000004973 devstack@g-api.service[99645]: DEBUG glance.location [None req-fff48e09-33fc-438c-bc4a-831227d04e6a tempest-AttachSCSIVolumeTestJSON-671075901 tempest-AttachSCSIVolumeTestJSON-671075901-project-admin] Enabling in-flight format inspection for qcow2 {{(pid=99645) set_data /opt/stack/glance/glance/location.py:596}}
Jul 10 08:04:50.798083 np0000004973 devstack@g-api.service[99645]: DEBUG glance_store.backend [None req-fff48e09-33fc-438c-bc4a-831227d04e6a tempest-AttachSCSIVolumeTestJSON-671075901 tempest-AttachSCSIVolumeTestJSON-671075901-project-admin] Attempting to import store swift {{(pid=99645) _load_store /opt/stack/data/venv/lib/python3.12/site-packages/glance_store/backend.py:215}}
Jul 10 08:04:50.799554 np0000004973 devstack@g-api.service[99645]: DEBUG glance_store.capabilities [None req-fff48e09-33fc-438c-bc4a-831227d04e6a tempest-AttachSCSIVolumeTestJSON-671075901 tempest-AttachSCSIVolumeTestJSON-671075901-project-admin] Store glance_store._drivers.swift.store.SingleTenantStore doesn't support updating dynamic storage capabilities. Please overwrite 'update_capabilities' method of the store to implement updating logics if needed. {{(pid=99645) update_capabilities /opt/stack/data/venv/lib/python3.12/site-packages/glance_store/capabilities.py:91}}
Jul 10 08:04:50.799681 np0000004973 devstack@g-api.service[99645]: DEBUG glance_store.driver [None req-fff48e09-33fc-438c-bc4a-831227d04e6a tempest-AttachSCSIVolumeTestJSON-671075901 tempest-AttachSCSIVolumeTestJSON-671075901-project-admin] Late loading location class glance_store._drivers.swift.store.StoreLocation {{(pid=99645) get_store_location_class /opt/stack/data/venv/lib/python3.12/site-packages/glance_store/driver.py:134}}
Jul 10 08:04:50.799818 np0000004973 devstack@g-api.service[99645]: DEBUG glance_store.location [None req-fff48e09-33fc-438c-bc4a-831227d04e6a tempest-AttachSCSIVolumeTestJSON-671075901 tempest-AttachSCSIVolumeTestJSON-671075901-project-admin] Registering scheme swift+https with {'store': , 'location_class': , 'store_entry': 'swift'} {{(pid=99645) register_scheme_map /opt/stack/data/venv/lib/python3.12/site-packages/glance_store/location.py:146}}
Jul 10 08:04:50.799913 np0000004973 devstack@g-api.service[99645]: DEBUG glance_store.location [None req-fff48e09-33fc-438c-bc4a-831227d04e6a tempest-AttachSCSIVolumeTestJSON-671075901 tempest-AttachSCSIVolumeTestJSON-671075901-project-admin] Registering scheme swift+https with {'store': , 'location_class': , 'store_entry': 'swift'} {{(pid=99645) register_scheme_map /opt/stack/data/venv/lib/python3.12/site-packages/glance_store/location.py:146}}
Jul 10 08:04:50.799975 np0000004973 devstack@g-api.service[99645]: DEBUG glance_store.location [None req-fff48e09-33fc-438c-bc4a-831227d04e6a tempest-AttachSCSIVolumeTestJSON-671075901 tempest-AttachSCSIVolumeTestJSON-671075901-project-admin] Registering scheme swift with {'store': , 'location_class': , 'store_entry': 'swift'} {{(pid=99645) register_scheme_map /opt/stack/data/venv/lib/python3.12/site-packages/glance_store/location.py:146}}
Jul 10 08:04:50.800099 np0000004973 devstack@g-api.service[99645]: DEBUG glance_store.location [None req-fff48e09-33fc-438c-bc4a-831227d04e6a tempest-AttachSCSIVolumeTestJSON-671075901 tempest-AttachSCSIVolumeTestJSON-671075901-project-admin] Registering scheme swift+https with {'store': , 'location_class': , 'store_entry': 'swift'} {{(pid=99645) register_scheme_map /opt/stack/data/venv/lib/python3.12/site-packages/glance_store/location.py:146}}
Jul 10 08:04:50.800209 np0000004973 devstack@g-api.service[99645]: DEBUG glance_store.location [None req-fff48e09-33fc-438c-bc4a-831227d04e6a tempest-AttachSCSIVolumeTestJSON-671075901 tempest-AttachSCSIVolumeTestJSON-671075901-project-admin] Registering scheme swift with {'store': , 'location_class': , 'store_entry': 'swift'} {{(pid=99645) register_scheme_map /opt/stack/data/venv/lib/python3.12/site-packages/glance_store/location.py:146}}
Jul 10 08:04:50.800562 np0000004973 devstack@g-api.service[99645]: DEBUG glance_store.location [None req-fff48e09-33fc-438c-bc4a-831227d04e6a tempest-AttachSCSIVolumeTestJSON-671075901 tempest-AttachSCSIVolumeTestJSON-671075901-project-admin] Registering scheme swift+http with {'store': , 'location_class': , 'store_entry': 'swift'} {{(pid=99645) register_scheme_map /opt/stack/data/venv/lib/python3.12/site-packages/glance_store/location.py:146}}
Jul 10 08:04:50.800722 np0000004973 devstack@g-api.service[99645]: DEBUG glance_store.location [None req-fff48e09-33fc-438c-bc4a-831227d04e6a tempest-AttachSCSIVolumeTestJSON-671075901 tempest-AttachSCSIVolumeTestJSON-671075901-project-admin] Registering scheme swift+https with {'store': , 'location_class': , 'store_entry': 'swift'} {{(pid=99645) register_scheme_map /opt/stack/data/venv/lib/python3.12/site-packages/glance_store/location.py:146}}
Jul 10 08:04:50.800853 np0000004973 devstack@g-api.service[99645]: DEBUG glance_store.location [None req-fff48e09-33fc-438c-bc4a-831227d04e6a tempest-AttachSCSIVolumeTestJSON-671075901 tempest-AttachSCSIVolumeTestJSON-671075901-project-admin] Registering scheme swift with {'store': , 'location_class': , 'store_entry': 'swift'} {{(pid=99645) register_scheme_map /opt/stack/data/venv/lib/python3.12/site-packages/glance_store/location.py:146}}
Jul 10 08:04:50.800966 np0000004973 devstack@g-api.service[99645]: DEBUG glance_store.location [None req-fff48e09-33fc-438c-bc4a-831227d04e6a tempest-AttachSCSIVolumeTestJSON-671075901 tempest-AttachSCSIVolumeTestJSON-671075901-project-admin] Registering scheme swift+http with {'store': , 'location_class': , 'store_entry': 'swift'} {{(pid=99645) register_scheme_map /opt/stack/data/venv/lib/python3.12/site-packages/glance_store/location.py:146}}
Jul 10 08:04:50.801071 np0000004973 devstack@g-api.service[99645]: DEBUG glance_store.location [None req-fff48e09-33fc-438c-bc4a-831227d04e6a tempest-AttachSCSIVolumeTestJSON-671075901 tempest-AttachSCSIVolumeTestJSON-671075901-project-admin] Registering scheme swift+config with {'store': , 'location_class': , 'store_entry': 'swift'} {{(pid=99645) register_scheme_map /opt/stack/data/venv/lib/python3.12/site-packages/glance_store/location.py:146}}
Jul 10 08:04:50.827005 np0000004973 devstack@g-api.service[99643]: DEBUG glance.api.middleware.version_negotiation [None req-d71e27e9-917b-4530-b22e-187a2518f730 tempest-TaggedAttachmentsTest-1155078808 tempest-TaggedAttachmentsTest-1155078808-project-member] Determining version of request: GET /v2/images/822cb6f1-e8a8-4fcb-aa99-ec70078376e4 Accept: */* {{(pid=99643) process_request /opt/stack/glance/glance/api/middleware/version_negotiation.py:44}}
Jul 10 08:04:50.827209 np0000004973 devstack@g-api.service[99643]: DEBUG glance.api.middleware.version_negotiation [None req-d71e27e9-917b-4530-b22e-187a2518f730 tempest-TaggedAttachmentsTest-1155078808 tempest-TaggedAttachmentsTest-1155078808-project-member] Using url versioning {{(pid=99643) process_request /opt/stack/glance/glance/api/middleware/version_negotiation.py:57}}
Jul 10 08:04:50.827398 np0000004973 devstack@g-api.service[99643]: DEBUG glance.api.middleware.version_negotiation [None req-d71e27e9-917b-4530-b22e-187a2518f730 tempest-TaggedAttachmentsTest-1155078808 tempest-TaggedAttachmentsTest-1155078808-project-member] Matched version: v2 {{(pid=99643) process_request /opt/stack/glance/glance/api/middleware/version_negotiation.py:69}}
Jul 10 08:04:50.827469 np0000004973 devstack@g-api.service[99643]: DEBUG glance.api.middleware.version_negotiation [None req-d71e27e9-917b-4530-b22e-187a2518f730 tempest-TaggedAttachmentsTest-1155078808 tempest-TaggedAttachmentsTest-1155078808-project-member] new path /v2/images/822cb6f1-e8a8-4fcb-aa99-ec70078376e4 {{(pid=99643) process_request /opt/stack/glance/glance/api/middleware/version_negotiation.py:70}}
Jul 10 08:04:50.838530 np0000004973 devstack@g-api.service[99643]: [pid: 99643|app: 0|req: 13/35] 127.0.0.1 () {44 vars in 1115 bytes} [Fri Jul 10 08:04:50 2026] GET /v2/images/822cb6f1-e8a8-4fcb-aa99-ec70078376e4 => generated 1044 bytes in 11 msecs (HTTP/1.1 200) 4 headers in 158 bytes (1 switches on core 0)
Jul 10 08:04:50.865384 np0000004973 devstack@g-api.service[99644]: DEBUG glance.api.middleware.version_negotiation [None req-be3c0223-4d89-4ece-bebf-fe236acb05a0 tempest-ServerBootFromVolumeStableRescueTest-938071454 tempest-ServerBootFromVolumeStableRescueTest-938071454-project-member] Determining version of request: GET /v2/schemas/image Accept: */* {{(pid=99644) process_request /opt/stack/glance/glance/api/middleware/version_negotiation.py:44}}
Jul 10 08:04:50.865619 np0000004973 devstack@g-api.service[99644]: DEBUG glance.api.middleware.version_negotiation [None req-be3c0223-4d89-4ece-bebf-fe236acb05a0 tempest-ServerBootFromVolumeStableRescueTest-938071454 tempest-ServerBootFromVolumeStableRescueTest-938071454-project-member] Using url versioning {{(pid=99644) process_request /opt/stack/glance/glance/api/middleware/version_negotiation.py:57}}
Jul 10 08:04:50.865750 np0000004973 devstack@g-api.service[99644]: DEBUG glance.api.middleware.version_negotiation [None req-be3c0223-4d89-4ece-bebf-fe236acb05a0 tempest-ServerBootFromVolumeStableRescueTest-938071454 tempest-ServerBootFromVolumeStableRescueTest-938071454-project-member] Matched version: v2 {{(pid=99644) process_request /opt/stack/glance/glance/api/middleware/version_negotiation.py:69}}
Jul 10 08:04:50.865842 np0000004973 devstack@g-api.service[99644]: DEBUG glance.api.middleware.version_negotiation [None req-be3c0223-4d89-4ece-bebf-fe236acb05a0 tempest-ServerBootFromVolumeStableRescueTest-938071454 tempest-ServerBootFromVolumeStableRescueTest-938071454-project-member] new path /v2/schemas/image {{(pid=99644) process_request /opt/stack/glance/glance/api/middleware/version_negotiation.py:70}}
Jul 10 08:04:50.868442 np0000004973 devstack@g-api.service[99644]: [pid: 99644|app: 0|req: 13/36] 127.0.0.1 () {44 vars in 1055 bytes} [Fri Jul 10 08:04:50 2026] GET /v2/schemas/image => generated 6083 bytes in 3 msecs (HTTP/1.1 200) 4 headers in 158 bytes (1 switches on core 0)
Jul 10 08:04:51.222873 np0000004973 devstack@g-api.service[99645]: DEBUG swiftclient [None req-fff48e09-33fc-438c-bc4a-831227d04e6a tempest-AttachSCSIVolumeTestJSON-671075901 tempest-AttachSCSIVolumeTestJSON-671075901-project-admin] REQ: curl -i https://10.4.3.159:8080/v1/AUTH_5c6524f561ac46dab5c74bb17d3be916/glance -I -H "X-Auth-Token: gAAAAABqUKeiMx1I..." {{(pid=99645) http_log /opt/stack/data/venv/lib/python3.12/site-packages/swiftclient/client.py:160}}
Jul 10 08:04:51.223661 np0000004973 devstack@g-api.service[99645]: DEBUG swiftclient [None req-fff48e09-33fc-438c-bc4a-831227d04e6a tempest-AttachSCSIVolumeTestJSON-671075901 tempest-AttachSCSIVolumeTestJSON-671075901-project-admin] RESP STATUS: 204 No Content {{(pid=99645) http_log /opt/stack/data/venv/lib/python3.12/site-packages/swiftclient/client.py:161}}
Jul 10 08:04:51.223661 np0000004973 devstack@g-api.service[99645]: DEBUG swiftclient [None req-fff48e09-33fc-438c-bc4a-831227d04e6a tempest-AttachSCSIVolumeTestJSON-671075901 tempest-AttachSCSIVolumeTestJSON-671075901-project-admin] RESP HEADERS: {'Date': 'Fri, 10 Jul 2026 08:04:51 GMT', 'Server': 'Apache/2.4.58 (Ubuntu)', 'Content-Type': 'text/plain; charset=utf-8', 'X-Container-Object-Count': '3', 'X-Container-Bytes-Used': '64356352', 'X-Timestamp': '1783670578.33516', 'Last-Modified': 'Fri, 10 Jul 2026 08:02:59 GMT', 'Accept-Ranges': 'bytes', 'X-Storage-Policy': 'Policy-0', 'X-Container-Sharding': 'False', 'Vary': 'Accept', 'X-Trans-Id': 'tx1d6b1f70797a42998328c-006a50a7a2', 'X-Openstack-Request-Id': 'tx1d6b1f70797a42998328c-006a50a7a2', 'Connection': 'close'} {{(pid=99645) http_log /opt/stack/data/venv/lib/python3.12/site-packages/swiftclient/client.py:162}}
Jul 10 08:04:51.223661 np0000004973 devstack@g-api.service[99645]: DEBUG glance_store._drivers.swift.store [None req-fff48e09-33fc-438c-bc4a-831227d04e6a tempest-AttachSCSIVolumeTestJSON-671075901 tempest-AttachSCSIVolumeTestJSON-671075901-project-admin] Adding image object 'f050f733-1c3d-4e63-9438-b8f5bda79418' to Swift {{(pid=99645) add /opt/stack/data/venv/lib/python3.12/site-packages/glance_store/_drivers/swift/store.py:970}}
Jul 10 08:04:51.224028 np0000004973 devstack@g-api.service[99645]: DEBUG glance_store._drivers.swift.store [None req-fff48e09-33fc-438c-bc4a-831227d04e6a tempest-AttachSCSIVolumeTestJSON-671075901 tempest-AttachSCSIVolumeTestJSON-671075901-project-admin] Cannot determine image size because it is either not provided in the request or chunked-transfer encoding is used. Adding image as a segmented object to Swift. {{(pid=99645) add /opt/stack/data/venv/lib/python3.12/site-packages/glance_store/_drivers/swift/store.py:994}}
Jul 10 08:04:51.230507 np0000004973 devstack@g-api.service[99645]: DEBUG oslo_utils.imageutils.format_inspector [None req-fff48e09-33fc-438c-bc4a-831227d04e6a tempest-AttachSCSIVolumeTestJSON-671075901 tempest-AttachSCSIVolumeTestJSON-671075901-project-admin] Format inspector for vmdk does not match, excluding from consideration (Signature KDMV not found: b'QFI\xfb') {{(pid=99645) _process_chunk /opt/stack/data/venv/lib/python3.12/site-packages/oslo_utils/imageutils/format_inspector.py:1758}}
Jul 10 08:04:51.232656 np0000004973 devstack@g-api.service[99645]: DEBUG oslo_utils.imageutils.format_inspector [None req-fff48e09-33fc-438c-bc4a-831227d04e6a tempest-AttachSCSIVolumeTestJSON-671075901 tempest-AttachSCSIVolumeTestJSON-671075901-project-admin] Format inspector for vhdx does not match, excluding from consideration (Region signature not found at 30000) {{(pid=99645) _process_chunk /opt/stack/data/venv/lib/python3.12/site-packages/oslo_utils/imageutils/format_inspector.py:1758}}
Jul 10 08:04:51.549987 np0000004973 devstack@g-api.service[99645]: DEBUG swiftclient [None req-fff48e09-33fc-438c-bc4a-831227d04e6a tempest-AttachSCSIVolumeTestJSON-671075901 tempest-AttachSCSIVolumeTestJSON-671075901-project-admin] REQ: curl -i https://10.4.3.159:8080/v1/AUTH_5c6524f561ac46dab5c74bb17d3be916/glance/f050f733-1c3d-4e63-9438-b8f5bda79418-00001 -X PUT -H "X-Auth-Token: gAAAAABqUKeiMx1I..." {{(pid=99645) http_log /opt/stack/data/venv/lib/python3.12/site-packages/swiftclient/client.py:160}}
Jul 10 08:04:51.550659 np0000004973 devstack@g-api.service[99645]: DEBUG swiftclient [None req-fff48e09-33fc-438c-bc4a-831227d04e6a tempest-AttachSCSIVolumeTestJSON-671075901 tempest-AttachSCSIVolumeTestJSON-671075901-project-admin] RESP STATUS: 201 Created {{(pid=99645) http_log /opt/stack/data/venv/lib/python3.12/site-packages/swiftclient/client.py:161}}
Jul 10 08:04:51.550659 np0000004973 devstack@g-api.service[99645]: DEBUG swiftclient [None req-fff48e09-33fc-438c-bc4a-831227d04e6a tempest-AttachSCSIVolumeTestJSON-671075901 tempest-AttachSCSIVolumeTestJSON-671075901-project-admin] RESP HEADERS: {'Date': 'Fri, 10 Jul 2026 08:04:51 GMT', 'Server': 'Apache/2.4.58 (Ubuntu)', 'Content-Type': 'text/html; charset=UTF-8', 'Content-Length': '0', 'Etag': '87617e24a5e30cb3b87fda8c0764838f', 'Last-Modified': 'Fri, 10 Jul 2026 08:04:52 GMT', 'X-Trans-Id': 'txc7818a8ad0964ecca40eb-006a50a7a3', 'X-Openstack-Request-Id': 'txc7818a8ad0964ecca40eb-006a50a7a3', 'Connection': 'close'} {{(pid=99645) http_log /opt/stack/data/venv/lib/python3.12/site-packages/swiftclient/client.py:162}}
Jul 10 08:04:51.550659 np0000004973 devstack@g-api.service[99645]: DEBUG glance_store._drivers.swift.store [None req-fff48e09-33fc-438c-bc4a-831227d04e6a tempest-AttachSCSIVolumeTestJSON-671075901 tempest-AttachSCSIVolumeTestJSON-671075901-project-admin] Wrote chunk f050f733-1c3d-4e63-9438-b8f5bda79418-00001 (1/?) of length 21692416 to Swift returning MD5 of content: 87617e24a5e30cb3b87fda8c0764838f {{(pid=99645) add /opt/stack/data/venv/lib/python3.12/site-packages/glance_store/_drivers/swift/store.py:1059}}
Jul 10 08:04:51.551059 np0000004973 devstack@g-api.service[99645]: DEBUG glance_store._drivers.swift.store [None req-fff48e09-33fc-438c-bc4a-831227d04e6a tempest-AttachSCSIVolumeTestJSON-671075901 tempest-AttachSCSIVolumeTestJSON-671075901-project-admin] Not writing zero-length chunk. {{(pid=99645) add /opt/stack/data/venv/lib/python3.12/site-packages/glance_store/_drivers/swift/store.py:1028}}
Jul 10 08:04:51.575553 np0000004973 devstack@g-api.service[99645]: DEBUG swiftclient [None req-fff48e09-33fc-438c-bc4a-831227d04e6a tempest-AttachSCSIVolumeTestJSON-671075901 tempest-AttachSCSIVolumeTestJSON-671075901-project-admin] REQ: curl -i https://10.4.3.159:8080/v1/AUTH_5c6524f561ac46dab5c74bb17d3be916/glance/f050f733-1c3d-4e63-9438-b8f5bda79418 -X PUT -H "X-Object-Manifest: glance/f050f733-1c3d-4e63-9438-b8f5bda79418-" -H "X-Auth-Token: gAAAAABqUKeiMx1I..." -H "Content-Length: 0" {{(pid=99645) http_log /opt/stack/data/venv/lib/python3.12/site-packages/swiftclient/client.py:160}}
Jul 10 08:04:51.575635 np0000004973 devstack@g-api.service[99645]: DEBUG swiftclient [None req-fff48e09-33fc-438c-bc4a-831227d04e6a tempest-AttachSCSIVolumeTestJSON-671075901 tempest-AttachSCSIVolumeTestJSON-671075901-project-admin] RESP STATUS: 201 Created {{(pid=99645) http_log /opt/stack/data/venv/lib/python3.12/site-packages/swiftclient/client.py:161}}
Jul 10 08:04:51.575761 np0000004973 devstack@g-api.service[99645]: DEBUG swiftclient [None req-fff48e09-33fc-438c-bc4a-831227d04e6a tempest-AttachSCSIVolumeTestJSON-671075901 tempest-AttachSCSIVolumeTestJSON-671075901-project-admin] RESP HEADERS: {'Date': 'Fri, 10 Jul 2026 08:04:51 GMT', 'Server': 'Apache/2.4.58 (Ubuntu)', 'Content-Type': 'text/html; charset=UTF-8', 'Content-Length': '0', 'Etag': 'd41d8cd98f00b204e9800998ecf8427e', 'Last-Modified': 'Fri, 10 Jul 2026 08:04:52 GMT', 'X-Trans-Id': 'tx2900d7cd0b0141eba2a45-006a50a7a3', 'X-Openstack-Request-Id': 'tx2900d7cd0b0141eba2a45-006a50a7a3', 'Connection': 'close'} {{(pid=99645) http_log /opt/stack/data/venv/lib/python3.12/site-packages/swiftclient/client.py:162}}
Jul 10 08:04:51.576159 np0000004973 devstack@g-api.service[99645]: INFO glance.location [None req-fff48e09-33fc-438c-bc4a-831227d04e6a tempest-AttachSCSIVolumeTestJSON-671075901 tempest-AttachSCSIVolumeTestJSON-671075901-project-admin] Image format matched and virtual size computed: 117440512
Jul 10 08:04:51.600038 np0000004973 devstack@g-api.service[99645]: DEBUG glance_store.backend [None req-fff48e09-33fc-438c-bc4a-831227d04e6a tempest-AttachSCSIVolumeTestJSON-671075901 tempest-AttachSCSIVolumeTestJSON-671075901-project-admin] Attempting to import store swift {{(pid=99645) _load_store /opt/stack/data/venv/lib/python3.12/site-packages/glance_store/backend.py:215}}
Jul 10 08:04:51.601547 np0000004973 devstack@g-api.service[99645]: DEBUG glance_store.capabilities [None req-fff48e09-33fc-438c-bc4a-831227d04e6a tempest-AttachSCSIVolumeTestJSON-671075901 tempest-AttachSCSIVolumeTestJSON-671075901-project-admin] Store glance_store._drivers.swift.store.SingleTenantStore doesn't support updating dynamic storage capabilities. Please overwrite 'update_capabilities' method of the store to implement updating logics if needed. {{(pid=99645) update_capabilities /opt/stack/data/venv/lib/python3.12/site-packages/glance_store/capabilities.py:91}}
Jul 10 08:04:51.601547 np0000004973 devstack@g-api.service[99645]: DEBUG glance_store.driver [None req-fff48e09-33fc-438c-bc4a-831227d04e6a tempest-AttachSCSIVolumeTestJSON-671075901 tempest-AttachSCSIVolumeTestJSON-671075901-project-admin] Late loading location class glance_store._drivers.swift.store.StoreLocation {{(pid=99645) get_store_location_class /opt/stack/data/venv/lib/python3.12/site-packages/glance_store/driver.py:134}}
Jul 10 08:04:51.601547 np0000004973 devstack@g-api.service[99645]: DEBUG glance_store.location [None req-fff48e09-33fc-438c-bc4a-831227d04e6a tempest-AttachSCSIVolumeTestJSON-671075901 tempest-AttachSCSIVolumeTestJSON-671075901-project-admin] Registering scheme swift+https with {'store': , 'location_class': , 'store_entry': 'swift'} {{(pid=99645) register_scheme_map /opt/stack/data/venv/lib/python3.12/site-packages/glance_store/location.py:146}}
Jul 10 08:04:51.601759 np0000004973 devstack@g-api.service[99645]: DEBUG glance_store.location [None req-fff48e09-33fc-438c-bc4a-831227d04e6a tempest-AttachSCSIVolumeTestJSON-671075901 tempest-AttachSCSIVolumeTestJSON-671075901-project-admin] Registering scheme swift+https with {'store': , 'location_class': , 'store_entry': 'swift'} {{(pid=99645) register_scheme_map /opt/stack/data/venv/lib/python3.12/site-packages/glance_store/location.py:146}}
Jul 10 08:04:51.601759 np0000004973 devstack@g-api.service[99645]: DEBUG glance_store.location [None req-fff48e09-33fc-438c-bc4a-831227d04e6a tempest-AttachSCSIVolumeTestJSON-671075901 tempest-AttachSCSIVolumeTestJSON-671075901-project-admin] Registering scheme swift with {'store': , 'location_class': , 'store_entry': 'swift'} {{(pid=99645) register_scheme_map /opt/stack/data/venv/lib/python3.12/site-packages/glance_store/location.py:146}}
Jul 10 08:04:51.601849 np0000004973 devstack@g-api.service[99645]: DEBUG glance_store.location [None req-fff48e09-33fc-438c-bc4a-831227d04e6a tempest-AttachSCSIVolumeTestJSON-671075901 tempest-AttachSCSIVolumeTestJSON-671075901-project-admin] Registering scheme swift+https with {'store': , 'location_class': , 'store_entry': 'swift'} {{(pid=99645) register_scheme_map /opt/stack/data/venv/lib/python3.12/site-packages/glance_store/location.py:146}}
Jul 10 08:04:51.601883 np0000004973 devstack@g-api.service[99645]: DEBUG glance_store.location [None req-fff48e09-33fc-438c-bc4a-831227d04e6a tempest-AttachSCSIVolumeTestJSON-671075901 tempest-AttachSCSIVolumeTestJSON-671075901-project-admin] Registering scheme swift with {'store': , 'location_class': , 'store_entry': 'swift'} {{(pid=99645) register_scheme_map /opt/stack/data/venv/lib/python3.12/site-packages/glance_store/location.py:146}}
Jul 10 08:04:51.602001 np0000004973 devstack@g-api.service[99645]: DEBUG glance_store.location [None req-fff48e09-33fc-438c-bc4a-831227d04e6a tempest-AttachSCSIVolumeTestJSON-671075901 tempest-AttachSCSIVolumeTestJSON-671075901-project-admin] Registering scheme swift+http with {'store': , 'location_class': , 'store_entry': 'swift'} {{(pid=99645) register_scheme_map /opt/stack/data/venv/lib/python3.12/site-packages/glance_store/location.py:146}}
Jul 10 08:04:51.602113 np0000004973 devstack@g-api.service[99645]: DEBUG glance_store.location [None req-fff48e09-33fc-438c-bc4a-831227d04e6a tempest-AttachSCSIVolumeTestJSON-671075901 tempest-AttachSCSIVolumeTestJSON-671075901-project-admin] Registering scheme swift+https with {'store': , 'location_class': , 'store_entry': 'swift'} {{(pid=99645) register_scheme_map /opt/stack/data/venv/lib/python3.12/site-packages/glance_store/location.py:146}}
Jul 10 08:04:51.602180 np0000004973 devstack@g-api.service[99645]: DEBUG glance_store.location [None req-fff48e09-33fc-438c-bc4a-831227d04e6a tempest-AttachSCSIVolumeTestJSON-671075901 tempest-AttachSCSIVolumeTestJSON-671075901-project-admin] Registering scheme swift with {'store': , 'location_class': , 'store_entry': 'swift'} {{(pid=99645) register_scheme_map /opt/stack/data/venv/lib/python3.12/site-packages/glance_store/location.py:146}}
Jul 10 08:04:51.602305 np0000004973 devstack@g-api.service[99645]: DEBUG glance_store.location [None req-fff48e09-33fc-438c-bc4a-831227d04e6a tempest-AttachSCSIVolumeTestJSON-671075901 tempest-AttachSCSIVolumeTestJSON-671075901-project-admin] Registering scheme swift+http with {'store': , 'location_class': , 'store_entry': 'swift'} {{(pid=99645) register_scheme_map /opt/stack/data/venv/lib/python3.12/site-packages/glance_store/location.py:146}}
Jul 10 08:04:51.602374 np0000004973 devstack@g-api.service[99645]: DEBUG glance_store.location [None req-fff48e09-33fc-438c-bc4a-831227d04e6a tempest-AttachSCSIVolumeTestJSON-671075901 tempest-AttachSCSIVolumeTestJSON-671075901-project-admin] Registering scheme swift+config with {'store': , 'location_class': , 'store_entry': 'swift'} {{(pid=99645) register_scheme_map /opt/stack/data/venv/lib/python3.12/site-packages/glance_store/location.py:146}}
Jul 10 08:04:51.602454 np0000004973 devstack@g-api.service[99645]: DEBUG glance_store.backend [None req-fff48e09-33fc-438c-bc4a-831227d04e6a tempest-AttachSCSIVolumeTestJSON-671075901 tempest-AttachSCSIVolumeTestJSON-671075901-project-admin] Skipping store.set_acls... not implemented. {{(pid=99645) set_acls /opt/stack/data/venv/lib/python3.12/site-packages/glance_store/backend.py:507}}
Jul 10 08:04:51.604247 np0000004973 devstack@g-api.service[99645]: [pid: 99645|app: 0|req: 11/37] 127.0.0.1 () {40 vars in 858 bytes} [Fri Jul 10 08:04:49 2026] PUT /v2/images/f050f733-1c3d-4e63-9438-b8f5bda79418/file => generated 0 bytes in 2184 msecs (HTTP/1.1 204) 4 headers in 171 bytes (1 switches on core 0)
Jul 10 08:04:55.283753 np0000004973 devstack@g-api.service[99643]: DEBUG glance.api.middleware.version_negotiation [None req-be3c0223-4d89-4ece-bebf-fe236acb05a0 tempest-ServerBootFromVolumeStableRescueTest-938071454 tempest-ServerBootFromVolumeStableRescueTest-938071454-project-member] Determining version of request: GET /v2/images/822cb6f1-e8a8-4fcb-aa99-ec70078376e4 Accept: */* {{(pid=99643) process_request /opt/stack/glance/glance/api/middleware/version_negotiation.py:44}}
Jul 10 08:04:55.284111 np0000004973 devstack@g-api.service[99643]: DEBUG glance.api.middleware.version_negotiation [None req-be3c0223-4d89-4ece-bebf-fe236acb05a0 tempest-ServerBootFromVolumeStableRescueTest-938071454 tempest-ServerBootFromVolumeStableRescueTest-938071454-project-member] Using url versioning {{(pid=99643) process_request /opt/stack/glance/glance/api/middleware/version_negotiation.py:57}}
Jul 10 08:04:55.284111 np0000004973 devstack@g-api.service[99643]: DEBUG glance.api.middleware.version_negotiation [None req-be3c0223-4d89-4ece-bebf-fe236acb05a0 tempest-ServerBootFromVolumeStableRescueTest-938071454 tempest-ServerBootFromVolumeStableRescueTest-938071454-project-member] Matched version: v2 {{(pid=99643) process_request /opt/stack/glance/glance/api/middleware/version_negotiation.py:69}}
Jul 10 08:04:55.284111 np0000004973 devstack@g-api.service[99643]: DEBUG glance.api.middleware.version_negotiation [None req-be3c0223-4d89-4ece-bebf-fe236acb05a0 tempest-ServerBootFromVolumeStableRescueTest-938071454 tempest-ServerBootFromVolumeStableRescueTest-938071454-project-member] new path /v2/images/822cb6f1-e8a8-4fcb-aa99-ec70078376e4 {{(pid=99643) process_request /opt/stack/glance/glance/api/middleware/version_negotiation.py:70}}
Jul 10 08:04:55.296858 np0000004973 devstack@g-api.service[99644]: DEBUG glance.api.middleware.version_negotiation [None req-be3c0223-4d89-4ece-bebf-fe236acb05a0 tempest-ServerBootFromVolumeStableRescueTest-938071454 tempest-ServerBootFromVolumeStableRescueTest-938071454-project-member] Determining version of request: GET /v2/images/f050f733-1c3d-4e63-9438-b8f5bda79418 Accept: */* {{(pid=99644) process_request /opt/stack/glance/glance/api/middleware/version_negotiation.py:44}}
Jul 10 08:04:55.297297 np0000004973 devstack@g-api.service[99644]: DEBUG glance.api.middleware.version_negotiation [None req-be3c0223-4d89-4ece-bebf-fe236acb05a0 tempest-ServerBootFromVolumeStableRescueTest-938071454 tempest-ServerBootFromVolumeStableRescueTest-938071454-project-member] Using url versioning {{(pid=99644) process_request /opt/stack/glance/glance/api/middleware/version_negotiation.py:57}}
Jul 10 08:04:55.297297 np0000004973 devstack@g-api.service[99644]: DEBUG glance.api.middleware.version_negotiation [None req-be3c0223-4d89-4ece-bebf-fe236acb05a0 tempest-ServerBootFromVolumeStableRescueTest-938071454 tempest-ServerBootFromVolumeStableRescueTest-938071454-project-member] Matched version: v2 {{(pid=99644) process_request /opt/stack/glance/glance/api/middleware/version_negotiation.py:69}}
Jul 10 08:04:55.297297 np0000004973 devstack@g-api.service[99644]: DEBUG glance.api.middleware.version_negotiation [None req-be3c0223-4d89-4ece-bebf-fe236acb05a0 tempest-ServerBootFromVolumeStableRescueTest-938071454 tempest-ServerBootFromVolumeStableRescueTest-938071454-project-member] new path /v2/images/f050f733-1c3d-4e63-9438-b8f5bda79418 {{(pid=99644) process_request /opt/stack/glance/glance/api/middleware/version_negotiation.py:70}}
Jul 10 08:04:55.298948 np0000004973 devstack@g-api.service[99643]: [pid: 99643|app: 0|req: 14/38] 127.0.0.1 () {44 vars in 1115 bytes} [Fri Jul 10 08:04:55 2026] GET /v2/images/822cb6f1-e8a8-4fcb-aa99-ec70078376e4 => generated 1044 bytes in 15 msecs (HTTP/1.1 200) 4 headers in 158 bytes (1 switches on core 0)
Jul 10 08:04:55.307500 np0000004973 devstack@g-api.service[99644]: [pid: 99644|app: 0|req: 14/39] 127.0.0.1 () {44 vars in 1115 bytes} [Fri Jul 10 08:04:55 2026] GET /v2/images/f050f733-1c3d-4e63-9438-b8f5bda79418 => generated 859 bytes in 11 msecs (HTTP/1.1 200) 4 headers in 157 bytes (1 switches on core 0)
Jul 10 08:04:55.334228 np0000004973 devstack@g-api.service[99645]: DEBUG glance.api.middleware.version_negotiation [None req-fff48e09-33fc-438c-bc4a-831227d04e6a tempest-AttachSCSIVolumeTestJSON-671075901 tempest-AttachSCSIVolumeTestJSON-671075901-project-admin] Determining version of request: GET /v2/schemas/image Accept: */* {{(pid=99645) process_request /opt/stack/glance/glance/api/middleware/version_negotiation.py:44}}
Jul 10 08:04:55.334640 np0000004973 devstack@g-api.service[99645]: DEBUG glance.api.middleware.version_negotiation [None req-fff48e09-33fc-438c-bc4a-831227d04e6a tempest-AttachSCSIVolumeTestJSON-671075901 tempest-AttachSCSIVolumeTestJSON-671075901-project-admin] Using url versioning {{(pid=99645) process_request /opt/stack/glance/glance/api/middleware/version_negotiation.py:57}}
Jul 10 08:04:55.334733 np0000004973 devstack@g-api.service[99645]: DEBUG glance.api.middleware.version_negotiation [None req-fff48e09-33fc-438c-bc4a-831227d04e6a tempest-AttachSCSIVolumeTestJSON-671075901 tempest-AttachSCSIVolumeTestJSON-671075901-project-admin] Matched version: v2 {{(pid=99645) process_request /opt/stack/glance/glance/api/middleware/version_negotiation.py:69}}
Jul 10 08:04:55.334869 np0000004973 devstack@g-api.service[99643]: DEBUG glance.api.middleware.version_negotiation [None req-865012e7-f8b4-457b-9a61-f123686763d5 tempest-VolumesAssistedSnapshotsTest-1934660829 tempest-VolumesAssistedSnapshotsTest-1934660829-project-member] Determining version of request: GET /v2/schemas/image Accept: */* {{(pid=99643) process_request /opt/stack/glance/glance/api/middleware/version_negotiation.py:44}}
Jul 10 08:04:55.334922 np0000004973 devstack@g-api.service[99645]: DEBUG glance.api.middleware.version_negotiation [None req-fff48e09-33fc-438c-bc4a-831227d04e6a tempest-AttachSCSIVolumeTestJSON-671075901 tempest-AttachSCSIVolumeTestJSON-671075901-project-admin] new path /v2/schemas/image {{(pid=99645) process_request /opt/stack/glance/glance/api/middleware/version_negotiation.py:70}}
Jul 10 08:04:55.335090 np0000004973 devstack@g-api.service[99643]: DEBUG glance.api.middleware.version_negotiation [None req-865012e7-f8b4-457b-9a61-f123686763d5 tempest-VolumesAssistedSnapshotsTest-1934660829 tempest-VolumesAssistedSnapshotsTest-1934660829-project-member] Using url versioning {{(pid=99643) process_request /opt/stack/glance/glance/api/middleware/version_negotiation.py:57}}
Jul 10 08:04:55.335277 np0000004973 devstack@g-api.service[99643]: DEBUG glance.api.middleware.version_negotiation [None req-865012e7-f8b4-457b-9a61-f123686763d5 tempest-VolumesAssistedSnapshotsTest-1934660829 tempest-VolumesAssistedSnapshotsTest-1934660829-project-member] Matched version: v2 {{(pid=99643) process_request /opt/stack/glance/glance/api/middleware/version_negotiation.py:69}}
Jul 10 08:04:55.335377 np0000004973 devstack@g-api.service[99643]: DEBUG glance.api.middleware.version_negotiation [None req-865012e7-f8b4-457b-9a61-f123686763d5 tempest-VolumesAssistedSnapshotsTest-1934660829 tempest-VolumesAssistedSnapshotsTest-1934660829-project-member] new path /v2/schemas/image {{(pid=99643) process_request /opt/stack/glance/glance/api/middleware/version_negotiation.py:70}}
Jul 10 08:04:55.338120 np0000004973 devstack@g-api.service[99643]: [pid: 99643|app: 0|req: 15/41] 127.0.0.1 () {44 vars in 1055 bytes} [Fri Jul 10 08:04:55 2026] GET /v2/schemas/image => generated 6083 bytes in 3 msecs (HTTP/1.1 200) 4 headers in 158 bytes (1 switches on core 0)
Jul 10 08:04:55.338178 np0000004973 devstack@g-api.service[99645]: [pid: 99645|app: 0|req: 12/41] 127.0.0.1 () {44 vars in 1055 bytes} [Fri Jul 10 08:04:55 2026] GET /v2/schemas/image => generated 6083 bytes in 4 msecs (HTTP/1.1 200) 4 headers in 158 bytes (1 switches on core 0)
Jul 10 08:04:59.673276 np0000004973 devstack@g-api.service[99644]: DEBUG glance.api.middleware.version_negotiation [None req-eb8bf1d5-2d5a-4147-bd4e-a804996f0c2a tempest-AttachSCSIVolumeTestJSON-778720220 tempest-AttachSCSIVolumeTestJSON-778720220-project-member] Determining version of request: GET /v2/images/822cb6f1-e8a8-4fcb-aa99-ec70078376e4 Accept: */* {{(pid=99644) process_request /opt/stack/glance/glance/api/middleware/version_negotiation.py:44}}
Jul 10 08:04:59.673672 np0000004973 devstack@g-api.service[99644]: DEBUG glance.api.middleware.version_negotiation [None req-eb8bf1d5-2d5a-4147-bd4e-a804996f0c2a tempest-AttachSCSIVolumeTestJSON-778720220 tempest-AttachSCSIVolumeTestJSON-778720220-project-member] Using url versioning {{(pid=99644) process_request /opt/stack/glance/glance/api/middleware/version_negotiation.py:57}}
Jul 10 08:04:59.673672 np0000004973 devstack@g-api.service[99644]: DEBUG glance.api.middleware.version_negotiation [None req-eb8bf1d5-2d5a-4147-bd4e-a804996f0c2a tempest-AttachSCSIVolumeTestJSON-778720220 tempest-AttachSCSIVolumeTestJSON-778720220-project-member] Matched version: v2 {{(pid=99644) process_request /opt/stack/glance/glance/api/middleware/version_negotiation.py:69}}
Jul 10 08:04:59.673929 np0000004973 devstack@g-api.service[99644]: DEBUG glance.api.middleware.version_negotiation [None req-eb8bf1d5-2d5a-4147-bd4e-a804996f0c2a tempest-AttachSCSIVolumeTestJSON-778720220 tempest-AttachSCSIVolumeTestJSON-778720220-project-member] new path /v2/images/822cb6f1-e8a8-4fcb-aa99-ec70078376e4 {{(pid=99644) process_request /opt/stack/glance/glance/api/middleware/version_negotiation.py:70}}
Jul 10 08:04:59.683122 np0000004973 devstack@g-api.service[99644]: [pid: 99644|app: 0|req: 15/42] 127.0.0.1 () {44 vars in 1115 bytes} [Fri Jul 10 08:04:59 2026] GET /v2/images/822cb6f1-e8a8-4fcb-aa99-ec70078376e4 => generated 1044 bytes in 10 msecs (HTTP/1.1 200) 4 headers in 158 bytes (1 switches on core 0)
Jul 10 08:04:59.715812 np0000004973 devstack@g-api.service[99645]: DEBUG glance.api.middleware.version_negotiation [None req-865012e7-f8b4-457b-9a61-f123686763d5 tempest-VolumesAssistedSnapshotsTest-1934660829 tempest-VolumesAssistedSnapshotsTest-1934660829-project-member] Determining version of request: GET /v2/schemas/image Accept: */* {{(pid=99645) process_request /opt/stack/glance/glance/api/middleware/version_negotiation.py:44}}
