May 14 15:39:21.012585 np0000000774 neutron-periodic-workers[88559]: DEBUG cotyledon.oslo_config_glue [-] ovn.broadcast_arps_to_all_routers = True {{(pid=88559) log_opt_values /opt/stack/data/venv/lib/python3.12/site-packages/oslo_config/cfg.py:3006}}
May 14 15:39:21.012585 np0000000774 neutron-periodic-workers[88559]: DEBUG cotyledon.oslo_config_glue [-] ovn.dhcp_default_lease_time = 43200 {{(pid=88559) log_opt_values /opt/stack/data/venv/lib/python3.12/site-packages/oslo_config/cfg.py:3006}}
May 14 15:39:21.012585 np0000000774 neutron-periodic-workers[88559]: DEBUG cotyledon.oslo_config_glue [-] ovn.disable_ovn_dhcp_for_baremetal_ports = False {{(pid=88559) log_opt_values /opt/stack/data/venv/lib/python3.12/site-packages/oslo_config/cfg.py:3006}}
May 14 15:39:21.012585 np0000000774 neutron-periodic-workers[88559]: DEBUG cotyledon.oslo_config_glue [-] ovn.dns_records_ovn_owned = False {{(pid=88559) log_opt_values /opt/stack/data/venv/lib/python3.12/site-packages/oslo_config/cfg.py:3006}}
May 14 15:39:21.012585 np0000000774 neutron-periodic-workers[88559]: DEBUG cotyledon.oslo_config_glue [-] ovn.dns_servers = [] {{(pid=88559) log_opt_values /opt/stack/data/venv/lib/python3.12/site-packages/oslo_config/cfg.py:3006}}
May 14 15:39:21.012585 np0000000774 neutron-periodic-workers[88559]: DEBUG cotyledon.oslo_config_glue [-] ovn.enable_distributed_floating_ip = False {{(pid=88559) log_opt_values /opt/stack/data/venv/lib/python3.12/site-packages/oslo_config/cfg.py:3006}}
May 14 15:39:21.012996 np0000000774 neutron-periodic-workers[88559]: DEBUG cotyledon.oslo_config_glue [-] ovn.fdb_age_threshold = 300 {{(pid=88559) log_opt_values /opt/stack/data/venv/lib/python3.12/site-packages/oslo_config/cfg.py:3006}}
May 14 15:39:21.012996 np0000000774 neutron-periodic-workers[88559]: DEBUG cotyledon.oslo_config_glue [-] ovn.ha_failover_strategy = normal {{(pid=88559) log_opt_values /opt/stack/data/venv/lib/python3.12/site-packages/oslo_config/cfg.py:3006}}
May 14 15:39:21.012996 np0000000774 neutron-periodic-workers[88559]: DEBUG cotyledon.oslo_config_glue [-] ovn.live_migration_activation_strategy = rarp {{(pid=88559) log_opt_values /opt/stack/data/venv/lib/python3.12/site-packages/oslo_config/cfg.py:3006}}
May 14 15:39:21.012996 np0000000774 neutron-periodic-workers[88559]: DEBUG cotyledon.oslo_config_glue [-] ovn.localnet_learn_fdb = False {{(pid=88559) log_opt_values /opt/stack/data/venv/lib/python3.12/site-packages/oslo_config/cfg.py:3006}}
May 14 15:39:21.012996 np0000000774 neutron-periodic-workers[88559]: DEBUG cotyledon.oslo_config_glue [-] ovn.mac_binding_age_threshold = 300 {{(pid=88559) log_opt_values /opt/stack/data/venv/lib/python3.12/site-packages/oslo_config/cfg.py:3006}}
May 14 15:39:21.012996 np0000000774 neutron-periodic-workers[88559]: DEBUG cotyledon.oslo_config_glue [-] ovn.neutron_sync_mode = log {{(pid=88559) log_opt_values /opt/stack/data/venv/lib/python3.12/site-packages/oslo_config/cfg.py:3006}}
May 14 15:39:21.012996 np0000000774 neutron-periodic-workers[88559]: DEBUG cotyledon.oslo_config_glue [-] ovn.ovn_dhcp4_global_options = {} {{(pid=88559) log_opt_values /opt/stack/data/venv/lib/python3.12/site-packages/oslo_config/cfg.py:3006}}
May 14 15:39:21.012996 np0000000774 neutron-periodic-workers[88559]: DEBUG cotyledon.oslo_config_glue [-] ovn.ovn_dhcp6_global_options = {} {{(pid=88559) log_opt_values /opt/stack/data/venv/lib/python3.12/site-packages/oslo_config/cfg.py:3006}}
May 14 15:39:21.012996 np0000000774 neutron-periodic-workers[88559]: DEBUG cotyledon.oslo_config_glue [-] ovn.ovn_l3_scheduler = leastloaded {{(pid=88559) log_opt_values /opt/stack/data/venv/lib/python3.12/site-packages/oslo_config/cfg.py:3006}}
May 14 15:39:21.013340 np0000000774 neutron-periodic-workers[88559]: DEBUG cotyledon.oslo_config_glue [-] ovn.ovn_metadata_enabled = True {{(pid=88559) log_opt_values /opt/stack/data/venv/lib/python3.12/site-packages/oslo_config/cfg.py:3006}}
May 14 15:39:21.013340 np0000000774 neutron-periodic-workers[88559]: DEBUG cotyledon.oslo_config_glue [-] ovn.ovn_nb_ca_cert = /opt/stack/data/CA/int-ca/ca-chain.pem {{(pid=88559) log_opt_values /opt/stack/data/venv/lib/python3.12/site-packages/oslo_config/cfg.py:3006}}
May 14 15:39:21.013340 np0000000774 neutron-periodic-workers[88559]: DEBUG cotyledon.oslo_config_glue [-] ovn.ovn_nb_certificate = /opt/stack/data/CA/int-ca/devstack-cert.crt {{(pid=88559) log_opt_values /opt/stack/data/venv/lib/python3.12/site-packages/oslo_config/cfg.py:3006}}
May 14 15:39:21.013340 np0000000774 neutron-periodic-workers[88559]: DEBUG cotyledon.oslo_config_glue [-] ovn.ovn_nb_connection = ['ssl:10.4.3.47:6641'] {{(pid=88559) log_opt_values /opt/stack/data/venv/lib/python3.12/site-packages/oslo_config/cfg.py:3006}}
May 14 15:39:21.013340 np0000000774 neutron-periodic-workers[88559]: DEBUG cotyledon.oslo_config_glue [-] ovn.ovn_nb_private_key = /opt/stack/data/CA/int-ca/private/devstack-cert.key {{(pid=88559) log_opt_values /opt/stack/data/venv/lib/python3.12/site-packages/oslo_config/cfg.py:3006}}
May 14 15:39:21.013340 np0000000774 neutron-periodic-workers[88559]: DEBUG cotyledon.oslo_config_glue [-] ovn.ovn_router_indirect_snat = False {{(pid=88559) log_opt_values /opt/stack/data/venv/lib/python3.12/site-packages/oslo_config/cfg.py:3006}}
May 14 15:39:21.013340 np0000000774 neutron-periodic-workers[88559]: DEBUG cotyledon.oslo_config_glue [-] ovn.ovn_sb_ca_cert = /opt/stack/data/CA/int-ca/ca-chain.pem {{(pid=88559) log_opt_values /opt/stack/data/venv/lib/python3.12/site-packages/oslo_config/cfg.py:3006}}
May 14 15:39:21.013340 np0000000774 neutron-periodic-workers[88559]: DEBUG cotyledon.oslo_config_glue [-] ovn.ovn_sb_certificate = /opt/stack/data/CA/int-ca/devstack-cert.crt {{(pid=88559) log_opt_values /opt/stack/data/venv/lib/python3.12/site-packages/oslo_config/cfg.py:3006}}
May 14 15:39:21.013622 np0000000774 neutron-periodic-workers[88559]: DEBUG cotyledon.oslo_config_glue [-] ovn.ovn_sb_connection = ['ssl:10.4.3.47:6642'] {{(pid=88559) log_opt_values /opt/stack/data/venv/lib/python3.12/site-packages/oslo_config/cfg.py:3006}}
May 14 15:39:21.013622 np0000000774 neutron-periodic-workers[88559]: DEBUG cotyledon.oslo_config_glue [-] ovn.ovn_sb_private_key = /opt/stack/data/CA/int-ca/private/devstack-cert.key {{(pid=88559) log_opt_values /opt/stack/data/venv/lib/python3.12/site-packages/oslo_config/cfg.py:3006}}
May 14 15:39:21.013622 np0000000774 neutron-periodic-workers[88559]: DEBUG cotyledon.oslo_config_glue [-] ovn.ovs_create_tap = False {{(pid=88559) log_opt_values /opt/stack/data/venv/lib/python3.12/site-packages/oslo_config/cfg.py:3006}}
May 14 15:39:21.013622 np0000000774 neutron-periodic-workers[88559]: DEBUG cotyledon.oslo_config_glue [-] ovn.ovsdb_connection_timeout = 180 {{(pid=88559) log_opt_values /opt/stack/data/venv/lib/python3.12/site-packages/oslo_config/cfg.py:3006}}
May 14 15:39:21.013622 np0000000774 neutron-periodic-workers[88559]: DEBUG cotyledon.oslo_config_glue [-] ovn.ovsdb_log_level = INFO {{(pid=88559) log_opt_values /opt/stack/data/venv/lib/python3.12/site-packages/oslo_config/cfg.py:3006}}
May 14 15:39:21.013622 np0000000774 neutron-periodic-workers[88559]: DEBUG cotyledon.oslo_config_glue [-] ovn.ovsdb_probe_interval = 60000 {{(pid=88559) log_opt_values /opt/stack/data/venv/lib/python3.12/site-packages/oslo_config/cfg.py:3006}}
May 14 15:39:21.013622 np0000000774 neutron-periodic-workers[88559]: DEBUG cotyledon.oslo_config_glue [-] ovn.ovsdb_retry_max_interval = 180 {{(pid=88559) log_opt_values /opt/stack/data/venv/lib/python3.12/site-packages/oslo_config/cfg.py:3006}}
May 14 15:39:21.013622 np0000000774 neutron-periodic-workers[88559]: DEBUG cotyledon.oslo_config_glue [-] ovn.stateless_nat_enabled = False {{(pid=88559) log_opt_values /opt/stack/data/venv/lib/python3.12/site-packages/oslo_config/cfg.py:3006}}
May 14 15:39:21.013622 np0000000774 neutron-periodic-workers[88559]: DEBUG cotyledon.oslo_config_glue [-] ovn.vhost_sock_dir = /var/run/openvswitch {{(pid=88559) log_opt_values /opt/stack/data/venv/lib/python3.12/site-packages/oslo_config/cfg.py:3006}}
May 14 15:39:21.014054 np0000000774 neutron-periodic-workers[88559]: DEBUG cotyledon.oslo_config_glue [-] OVS.bridge_mac_table_size = 50000 {{(pid=88559) log_opt_values /opt/stack/data/venv/lib/python3.12/site-packages/oslo_config/cfg.py:3006}}
May 14 15:39:21.014054 np0000000774 neutron-periodic-workers[88559]: DEBUG cotyledon.oslo_config_glue [-] OVS.igmp_flood = False {{(pid=88559) log_opt_values /opt/stack/data/venv/lib/python3.12/site-packages/oslo_config/cfg.py:3006}}
May 14 15:39:21.014054 np0000000774 neutron-periodic-workers[88559]: DEBUG cotyledon.oslo_config_glue [-] OVS.igmp_flood_reports = True {{(pid=88559) log_opt_values /opt/stack/data/venv/lib/python3.12/site-packages/oslo_config/cfg.py:3006}}
May 14 15:39:21.014054 np0000000774 neutron-periodic-workers[88559]: DEBUG cotyledon.oslo_config_glue [-] OVS.igmp_flood_unregistered = False {{(pid=88559) log_opt_values /opt/stack/data/venv/lib/python3.12/site-packages/oslo_config/cfg.py:3006}}
May 14 15:39:21.014054 np0000000774 neutron-periodic-workers[88559]: DEBUG cotyledon.oslo_config_glue [-] OVS.igmp_snooping_enable = False {{(pid=88559) log_opt_values /opt/stack/data/venv/lib/python3.12/site-packages/oslo_config/cfg.py:3006}}
May 14 15:39:21.014054 np0000000774 neutron-periodic-workers[88559]: DEBUG cotyledon.oslo_config_glue [-] OVS.ovsdb_timeout = 10 {{(pid=88559) log_opt_values /opt/stack/data/venv/lib/python3.12/site-packages/oslo_config/cfg.py:3006}}
May 14 15:39:21.014054 np0000000774 neutron-periodic-workers[88559]: DEBUG cotyledon.oslo_config_glue [-] ovn_nb_global.fdb_removal_limit = 0 {{(pid=88559) log_opt_values /opt/stack/data/venv/lib/python3.12/site-packages/oslo_config/cfg.py:3006}}
May 14 15:39:21.014054 np0000000774 neutron-periodic-workers[88559]: DEBUG cotyledon.oslo_config_glue [-] ovn_nb_global.ignore_lsp_down = False {{(pid=88559) log_opt_values /opt/stack/data/venv/lib/python3.12/site-packages/oslo_config/cfg.py:3006}}
May 14 15:39:21.014054 np0000000774 neutron-periodic-workers[88559]: DEBUG cotyledon.oslo_config_glue [-] ovn_nb_global.mac_binding_removal_limit = 0 {{(pid=88559) log_opt_values /opt/stack/data/venv/lib/python3.12/site-packages/oslo_config/cfg.py:3006}}
May 14 15:39:21.014369 np0000000774 neutron-periodic-workers[88559]: DEBUG cotyledon.oslo_config_glue [-] ******************************************************************************** {{(pid=88559) log_opt_values /opt/stack/data/venv/lib/python3.12/site-packages/oslo_config/cfg.py:3013}}
May 14 15:39:21.014369 np0000000774 neutron-periodic-workers[88559]: DEBUG cotyledon._service_worker [-] Run service ServiceWrapper(0) [88559] {{(pid=88559) wait_forever /opt/stack/data/venv/lib/python3.12/site-packages/cotyledon/_service_worker.py:218}}
May 14 15:39:30.690602 np0000000774 neutron-periodic-workers[87681]: DEBUG dbcounter [-] [87681] Writing DB stats neutron:SELECT=4 {{(pid=87681) stat_writer /opt/stack/data/venv/lib/python3.12/site-packages/dbcounter.py:115}}
May 14 15:39:33.973925 np0000000774 neutron-periodic-workers[88532]: DEBUG oslo_db.sqlalchemy.engines [None req-2bed393f-742f-4bc9-a5cc-4eb6e29e4a72 None None] Parent process 87681 forked (88532) with an open database connection, which is being discarded and recreated. {{(pid=88532) checkout /opt/stack/data/venv/lib/python3.12/site-packages/oslo_db/sqlalchemy/engines.py:402}}
May 14 15:39:34.002850 np0000000774 neutron-periodic-workers[88532]: DEBUG dbcounter [-] [88532] Writer thread running {{(pid=88532) stat_writer /opt/stack/data/venv/lib/python3.12/site-packages/dbcounter.py:102}}
May 14 15:39:34.013239 np0000000774 neutron-periodic-workers[88532]: DEBUG oslo.service.backend._threading.loopingcall [None req-2bed393f-742f-4bc9-a5cc-4eb6e29e4a72 None None] Fixed interval looping call 'neutron.services.ovn_l3.plugin.L3_NAT_dbonly_mixin._clean_garbage' sleeping for 299.96 seconds {{(pid=88532) _run_loop /opt/stack/data/venv/lib/python3.12/site-packages/oslo_service/backend/_threading/loopingcall.py:125}}
May 14 15:39:44.003759 np0000000774 neutron-periodic-workers[88532]: DEBUG dbcounter [-] [88532] Writing DB stats neutron:SELECT=1 {{(pid=88532) stat_writer /opt/stack/data/venv/lib/python3.12/site-packages/dbcounter.py:115}}
May 14 15:40:05.982219 np0000000774 neutron-periodic-workers[88537]: DEBUG dbcounter [-] [88537] Writer thread running {{(pid=88537) stat_writer /opt/stack/data/venv/lib/python3.12/site-packages/dbcounter.py:102}}
May 14 15:40:05.992779 np0000000774 neutron-periodic-workers[88537]: DEBUG oslo.service.backend._threading.loopingcall [None req-e198cc62-4091-4bf6-93c0-3d941b3b8f52 None None] Fixed interval looping call 'neutron.plugins.ml2.plugin.DhcpAgentSchedulerDbMixin.remove_networks_from_down_agents' sleeping for 36.98 seconds {{(pid=88537) _run_loop /opt/stack/data/venv/lib/python3.12/site-packages/oslo_service/backend/_threading/loopingcall.py:125}}
May 14 15:40:12.017440 np0000000774 neutron-periodic-workers[88542]: DEBUG dbcounter [-] [88542] Writer thread running {{(pid=88542) stat_writer /opt/stack/data/venv/lib/python3.12/site-packages/dbcounter.py:102}}
May 14 15:40:12.020717 np0000000774 neutron-periodic-workers[88542]: DEBUG neutron.db.agents_db [None req-3e07f28f-1617-4724-8b5c-9b58b07634fb None None] Agent healthcheck: found 0 active agents {{(pid=88542) agent_health_check /opt/stack/neutron/neutron/db/agents_db.py:322}}
May 14 15:40:12.020931 np0000000774 neutron-periodic-workers[88542]: DEBUG oslo.service.backend._threading.loopingcall [None req-3e07f28f-1617-4724-8b5c-9b58b07634fb None None] Fixed interval looping call 'neutron.plugins.ml2.plugin.AgentDbMixin.agent_health_check' sleeping for 36.99 seconds {{(pid=88542) _run_loop /opt/stack/data/venv/lib/python3.12/site-packages/oslo_service/backend/_threading/loopingcall.py:125}}
May 14 15:40:15.991381 np0000000774 neutron-periodic-workers[88537]: DEBUG dbcounter [-] [88537] Writing DB stats neutron:SELECT=3 {{(pid=88537) stat_writer /opt/stack/data/venv/lib/python3.12/site-packages/dbcounter.py:115}}
May 14 15:40:22.017854 np0000000774 neutron-periodic-workers[88542]: DEBUG dbcounter [-] [88542] Writing DB stats neutron:SELECT=1 {{(pid=88542) stat_writer /opt/stack/data/venv/lib/python3.12/site-packages/dbcounter.py:115}}
May 14 15:40:42.978851 np0000000774 neutron-periodic-workers[88537]: DEBUG oslo.service.backend._threading.loopingcall [None req-e198cc62-4091-4bf6-93c0-3d941b3b8f52 None None] Fixed interval looping call 'neutron.plugins.ml2.plugin.DhcpAgentSchedulerDbMixin.remove_networks_from_down_agents' sleeping for 36.99 seconds {{(pid=88537) _run_loop /opt/stack/data/venv/lib/python3.12/site-packages/oslo_service/backend/_threading/loopingcall.py:125}}
May 14 15:40:49.014467 np0000000774 neutron-periodic-workers[88542]: DEBUG neutron.db.agents_db [None req-3e07f28f-1617-4724-8b5c-9b58b07634fb None None] Agent healthcheck: found 0 active agents {{(pid=88542) agent_health_check /opt/stack/neutron/neutron/db/agents_db.py:322}}
May 14 15:40:49.014467 np0000000774 neutron-periodic-workers[88542]: DEBUG oslo.service.backend._threading.loopingcall [None req-3e07f28f-1617-4724-8b5c-9b58b07634fb None None] Fixed interval looping call 'neutron.plugins.ml2.plugin.AgentDbMixin.agent_health_check' sleeping for 37.00 seconds {{(pid=88542) _run_loop /opt/stack/data/venv/lib/python3.12/site-packages/oslo_service/backend/_threading/loopingcall.py:125}}
May 14 15:40:52.978265 np0000000774 neutron-periodic-workers[88537]: DEBUG dbcounter [-] [88537] Writing DB stats neutron:SELECT=3 {{(pid=88537) stat_writer /opt/stack/data/venv/lib/python3.12/site-packages/dbcounter.py:115}}
May 14 15:40:59.013174 np0000000774 neutron-periodic-workers[88542]: DEBUG dbcounter [-] [88542] Writing DB stats neutron:SELECT=1 {{(pid=88542) stat_writer /opt/stack/data/venv/lib/python3.12/site-packages/dbcounter.py:115}}
May 14 15:41:19.974523 np0000000774 neutron-periodic-workers[88537]: DEBUG oslo.service.backend._threading.loopingcall [None req-e198cc62-4091-4bf6-93c0-3d941b3b8f52 None None] Fixed interval looping call 'neutron.plugins.ml2.plugin.DhcpAgentSchedulerDbMixin.remove_networks_from_down_agents' sleeping for 36.99 seconds {{(pid=88537) _run_loop /opt/stack/data/venv/lib/python3.12/site-packages/oslo_service/backend/_threading/loopingcall.py:125}}
May 14 15:41:21.022260 np0000000774 neutron-periodic-workers[88559]: DEBUG dbcounter [-] [88559] Writer thread running {{(pid=88559) stat_writer /opt/stack/data/venv/lib/python3.12/site-packages/dbcounter.py:102}}
May 14 15:41:21.024040 np0000000774 neutron-periodic-workers[88559]: DEBUG oslo.service.backend._threading.loopingcall [None req-c85e7d57-9ddc-4c86-a3ef-c4bfb187f501 None None] Fixed interval looping call 'neutron.db.quota.driver_nolock.DbQuotaNoLockDriver._remove_expired_reservations' sleeping for 119.99 seconds {{(pid=88559) _run_loop /opt/stack/data/venv/lib/python3.12/site-packages/oslo_service/backend/_threading/loopingcall.py:125}}
May 14 15:41:26.017442 np0000000774 neutron-periodic-workers[88542]: DEBUG neutron.db.agents_db [None req-3e07f28f-1617-4724-8b5c-9b58b07634fb None None] Agent healthcheck: found 0 active agents {{(pid=88542) agent_health_check /opt/stack/neutron/neutron/db/agents_db.py:322}}
May 14 15:41:26.018020 np0000000774 neutron-periodic-workers[88542]: DEBUG oslo.service.backend._threading.loopingcall [None req-3e07f28f-1617-4724-8b5c-9b58b07634fb None None] Fixed interval looping call 'neutron.plugins.ml2.plugin.AgentDbMixin.agent_health_check' sleeping for 37.00 seconds {{(pid=88542) _run_loop /opt/stack/data/venv/lib/python3.12/site-packages/oslo_service/backend/_threading/loopingcall.py:125}}
May 14 15:41:29.973661 np0000000774 neutron-periodic-workers[88537]: DEBUG dbcounter [-] [88537] Writing DB stats neutron:SELECT=3 {{(pid=88537) stat_writer /opt/stack/data/venv/lib/python3.12/site-packages/dbcounter.py:115}}
May 14 15:41:31.022862 np0000000774 neutron-periodic-workers[88559]: DEBUG dbcounter [-] [88559] Writing DB stats neutron:DELETE=1 {{(pid=88559) stat_writer /opt/stack/data/venv/lib/python3.12/site-packages/dbcounter.py:115}}
May 14 15:41:36.016534 np0000000774 neutron-periodic-workers[88542]: DEBUG dbcounter [-] [88542] Writing DB stats neutron:SELECT=1 {{(pid=88542) stat_writer /opt/stack/data/venv/lib/python3.12/site-packages/dbcounter.py:115}}
May 14 15:41:56.969637 np0000000774 neutron-periodic-workers[88537]: DEBUG oslo.service.backend._threading.loopingcall [None req-e198cc62-4091-4bf6-93c0-3d941b3b8f52 None None] Fixed interval looping call 'neutron.plugins.ml2.plugin.DhcpAgentSchedulerDbMixin.remove_networks_from_down_agents' sleeping for 37.00 seconds {{(pid=88537) _run_loop /opt/stack/data/venv/lib/python3.12/site-packages/oslo_service/backend/_threading/loopingcall.py:125}}
May 14 15:42:03.021065 np0000000774 neutron-periodic-workers[88542]: DEBUG neutron.db.agents_db [None req-3e07f28f-1617-4724-8b5c-9b58b07634fb None None] Agent healthcheck: found 0 active agents {{(pid=88542) agent_health_check /opt/stack/neutron/neutron/db/agents_db.py:322}}
May 14 15:42:03.021403 np0000000774 neutron-periodic-workers[88542]: DEBUG oslo.service.backend._threading.loopingcall [None req-3e07f28f-1617-4724-8b5c-9b58b07634fb None None] Fixed interval looping call 'neutron.plugins.ml2.plugin.AgentDbMixin.agent_health_check' sleeping for 37.00 seconds {{(pid=88542) _run_loop /opt/stack/data/venv/lib/python3.12/site-packages/oslo_service/backend/_threading/loopingcall.py:125}}
May 14 15:42:06.968720 np0000000774 neutron-periodic-workers[88537]: DEBUG dbcounter [-] [88537] Writing DB stats neutron:SELECT=3 {{(pid=88537) stat_writer /opt/stack/data/venv/lib/python3.12/site-packages/dbcounter.py:115}}
May 14 15:42:13.020085 np0000000774 neutron-periodic-workers[88542]: DEBUG dbcounter [-] [88542] Writing DB stats neutron:SELECT=1 {{(pid=88542) stat_writer /opt/stack/data/venv/lib/python3.12/site-packages/dbcounter.py:115}}
May 14 15:42:33.978126 np0000000774 neutron-periodic-workers[88537]: DEBUG oslo.service.backend._threading.loopingcall [None req-e198cc62-4091-4bf6-93c0-3d941b3b8f52 None None] Fixed interval looping call 'neutron.plugins.ml2.plugin.DhcpAgentSchedulerDbMixin.remove_networks_from_down_agents' sleeping for 36.99 seconds {{(pid=88537) _run_loop /opt/stack/data/venv/lib/python3.12/site-packages/oslo_service/backend/_threading/loopingcall.py:125}}
May 14 15:42:40.025526 np0000000774 neutron-periodic-workers[88542]: DEBUG neutron.db.agents_db [None req-3e07f28f-1617-4724-8b5c-9b58b07634fb None None] Agent healthcheck: found 0 active agents {{(pid=88542) agent_health_check /opt/stack/neutron/neutron/db/agents_db.py:322}}
May 14 15:42:40.025526 np0000000774 neutron-periodic-workers[88542]: DEBUG oslo.service.backend._threading.loopingcall [None req-3e07f28f-1617-4724-8b5c-9b58b07634fb None None] Fixed interval looping call 'neutron.plugins.ml2.plugin.AgentDbMixin.agent_health_check' sleeping for 37.00 seconds {{(pid=88542) _run_loop /opt/stack/data/venv/lib/python3.12/site-packages/oslo_service/backend/_threading/loopingcall.py:125}}
May 14 15:42:43.977436 np0000000774 neutron-periodic-workers[88537]: DEBUG dbcounter [-] [88537] Writing DB stats neutron:SELECT=3 {{(pid=88537) stat_writer /opt/stack/data/venv/lib/python3.12/site-packages/dbcounter.py:115}}
May 14 15:42:50.024423 np0000000774 neutron-periodic-workers[88542]: DEBUG dbcounter [-] [88542] Writing DB stats neutron:SELECT=1 {{(pid=88542) stat_writer /opt/stack/data/venv/lib/python3.12/site-packages/dbcounter.py:115}}
May 14 15:43:10.974459 np0000000774 neutron-periodic-workers[88537]: DEBUG oslo.service.backend._threading.loopingcall [None req-e198cc62-4091-4bf6-93c0-3d941b3b8f52 None None] Fixed interval looping call 'neutron.plugins.ml2.plugin.DhcpAgentSchedulerDbMixin.remove_networks_from_down_agents' sleeping for 36.99 seconds {{(pid=88537) _run_loop /opt/stack/data/venv/lib/python3.12/site-packages/oslo_service/backend/_threading/loopingcall.py:125}}
May 14 15:43:17.031175 np0000000774 neutron-periodic-workers[88542]: DEBUG neutron.db.agents_db [None req-3e07f28f-1617-4724-8b5c-9b58b07634fb None None] Agent healthcheck: found 0 active agents {{(pid=88542) agent_health_check /opt/stack/neutron/neutron/db/agents_db.py:322}}
May 14 15:43:17.031758 np0000000774 neutron-periodic-workers[88542]: DEBUG oslo.service.backend._threading.loopingcall [None req-3e07f28f-1617-4724-8b5c-9b58b07634fb None None] Fixed interval looping call 'neutron.plugins.ml2.plugin.AgentDbMixin.agent_health_check' sleeping for 36.99 seconds {{(pid=88542) _run_loop /opt/stack/data/venv/lib/python3.12/site-packages/oslo_service/backend/_threading/loopingcall.py:125}}
May 14 15:43:20.973535 np0000000774 neutron-periodic-workers[88537]: DEBUG dbcounter [-] [88537] Writing DB stats neutron:SELECT=3 {{(pid=88537) stat_writer /opt/stack/data/venv/lib/python3.12/site-packages/dbcounter.py:115}}
May 14 15:43:21.024295 np0000000774 neutron-periodic-workers[88559]: DEBUG oslo.service.backend._threading.loopingcall [None req-c85e7d57-9ddc-4c86-a3ef-c4bfb187f501 None None] Fixed interval looping call 'neutron.db.quota.driver_nolock.DbQuotaNoLockDriver._remove_expired_reservations' sleeping for 119.99 seconds {{(pid=88559) _run_loop /opt/stack/data/venv/lib/python3.12/site-packages/oslo_service/backend/_threading/loopingcall.py:125}}
May 14 15:43:27.028172 np0000000774 neutron-periodic-workers[88542]: DEBUG dbcounter [-] [88542] Writing DB stats neutron:SELECT=1 {{(pid=88542) stat_writer /opt/stack/data/venv/lib/python3.12/site-packages/dbcounter.py:115}}
May 14 15:43:31.021975 np0000000774 neutron-periodic-workers[88559]: DEBUG dbcounter [-] [88559] Writing DB stats neutron:DELETE=1 {{(pid=88559) stat_writer /opt/stack/data/venv/lib/python3.12/site-packages/dbcounter.py:115}}
May 14 15:43:47.981630 np0000000774 neutron-periodic-workers[88537]: DEBUG oslo.service.backend._threading.loopingcall [None req-e198cc62-4091-4bf6-93c0-3d941b3b8f52 None None] Fixed interval looping call 'neutron.plugins.ml2.plugin.DhcpAgentSchedulerDbMixin.remove_networks_from_down_agents' sleeping for 36.98 seconds {{(pid=88537) _run_loop /opt/stack/data/venv/lib/python3.12/site-packages/oslo_service/backend/_threading/loopingcall.py:125}}
May 14 15:43:54.026079 np0000000774 neutron-periodic-workers[88542]: DEBUG neutron.db.agents_db [None req-3e07f28f-1617-4724-8b5c-9b58b07634fb None None] Agent healthcheck: found 0 active agents {{(pid=88542) agent_health_check /opt/stack/neutron/neutron/db/agents_db.py:322}}
May 14 15:43:54.026734 np0000000774 neutron-periodic-workers[88542]: DEBUG oslo.service.backend._threading.loopingcall [None req-3e07f28f-1617-4724-8b5c-9b58b07634fb None None] Fixed interval looping call 'neutron.plugins.ml2.plugin.AgentDbMixin.agent_health_check' sleeping for 37.00 seconds {{(pid=88542) _run_loop /opt/stack/data/venv/lib/python3.12/site-packages/oslo_service/backend/_threading/loopingcall.py:125}}
May 14 15:43:57.986848 np0000000774 neutron-periodic-workers[88537]: DEBUG dbcounter [-] [88537] Writing DB stats neutron:SELECT=3 {{(pid=88537) stat_writer /opt/stack/data/venv/lib/python3.12/site-packages/dbcounter.py:115}}
May 14 15:44:04.024218 np0000000774 neutron-periodic-workers[88542]: DEBUG dbcounter [-] [88542] Writing DB stats neutron:SELECT=1 {{(pid=88542) stat_writer /opt/stack/data/venv/lib/python3.12/site-packages/dbcounter.py:115}}
May 14 15:44:24.969387 np0000000774 neutron-periodic-workers[88537]: DEBUG oslo.service.backend._threading.loopingcall [None req-e198cc62-4091-4bf6-93c0-3d941b3b8f52 None None] Fixed interval looping call 'neutron.plugins.ml2.plugin.DhcpAgentSchedulerDbMixin.remove_networks_from_down_agents' sleeping for 36.99 seconds {{(pid=88537) _run_loop /opt/stack/data/venv/lib/python3.12/site-packages/oslo_service/backend/_threading/loopingcall.py:125}}
May 14 15:44:31.030251 np0000000774 neutron-periodic-workers[88542]: DEBUG neutron.db.agents_db [None req-3e07f28f-1617-4724-8b5c-9b58b07634fb None None] Agent healthcheck: found 0 active agents {{(pid=88542) agent_health_check /opt/stack/neutron/neutron/db/agents_db.py:322}}
May 14 15:44:31.030747 np0000000774 neutron-periodic-workers[88542]: DEBUG oslo.service.backend._threading.loopingcall [None req-3e07f28f-1617-4724-8b5c-9b58b07634fb None None] Fixed interval looping call 'neutron.plugins.ml2.plugin.AgentDbMixin.agent_health_check' sleeping for 37.00 seconds {{(pid=88542) _run_loop /opt/stack/data/venv/lib/python3.12/site-packages/oslo_service/backend/_threading/loopingcall.py:125}}
May 14 15:44:33.984570 np0000000774 neutron-periodic-workers[88532]: DEBUG oslo.service.backend._threading.loopingcall [None req-2bed393f-742f-4bc9-a5cc-4eb6e29e4a72 None None] Fixed interval looping call 'neutron.services.ovn_l3.plugin.L3_NAT_dbonly_mixin._clean_garbage' sleeping for 299.99 seconds {{(pid=88532) _run_loop /opt/stack/data/venv/lib/python3.12/site-packages/oslo_service/backend/_threading/loopingcall.py:125}}
May 14 15:44:34.967968 np0000000774 neutron-periodic-workers[88537]: DEBUG dbcounter [-] [88537] Writing DB stats neutron:SELECT=3 {{(pid=88537) stat_writer /opt/stack/data/venv/lib/python3.12/site-packages/dbcounter.py:115}}
May 14 15:44:41.029255 np0000000774 neutron-periodic-workers[88542]: DEBUG dbcounter [-] [88542] Writing DB stats neutron:SELECT=1 {{(pid=88542) stat_writer /opt/stack/data/venv/lib/python3.12/site-packages/dbcounter.py:115}}
May 14 15:44:43.978669 np0000000774 neutron-periodic-workers[88532]: DEBUG dbcounter [-] [88532] Writing DB stats neutron:SELECT=1 {{(pid=88532) stat_writer /opt/stack/data/venv/lib/python3.12/site-packages/dbcounter.py:115}}
May 14 15:45:01.985763 np0000000774 neutron-periodic-workers[88537]: DEBUG oslo.service.backend._threading.loopingcall [None req-e198cc62-4091-4bf6-93c0-3d941b3b8f52 None None] Fixed interval looping call 'neutron.plugins.ml2.plugin.DhcpAgentSchedulerDbMixin.remove_networks_from_down_agents' sleeping for 36.97 seconds {{(pid=88537) _run_loop /opt/stack/data/venv/lib/python3.12/site-packages/oslo_service/backend/_threading/loopingcall.py:125}}
May 14 15:45:08.035205 np0000000774 neutron-periodic-workers[88542]: DEBUG neutron.db.agents_db [None req-3e07f28f-1617-4724-8b5c-9b58b07634fb None None] Agent healthcheck: found 0 active agents {{(pid=88542) agent_health_check /opt/stack/neutron/neutron/db/agents_db.py:322}}
May 14 15:45:08.035902 np0000000774 neutron-periodic-workers[88542]: DEBUG oslo.service.backend._threading.loopingcall [None req-3e07f28f-1617-4724-8b5c-9b58b07634fb None None] Fixed interval looping call 'neutron.plugins.ml2.plugin.AgentDbMixin.agent_health_check' sleeping for 36.99 seconds {{(pid=88542) _run_loop /opt/stack/data/venv/lib/python3.12/site-packages/oslo_service/backend/_threading/loopingcall.py:125}}
May 14 15:45:11.982588 np0000000774 neutron-periodic-workers[88537]: DEBUG dbcounter [-] [88537] Writing DB stats neutron:SELECT=3 {{(pid=88537) stat_writer /opt/stack/data/venv/lib/python3.12/site-packages/dbcounter.py:115}}
May 14 15:45:18.034906 np0000000774 neutron-periodic-workers[88542]: DEBUG dbcounter [-] [88542] Writing DB stats neutron:SELECT=1 {{(pid=88542) stat_writer /opt/stack/data/venv/lib/python3.12/site-packages/dbcounter.py:115}}
May 14 15:45:21.018224 np0000000774 neutron-periodic-workers[88559]: DEBUG oslo.service.backend._threading.loopingcall [None req-c85e7d57-9ddc-4c86-a3ef-c4bfb187f501 None None] Fixed interval looping call 'neutron.db.quota.driver_nolock.DbQuotaNoLockDriver._remove_expired_reservations' sleeping for 120.00 seconds {{(pid=88559) _run_loop /opt/stack/data/venv/lib/python3.12/site-packages/oslo_service/backend/_threading/loopingcall.py:125}}
May 14 15:45:31.017484 np0000000774 neutron-periodic-workers[88559]: DEBUG dbcounter [-] [88559] Writing DB stats neutron:DELETE=1 {{(pid=88559) stat_writer /opt/stack/data/venv/lib/python3.12/site-packages/dbcounter.py:115}}
May 14 15:45:38.968597 np0000000774 neutron-periodic-workers[88537]: DEBUG oslo.service.backend._threading.loopingcall [None req-e198cc62-4091-4bf6-93c0-3d941b3b8f52 None None] Fixed interval looping call 'neutron.plugins.ml2.plugin.DhcpAgentSchedulerDbMixin.remove_networks_from_down_agents' sleeping for 36.99 seconds {{(pid=88537) _run_loop /opt/stack/data/venv/lib/python3.12/site-packages/oslo_service/backend/_threading/loopingcall.py:125}}
May 14 15:45:45.037627 np0000000774 neutron-periodic-workers[88542]: DEBUG neutron.db.agents_db [None req-3e07f28f-1617-4724-8b5c-9b58b07634fb None None] Agent healthcheck: found 0 active agents {{(pid=88542) agent_health_check /opt/stack/neutron/neutron/db/agents_db.py:322}}
May 14 15:45:45.038167 np0000000774 neutron-periodic-workers[88542]: DEBUG oslo.service.backend._threading.loopingcall [None req-3e07f28f-1617-4724-8b5c-9b58b07634fb None None] Fixed interval looping call 'neutron.plugins.ml2.plugin.AgentDbMixin.agent_health_check' sleeping for 36.99 seconds {{(pid=88542) _run_loop /opt/stack/data/venv/lib/python3.12/site-packages/oslo_service/backend/_threading/loopingcall.py:125}}
May 14 15:45:48.966443 np0000000774 neutron-periodic-workers[88537]: DEBUG dbcounter [-] [88537] Writing DB stats neutron:SELECT=3 {{(pid=88537) stat_writer /opt/stack/data/venv/lib/python3.12/site-packages/dbcounter.py:115}}
May 14 15:45:55.033746 np0000000774 neutron-periodic-workers[88542]: DEBUG dbcounter [-] [88542] Writing DB stats neutron:SELECT=1 {{(pid=88542) stat_writer /opt/stack/data/venv/lib/python3.12/site-packages/dbcounter.py:115}}
May 14 15:46:15.968461 np0000000774 neutron-periodic-workers[88537]: DEBUG oslo.service.backend._threading.loopingcall [None req-e198cc62-4091-4bf6-93c0-3d941b3b8f52 None None] Fixed interval looping call 'neutron.plugins.ml2.plugin.DhcpAgentSchedulerDbMixin.remove_networks_from_down_agents' sleeping for 36.99 seconds {{(pid=88537) _run_loop /opt/stack/data/venv/lib/python3.12/site-packages/oslo_service/backend/_threading/loopingcall.py:125}}
May 14 15:46:22.035814 np0000000774 neutron-periodic-workers[88542]: DEBUG neutron.db.agents_db [None req-3e07f28f-1617-4724-8b5c-9b58b07634fb None None] Agent healthcheck: found 0 active agents {{(pid=88542) agent_health_check /opt/stack/neutron/neutron/db/agents_db.py:322}}
May 14 15:46:22.035814 np0000000774 neutron-periodic-workers[88542]: DEBUG oslo.service.backend._threading.loopingcall [None req-3e07f28f-1617-4724-8b5c-9b58b07634fb None None] Fixed interval looping call 'neutron.plugins.ml2.plugin.AgentDbMixin.agent_health_check' sleeping for 36.99 seconds {{(pid=88542) _run_loop /opt/stack/data/venv/lib/python3.12/site-packages/oslo_service/backend/_threading/loopingcall.py:125}}
May 14 15:46:25.967239 np0000000774 neutron-periodic-workers[88537]: DEBUG dbcounter [-] [88537] Writing DB stats neutron:SELECT=3 {{(pid=88537) stat_writer /opt/stack/data/venv/lib/python3.12/site-packages/dbcounter.py:115}}
May 14 15:46:32.038117 np0000000774 neutron-periodic-workers[88542]: DEBUG dbcounter [-] [88542] Writing DB stats neutron:SELECT=1 {{(pid=88542) stat_writer /opt/stack/data/venv/lib/python3.12/site-packages/dbcounter.py:115}}
May 14 15:46:52.981552 np0000000774 neutron-periodic-workers[88537]: DEBUG oslo.service.backend._threading.loopingcall [None req-e198cc62-4091-4bf6-93c0-3d941b3b8f52 None None] Fixed interval looping call 'neutron.plugins.ml2.plugin.DhcpAgentSchedulerDbMixin.remove_networks_from_down_agents' sleeping for 36.98 seconds {{(pid=88537) _run_loop /opt/stack/data/venv/lib/python3.12/site-packages/oslo_service/backend/_threading/loopingcall.py:125}}
May 14 15:46:59.034717 np0000000774 neutron-periodic-workers[88542]: DEBUG neutron.db.agents_db [None req-3e07f28f-1617-4724-8b5c-9b58b07634fb None None] Agent healthcheck: found 0 active agents {{(pid=88542) agent_health_check /opt/stack/neutron/neutron/db/agents_db.py:322}}
May 14 15:46:59.036181 np0000000774 neutron-periodic-workers[88542]: DEBUG oslo.service.backend._threading.loopingcall [None req-3e07f28f-1617-4724-8b5c-9b58b07634fb None None] Fixed interval looping call 'neutron.plugins.ml2.plugin.AgentDbMixin.agent_health_check' sleeping for 36.99 seconds {{(pid=88542) _run_loop /opt/stack/data/venv/lib/python3.12/site-packages/oslo_service/backend/_threading/loopingcall.py:125}}
May 14 15:47:02.979885 np0000000774 neutron-periodic-workers[88537]: DEBUG dbcounter [-] [88537] Writing DB stats neutron:SELECT=3 {{(pid=88537) stat_writer /opt/stack/data/venv/lib/python3.12/site-packages/dbcounter.py:115}}
May 14 15:47:09.031235 np0000000774 neutron-periodic-workers[88542]: DEBUG dbcounter [-] [88542] Writing DB stats neutron:SELECT=1 {{(pid=88542) stat_writer /opt/stack/data/venv/lib/python3.12/site-packages/dbcounter.py:115}}
May 14 15:47:21.024460 np0000000774 neutron-periodic-workers[88559]: DEBUG oslo.service.backend._threading.loopingcall [None req-c85e7d57-9ddc-4c86-a3ef-c4bfb187f501 None None] Fixed interval looping call 'neutron.db.quota.driver_nolock.DbQuotaNoLockDriver._remove_expired_reservations' sleeping for 120.00 seconds {{(pid=88559) _run_loop /opt/stack/data/venv/lib/python3.12/site-packages/oslo_service/backend/_threading/loopingcall.py:125}}
May 14 15:47:29.969639 np0000000774 neutron-periodic-workers[88537]: DEBUG oslo.service.backend._threading.loopingcall [None req-e198cc62-4091-4bf6-93c0-3d941b3b8f52 None None] Fixed interval looping call 'neutron.plugins.ml2.plugin.DhcpAgentSchedulerDbMixin.remove_networks_from_down_agents' sleeping for 36.99 seconds {{(pid=88537) _run_loop /opt/stack/data/venv/lib/python3.12/site-packages/oslo_service/backend/_threading/loopingcall.py:125}}
May 14 15:47:31.021569 np0000000774 neutron-periodic-workers[88559]: DEBUG dbcounter [-] [88559] Writing DB stats neutron:DELETE=1 {{(pid=88559) stat_writer /opt/stack/data/venv/lib/python3.12/site-packages/dbcounter.py:115}}
May 14 15:47:36.028598 np0000000774 neutron-periodic-workers[88542]: DEBUG neutron.db.agents_db [None req-3e07f28f-1617-4724-8b5c-9b58b07634fb None None] Agent healthcheck: found 0 active agents {{(pid=88542) agent_health_check /opt/stack/neutron/neutron/db/agents_db.py:322}}
May 14 15:47:36.032897 np0000000774 neutron-periodic-workers[88542]: DEBUG oslo.service.backend._threading.loopingcall [None req-3e07f28f-1617-4724-8b5c-9b58b07634fb None None] Fixed interval looping call 'neutron.plugins.ml2.plugin.AgentDbMixin.agent_health_check' sleeping for 37.00 seconds {{(pid=88542) _run_loop /opt/stack/data/venv/lib/python3.12/site-packages/oslo_service/backend/_threading/loopingcall.py:125}}
May 14 15:47:39.968600 np0000000774 neutron-periodic-workers[88537]: DEBUG dbcounter [-] [88537] Writing DB stats neutron:SELECT=3 {{(pid=88537) stat_writer /opt/stack/data/venv/lib/python3.12/site-packages/dbcounter.py:115}}
May 14 15:47:46.027533 np0000000774 neutron-periodic-workers[88542]: DEBUG dbcounter [-] [88542] Writing DB stats neutron:SELECT=1 {{(pid=88542) stat_writer /opt/stack/data/venv/lib/python3.12/site-packages/dbcounter.py:115}}
May 14 15:48:06.978847 np0000000774 neutron-periodic-workers[88537]: DEBUG oslo.service.backend._threading.loopingcall [None req-e198cc62-4091-4bf6-93c0-3d941b3b8f52 None None] Fixed interval looping call 'neutron.plugins.ml2.plugin.DhcpAgentSchedulerDbMixin.remove_networks_from_down_agents' sleeping for 36.98 seconds {{(pid=88537) _run_loop /opt/stack/data/venv/lib/python3.12/site-packages/oslo_service/backend/_threading/loopingcall.py:125}}
May 14 15:48:13.040172 np0000000774 neutron-periodic-workers[88542]: DEBUG neutron.db.agents_db [None req-3e07f28f-1617-4724-8b5c-9b58b07634fb None None] Agent healthcheck: found 0 active agents {{(pid=88542) agent_health_check /opt/stack/neutron/neutron/db/agents_db.py:322}}
May 14 15:48:13.040673 np0000000774 neutron-periodic-workers[88542]: DEBUG oslo.service.backend._threading.loopingcall [None req-3e07f28f-1617-4724-8b5c-9b58b07634fb None None] Fixed interval looping call 'neutron.plugins.ml2.plugin.AgentDbMixin.agent_health_check' sleeping for 36.99 seconds {{(pid=88542) _run_loop /opt/stack/data/venv/lib/python3.12/site-packages/oslo_service/backend/_threading/loopingcall.py:125}}
May 14 15:48:16.973529 np0000000774 neutron-periodic-workers[88537]: DEBUG dbcounter [-] [88537] Writing DB stats neutron:SELECT=3 {{(pid=88537) stat_writer /opt/stack/data/venv/lib/python3.12/site-packages/dbcounter.py:115}}
May 14 15:48:23.033502 np0000000774 neutron-periodic-workers[88542]: DEBUG dbcounter [-] [88542] Writing DB stats neutron:SELECT=1 {{(pid=88542) stat_writer /opt/stack/data/venv/lib/python3.12/site-packages/dbcounter.py:115}}
May 14 15:48:43.969552 np0000000774 neutron-periodic-workers[88537]: DEBUG oslo.service.backend._threading.loopingcall [None req-e198cc62-4091-4bf6-93c0-3d941b3b8f52 None None] Fixed interval looping call 'neutron.plugins.ml2.plugin.DhcpAgentSchedulerDbMixin.remove_networks_from_down_agents' sleeping for 36.99 seconds {{(pid=88537) _run_loop /opt/stack/data/venv/lib/python3.12/site-packages/oslo_service/backend/_threading/loopingcall.py:125}}
May 14 15:48:50.040468 np0000000774 neutron-periodic-workers[88542]: DEBUG neutron.db.agents_db [None req-3e07f28f-1617-4724-8b5c-9b58b07634fb None None] Agent healthcheck: found 0 active agents {{(pid=88542) agent_health_check /opt/stack/neutron/neutron/db/agents_db.py:322}}
May 14 15:48:50.040979 np0000000774 neutron-periodic-workers[88542]: DEBUG oslo.service.backend._threading.loopingcall [None req-3e07f28f-1617-4724-8b5c-9b58b07634fb None None] Fixed interval looping call 'neutron.plugins.ml2.plugin.AgentDbMixin.agent_health_check' sleeping for 36.99 seconds {{(pid=88542) _run_loop /opt/stack/data/venv/lib/python3.12/site-packages/oslo_service/backend/_threading/loopingcall.py:125}}
May 14 15:48:53.969757 np0000000774 neutron-periodic-workers[88537]: DEBUG dbcounter [-] [88537] Writing DB stats neutron:SELECT=3 {{(pid=88537) stat_writer /opt/stack/data/venv/lib/python3.12/site-packages/dbcounter.py:115}}
May 14 15:49:00.528605 np0000000774 neutron-periodic-workers[88542]: DEBUG dbcounter [-] [88542] Writing DB stats neutron:SELECT=1 {{(pid=88542) stat_writer /opt/stack/data/venv/lib/python3.12/site-packages/dbcounter.py:115}}
May 14 15:49:20.973926 np0000000774 neutron-periodic-workers[88537]: DEBUG oslo.service.backend._threading.loopingcall [None req-e198cc62-4091-4bf6-93c0-3d941b3b8f52 None None] Fixed interval looping call 'neutron.plugins.ml2.plugin.DhcpAgentSchedulerDbMixin.remove_networks_from_down_agents' sleeping for 36.99 seconds {{(pid=88537) _run_loop /opt/stack/data/venv/lib/python3.12/site-packages/oslo_service/backend/_threading/loopingcall.py:125}}
May 14 15:49:21.026653 np0000000774 neutron-periodic-workers[88559]: DEBUG oslo.service.backend._threading.loopingcall [None req-c85e7d57-9ddc-4c86-a3ef-c4bfb187f501 None None] Fixed interval looping call 'neutron.db.quota.driver_nolock.DbQuotaNoLockDriver._remove_expired_reservations' sleeping for 120.00 seconds {{(pid=88559) _run_loop /opt/stack/data/venv/lib/python3.12/site-packages/oslo_service/backend/_threading/loopingcall.py:125}}
May 14 15:49:27.035656 np0000000774 neutron-periodic-workers[88542]: DEBUG neutron.db.agents_db [None req-3e07f28f-1617-4724-8b5c-9b58b07634fb None None] Agent healthcheck: found 0 active agents {{(pid=88542) agent_health_check /opt/stack/neutron/neutron/db/agents_db.py:322}}
May 14 15:49:27.035656 np0000000774 neutron-periodic-workers[88542]: DEBUG oslo.service.backend._threading.loopingcall [None req-3e07f28f-1617-4724-8b5c-9b58b07634fb None None] Fixed interval looping call 'neutron.plugins.ml2.plugin.AgentDbMixin.agent_health_check' sleeping for 37.00 seconds {{(pid=88542) _run_loop /opt/stack/data/venv/lib/python3.12/site-packages/oslo_service/backend/_threading/loopingcall.py:125}}
May 14 15:49:30.970586 np0000000774 neutron-periodic-workers[88537]: DEBUG dbcounter [-] [88537] Writing DB stats neutron:SELECT=3 {{(pid=88537) stat_writer /opt/stack/data/venv/lib/python3.12/site-packages/dbcounter.py:115}}
May 14 15:49:31.026291 np0000000774 neutron-periodic-workers[88559]: DEBUG dbcounter [-] [88559] Writing DB stats neutron:DELETE=1 {{(pid=88559) stat_writer /opt/stack/data/venv/lib/python3.12/site-packages/dbcounter.py:115}}
May 14 15:49:33.981991 np0000000774 neutron-periodic-workers[88532]: DEBUG oslo.service.backend._threading.loopingcall [None req-2bed393f-742f-4bc9-a5cc-4eb6e29e4a72 None None] Fixed interval looping call 'neutron.services.ovn_l3.plugin.L3_NAT_dbonly_mixin._clean_garbage' sleeping for 299.99 seconds {{(pid=88532) _run_loop /opt/stack/data/venv/lib/python3.12/site-packages/oslo_service/backend/_threading/loopingcall.py:125}}
May 14 15:49:37.036401 np0000000774 neutron-periodic-workers[88542]: DEBUG dbcounter [-] [88542] Writing DB stats neutron:SELECT=1 {{(pid=88542) stat_writer /opt/stack/data/venv/lib/python3.12/site-packages/dbcounter.py:115}}
May 14 15:49:43.977367 np0000000774 neutron-periodic-workers[88532]: DEBUG dbcounter [-] [88532] Writing DB stats neutron:SELECT=1 {{(pid=88532) stat_writer /opt/stack/data/venv/lib/python3.12/site-packages/dbcounter.py:115}}
May 14 15:49:57.972131 np0000000774 neutron-periodic-workers[88537]: DEBUG oslo.service.backend._threading.loopingcall [None req-e198cc62-4091-4bf6-93c0-3d941b3b8f52 None None] Fixed interval looping call 'neutron.plugins.ml2.plugin.DhcpAgentSchedulerDbMixin.remove_networks_from_down_agents' sleeping for 36.99 seconds {{(pid=88537) _run_loop /opt/stack/data/venv/lib/python3.12/site-packages/oslo_service/backend/_threading/loopingcall.py:125}}
May 14 15:50:04.043864 np0000000774 neutron-periodic-workers[88542]: DEBUG neutron.db.agents_db [None req-3e07f28f-1617-4724-8b5c-9b58b07634fb None None] Agent healthcheck: found 0 active agents {{(pid=88542) agent_health_check /opt/stack/neutron/neutron/db/agents_db.py:322}}
May 14 15:50:04.044312 np0000000774 neutron-periodic-workers[88542]: DEBUG oslo.service.backend._threading.loopingcall [None req-3e07f28f-1617-4724-8b5c-9b58b07634fb None None] Fixed interval looping call 'neutron.plugins.ml2.plugin.AgentDbMixin.agent_health_check' sleeping for 36.99 seconds {{(pid=88542) _run_loop /opt/stack/data/venv/lib/python3.12/site-packages/oslo_service/backend/_threading/loopingcall.py:125}}
May 14 15:50:07.976015 np0000000774 neutron-periodic-workers[88537]: DEBUG dbcounter [-] [88537] Writing DB stats neutron:SELECT=3 {{(pid=88537) stat_writer /opt/stack/data/venv/lib/python3.12/site-packages/dbcounter.py:115}}
May 14 15:50:14.043215 np0000000774 neutron-periodic-workers[88542]: DEBUG dbcounter [-] [88542] Writing DB stats neutron:SELECT=1 {{(pid=88542) stat_writer /opt/stack/data/venv/lib/python3.12/site-packages/dbcounter.py:115}}
May 14 15:50:34.970789 np0000000774 neutron-periodic-workers[88537]: DEBUG oslo.service.backend._threading.loopingcall [None req-e198cc62-4091-4bf6-93c0-3d941b3b8f52 None None] Fixed interval looping call 'neutron.plugins.ml2.plugin.DhcpAgentSchedulerDbMixin.remove_networks_from_down_agents' sleeping for 36.99 seconds {{(pid=88537) _run_loop /opt/stack/data/venv/lib/python3.12/site-packages/oslo_service/backend/_threading/loopingcall.py:125}}
May 14 15:50:41.040862 np0000000774 neutron-periodic-workers[88542]: DEBUG neutron.db.agents_db [None req-3e07f28f-1617-4724-8b5c-9b58b07634fb None None] Agent healthcheck: found 0 active agents {{(pid=88542) agent_health_check /opt/stack/neutron/neutron/db/agents_db.py:322}}
May 14 15:50:41.041314 np0000000774 neutron-periodic-workers[88542]: DEBUG oslo.service.backend._threading.loopingcall [None req-3e07f28f-1617-4724-8b5c-9b58b07634fb None None] Fixed interval looping call 'neutron.plugins.ml2.plugin.AgentDbMixin.agent_health_check' sleeping for 36.99 seconds {{(pid=88542) _run_loop /opt/stack/data/venv/lib/python3.12/site-packages/oslo_service/backend/_threading/loopingcall.py:125}}
May 14 15:50:44.968175 np0000000774 neutron-periodic-workers[88537]: DEBUG dbcounter [-] [88537] Writing DB stats neutron:SELECT=3 {{(pid=88537) stat_writer /opt/stack/data/venv/lib/python3.12/site-packages/dbcounter.py:115}}
May 14 15:50:51.040241 np0000000774 neutron-periodic-workers[88542]: DEBUG dbcounter [-] [88542] Writing DB stats neutron:SELECT=1 {{(pid=88542) stat_writer /opt/stack/data/venv/lib/python3.12/site-packages/dbcounter.py:115}}
May 14 15:51:11.970080 np0000000774 neutron-periodic-workers[88537]: DEBUG oslo.service.backend._threading.loopingcall [None req-e198cc62-4091-4bf6-93c0-3d941b3b8f52 None None] Fixed interval looping call 'neutron.plugins.ml2.plugin.DhcpAgentSchedulerDbMixin.remove_networks_from_down_agents' sleeping for 36.99 seconds {{(pid=88537) _run_loop /opt/stack/data/venv/lib/python3.12/site-packages/oslo_service/backend/_threading/loopingcall.py:125}}
May 14 15:51:18.037205 np0000000774 neutron-periodic-workers[88542]: DEBUG neutron.db.agents_db [None req-3e07f28f-1617-4724-8b5c-9b58b07634fb None None] Agent healthcheck: found 0 active agents {{(pid=88542) agent_health_check /opt/stack/neutron/neutron/db/agents_db.py:322}}
May 14 15:51:18.037583 np0000000774 neutron-periodic-workers[88542]: DEBUG oslo.service.backend._threading.loopingcall [None req-3e07f28f-1617-4724-8b5c-9b58b07634fb None None] Fixed interval looping call 'neutron.plugins.ml2.plugin.AgentDbMixin.agent_health_check' sleeping for 36.99 seconds {{(pid=88542) _run_loop /opt/stack/data/venv/lib/python3.12/site-packages/oslo_service/backend/_threading/loopingcall.py:125}}
May 14 15:51:21.030710 np0000000774 neutron-periodic-workers[88559]: DEBUG oslo.service.backend._threading.loopingcall [None req-c85e7d57-9ddc-4c86-a3ef-c4bfb187f501 None None] Fixed interval looping call 'neutron.db.quota.driver_nolock.DbQuotaNoLockDriver._remove_expired_reservations' sleeping for 120.00 seconds {{(pid=88559) _run_loop /opt/stack/data/venv/lib/python3.12/site-packages/oslo_service/backend/_threading/loopingcall.py:125}}
May 14 15:51:21.969214 np0000000774 neutron-periodic-workers[88537]: DEBUG dbcounter [-] [88537] Writing DB stats neutron:SELECT=3 {{(pid=88537) stat_writer /opt/stack/data/venv/lib/python3.12/site-packages/dbcounter.py:115}}
May 14 15:51:28.034960 np0000000774 neutron-periodic-workers[88542]: DEBUG dbcounter [-] [88542] Writing DB stats neutron:SELECT=1 {{(pid=88542) stat_writer /opt/stack/data/venv/lib/python3.12/site-packages/dbcounter.py:115}}
May 14 15:51:31.029113 np0000000774 neutron-periodic-workers[88559]: DEBUG dbcounter [-] [88559] Writing DB stats neutron:DELETE=1 {{(pid=88559) stat_writer /opt/stack/data/venv/lib/python3.12/site-packages/dbcounter.py:115}}
May 14 15:51:48.969040 np0000000774 neutron-periodic-workers[88537]: DEBUG oslo.service.backend._threading.loopingcall [None req-e198cc62-4091-4bf6-93c0-3d941b3b8f52 None None] Fixed interval looping call 'neutron.plugins.ml2.plugin.DhcpAgentSchedulerDbMixin.remove_networks_from_down_agents' sleeping for 36.99 seconds {{(pid=88537) _run_loop /opt/stack/data/venv/lib/python3.12/site-packages/oslo_service/backend/_threading/loopingcall.py:125}}
May 14 15:51:55.034253 np0000000774 neutron-periodic-workers[88542]: DEBUG neutron.db.agents_db [None req-3e07f28f-1617-4724-8b5c-9b58b07634fb None None] Agent healthcheck: found 0 active agents {{(pid=88542) agent_health_check /opt/stack/neutron/neutron/db/agents_db.py:322}}
May 14 15:51:55.034906 np0000000774 neutron-periodic-workers[88542]: DEBUG oslo.service.backend._threading.loopingcall [None req-3e07f28f-1617-4724-8b5c-9b58b07634fb None None] Fixed interval looping call 'neutron.plugins.ml2.plugin.AgentDbMixin.agent_health_check' sleeping for 36.99 seconds {{(pid=88542) _run_loop /opt/stack/data/venv/lib/python3.12/site-packages/oslo_service/backend/_threading/loopingcall.py:125}}
May 14 15:51:58.967811 np0000000774 neutron-periodic-workers[88537]: DEBUG dbcounter [-] [88537] Writing DB stats neutron:SELECT=3 {{(pid=88537) stat_writer /opt/stack/data/venv/lib/python3.12/site-packages/dbcounter.py:115}}
