May 23 15:55:50.481142 np0000001337 devstack@g-api.service[98931]: [pid: 98931|app: 0|req: 76/166] 127.0.0.1 () {44 vars in 1055 bytes} [Sat May 23 15:55:50 2026] GET /v2/schemas/image => generated 6083 bytes in 6 msecs (HTTP/1.1 200) 4 headers in 158 bytes (1 switches on core 0)
May 23 15:55:50.498851 np0000001337 devstack@g-api.service[98932]: DEBUG glance.api.middleware.version_negotiation [None req-5eea4dd1-e3e4-42d6-af6d-d80deca93cda tempest-VolumesActionsTest-38084879 tempest-VolumesActionsTest-38084879-project-member] Determining version of request: GET /v2/images/8c67b0de-53d3-475b-95a1-15868450d022 Accept: application/json {{(pid=98932) process_request /opt/stack/glance/glance/api/middleware/version_negotiation.py:44}}
May 23 15:55:50.501599 np0000001337 devstack@g-api.service[98932]: DEBUG glance.api.middleware.version_negotiation [None req-5eea4dd1-e3e4-42d6-af6d-d80deca93cda tempest-VolumesActionsTest-38084879 tempest-VolumesActionsTest-38084879-project-member] Using url versioning {{(pid=98932) process_request /opt/stack/glance/glance/api/middleware/version_negotiation.py:57}}
May 23 15:55:50.501924 np0000001337 devstack@g-api.service[98932]: DEBUG glance.api.middleware.version_negotiation [None req-5eea4dd1-e3e4-42d6-af6d-d80deca93cda tempest-VolumesActionsTest-38084879 tempest-VolumesActionsTest-38084879-project-member] Matched version: v2 {{(pid=98932) process_request /opt/stack/glance/glance/api/middleware/version_negotiation.py:69}}
May 23 15:55:50.501924 np0000001337 devstack@g-api.service[98932]: DEBUG glance.api.middleware.version_negotiation [None req-5eea4dd1-e3e4-42d6-af6d-d80deca93cda tempest-VolumesActionsTest-38084879 tempest-VolumesActionsTest-38084879-project-member] new path /v2/images/8c67b0de-53d3-475b-95a1-15868450d022 {{(pid=98932) process_request /opt/stack/glance/glance/api/middleware/version_negotiation.py:70}}
May 23 15:55:50.516564 np0000001337 devstack@g-api.service[98932]: [pid: 98932|app: 0|req: 91/167] 127.0.0.1 () {40 vars in 838 bytes} [Sat May 23 15:55:50 2026] GET /v2/images/8c67b0de-53d3-475b-95a1-15868450d022 => generated 651 bytes in 18 msecs (HTTP/1.1 200) 4 headers in 157 bytes (1 switches on core 0)
May 23 15:55:51.519593 np0000001337 devstack@g-api.service[98931]: DEBUG glance.api.middleware.version_negotiation [None req-5eea4dd1-e3e4-42d6-af6d-d80deca93cda tempest-VolumesActionsTest-38084879 tempest-VolumesActionsTest-38084879-project-member] Determining version of request: GET /v2/schemas/image Accept: */* {{(pid=98931) process_request /opt/stack/glance/glance/api/middleware/version_negotiation.py:44}}
May 23 15:55:51.519901 np0000001337 devstack@g-api.service[98931]: DEBUG glance.api.middleware.version_negotiation [None req-5eea4dd1-e3e4-42d6-af6d-d80deca93cda tempest-VolumesActionsTest-38084879 tempest-VolumesActionsTest-38084879-project-member] Using url versioning {{(pid=98931) process_request /opt/stack/glance/glance/api/middleware/version_negotiation.py:57}}
May 23 15:55:51.519901 np0000001337 devstack@g-api.service[98931]: DEBUG glance.api.middleware.version_negotiation [None req-5eea4dd1-e3e4-42d6-af6d-d80deca93cda tempest-VolumesActionsTest-38084879 tempest-VolumesActionsTest-38084879-project-member] Matched version: v2 {{(pid=98931) process_request /opt/stack/glance/glance/api/middleware/version_negotiation.py:69}}
May 23 15:55:51.519901 np0000001337 devstack@g-api.service[98931]: DEBUG glance.api.middleware.version_negotiation [None req-5eea4dd1-e3e4-42d6-af6d-d80deca93cda tempest-VolumesActionsTest-38084879 tempest-VolumesActionsTest-38084879-project-member] new path /v2/schemas/image {{(pid=98931) process_request /opt/stack/glance/glance/api/middleware/version_negotiation.py:70}}
May 23 15:55:51.525331 np0000001337 devstack@g-api.service[98931]: [pid: 98931|app: 0|req: 77/168] 127.0.0.1 () {44 vars in 1055 bytes} [Sat May 23 15:55:51 2026] GET /v2/schemas/image => generated 6083 bytes in 6 msecs (HTTP/1.1 200) 4 headers in 158 bytes (1 switches on core 0)
May 23 15:55:51.526203 np0000001337 devstack@g-api.service[98932]: DEBUG glance.api.middleware.version_negotiation [None req-45ce546f-b073-477a-b729-13b6aaca77f8 tempest-VolumesActionsTest-38084879 tempest-VolumesActionsTest-38084879-project-member] Determining version of request: GET /v2/images/8c67b0de-53d3-475b-95a1-15868450d022 Accept: application/json {{(pid=98932) process_request /opt/stack/glance/glance/api/middleware/version_negotiation.py:44}}
May 23 15:55:51.527172 np0000001337 devstack@g-api.service[98932]: DEBUG glance.api.middleware.version_negotiation [None req-45ce546f-b073-477a-b729-13b6aaca77f8 tempest-VolumesActionsTest-38084879 tempest-VolumesActionsTest-38084879-project-member] Using url versioning {{(pid=98932) process_request /opt/stack/glance/glance/api/middleware/version_negotiation.py:57}}
May 23 15:55:51.527172 np0000001337 devstack@g-api.service[98932]: DEBUG glance.api.middleware.version_negotiation [None req-45ce546f-b073-477a-b729-13b6aaca77f8 tempest-VolumesActionsTest-38084879 tempest-VolumesActionsTest-38084879-project-member] Matched version: v2 {{(pid=98932) process_request /opt/stack/glance/glance/api/middleware/version_negotiation.py:69}}
May 23 15:55:51.527172 np0000001337 devstack@g-api.service[98932]: DEBUG glance.api.middleware.version_negotiation [None req-45ce546f-b073-477a-b729-13b6aaca77f8 tempest-VolumesActionsTest-38084879 tempest-VolumesActionsTest-38084879-project-member] new path /v2/images/8c67b0de-53d3-475b-95a1-15868450d022 {{(pid=98932) process_request /opt/stack/glance/glance/api/middleware/version_negotiation.py:70}}
May 23 15:55:51.536336 np0000001337 devstack@g-api.service[98932]: [pid: 98932|app: 0|req: 92/169] 127.0.0.1 () {40 vars in 838 bytes} [Sat May 23 15:55:51 2026] GET /v2/images/8c67b0de-53d3-475b-95a1-15868450d022 => generated 651 bytes in 10 msecs (HTTP/1.1 200) 4 headers in 157 bytes (1 switches on core 0)
May 23 15:55:51.599297 np0000001337 devstack@g-api.service[98931]: DEBUG glance.api.middleware.version_negotiation [None req-7ab67097-d579-4e73-b7d0-2360a040a24d tempest-ServerBootFromVolumeStableRescueTest-1163641615 tempest-ServerBootFromVolumeStableRescueTest-1163641615-project-member] Determining version of request: POST /v2/images Accept: */* {{(pid=98931) process_request /opt/stack/glance/glance/api/middleware/version_negotiation.py:44}}
May 23 15:55:51.599385 np0000001337 devstack@g-api.service[98931]: DEBUG glance.api.middleware.version_negotiation [None req-7ab67097-d579-4e73-b7d0-2360a040a24d tempest-ServerBootFromVolumeStableRescueTest-1163641615 tempest-ServerBootFromVolumeStableRescueTest-1163641615-project-member] Using url versioning {{(pid=98931) process_request /opt/stack/glance/glance/api/middleware/version_negotiation.py:57}}
May 23 15:55:51.599570 np0000001337 devstack@g-api.service[98931]: DEBUG glance.api.middleware.version_negotiation [None req-7ab67097-d579-4e73-b7d0-2360a040a24d tempest-ServerBootFromVolumeStableRescueTest-1163641615 tempest-ServerBootFromVolumeStableRescueTest-1163641615-project-member] Matched version: v2 {{(pid=98931) process_request /opt/stack/glance/glance/api/middleware/version_negotiation.py:69}}
May 23 15:55:51.599692 np0000001337 devstack@g-api.service[98931]: DEBUG glance.api.middleware.version_negotiation [None req-7ab67097-d579-4e73-b7d0-2360a040a24d tempest-ServerBootFromVolumeStableRescueTest-1163641615 tempest-ServerBootFromVolumeStableRescueTest-1163641615-project-member] new path /v2/images {{(pid=98931) process_request /opt/stack/glance/glance/api/middleware/version_negotiation.py:70}}
May 23 15:55:52.551564 np0000001337 devstack@g-api.service[98932]: DEBUG glance.api.middleware.version_negotiation [None req-9be9b2a7-51e6-4df4-bba4-90829ec273e3 tempest-VolumesActionsTest-38084879 tempest-VolumesActionsTest-38084879-project-member] Determining version of request: GET /v2/images/8c67b0de-53d3-475b-95a1-15868450d022 Accept: application/json {{(pid=98932) process_request /opt/stack/glance/glance/api/middleware/version_negotiation.py:44}}
May 23 15:55:52.551564 np0000001337 devstack@g-api.service[98932]: DEBUG glance.api.middleware.version_negotiation [None req-9be9b2a7-51e6-4df4-bba4-90829ec273e3 tempest-VolumesActionsTest-38084879 tempest-VolumesActionsTest-38084879-project-member] Using url versioning {{(pid=98932) process_request /opt/stack/glance/glance/api/middleware/version_negotiation.py:57}}
May 23 15:55:52.551564 np0000001337 devstack@g-api.service[98932]: DEBUG glance.api.middleware.version_negotiation [None req-9be9b2a7-51e6-4df4-bba4-90829ec273e3 tempest-VolumesActionsTest-38084879 tempest-VolumesActionsTest-38084879-project-member] Matched version: v2 {{(pid=98932) process_request /opt/stack/glance/glance/api/middleware/version_negotiation.py:69}}
May 23 15:55:52.551564 np0000001337 devstack@g-api.service[98932]: DEBUG glance.api.middleware.version_negotiation [None req-9be9b2a7-51e6-4df4-bba4-90829ec273e3 tempest-VolumesActionsTest-38084879 tempest-VolumesActionsTest-38084879-project-member] new path /v2/images/8c67b0de-53d3-475b-95a1-15868450d022 {{(pid=98932) process_request /opt/stack/glance/glance/api/middleware/version_negotiation.py:70}}
May 23 15:55:52.589266 np0000001337 devstack@g-api.service[98932]: [pid: 98932|app: 0|req: 93/170] 127.0.0.1 () {40 vars in 838 bytes} [Sat May 23 15:55:52 2026] GET /v2/images/8c67b0de-53d3-475b-95a1-15868450d022 => generated 651 bytes in 38 msecs (HTTP/1.1 200) 4 headers in 157 bytes (1 switches on core 0)
May 23 15:55:52.711616 np0000001337 devstack@g-api.service[98931]: [pid: 98931|app: 0|req: 78/171] 127.0.0.1 () {46 vars in 1055 bytes} [Sat May 23 15:55:51 2026] POST /v2/images => generated 1359 bytes in 1114 msecs (HTTP/1.1 201) 6 headers in 316 bytes (1 switches on core 0)
May 23 15:55:52.798042 np0000001337 devstack@g-api.service[98932]: DEBUG glance.api.middleware.version_negotiation [None req-ffae39ca-4531-41a1-92e6-067785a6483c tempest-VolumesActionsTest-38084879 tempest-VolumesActionsTest-38084879-project-member] Determining version of request: GET /v2/images/d8f5a90a-1efa-4448-8265-2873e1e46b9e Accept: application/json {{(pid=98932) process_request /opt/stack/glance/glance/api/middleware/version_negotiation.py:44}}
May 23 15:55:52.798042 np0000001337 devstack@g-api.service[98932]: DEBUG glance.api.middleware.version_negotiation [None req-ffae39ca-4531-41a1-92e6-067785a6483c tempest-VolumesActionsTest-38084879 tempest-VolumesActionsTest-38084879-project-member] Using url versioning {{(pid=98932) process_request /opt/stack/glance/glance/api/middleware/version_negotiation.py:57}}
May 23 15:55:52.798042 np0000001337 devstack@g-api.service[98932]: DEBUG glance.api.middleware.version_negotiation [None req-ffae39ca-4531-41a1-92e6-067785a6483c tempest-VolumesActionsTest-38084879 tempest-VolumesActionsTest-38084879-project-member] Matched version: v2 {{(pid=98932) process_request /opt/stack/glance/glance/api/middleware/version_negotiation.py:69}}
May 23 15:55:52.798042 np0000001337 devstack@g-api.service[98932]: DEBUG glance.api.middleware.version_negotiation [None req-ffae39ca-4531-41a1-92e6-067785a6483c tempest-VolumesActionsTest-38084879 tempest-VolumesActionsTest-38084879-project-member] new path /v2/images/d8f5a90a-1efa-4448-8265-2873e1e46b9e {{(pid=98932) process_request /opt/stack/glance/glance/api/middleware/version_negotiation.py:70}}
May 23 15:55:52.818961 np0000001337 devstack@g-api.service[98932]: [pid: 98932|app: 0|req: 94/172] 127.0.0.1 () {40 vars in 838 bytes} [Sat May 23 15:55:52 2026] GET /v2/images/d8f5a90a-1efa-4448-8265-2873e1e46b9e => generated 1359 bytes in 22 msecs (HTTP/1.1 200) 4 headers in 158 bytes (1 switches on core 0)
May 23 15:55:53.601601 np0000001337 devstack@g-api.service[98931]: DEBUG glance.api.middleware.version_negotiation [None req-7ab67097-d579-4e73-b7d0-2360a040a24d tempest-ServerBootFromVolumeStableRescueTest-1163641615 tempest-ServerBootFromVolumeStableRescueTest-1163641615-project-member] Determining version of request: GET /v2/images/8c67b0de-53d3-475b-95a1-15868450d022 Accept: application/json {{(pid=98931) process_request /opt/stack/glance/glance/api/middleware/version_negotiation.py:44}}
May 23 15:55:53.601887 np0000001337 devstack@g-api.service[98931]: DEBUG glance.api.middleware.version_negotiation [None req-7ab67097-d579-4e73-b7d0-2360a040a24d tempest-ServerBootFromVolumeStableRescueTest-1163641615 tempest-ServerBootFromVolumeStableRescueTest-1163641615-project-member] Using url versioning {{(pid=98931) process_request /opt/stack/glance/glance/api/middleware/version_negotiation.py:57}}
May 23 15:55:53.602357 np0000001337 devstack@g-api.service[98931]: DEBUG glance.api.middleware.version_negotiation [None req-7ab67097-d579-4e73-b7d0-2360a040a24d tempest-ServerBootFromVolumeStableRescueTest-1163641615 tempest-ServerBootFromVolumeStableRescueTest-1163641615-project-member] Matched version: v2 {{(pid=98931) process_request /opt/stack/glance/glance/api/middleware/version_negotiation.py:69}}
May 23 15:55:53.602607 np0000001337 devstack@g-api.service[98931]: DEBUG glance.api.middleware.version_negotiation [None req-7ab67097-d579-4e73-b7d0-2360a040a24d tempest-ServerBootFromVolumeStableRescueTest-1163641615 tempest-ServerBootFromVolumeStableRescueTest-1163641615-project-member] new path /v2/images/8c67b0de-53d3-475b-95a1-15868450d022 {{(pid=98931) process_request /opt/stack/glance/glance/api/middleware/version_negotiation.py:70}}
May 23 15:55:53.622764 np0000001337 devstack@g-api.service[98931]: [pid: 98931|app: 0|req: 79/173] 127.0.0.1 () {40 vars in 838 bytes} [Sat May 23 15:55:53 2026] GET /v2/images/8c67b0de-53d3-475b-95a1-15868450d022 => generated 651 bytes in 22 msecs (HTTP/1.1 200) 4 headers in 157 bytes (1 switches on core 0)
May 23 15:55:53.833984 np0000001337 devstack@g-api.service[98932]: DEBUG glance.api.middleware.version_negotiation [None req-f84c3396-6296-4c15-9c32-864628e45b11 tempest-ServerBootFromVolumeStableRescueTest-1163641615 tempest-ServerBootFromVolumeStableRescueTest-1163641615-project-member] Determining version of request: GET /v2/images/d8f5a90a-1efa-4448-8265-2873e1e46b9e Accept: application/json {{(pid=98932) process_request /opt/stack/glance/glance/api/middleware/version_negotiation.py:44}}
May 23 15:55:53.834726 np0000001337 devstack@g-api.service[98932]: DEBUG glance.api.middleware.version_negotiation [None req-f84c3396-6296-4c15-9c32-864628e45b11 tempest-ServerBootFromVolumeStableRescueTest-1163641615 tempest-ServerBootFromVolumeStableRescueTest-1163641615-project-member] Using url versioning {{(pid=98932) process_request /opt/stack/glance/glance/api/middleware/version_negotiation.py:57}}
May 23 15:55:53.834726 np0000001337 devstack@g-api.service[98932]: DEBUG glance.api.middleware.version_negotiation [None req-f84c3396-6296-4c15-9c32-864628e45b11 tempest-ServerBootFromVolumeStableRescueTest-1163641615 tempest-ServerBootFromVolumeStableRescueTest-1163641615-project-member] Matched version: v2 {{(pid=98932) process_request /opt/stack/glance/glance/api/middleware/version_negotiation.py:69}}
May 23 15:55:53.834943 np0000001337 devstack@g-api.service[98932]: DEBUG glance.api.middleware.version_negotiation [None req-f84c3396-6296-4c15-9c32-864628e45b11 tempest-ServerBootFromVolumeStableRescueTest-1163641615 tempest-ServerBootFromVolumeStableRescueTest-1163641615-project-member] new path /v2/images/d8f5a90a-1efa-4448-8265-2873e1e46b9e {{(pid=98932) process_request /opt/stack/glance/glance/api/middleware/version_negotiation.py:70}}
May 23 15:55:53.865793 np0000001337 devstack@g-api.service[98932]: [pid: 98932|app: 0|req: 95/174] 127.0.0.1 () {40 vars in 838 bytes} [Sat May 23 15:55:53 2026] GET /v2/images/d8f5a90a-1efa-4448-8265-2873e1e46b9e => generated 1359 bytes in 32 msecs (HTTP/1.1 200) 4 headers in 158 bytes (1 switches on core 0)
May 23 15:55:54.369362 np0000001337 devstack@g-api.service[98931]: DEBUG glance.api.middleware.version_negotiation [None req-e997e92d-7be9-4153-8e50-db7fd8c5e553 tempest-VolumesActionsTest-38084879 tempest-VolumesActionsTest-38084879-project-member] Determining version of request: GET /v2/images/d8f5a90a-1efa-4448-8265-2873e1e46b9e Accept: */* {{(pid=98931) process_request /opt/stack/glance/glance/api/middleware/version_negotiation.py:44}}
May 23 15:55:54.370014 np0000001337 devstack@g-api.service[98931]: DEBUG glance.api.middleware.version_negotiation [None req-e997e92d-7be9-4153-8e50-db7fd8c5e553 tempest-VolumesActionsTest-38084879 tempest-VolumesActionsTest-38084879-project-member] Using url versioning {{(pid=98931) process_request /opt/stack/glance/glance/api/middleware/version_negotiation.py:57}}
May 23 15:55:54.370014 np0000001337 devstack@g-api.service[98931]: DEBUG glance.api.middleware.version_negotiation [None req-e997e92d-7be9-4153-8e50-db7fd8c5e553 tempest-VolumesActionsTest-38084879 tempest-VolumesActionsTest-38084879-project-member] Matched version: v2 {{(pid=98931) process_request /opt/stack/glance/glance/api/middleware/version_negotiation.py:69}}
May 23 15:55:54.370014 np0000001337 devstack@g-api.service[98931]: DEBUG glance.api.middleware.version_negotiation [None req-e997e92d-7be9-4153-8e50-db7fd8c5e553 tempest-VolumesActionsTest-38084879 tempest-VolumesActionsTest-38084879-project-member] new path /v2/images/d8f5a90a-1efa-4448-8265-2873e1e46b9e {{(pid=98931) process_request /opt/stack/glance/glance/api/middleware/version_negotiation.py:70}}
May 23 15:55:54.390393 np0000001337 devstack@g-api.service[98931]: [pid: 98931|app: 0|req: 80/175] 127.0.0.1 () {44 vars in 1115 bytes} [Sat May 23 15:55:54 2026] GET /v2/images/d8f5a90a-1efa-4448-8265-2873e1e46b9e => generated 1359 bytes in 21 msecs (HTTP/1.1 200) 4 headers in 158 bytes (1 switches on core 0)
May 23 15:55:54.443587 np0000001337 devstack@g-api.service[98932]: DEBUG glance.api.middleware.version_negotiation [None req-ba2f2937-ec77-4e66-bc1c-78ec9cf2b4a1 tempest-ServerBootFromVolumeStableRescueTest-1163641615 tempest-ServerBootFromVolumeStableRescueTest-1163641615-project-member] Determining version of request: GET /v2/schemas/image Accept: */* {{(pid=98932) process_request /opt/stack/glance/glance/api/middleware/version_negotiation.py:44}}
May 23 15:55:54.443950 np0000001337 devstack@g-api.service[98932]: DEBUG glance.api.middleware.version_negotiation [None req-ba2f2937-ec77-4e66-bc1c-78ec9cf2b4a1 tempest-ServerBootFromVolumeStableRescueTest-1163641615 tempest-ServerBootFromVolumeStableRescueTest-1163641615-project-member] Using url versioning {{(pid=98932) process_request /opt/stack/glance/glance/api/middleware/version_negotiation.py:57}}
May 23 15:55:54.444490 np0000001337 devstack@g-api.service[98932]: DEBUG glance.api.middleware.version_negotiation [None req-ba2f2937-ec77-4e66-bc1c-78ec9cf2b4a1 tempest-ServerBootFromVolumeStableRescueTest-1163641615 tempest-ServerBootFromVolumeStableRescueTest-1163641615-project-member] Matched version: v2 {{(pid=98932) process_request /opt/stack/glance/glance/api/middleware/version_negotiation.py:69}}
May 23 15:55:54.445938 np0000001337 devstack@g-api.service[98932]: DEBUG glance.api.middleware.version_negotiation [None req-ba2f2937-ec77-4e66-bc1c-78ec9cf2b4a1 tempest-ServerBootFromVolumeStableRescueTest-1163641615 tempest-ServerBootFromVolumeStableRescueTest-1163641615-project-member] new path /v2/schemas/image {{(pid=98932) process_request /opt/stack/glance/glance/api/middleware/version_negotiation.py:70}}
May 23 15:55:54.454459 np0000001337 devstack@g-api.service[98932]: [pid: 98932|app: 0|req: 96/176] 127.0.0.1 () {44 vars in 1055 bytes} [Sat May 23 15:55:54 2026] GET /v2/schemas/image => generated 6083 bytes in 15 msecs (HTTP/1.1 200) 4 headers in 158 bytes (1 switches on core 0)
May 23 15:55:54.631947 np0000001337 devstack@g-api.service[98931]: DEBUG glance.api.middleware.version_negotiation [None req-7ab67097-d579-4e73-b7d0-2360a040a24d tempest-ServerBootFromVolumeStableRescueTest-1163641615 tempest-ServerBootFromVolumeStableRescueTest-1163641615-project-member] Determining version of request: GET /v2/images/8c67b0de-53d3-475b-95a1-15868450d022 Accept: application/json {{(pid=98931) process_request /opt/stack/glance/glance/api/middleware/version_negotiation.py:44}}
May 23 15:55:54.633514 np0000001337 devstack@g-api.service[98931]: DEBUG glance.api.middleware.version_negotiation [None req-7ab67097-d579-4e73-b7d0-2360a040a24d tempest-ServerBootFromVolumeStableRescueTest-1163641615 tempest-ServerBootFromVolumeStableRescueTest-1163641615-project-member] Using url versioning {{(pid=98931) process_request /opt/stack/glance/glance/api/middleware/version_negotiation.py:57}}
May 23 15:55:54.633514 np0000001337 devstack@g-api.service[98931]: DEBUG glance.api.middleware.version_negotiation [None req-7ab67097-d579-4e73-b7d0-2360a040a24d tempest-ServerBootFromVolumeStableRescueTest-1163641615 tempest-ServerBootFromVolumeStableRescueTest-1163641615-project-member] Matched version: v2 {{(pid=98931) process_request /opt/stack/glance/glance/api/middleware/version_negotiation.py:69}}
May 23 15:55:54.633514 np0000001337 devstack@g-api.service[98931]: DEBUG glance.api.middleware.version_negotiation [None req-7ab67097-d579-4e73-b7d0-2360a040a24d tempest-ServerBootFromVolumeStableRescueTest-1163641615 tempest-ServerBootFromVolumeStableRescueTest-1163641615-project-member] new path /v2/images/8c67b0de-53d3-475b-95a1-15868450d022 {{(pid=98931) process_request /opt/stack/glance/glance/api/middleware/version_negotiation.py:70}}
May 23 15:55:54.644436 np0000001337 devstack@g-api.service[98931]: [pid: 98931|app: 0|req: 81/177] 127.0.0.1 () {40 vars in 838 bytes} [Sat May 23 15:55:54 2026] GET /v2/images/8c67b0de-53d3-475b-95a1-15868450d022 => generated 651 bytes in 13 msecs (HTTP/1.1 200) 4 headers in 157 bytes (1 switches on core 0)
May 23 15:55:54.876205 np0000001337 devstack@g-api.service[98932]: DEBUG glance.api.middleware.version_negotiation [None req-7ab67097-d579-4e73-b7d0-2360a040a24d tempest-ServerBootFromVolumeStableRescueTest-1163641615 tempest-ServerBootFromVolumeStableRescueTest-1163641615-project-member] Determining version of request: GET /v2/images/d8f5a90a-1efa-4448-8265-2873e1e46b9e Accept: application/json {{(pid=98932) process_request /opt/stack/glance/glance/api/middleware/version_negotiation.py:44}}
May 23 15:55:54.876683 np0000001337 devstack@g-api.service[98932]: DEBUG glance.api.middleware.version_negotiation [None req-7ab67097-d579-4e73-b7d0-2360a040a24d tempest-ServerBootFromVolumeStableRescueTest-1163641615 tempest-ServerBootFromVolumeStableRescueTest-1163641615-project-member] Using url versioning {{(pid=98932) process_request /opt/stack/glance/glance/api/middleware/version_negotiation.py:57}}
May 23 15:55:54.876683 np0000001337 devstack@g-api.service[98932]: DEBUG glance.api.middleware.version_negotiation [None req-7ab67097-d579-4e73-b7d0-2360a040a24d tempest-ServerBootFromVolumeStableRescueTest-1163641615 tempest-ServerBootFromVolumeStableRescueTest-1163641615-project-member] Matched version: v2 {{(pid=98932) process_request /opt/stack/glance/glance/api/middleware/version_negotiation.py:69}}
May 23 15:55:54.876683 np0000001337 devstack@g-api.service[98932]: DEBUG glance.api.middleware.version_negotiation [None req-7ab67097-d579-4e73-b7d0-2360a040a24d tempest-ServerBootFromVolumeStableRescueTest-1163641615 tempest-ServerBootFromVolumeStableRescueTest-1163641615-project-member] new path /v2/images/d8f5a90a-1efa-4448-8265-2873e1e46b9e {{(pid=98932) process_request /opt/stack/glance/glance/api/middleware/version_negotiation.py:70}}
May 23 15:55:54.888377 np0000001337 devstack@g-api.service[98932]: [pid: 98932|app: 0|req: 97/178] 127.0.0.1 () {40 vars in 838 bytes} [Sat May 23 15:55:54 2026] GET /v2/images/d8f5a90a-1efa-4448-8265-2873e1e46b9e => generated 1359 bytes in 12 msecs (HTTP/1.1 200) 4 headers in 158 bytes (1 switches on core 0)
May 23 15:55:55.580573 np0000001337 devstack@g-api.service[98931]: DEBUG glance.api.middleware.version_negotiation [None req-5344d504-67c9-4f1d-8929-8e692b5ef76c tempest-VolumesActionsTest-38084879 tempest-VolumesActionsTest-38084879-project-member] Determining version of request: PUT /v2/images/8c67b0de-53d3-475b-95a1-15868450d022/file Accept: */* {{(pid=98931) process_request /opt/stack/glance/glance/api/middleware/version_negotiation.py:44}}
May 23 15:55:55.582415 np0000001337 devstack@g-api.service[98931]: DEBUG glance.api.middleware.version_negotiation [None req-5344d504-67c9-4f1d-8929-8e692b5ef76c tempest-VolumesActionsTest-38084879 tempest-VolumesActionsTest-38084879-project-member] Using url versioning {{(pid=98931) process_request /opt/stack/glance/glance/api/middleware/version_negotiation.py:57}}
May 23 15:55:55.582415 np0000001337 devstack@g-api.service[98931]: DEBUG glance.api.middleware.version_negotiation [None req-5344d504-67c9-4f1d-8929-8e692b5ef76c tempest-VolumesActionsTest-38084879 tempest-VolumesActionsTest-38084879-project-member] Matched version: v2 {{(pid=98931) process_request /opt/stack/glance/glance/api/middleware/version_negotiation.py:69}}
May 23 15:55:55.582415 np0000001337 devstack@g-api.service[98931]: DEBUG glance.api.middleware.version_negotiation [None req-5344d504-67c9-4f1d-8929-8e692b5ef76c tempest-VolumesActionsTest-38084879 tempest-VolumesActionsTest-38084879-project-member] new path /v2/images/8c67b0de-53d3-475b-95a1-15868450d022/file {{(pid=98931) process_request /opt/stack/glance/glance/api/middleware/version_negotiation.py:70}}
May 23 15:55:55.660493 np0000001337 devstack@g-api.service[98932]: DEBUG glance.api.middleware.version_negotiation [None req-1022240d-d4a6-4f3a-8992-879ad996db59 tempest-ServerBootFromVolumeStableRescueTest-1163641615 tempest-ServerBootFromVolumeStableRescueTest-1163641615-project-member] Determining version of request: GET /v2/images/8c67b0de-53d3-475b-95a1-15868450d022 Accept: application/json {{(pid=98932) process_request /opt/stack/glance/glance/api/middleware/version_negotiation.py:44}}
May 23 15:55:55.660493 np0000001337 devstack@g-api.service[98932]: DEBUG glance.api.middleware.version_negotiation [None req-1022240d-d4a6-4f3a-8992-879ad996db59 tempest-ServerBootFromVolumeStableRescueTest-1163641615 tempest-ServerBootFromVolumeStableRescueTest-1163641615-project-member] Using url versioning {{(pid=98932) process_request /opt/stack/glance/glance/api/middleware/version_negotiation.py:57}}
May 23 15:55:55.660493 np0000001337 devstack@g-api.service[98932]: DEBUG glance.api.middleware.version_negotiation [None req-1022240d-d4a6-4f3a-8992-879ad996db59 tempest-ServerBootFromVolumeStableRescueTest-1163641615 tempest-ServerBootFromVolumeStableRescueTest-1163641615-project-member] Matched version: v2 {{(pid=98932) process_request /opt/stack/glance/glance/api/middleware/version_negotiation.py:69}}
May 23 15:55:55.660493 np0000001337 devstack@g-api.service[98932]: DEBUG glance.api.middleware.version_negotiation [None req-1022240d-d4a6-4f3a-8992-879ad996db59 tempest-ServerBootFromVolumeStableRescueTest-1163641615 tempest-ServerBootFromVolumeStableRescueTest-1163641615-project-member] new path /v2/images/8c67b0de-53d3-475b-95a1-15868450d022 {{(pid=98932) process_request /opt/stack/glance/glance/api/middleware/version_negotiation.py:70}}
May 23 15:55:55.674681 np0000001337 devstack@g-api.service[98932]: [pid: 98932|app: 0|req: 98/179] 127.0.0.1 () {40 vars in 838 bytes} [Sat May 23 15:55:55 2026] GET /v2/images/8c67b0de-53d3-475b-95a1-15868450d022 => generated 651 bytes in 15 msecs (HTTP/1.1 200) 4 headers in 157 bytes (1 switches on core 0)
May 23 15:55:55.900320 np0000001337 devstack@g-api.service[98932]: DEBUG glance.api.middleware.version_negotiation [None req-77aee922-359a-4195-b74d-0b518b33e1d2 tempest-VolumesActionsTest-38084879 tempest-VolumesActionsTest-38084879-project-member] Determining version of request: GET /v2/images/d8f5a90a-1efa-4448-8265-2873e1e46b9e Accept: application/json {{(pid=98932) process_request /opt/stack/glance/glance/api/middleware/version_negotiation.py:44}}
May 23 15:55:55.900320 np0000001337 devstack@g-api.service[98932]: DEBUG glance.api.middleware.version_negotiation [None req-77aee922-359a-4195-b74d-0b518b33e1d2 tempest-VolumesActionsTest-38084879 tempest-VolumesActionsTest-38084879-project-member] Using url versioning {{(pid=98932) process_request /opt/stack/glance/glance/api/middleware/version_negotiation.py:57}}
May 23 15:55:55.900320 np0000001337 devstack@g-api.service[98932]: DEBUG glance.api.middleware.version_negotiation [None req-77aee922-359a-4195-b74d-0b518b33e1d2 tempest-VolumesActionsTest-38084879 tempest-VolumesActionsTest-38084879-project-member] Matched version: v2 {{(pid=98932) process_request /opt/stack/glance/glance/api/middleware/version_negotiation.py:69}}
May 23 15:55:55.900320 np0000001337 devstack@g-api.service[98932]: DEBUG glance.api.middleware.version_negotiation [None req-77aee922-359a-4195-b74d-0b518b33e1d2 tempest-VolumesActionsTest-38084879 tempest-VolumesActionsTest-38084879-project-member] new path /v2/images/d8f5a90a-1efa-4448-8265-2873e1e46b9e {{(pid=98932) process_request /opt/stack/glance/glance/api/middleware/version_negotiation.py:70}}
May 23 15:55:55.912961 np0000001337 devstack@g-api.service[98932]: [pid: 98932|app: 0|req: 99/180] 127.0.0.1 () {40 vars in 838 bytes} [Sat May 23 15:55:55 2026] GET /v2/images/d8f5a90a-1efa-4448-8265-2873e1e46b9e => generated 1359 bytes in 13 msecs (HTTP/1.1 200) 4 headers in 158 bytes (1 switches on core 0)
May 23 15:55:56.312729 np0000001337 devstack@g-api.service[98931]: INFO glance.api.v2.image_data [None req-5eea4dd1-e3e4-42d6-af6d-d80deca93cda tempest-VolumesActionsTest-38084879 tempest-VolumesActionsTest-38084879-project-member] Unable to create trust: no such option collect_timing in group [keystone_authtoken] Use the existing user token.
May 23 15:55:56.685750 np0000001337 devstack@g-api.service[98932]: DEBUG glance.api.middleware.version_negotiation [None req-e83ce1b1-0fa7-418c-afa3-3645312b2006 tempest-ServerBootFromVolumeStableRescueTest-1163641615 tempest-ServerBootFromVolumeStableRescueTest-1163641615-project-member] Determining version of request: GET /v2/images/8c67b0de-53d3-475b-95a1-15868450d022 Accept: application/json {{(pid=98932) process_request /opt/stack/glance/glance/api/middleware/version_negotiation.py:44}}
May 23 15:55:56.686022 np0000001337 devstack@g-api.service[98932]: DEBUG glance.api.middleware.version_negotiation [None req-e83ce1b1-0fa7-418c-afa3-3645312b2006 tempest-ServerBootFromVolumeStableRescueTest-1163641615 tempest-ServerBootFromVolumeStableRescueTest-1163641615-project-member] Using url versioning {{(pid=98932) process_request /opt/stack/glance/glance/api/middleware/version_negotiation.py:57}}
May 23 15:55:56.686693 np0000001337 devstack@g-api.service[98932]: DEBUG glance.api.middleware.version_negotiation [None req-e83ce1b1-0fa7-418c-afa3-3645312b2006 tempest-ServerBootFromVolumeStableRescueTest-1163641615 tempest-ServerBootFromVolumeStableRescueTest-1163641615-project-member] Matched version: v2 {{(pid=98932) process_request /opt/stack/glance/glance/api/middleware/version_negotiation.py:69}}
May 23 15:55:56.686763 np0000001337 devstack@g-api.service[98932]: DEBUG glance.api.middleware.version_negotiation [None req-e83ce1b1-0fa7-418c-afa3-3645312b2006 tempest-ServerBootFromVolumeStableRescueTest-1163641615 tempest-ServerBootFromVolumeStableRescueTest-1163641615-project-member] new path /v2/images/8c67b0de-53d3-475b-95a1-15868450d022 {{(pid=98932) process_request /opt/stack/glance/glance/api/middleware/version_negotiation.py:70}}
May 23 15:55:56.709139 np0000001337 devstack@g-api.service[98932]: [pid: 98932|app: 0|req: 100/181] 127.0.0.1 () {40 vars in 838 bytes} [Sat May 23 15:55:56 2026] GET /v2/images/8c67b0de-53d3-475b-95a1-15868450d022 => generated 651 bytes in 24 msecs (HTTP/1.1 200) 4 headers in 157 bytes (1 switches on core 0)
May 23 15:55:56.922834 np0000001337 devstack@g-api.service[98932]: DEBUG glance.api.middleware.version_negotiation [None req-f2b664cb-7b9e-4a19-8ab1-efdb4361f00c tempest-VolumesActionsTest-38084879 tempest-VolumesActionsTest-38084879-project-member] Determining version of request: GET /v2/images/d8f5a90a-1efa-4448-8265-2873e1e46b9e Accept: application/json {{(pid=98932) process_request /opt/stack/glance/glance/api/middleware/version_negotiation.py:44}}
May 23 15:55:56.924415 np0000001337 devstack@g-api.service[98932]: DEBUG glance.api.middleware.version_negotiation [None req-f2b664cb-7b9e-4a19-8ab1-efdb4361f00c tempest-VolumesActionsTest-38084879 tempest-VolumesActionsTest-38084879-project-member] Using url versioning {{(pid=98932) process_request /opt/stack/glance/glance/api/middleware/version_negotiation.py:57}}
May 23 15:55:56.924415 np0000001337 devstack@g-api.service[98932]: DEBUG glance.api.middleware.version_negotiation [None req-f2b664cb-7b9e-4a19-8ab1-efdb4361f00c tempest-VolumesActionsTest-38084879 tempest-VolumesActionsTest-38084879-project-member] Matched version: v2 {{(pid=98932) process_request /opt/stack/glance/glance/api/middleware/version_negotiation.py:69}}
May 23 15:55:56.924415 np0000001337 devstack@g-api.service[98932]: DEBUG glance.api.middleware.version_negotiation [None req-f2b664cb-7b9e-4a19-8ab1-efdb4361f00c tempest-VolumesActionsTest-38084879 tempest-VolumesActionsTest-38084879-project-member] new path /v2/images/d8f5a90a-1efa-4448-8265-2873e1e46b9e {{(pid=98932) process_request /opt/stack/glance/glance/api/middleware/version_negotiation.py:70}}
May 23 15:55:56.933200 np0000001337 devstack@g-api.service[98932]: [pid: 98932|app: 0|req: 101/182] 127.0.0.1 () {40 vars in 838 bytes} [Sat May 23 15:55:56 2026] GET /v2/images/d8f5a90a-1efa-4448-8265-2873e1e46b9e => generated 1359 bytes in 10 msecs (HTTP/1.1 200) 4 headers in 158 bytes (1 switches on core 0)
May 23 15:55:57.014355 np0000001337 devstack@g-api.service[98931]: DEBUG glance.location [None req-5eea4dd1-e3e4-42d6-af6d-d80deca93cda tempest-VolumesActionsTest-38084879 tempest-VolumesActionsTest-38084879-project-member] Enabling in-flight format inspection for qcow2 {{(pid=98931) set_data /opt/stack/glance/glance/location.py:616}}
May 23 15:55:57.015119 np0000001337 devstack@g-api.service[98931]: DEBUG glance_store.backend [None req-5eea4dd1-e3e4-42d6-af6d-d80deca93cda tempest-VolumesActionsTest-38084879 tempest-VolumesActionsTest-38084879-project-member] Attempting to import store swift {{(pid=98931) _load_store /opt/stack/data/venv/lib/python3.12/site-packages/glance_store/backend.py:215}}
May 23 15:55:57.016867 np0000001337 devstack@g-api.service[98931]: DEBUG glance_store.capabilities [None req-5eea4dd1-e3e4-42d6-af6d-d80deca93cda tempest-VolumesActionsTest-38084879 tempest-VolumesActionsTest-38084879-project-member] Store glance_store._drivers.swift.store.SingleTenantStore doesn't support updating dynamic storage capabilities. Please overwrite 'update_capabilities' method of the store to implement updating logics if needed. {{(pid=98931) update_capabilities /opt/stack/data/venv/lib/python3.12/site-packages/glance_store/capabilities.py:91}}
May 23 15:55:57.017082 np0000001337 devstack@g-api.service[98931]: DEBUG glance_store.driver [None req-5eea4dd1-e3e4-42d6-af6d-d80deca93cda tempest-VolumesActionsTest-38084879 tempest-VolumesActionsTest-38084879-project-member] Late loading location class glance_store._drivers.swift.store.StoreLocation {{(pid=98931) get_store_location_class /opt/stack/data/venv/lib/python3.12/site-packages/glance_store/driver.py:134}}
May 23 15:55:57.017291 np0000001337 devstack@g-api.service[98931]: DEBUG glance_store.location [None req-5eea4dd1-e3e4-42d6-af6d-d80deca93cda tempest-VolumesActionsTest-38084879 tempest-VolumesActionsTest-38084879-project-member] Registering scheme swift+https with {'store': , 'location_class': , 'store_entry': 'swift'} {{(pid=98931) register_scheme_map /opt/stack/data/venv/lib/python3.12/site-packages/glance_store/location.py:146}}
May 23 15:55:57.017584 np0000001337 devstack@g-api.service[98931]: DEBUG glance_store.location [None req-5eea4dd1-e3e4-42d6-af6d-d80deca93cda tempest-VolumesActionsTest-38084879 tempest-VolumesActionsTest-38084879-project-member] Registering scheme swift+https with {'store': , 'location_class': , 'store_entry': 'swift'} {{(pid=98931) register_scheme_map /opt/stack/data/venv/lib/python3.12/site-packages/glance_store/location.py:146}}
May 23 15:55:57.017753 np0000001337 devstack@g-api.service[98931]: DEBUG glance_store.location [None req-5eea4dd1-e3e4-42d6-af6d-d80deca93cda tempest-VolumesActionsTest-38084879 tempest-VolumesActionsTest-38084879-project-member] Registering scheme swift with {'store': , 'location_class': , 'store_entry': 'swift'} {{(pid=98931) register_scheme_map /opt/stack/data/venv/lib/python3.12/site-packages/glance_store/location.py:146}}
May 23 15:55:57.017947 np0000001337 devstack@g-api.service[98931]: DEBUG glance_store.location [None req-5eea4dd1-e3e4-42d6-af6d-d80deca93cda tempest-VolumesActionsTest-38084879 tempest-VolumesActionsTest-38084879-project-member] Registering scheme swift+https with {'store': , 'location_class': , 'store_entry': 'swift'} {{(pid=98931) register_scheme_map /opt/stack/data/venv/lib/python3.12/site-packages/glance_store/location.py:146}}
May 23 15:55:57.019048 np0000001337 devstack@g-api.service[98931]: DEBUG glance_store.location [None req-5eea4dd1-e3e4-42d6-af6d-d80deca93cda tempest-VolumesActionsTest-38084879 tempest-VolumesActionsTest-38084879-project-member] Registering scheme swift with {'store': , 'location_class': , 'store_entry': 'swift'} {{(pid=98931) register_scheme_map /opt/stack/data/venv/lib/python3.12/site-packages/glance_store/location.py:146}}
May 23 15:55:57.019048 np0000001337 devstack@g-api.service[98931]: DEBUG glance_store.location [None req-5eea4dd1-e3e4-42d6-af6d-d80deca93cda tempest-VolumesActionsTest-38084879 tempest-VolumesActionsTest-38084879-project-member] Registering scheme swift+http with {'store': , 'location_class': , 'store_entry': 'swift'} {{(pid=98931) register_scheme_map /opt/stack/data/venv/lib/python3.12/site-packages/glance_store/location.py:146}}
May 23 15:55:57.019048 np0000001337 devstack@g-api.service[98931]: DEBUG glance_store.location [None req-5eea4dd1-e3e4-42d6-af6d-d80deca93cda tempest-VolumesActionsTest-38084879 tempest-VolumesActionsTest-38084879-project-member] Registering scheme swift+https with {'store': , 'location_class': , 'store_entry': 'swift'} {{(pid=98931) register_scheme_map /opt/stack/data/venv/lib/python3.12/site-packages/glance_store/location.py:146}}
May 23 15:55:57.019048 np0000001337 devstack@g-api.service[98931]: DEBUG glance_store.location [None req-5eea4dd1-e3e4-42d6-af6d-d80deca93cda tempest-VolumesActionsTest-38084879 tempest-VolumesActionsTest-38084879-project-member] Registering scheme swift with {'store': , 'location_class': , 'store_entry': 'swift'} {{(pid=98931) register_scheme_map /opt/stack/data/venv/lib/python3.12/site-packages/glance_store/location.py:146}}
May 23 15:55:57.019048 np0000001337 devstack@g-api.service[98931]: DEBUG glance_store.location [None req-5eea4dd1-e3e4-42d6-af6d-d80deca93cda tempest-VolumesActionsTest-38084879 tempest-VolumesActionsTest-38084879-project-member] Registering scheme swift+http with {'store': , 'location_class': , 'store_entry': 'swift'} {{(pid=98931) register_scheme_map /opt/stack/data/venv/lib/python3.12/site-packages/glance_store/location.py:146}}
May 23 15:55:57.019048 np0000001337 devstack@g-api.service[98931]: DEBUG glance_store.location [None req-5eea4dd1-e3e4-42d6-af6d-d80deca93cda tempest-VolumesActionsTest-38084879 tempest-VolumesActionsTest-38084879-project-member] Registering scheme swift+config with {'store': , 'location_class': , 'store_entry': 'swift'} {{(pid=98931) register_scheme_map /opt/stack/data/venv/lib/python3.12/site-packages/glance_store/location.py:146}}
May 23 15:55:57.402967 np0000001337 devstack@g-api.service[98932]: DEBUG glance.api.middleware.version_negotiation [None req-4f32d57e-44fc-417b-956e-e55c3c9a9774 tempest-ServerBootFromVolumeStableRescueTest-1163641615 tempest-ServerBootFromVolumeStableRescueTest-1163641615-project-member] Determining version of request: GET /v2/images/d8f5a90a-1efa-4448-8265-2873e1e46b9e Accept: */* {{(pid=98932) process_request /opt/stack/glance/glance/api/middleware/version_negotiation.py:44}}
May 23 15:55:57.402967 np0000001337 devstack@g-api.service[98932]: DEBUG glance.api.middleware.version_negotiation [None req-4f32d57e-44fc-417b-956e-e55c3c9a9774 tempest-ServerBootFromVolumeStableRescueTest-1163641615 tempest-ServerBootFromVolumeStableRescueTest-1163641615-project-member] Using url versioning {{(pid=98932) process_request /opt/stack/glance/glance/api/middleware/version_negotiation.py:57}}
May 23 15:55:57.402967 np0000001337 devstack@g-api.service[98932]: DEBUG glance.api.middleware.version_negotiation [None req-4f32d57e-44fc-417b-956e-e55c3c9a9774 tempest-ServerBootFromVolumeStableRescueTest-1163641615 tempest-ServerBootFromVolumeStableRescueTest-1163641615-project-member] Matched version: v2 {{(pid=98932) process_request /opt/stack/glance/glance/api/middleware/version_negotiation.py:69}}
May 23 15:55:57.402967 np0000001337 devstack@g-api.service[98932]: DEBUG glance.api.middleware.version_negotiation [None req-4f32d57e-44fc-417b-956e-e55c3c9a9774 tempest-ServerBootFromVolumeStableRescueTest-1163641615 tempest-ServerBootFromVolumeStableRescueTest-1163641615-project-member] new path /v2/images/d8f5a90a-1efa-4448-8265-2873e1e46b9e {{(pid=98932) process_request /opt/stack/glance/glance/api/middleware/version_negotiation.py:70}}
May 23 15:55:57.412738 np0000001337 devstack@g-api.service[98932]: [pid: 98932|app: 0|req: 102/183] 127.0.0.1 () {44 vars in 1115 bytes} [Sat May 23 15:55:57 2026] GET /v2/images/d8f5a90a-1efa-4448-8265-2873e1e46b9e => generated 1359 bytes in 10 msecs (HTTP/1.1 200) 4 headers in 158 bytes (1 switches on core 0)
May 23 15:55:57.443447 np0000001337 devstack@g-api.service[98931]: DEBUG swiftclient [None req-5eea4dd1-e3e4-42d6-af6d-d80deca93cda tempest-VolumesActionsTest-38084879 tempest-VolumesActionsTest-38084879-project-member] REQ: curl -i https://10.4.3.143:8080/v1/AUTH_d953a4f775074931960bf3b5e18bd9e3/glance -I -H "X-Auth-Token: gAAAAABqEc4NcCm0..." {{(pid=98931) http_log /opt/stack/data/venv/lib/python3.12/site-packages/swiftclient/client.py:160}}
May 23 15:55:57.443801 np0000001337 devstack@g-api.service[98931]: DEBUG swiftclient [None req-5eea4dd1-e3e4-42d6-af6d-d80deca93cda tempest-VolumesActionsTest-38084879 tempest-VolumesActionsTest-38084879-project-member] RESP STATUS: 204 No Content {{(pid=98931) http_log /opt/stack/data/venv/lib/python3.12/site-packages/swiftclient/client.py:161}}
May 23 15:55:57.444188 np0000001337 devstack@g-api.service[98931]: DEBUG swiftclient [None req-5eea4dd1-e3e4-42d6-af6d-d80deca93cda tempest-VolumesActionsTest-38084879 tempest-VolumesActionsTest-38084879-project-member] RESP HEADERS: {'Date': 'Sat, 23 May 2026 15:55:57 GMT', 'Server': 'Apache/2.4.58 (Ubuntu)', 'Content-Type': 'text/plain; charset=utf-8', 'X-Container-Object-Count': '12', 'X-Container-Bytes-Used': '1161625600', 'X-Timestamp': '1779551512.17903', 'Last-Modified': 'Sat, 23 May 2026 15:51:53 GMT', 'Accept-Ranges': 'bytes', 'X-Storage-Policy': 'Policy-0', 'X-Container-Sharding': 'False', 'Vary': 'Accept', 'X-Trans-Id': 'tx65095a9ebbe649da81013-006a11ce0d', 'X-Openstack-Request-Id': 'tx65095a9ebbe649da81013-006a11ce0d', 'Connection': 'close'} {{(pid=98931) http_log /opt/stack/data/venv/lib/python3.12/site-packages/swiftclient/client.py:162}}
May 23 15:55:57.444661 np0000001337 devstack@g-api.service[98931]: DEBUG glance_store._drivers.swift.store [None req-5eea4dd1-e3e4-42d6-af6d-d80deca93cda tempest-VolumesActionsTest-38084879 tempest-VolumesActionsTest-38084879-project-member] Adding image object '8c67b0de-53d3-475b-95a1-15868450d022' to Swift {{(pid=98931) add /opt/stack/data/venv/lib/python3.12/site-packages/glance_store/_drivers/swift/store.py:970}}
May 23 15:55:57.444920 np0000001337 devstack@g-api.service[98931]: DEBUG glance_store._drivers.swift.store [None req-5eea4dd1-e3e4-42d6-af6d-d80deca93cda tempest-VolumesActionsTest-38084879 tempest-VolumesActionsTest-38084879-project-member] Cannot determine image size because it is either not provided in the request or chunked-transfer encoding is used. Adding image as a segmented object to Swift. {{(pid=98931) add /opt/stack/data/venv/lib/python3.12/site-packages/glance_store/_drivers/swift/store.py:994}}
May 23 15:55:57.451402 np0000001337 devstack@g-api.service[98931]: DEBUG oslo_utils.imageutils.format_inspector [None req-5eea4dd1-e3e4-42d6-af6d-d80deca93cda tempest-VolumesActionsTest-38084879 tempest-VolumesActionsTest-38084879-project-member] Format inspector for vmdk does not match, excluding from consideration (Signature KDMV not found: b'QFI\xfb') {{(pid=98931) _process_chunk /opt/stack/data/venv/lib/python3.12/site-packages/oslo_utils/imageutils/format_inspector.py:1538}}
May 23 15:55:57.460914 np0000001337 devstack@g-api.service[98932]: DEBUG glance.api.middleware.version_negotiation [None req-7ab67097-d579-4e73-b7d0-2360a040a24d tempest-ServerBootFromVolumeStableRescueTest-1163641615 tempest-ServerBootFromVolumeStableRescueTest-1163641615-project-member] Determining version of request: GET /v2/schemas/image Accept: */* {{(pid=98932) process_request /opt/stack/glance/glance/api/middleware/version_negotiation.py:44}}
May 23 15:55:57.460914 np0000001337 devstack@g-api.service[98932]: DEBUG glance.api.middleware.version_negotiation [None req-7ab67097-d579-4e73-b7d0-2360a040a24d tempest-ServerBootFromVolumeStableRescueTest-1163641615 tempest-ServerBootFromVolumeStableRescueTest-1163641615-project-member] Using url versioning {{(pid=98932) process_request /opt/stack/glance/glance/api/middleware/version_negotiation.py:57}}
May 23 15:55:57.460914 np0000001337 devstack@g-api.service[98932]: DEBUG glance.api.middleware.version_negotiation [None req-7ab67097-d579-4e73-b7d0-2360a040a24d tempest-ServerBootFromVolumeStableRescueTest-1163641615 tempest-ServerBootFromVolumeStableRescueTest-1163641615-project-member] Matched version: v2 {{(pid=98932) process_request /opt/stack/glance/glance/api/middleware/version_negotiation.py:69}}
May 23 15:55:57.461817 np0000001337 devstack@g-api.service[98932]: DEBUG glance.api.middleware.version_negotiation [None req-7ab67097-d579-4e73-b7d0-2360a040a24d tempest-ServerBootFromVolumeStableRescueTest-1163641615 tempest-ServerBootFromVolumeStableRescueTest-1163641615-project-member] new path /v2/schemas/image {{(pid=98932) process_request /opt/stack/glance/glance/api/middleware/version_negotiation.py:70}}
May 23 15:55:57.464075 np0000001337 devstack@g-api.service[98932]: [pid: 98932|app: 0|req: 103/184] 127.0.0.1 () {44 vars in 1055 bytes} [Sat May 23 15:55:57 2026] GET /v2/schemas/image => generated 6083 bytes in 4 msecs (HTTP/1.1 200) 4 headers in 158 bytes (1 switches on core 0)
May 23 15:55:57.482196 np0000001337 devstack@g-api.service[98931]: DEBUG swiftclient [None req-5eea4dd1-e3e4-42d6-af6d-d80deca93cda tempest-VolumesActionsTest-38084879 tempest-VolumesActionsTest-38084879-project-member] REQ: curl -i https://10.4.3.143:8080/v1/AUTH_d953a4f775074931960bf3b5e18bd9e3/glance/8c67b0de-53d3-475b-95a1-15868450d022-00001 -X PUT -H "X-Auth-Token: gAAAAABqEc4NcCm0..." {{(pid=98931) http_log /opt/stack/data/venv/lib/python3.12/site-packages/swiftclient/client.py:160}}
May 23 15:55:57.482415 np0000001337 devstack@g-api.service[98931]: DEBUG swiftclient [None req-5eea4dd1-e3e4-42d6-af6d-d80deca93cda tempest-VolumesActionsTest-38084879 tempest-VolumesActionsTest-38084879-project-member] RESP STATUS: 201 Created {{(pid=98931) http_log /opt/stack/data/venv/lib/python3.12/site-packages/swiftclient/client.py:161}}
May 23 15:55:57.482916 np0000001337 devstack@g-api.service[98931]: DEBUG swiftclient [None req-5eea4dd1-e3e4-42d6-af6d-d80deca93cda tempest-VolumesActionsTest-38084879 tempest-VolumesActionsTest-38084879-project-member] RESP HEADERS: {'Date': 'Sat, 23 May 2026 15:55:57 GMT', 'Server': 'Apache/2.4.58 (Ubuntu)', 'Content-Type': 'text/html; charset=UTF-8', 'Content-Length': '0', 'Etag': 'c68439d39a2d449547b4c010d7f01866', 'Last-Modified': 'Sat, 23 May 2026 15:55:58 GMT', 'X-Trans-Id': 'txdda5370bb422420380e7b-006a11ce0d', 'X-Openstack-Request-Id': 'txdda5370bb422420380e7b-006a11ce0d', 'Connection': 'close'} {{(pid=98931) http_log /opt/stack/data/venv/lib/python3.12/site-packages/swiftclient/client.py:162}}
May 23 15:55:57.482916 np0000001337 devstack@g-api.service[98931]: DEBUG glance_store._drivers.swift.store [None req-5eea4dd1-e3e4-42d6-af6d-d80deca93cda tempest-VolumesActionsTest-38084879 tempest-VolumesActionsTest-38084879-project-member] Wrote chunk 8c67b0de-53d3-475b-95a1-15868450d022-00001 (1/?) of length 197120 to Swift returning MD5 of content: c68439d39a2d449547b4c010d7f01866 {{(pid=98931) add /opt/stack/data/venv/lib/python3.12/site-packages/glance_store/_drivers/swift/store.py:1059}}
May 23 15:55:57.483531 np0000001337 devstack@g-api.service[98931]: DEBUG glance_store._drivers.swift.store [None req-5eea4dd1-e3e4-42d6-af6d-d80deca93cda tempest-VolumesActionsTest-38084879 tempest-VolumesActionsTest-38084879-project-member] Not writing zero-length chunk. {{(pid=98931) add /opt/stack/data/venv/lib/python3.12/site-packages/glance_store/_drivers/swift/store.py:1028}}
May 23 15:55:57.510175 np0000001337 devstack@g-api.service[98931]: DEBUG swiftclient [None req-5eea4dd1-e3e4-42d6-af6d-d80deca93cda tempest-VolumesActionsTest-38084879 tempest-VolumesActionsTest-38084879-project-member] REQ: curl -i https://10.4.3.143:8080/v1/AUTH_d953a4f775074931960bf3b5e18bd9e3/glance/8c67b0de-53d3-475b-95a1-15868450d022 -X PUT -H "X-Object-Manifest: glance/8c67b0de-53d3-475b-95a1-15868450d022-" -H "X-Auth-Token: gAAAAABqEc4NcCm0..." -H "Content-Length: 0" {{(pid=98931) http_log /opt/stack/data/venv/lib/python3.12/site-packages/swiftclient/client.py:160}}
