Aug 06 18:29:22.282396 np0000006686 devstack@g-api.service[99838]: DEBUG glance_store.location [-] Registering scheme https with {'store': , 'location_class': , 'store_entry': 'http'} {{(pid=99838) register_scheme_map /opt/stack/data/venv/lib/python3.12/site-packages/glance_store/location.py:146}}
Aug 06 18:29:22.282471 np0000006686 devstack@g-api.service[99838]: DEBUG glance_store.backend [-] Attempting to import store swift {{(pid=99838) _load_store /opt/stack/data/venv/lib/python3.12/site-packages/glance_store/backend.py:215}}
Aug 06 18:29:22.282741 np0000006686 devstack@g-api.service[99838]: WARNING oslo_config.cfg [-] Deprecated: Option "default_store" from group "glance_store" is deprecated for removal (
Aug 06 18:29:22.282741 np0000006686 devstack@g-api.service[99838]: This option is deprecated against new config option
Aug 06 18:29:22.282741 np0000006686 devstack@g-api.service[99838]: ``default_backend`` which acts similar to ``default_store`` config
Aug 06 18:29:22.282741 np0000006686 devstack@g-api.service[99838]: option.
Aug 06 18:29:22.282741 np0000006686 devstack@g-api.service[99838]: This option is scheduled for removal in the U development
Aug 06 18:29:22.282741 np0000006686 devstack@g-api.service[99838]: cycle.
Aug 06 18:29:22.282741 np0000006686 devstack@g-api.service[99838]: ). Its value may be silently ignored in the future.
Aug 06 18:29:22.284449 np0000006686 devstack@g-api.service[99838]: DEBUG glance_store.capabilities [-] Store glance_store._drivers.swift.store.SingleTenantStore doesn't support updating dynamic storage capabilities. Please overwrite 'update_capabilities' method of the store to implement updating logics if needed. {{(pid=99838) update_capabilities /opt/stack/data/venv/lib/python3.12/site-packages/glance_store/capabilities.py:91}}
Aug 06 18:29:22.284525 np0000006686 devstack@g-api.service[99838]: DEBUG glance_store.backend [-] Registering store swift with schemes ('swift+https', 'swift', 'swift+http', 'swift+config') {{(pid=99838) create_stores /opt/stack/data/venv/lib/python3.12/site-packages/glance_store/backend.py:261}}
Aug 06 18:29:22.284610 np0000006686 devstack@g-api.service[99838]: DEBUG glance_store.driver [-] Late loading location class glance_store._drivers.swift.store.StoreLocation {{(pid=99838) get_store_location_class /opt/stack/data/venv/lib/python3.12/site-packages/glance_store/driver.py:134}}
Aug 06 18:29:22.284703 np0000006686 devstack@g-api.service[99838]: DEBUG glance_store.location [-] Registering scheme swift+https with {'store': , 'location_class': , 'store_entry': 'swift'} {{(pid=99838) register_scheme_map /opt/stack/data/venv/lib/python3.12/site-packages/glance_store/location.py:146}}
Aug 06 18:29:22.284785 np0000006686 devstack@g-api.service[99838]: DEBUG glance_store.location [-] Registering scheme swift with {'store': , 'location_class': , 'store_entry': 'swift'} {{(pid=99838) register_scheme_map /opt/stack/data/venv/lib/python3.12/site-packages/glance_store/location.py:146}}
Aug 06 18:29:22.284867 np0000006686 devstack@g-api.service[99838]: DEBUG glance_store.location [-] Registering scheme swift+http with {'store': , 'location_class': , 'store_entry': 'swift'} {{(pid=99838) register_scheme_map /opt/stack/data/venv/lib/python3.12/site-packages/glance_store/location.py:146}}
Aug 06 18:29:22.284946 np0000006686 devstack@g-api.service[99838]: DEBUG glance_store.location [-] Registering scheme swift+config with {'store': , 'location_class': , 'store_entry': 'swift'} {{(pid=99838) register_scheme_map /opt/stack/data/venv/lib/python3.12/site-packages/glance_store/location.py:146}}
Aug 06 18:29:22.285149 np0000006686 devstack@g-api.service[99838]: DEBUG glance_store.backend [-] Attempting to import store swift {{(pid=99838) _load_store /opt/stack/data/venv/lib/python3.12/site-packages/glance_store/backend.py:215}}
Aug 06 18:29:22.286625 np0000006686 devstack@g-api.service[99838]: DEBUG glance_store.capabilities [-] Store glance_store._drivers.swift.store.SingleTenantStore doesn't support updating dynamic storage capabilities. Please overwrite 'update_capabilities' method of the store to implement updating logics if needed. {{(pid=99838) update_capabilities /opt/stack/data/venv/lib/python3.12/site-packages/glance_store/capabilities.py:91}}
Aug 06 18:29:22.286723 np0000006686 devstack@g-api.service[99838]: DEBUG glance_store.driver [-] Late loading location class glance_store._drivers.swift.store.StoreLocation {{(pid=99838) get_store_location_class /opt/stack/data/venv/lib/python3.12/site-packages/glance_store/driver.py:134}}
Aug 06 18:29:22.286810 np0000006686 devstack@g-api.service[99838]: DEBUG glance_store.location [-] Registering scheme swift+https with {'store': , 'location_class': , 'store_entry': 'swift'} {{(pid=99838) register_scheme_map /opt/stack/data/venv/lib/python3.12/site-packages/glance_store/location.py:146}}
Aug 06 18:29:22.286899 np0000006686 devstack@g-api.service[99838]: DEBUG glance_store.location [-] Registering scheme swift+https with {'store': , 'location_class': , 'store_entry': 'swift'} {{(pid=99838) register_scheme_map /opt/stack/data/venv/lib/python3.12/site-packages/glance_store/location.py:146}}
Aug 06 18:29:22.286992 np0000006686 devstack@g-api.service[99838]: DEBUG glance_store.location [-] Registering scheme swift with {'store': , 'location_class': , 'store_entry': 'swift'} {{(pid=99838) register_scheme_map /opt/stack/data/venv/lib/python3.12/site-packages/glance_store/location.py:146}}
Aug 06 18:29:22.287097 np0000006686 devstack@g-api.service[99838]: DEBUG glance_store.location [-] Registering scheme swift+https with {'store': , 'location_class': , 'store_entry': 'swift'} {{(pid=99838) register_scheme_map /opt/stack/data/venv/lib/python3.12/site-packages/glance_store/location.py:146}}
Aug 06 18:29:22.287180 np0000006686 devstack@g-api.service[99838]: DEBUG glance_store.location [-] Registering scheme swift with {'store': , 'location_class': , 'store_entry': 'swift'} {{(pid=99838) register_scheme_map /opt/stack/data/venv/lib/python3.12/site-packages/glance_store/location.py:146}}
Aug 06 18:29:22.287257 np0000006686 devstack@g-api.service[99838]: DEBUG glance_store.location [-] Registering scheme swift+http with {'store': , 'location_class': , 'store_entry': 'swift'} {{(pid=99838) register_scheme_map /opt/stack/data/venv/lib/python3.12/site-packages/glance_store/location.py:146}}
Aug 06 18:29:22.287334 np0000006686 devstack@g-api.service[99838]: DEBUG glance_store.location [-] Registering scheme swift+https with {'store': , 'location_class': , 'store_entry': 'swift'} {{(pid=99838) register_scheme_map /opt/stack/data/venv/lib/python3.12/site-packages/glance_store/location.py:146}}
Aug 06 18:29:22.287428 np0000006686 devstack@g-api.service[99838]: DEBUG glance_store.location [-] Registering scheme swift with {'store': , 'location_class': , 'store_entry': 'swift'} {{(pid=99838) register_scheme_map /opt/stack/data/venv/lib/python3.12/site-packages/glance_store/location.py:146}}
Aug 06 18:29:22.287505 np0000006686 devstack@g-api.service[99838]: DEBUG glance_store.location [-] Registering scheme swift+http with {'store': , 'location_class': , 'store_entry': 'swift'} {{(pid=99838) register_scheme_map /opt/stack/data/venv/lib/python3.12/site-packages/glance_store/location.py:146}}
Aug 06 18:29:22.287583 np0000006686 devstack@g-api.service[99838]: DEBUG glance_store.location [-] Registering scheme swift+config with {'store': , 'location_class': , 'store_entry': 'swift'} {{(pid=99838) register_scheme_map /opt/stack/data/venv/lib/python3.12/site-packages/glance_store/location.py:146}}
Aug 06 18:29:22.288071 np0000006686 devstack@g-api.service[99838]: DEBUG glance.sqlite_migration [-] SQLite caching database not located, skipping migration {{(pid=99838) get_db_path /opt/stack/glance/glance/sqlite_migration.py:68}}
Aug 06 18:29:22.288411 np0000006686 devstack@g-api.service[99838]: WARNING glance.common.wsgi_app [-] Import methods are enabled but staging directory /tmp/staging/ does not exist; Imports will fail!
Aug 06 18:29:22.408219 np0000006686 devstack@g-api.service[99836]: DEBUG glance.common.config [None req-458942f1-0fe2-4abc-b489-8b3b73ac9da6 None None] Loading glance-api-keystone+cachemanagement from /etc/glance/glance-api-paste.ini {{(pid=99836) load_paste_app /opt/stack/glance/glance/common/config.py:765}}
Aug 06 18:29:22.408348 np0000006686 devstack@g-api.service[99837]: DEBUG glance.common.config [None req-1f304494-925c-4662-99b1-5097b87a17f1 None None] Loading glance-api-keystone+cachemanagement from /etc/glance/glance-api-paste.ini {{(pid=99837) load_paste_app /opt/stack/glance/glance/common/config.py:765}}
Aug 06 18:29:22.445199 np0000006686 devstack@g-api.service[99838]: DEBUG glance.common.config [None req-65d41f70-c51e-406c-a038-78d2c224e134 None None] Loading glance-api-keystone+cachemanagement from /etc/glance/glance-api-paste.ini {{(pid=99838) load_paste_app /opt/stack/glance/glance/common/config.py:765}}
Aug 06 18:29:23.126597 np0000006686 devstack@g-api.service[99837]: INFO glance.image_cache [None req-1f304494-925c-4662-99b1-5097b87a17f1 None None] Image cache loaded driver 'centralized_db'.
Aug 06 18:29:23.144003 np0000006686 devstack@g-api.service[99838]: INFO glance.image_cache [None req-65d41f70-c51e-406c-a038-78d2c224e134 None None] Image cache loaded driver 'centralized_db'.
Aug 06 18:29:23.153688 np0000006686 devstack@g-api.service[99836]: INFO glance.image_cache [None req-458942f1-0fe2-4abc-b489-8b3b73ac9da6 None None] Image cache loaded driver 'centralized_db'.
Aug 06 18:29:23.178075 np0000006686 devstack@g-api.service[99837]: INFO dbcounter [None req-1f304494-925c-4662-99b1-5097b87a17f1 None None] Registered counter for database glance
Aug 06 18:29:23.213958 np0000006686 devstack@g-api.service[99838]: INFO dbcounter [None req-65d41f70-c51e-406c-a038-78d2c224e134 None None] Registered counter for database glance
Aug 06 18:29:23.214897 np0000006686 devstack@g-api.service[99836]: INFO dbcounter [None req-458942f1-0fe2-4abc-b489-8b3b73ac9da6 None None] Registered counter for database glance
Aug 06 18:29:23.224091 np0000006686 devstack@g-api.service[99837]: DEBUG oslo_db.sqlalchemy.engines [None req-1f304494-925c-4662-99b1-5097b87a17f1 None None] MySQL server mode set to STRICT_TRANS_TABLES,STRICT_ALL_TABLES,NO_ZERO_IN_DATE,NO_ZERO_DATE,ERROR_FOR_DIVISION_BY_ZERO,TRADITIONAL,NO_ENGINE_SUBSTITUTION {{(pid=99837) _check_effective_sql_mode /opt/stack/data/venv/lib/python3.12/site-packages/oslo_db/sqlalchemy/engines.py:325}}
Aug 06 18:29:23.256189 np0000006686 devstack@g-api.service[99836]: DEBUG oslo_db.sqlalchemy.engines [None req-458942f1-0fe2-4abc-b489-8b3b73ac9da6 None None] MySQL server mode set to STRICT_TRANS_TABLES,STRICT_ALL_TABLES,NO_ZERO_IN_DATE,NO_ZERO_DATE,ERROR_FOR_DIVISION_BY_ZERO,TRADITIONAL,NO_ENGINE_SUBSTITUTION {{(pid=99836) _check_effective_sql_mode /opt/stack/data/venv/lib/python3.12/site-packages/oslo_db/sqlalchemy/engines.py:325}}
Aug 06 18:29:23.260251 np0000006686 devstack@g-api.service[99838]: DEBUG oslo_db.sqlalchemy.engines [None req-65d41f70-c51e-406c-a038-78d2c224e134 None None] MySQL server mode set to STRICT_TRANS_TABLES,STRICT_ALL_TABLES,NO_ZERO_IN_DATE,NO_ZERO_DATE,ERROR_FOR_DIVISION_BY_ZERO,TRADITIONAL,NO_ENGINE_SUBSTITUTION {{(pid=99838) _check_effective_sql_mode /opt/stack/data/venv/lib/python3.12/site-packages/oslo_db/sqlalchemy/engines.py:325}}
Aug 06 18:29:23.349412 np0000006686 devstack@g-api.service[99837]: DEBUG dbcounter [-] [99837] Writer thread running {{(pid=99837) stat_writer /opt/stack/data/venv/lib/python3.12/site-packages/dbcounter.py:102}}
Aug 06 18:29:23.364854 np0000006686 devstack@g-api.service[99837]: INFO glance.image_cache [None req-1f304494-925c-4662-99b1-5097b87a17f1 None None] Image cache loaded driver 'centralized_db'.
Aug 06 18:29:23.374654 np0000006686 devstack@g-api.service[99837]: DEBUG glance.image_cache.drivers.centralized_db [None req-1f304494-925c-4662-99b1-5097b87a17f1 None None] Node reference is already recorded, ignoring it {{(pid=99837) configure /opt/stack/glance/glance/image_cache/drivers/centralized_db.py:71}}
Aug 06 18:29:23.377400 np0000006686 devstack@g-api.service[99836]: DEBUG dbcounter [-] [99836] Writer thread running {{(pid=99836) stat_writer /opt/stack/data/venv/lib/python3.12/site-packages/dbcounter.py:102}}
Aug 06 18:29:23.379706 np0000006686 devstack@g-api.service[99837]: DEBUG glance.api.v2.cached_images [None req-1f304494-925c-4662-99b1-5097b87a17f1 None None] Started cache worker thread {{(pid=99837) __init__ /opt/stack/glance/glance/api/v2/cached_images.py:71}}
Aug 06 18:29:23.380268 np0000006686 devstack@g-api.service[99836]: DEBUG glance.image_cache.drivers.centralized_db [None req-458942f1-0fe2-4abc-b489-8b3b73ac9da6 None None] Node reference is already recorded, ignoring it {{(pid=99836) configure /opt/stack/glance/glance/image_cache/drivers/centralized_db.py:71}}
Aug 06 18:29:23.380904 np0000006686 devstack@g-api.service[99837]: INFO glance.image_cache [None req-1f304494-925c-4662-99b1-5097b87a17f1 None None] Image cache loaded driver 'centralized_db'.
Aug 06 18:29:23.385765 np0000006686 devstack@g-api.service[99836]: INFO glance.image_cache [None req-458942f1-0fe2-4abc-b489-8b3b73ac9da6 None None] Image cache loaded driver 'centralized_db'.
Aug 06 18:29:23.389286 np0000006686 devstack@g-api.service[99837]: DEBUG glance.image_cache.drivers.centralized_db [None req-1f304494-925c-4662-99b1-5097b87a17f1 None None] Node reference is already recorded, ignoring it {{(pid=99837) configure /opt/stack/glance/glance/image_cache/drivers/centralized_db.py:71}}
Aug 06 18:29:23.394249 np0000006686 devstack@g-api.service[99838]: DEBUG dbcounter [-] [99838] Writer thread running {{(pid=99838) stat_writer /opt/stack/data/venv/lib/python3.12/site-packages/dbcounter.py:102}}
Aug 06 18:29:23.394567 np0000006686 devstack@g-api.service[99836]: DEBUG glance.image_cache.drivers.centralized_db [None req-458942f1-0fe2-4abc-b489-8b3b73ac9da6 None None] Node reference is already recorded, ignoring it {{(pid=99836) configure /opt/stack/glance/glance/image_cache/drivers/centralized_db.py:71}}
Aug 06 18:29:23.397226 np0000006686 devstack@g-api.service[99838]: DEBUG glance.image_cache.drivers.centralized_db [None req-65d41f70-c51e-406c-a038-78d2c224e134 None None] Node reference is already recorded, ignoring it {{(pid=99838) configure /opt/stack/glance/glance/image_cache/drivers/centralized_db.py:71}}
Aug 06 18:29:23.398141 np0000006686 devstack@g-api.service[99837]: INFO glance.api.middleware.cache_manage [None req-1f304494-925c-4662-99b1-5097b87a17f1 None None] Initialized image cache management middleware
Aug 06 18:29:23.398308 np0000006686 devstack@g-api.service[99837]: INFO glance.image_cache [None req-1f304494-925c-4662-99b1-5097b87a17f1 None None] Image cache loaded driver 'centralized_db'.
Aug 06 18:29:23.399900 np0000006686 devstack@g-api.service[99836]: DEBUG glance.api.v2.cached_images [None req-458942f1-0fe2-4abc-b489-8b3b73ac9da6 None None] Started cache worker thread {{(pid=99836) __init__ /opt/stack/glance/glance/api/v2/cached_images.py:71}}
Aug 06 18:29:23.400587 np0000006686 devstack@g-api.service[99836]: INFO glance.image_cache [None req-458942f1-0fe2-4abc-b489-8b3b73ac9da6 None None] Image cache loaded driver 'centralized_db'.
Aug 06 18:29:23.403067 np0000006686 devstack@g-api.service[99838]: INFO glance.image_cache [None req-65d41f70-c51e-406c-a038-78d2c224e134 None None] Image cache loaded driver 'centralized_db'.
Aug 06 18:29:23.406266 np0000006686 devstack@g-api.service[99837]: DEBUG glance.image_cache.drivers.centralized_db [None req-1f304494-925c-4662-99b1-5097b87a17f1 None None] Node reference is already recorded, ignoring it {{(pid=99837) configure /opt/stack/glance/glance/image_cache/drivers/centralized_db.py:71}}
Aug 06 18:29:23.407588 np0000006686 devstack@g-api.service[99836]: DEBUG glance.image_cache.drivers.centralized_db [None req-458942f1-0fe2-4abc-b489-8b3b73ac9da6 None None] Node reference is already recorded, ignoring it {{(pid=99836) configure /opt/stack/glance/glance/image_cache/drivers/centralized_db.py:71}}
Aug 06 18:29:23.410557 np0000006686 devstack@g-api.service[99837]: INFO glance.api.middleware.cache [None req-1f304494-925c-4662-99b1-5097b87a17f1 None None] Initialized image cache middleware
Aug 06 18:29:23.411417 np0000006686 devstack@g-api.service[99838]: DEBUG glance.image_cache.drivers.centralized_db [None req-65d41f70-c51e-406c-a038-78d2c224e134 None None] Node reference is already recorded, ignoring it {{(pid=99838) configure /opt/stack/glance/glance/image_cache/drivers/centralized_db.py:71}}
Aug 06 18:29:23.414193 np0000006686 devstack@g-api.service[99836]: INFO glance.api.middleware.cache_manage [None req-458942f1-0fe2-4abc-b489-8b3b73ac9da6 None None] Initialized image cache management middleware
Aug 06 18:29:23.414358 np0000006686 devstack@g-api.service[99836]: INFO glance.image_cache [None req-458942f1-0fe2-4abc-b489-8b3b73ac9da6 None None] Image cache loaded driver 'centralized_db'.
Aug 06 18:29:23.417669 np0000006686 devstack@g-api.service[99838]: DEBUG glance.api.v2.cached_images [None req-65d41f70-c51e-406c-a038-78d2c224e134 None None] Started cache worker thread {{(pid=99838) __init__ /opt/stack/glance/glance/api/v2/cached_images.py:71}}
Aug 06 18:29:23.418723 np0000006686 devstack@g-api.service[99838]: INFO glance.image_cache [None req-65d41f70-c51e-406c-a038-78d2c224e134 None None] Image cache loaded driver 'centralized_db'.
Aug 06 18:29:23.421686 np0000006686 devstack@g-api.service[99836]: DEBUG glance.image_cache.drivers.centralized_db [None req-458942f1-0fe2-4abc-b489-8b3b73ac9da6 None None] Node reference is already recorded, ignoring it {{(pid=99836) configure /opt/stack/glance/glance/image_cache/drivers/centralized_db.py:71}}
Aug 06 18:29:23.424535 np0000006686 devstack@g-api.service[99837]: DEBUG glance.common.config [None req-1f304494-925c-4662-99b1-5097b87a17f1 None None] ******************************************************************************** {{(pid=99837) log_opt_values /opt/stack/data/venv/lib/python3.12/site-packages/oslo_config/cfg.py:3518}}
Aug 06 18:29:23.424663 np0000006686 devstack@g-api.service[99837]: DEBUG glance.common.config [None req-1f304494-925c-4662-99b1-5097b87a17f1 None None] Configuration options gathered from: {{(pid=99837) log_opt_values /opt/stack/data/venv/lib/python3.12/site-packages/oslo_config/cfg.py:3519}}
Aug 06 18:29:23.425132 np0000006686 devstack@g-api.service[99837]: DEBUG glance.common.config [None req-1f304494-925c-4662-99b1-5097b87a17f1 None None] command line args: [] {{(pid=99837) log_opt_values /opt/stack/data/venv/lib/python3.12/site-packages/oslo_config/cfg.py:3520}}
Aug 06 18:29:23.425303 np0000006686 devstack@g-api.service[99837]: DEBUG glance.common.config [None req-1f304494-925c-4662-99b1-5097b87a17f1 None None] config files: ['/etc/glance/glance-image-import.conf', '/etc/glance/glance-api.conf'] {{(pid=99837) log_opt_values /opt/stack/data/venv/lib/python3.12/site-packages/oslo_config/cfg.py:3521}}
Aug 06 18:29:23.425404 np0000006686 devstack@g-api.service[99837]: DEBUG glance.common.config [None req-1f304494-925c-4662-99b1-5097b87a17f1 None None] ================================================================================ {{(pid=99837) log_opt_values /opt/stack/data/venv/lib/python3.12/site-packages/oslo_config/cfg.py:3526}}
Aug 06 18:29:23.425582 np0000006686 devstack@g-api.service[99837]: DEBUG glance.common.config [None req-1f304494-925c-4662-99b1-5097b87a17f1 None None] allow_anonymous_access = False {{(pid=99837) log_opt_values /opt/stack/data/venv/lib/python3.12/site-packages/oslo_config/cfg.py:3534}}
Aug 06 18:29:23.425670 np0000006686 devstack@g-api.service[99836]: INFO glance.api.middleware.cache [None req-458942f1-0fe2-4abc-b489-8b3b73ac9da6 None None] Initialized image cache middleware
Aug 06 18:29:23.425725 np0000006686 devstack@g-api.service[99837]: DEBUG glance.common.config [None req-1f304494-925c-4662-99b1-5097b87a17f1 None None] api_limit_max = 1000 {{(pid=99837) log_opt_values /opt/stack/data/venv/lib/python3.12/site-packages/oslo_config/cfg.py:3534}}
Aug 06 18:29:23.425866 np0000006686 devstack@g-api.service[99837]: DEBUG glance.common.config [None req-1f304494-925c-4662-99b1-5097b87a17f1 None None] config_dir = [] {{(pid=99837) log_opt_values /opt/stack/data/venv/lib/python3.12/site-packages/oslo_config/cfg.py:3534}}
Aug 06 18:29:23.425966 np0000006686 devstack@g-api.service[99837]: DEBUG glance.common.config [None req-1f304494-925c-4662-99b1-5097b87a17f1 None None] config_file = ['/etc/glance/glance-image-import.conf', '/etc/glance/glance-api.conf'] {{(pid=99837) log_opt_values /opt/stack/data/venv/lib/python3.12/site-packages/oslo_config/cfg.py:3534}}
Aug 06 18:29:23.426135 np0000006686 devstack@g-api.service[99837]: DEBUG glance.common.config [None req-1f304494-925c-4662-99b1-5097b87a17f1 None None] config_source = [] {{(pid=99837) log_opt_values /opt/stack/data/venv/lib/python3.12/site-packages/oslo_config/cfg.py:3534}}
Aug 06 18:29:23.426194 np0000006686 devstack@g-api.service[99838]: DEBUG glance.image_cache.drivers.centralized_db [None req-65d41f70-c51e-406c-a038-78d2c224e134 None None] Node reference is already recorded, ignoring it {{(pid=99838) configure /opt/stack/glance/glance/image_cache/drivers/centralized_db.py:71}}
Aug 06 18:29:23.426282 np0000006686 devstack@g-api.service[99837]: DEBUG glance.common.config [None req-1f304494-925c-4662-99b1-5097b87a17f1 None None] control_exchange = glance {{(pid=99837) log_opt_values /opt/stack/data/venv/lib/python3.12/site-packages/oslo_config/cfg.py:3534}}
Aug 06 18:29:23.426379 np0000006686 devstack@g-api.service[99837]: DEBUG glance.common.config [None req-1f304494-925c-4662-99b1-5097b87a17f1 None None] debug = True {{(pid=99837) log_opt_values /opt/stack/data/venv/lib/python3.12/site-packages/oslo_config/cfg.py:3534}}
Aug 06 18:29:23.426628 np0000006686 devstack@g-api.service[99837]: DEBUG glance.common.config [None req-1f304494-925c-4662-99b1-5097b87a17f1 None None] default_log_levels = ['amqp=WARN', 'boto=WARN', 'sqlalchemy=WARN', 'suds=INFO', 'oslo.messaging=INFO', 'oslo_messaging=INFO', 'iso8601=WARN', 'requests.packages.urllib3.connectionpool=WARN', 'urllib3.connectionpool=WARN', 'websocket=WARN', 'requests.packages.urllib3.util.retry=WARN', 'urllib3.util.retry=WARN', 'keystonemiddleware=WARN', 'routes.middleware=WARN', 'stevedore=WARN', 'taskflow=WARN', 'keystoneauth=WARN', 'oslo.cache=INFO', 'oslo_policy=INFO', 'dogpile.core.dogpile=INFO'] {{(pid=99837) log_opt_values /opt/stack/data/venv/lib/python3.12/site-packages/oslo_config/cfg.py:3534}}
Aug 06 18:29:23.426764 np0000006686 devstack@g-api.service[99837]: DEBUG glance.common.config [None req-1f304494-925c-4662-99b1-5097b87a17f1 None None] default_publisher_id = image.localhost {{(pid=99837) log_opt_values /opt/stack/data/venv/lib/python3.12/site-packages/oslo_config/cfg.py:3534}}
Aug 06 18:29:23.426891 np0000006686 devstack@g-api.service[99837]: DEBUG glance.common.config [None req-1f304494-925c-4662-99b1-5097b87a17f1 None None] delayed_delete = False {{(pid=99837) log_opt_values /opt/stack/data/venv/lib/python3.12/site-packages/oslo_config/cfg.py:3534}}
Aug 06 18:29:23.427076 np0000006686 devstack@g-api.service[99837]: DEBUG glance.common.config [None req-1f304494-925c-4662-99b1-5097b87a17f1 None None] digest_algorithm = sha256 {{(pid=99837) log_opt_values /opt/stack/data/venv/lib/python3.12/site-packages/oslo_config/cfg.py:3534}}
Aug 06 18:29:23.427203 np0000006686 devstack@g-api.service[99837]: DEBUG glance.common.config [None req-1f304494-925c-4662-99b1-5097b87a17f1 None None] disabled_notifications = [] {{(pid=99837) log_opt_values /opt/stack/data/venv/lib/python3.12/site-packages/oslo_config/cfg.py:3534}}
Aug 06 18:29:23.427339 np0000006686 devstack@g-api.service[99837]: DEBUG glance.common.config [None req-1f304494-925c-4662-99b1-5097b87a17f1 None None] do_secure_hash = True {{(pid=99837) log_opt_values /opt/stack/data/venv/lib/python3.12/site-packages/oslo_config/cfg.py:3534}}
Aug 06 18:29:23.427471 np0000006686 devstack@g-api.service[99837]: DEBUG glance.common.config [None req-1f304494-925c-4662-99b1-5097b87a17f1 None None] enabled_backends = None {{(pid=99837) log_opt_values /opt/stack/data/venv/lib/python3.12/site-packages/oslo_config/cfg.py:3534}}
Aug 06 18:29:23.427634 np0000006686 devstack@g-api.service[99837]: DEBUG glance.common.config [None req-1f304494-925c-4662-99b1-5097b87a17f1 None None] enabled_import_methods = ['glance-direct', 'web-download', 'copy-image'] {{(pid=99837) log_opt_values /opt/stack/data/venv/lib/python3.12/site-packages/oslo_config/cfg.py:3534}}
Aug 06 18:29:23.427763 np0000006686 devstack@g-api.service[99837]: DEBUG glance.common.config [None req-1f304494-925c-4662-99b1-5097b87a17f1 None None] fatal_deprecations = False {{(pid=99837) log_opt_values /opt/stack/data/venv/lib/python3.12/site-packages/oslo_config/cfg.py:3534}}
Aug 06 18:29:23.427907 np0000006686 devstack@g-api.service[99837]: DEBUG glance.common.config [None req-1f304494-925c-4662-99b1-5097b87a17f1 None None] hashing_algorithm = sha512 {{(pid=99837) log_opt_values /opt/stack/data/venv/lib/python3.12/site-packages/oslo_config/cfg.py:3534}}
Aug 06 18:29:23.428068 np0000006686 devstack@g-api.service[99837]: DEBUG glance.common.config [None req-1f304494-925c-4662-99b1-5097b87a17f1 None None] http_retries = 3 {{(pid=99837) log_opt_values /opt/stack/data/venv/lib/python3.12/site-packages/oslo_config/cfg.py:3534}}
Aug 06 18:29:23.428214 np0000006686 devstack@g-api.service[99837]: DEBUG glance.common.config [None req-1f304494-925c-4662-99b1-5097b87a17f1 None None] image_cache_dir = /opt/stack/data/glance/cache/ {{(pid=99837) log_opt_values /opt/stack/data/venv/lib/python3.12/site-packages/oslo_config/cfg.py:3534}}
Aug 06 18:29:23.428355 np0000006686 devstack@g-api.service[99837]: DEBUG glance.common.config [None req-1f304494-925c-4662-99b1-5097b87a17f1 None None] image_cache_driver = centralized_db {{(pid=99837) log_opt_values /opt/stack/data/venv/lib/python3.12/site-packages/oslo_config/cfg.py:3534}}
Aug 06 18:29:23.428492 np0000006686 devstack@g-api.service[99837]: DEBUG glance.common.config [None req-1f304494-925c-4662-99b1-5097b87a17f1 None None] image_cache_max_size = 10737418240 {{(pid=99837) log_opt_values /opt/stack/data/venv/lib/python3.12/site-packages/oslo_config/cfg.py:3534}}
Aug 06 18:29:23.428620 np0000006686 devstack@g-api.service[99837]: DEBUG glance.common.config [None req-1f304494-925c-4662-99b1-5097b87a17f1 None None] image_cache_sqlite_db = cache.db {{(pid=99837) log_opt_values /opt/stack/data/venv/lib/python3.12/site-packages/oslo_config/cfg.py:3534}}
Aug 06 18:29:23.428752 np0000006686 devstack@g-api.service[99837]: DEBUG glance.common.config [None req-1f304494-925c-4662-99b1-5097b87a17f1 None None] image_cache_stall_time = 86400 {{(pid=99837) log_opt_values /opt/stack/data/venv/lib/python3.12/site-packages/oslo_config/cfg.py:3534}}
Aug 06 18:29:23.428876 np0000006686 devstack@g-api.service[99837]: DEBUG glance.common.config [None req-1f304494-925c-4662-99b1-5097b87a17f1 None None] image_location_quota = 10 {{(pid=99837) log_opt_values /opt/stack/data/venv/lib/python3.12/site-packages/oslo_config/cfg.py:3534}}
Aug 06 18:29:23.429025 np0000006686 devstack@g-api.service[99837]: DEBUG glance.common.config [None req-1f304494-925c-4662-99b1-5097b87a17f1 None None] image_member_quota = 128 {{(pid=99837) log_opt_values /opt/stack/data/venv/lib/python3.12/site-packages/oslo_config/cfg.py:3534}}
Aug 06 18:29:23.429173 np0000006686 devstack@g-api.service[99837]: DEBUG glance.common.config [None req-1f304494-925c-4662-99b1-5097b87a17f1 None None] image_property_quota = 128 {{(pid=99837) log_opt_values /opt/stack/data/venv/lib/python3.12/site-packages/oslo_config/cfg.py:3534}}
Aug 06 18:29:23.429311 np0000006686 devstack@g-api.service[99837]: DEBUG glance.common.config [None req-1f304494-925c-4662-99b1-5097b87a17f1 None None] image_size_cap = 1099511627776 {{(pid=99837) log_opt_values /opt/stack/data/venv/lib/python3.12/site-packages/oslo_config/cfg.py:3534}}
Aug 06 18:29:23.429439 np0000006686 devstack@g-api.service[99837]: DEBUG glance.common.config [None req-1f304494-925c-4662-99b1-5097b87a17f1 None None] image_tag_quota = 128 {{(pid=99837) log_opt_values /opt/stack/data/venv/lib/python3.12/site-packages/oslo_config/cfg.py:3534}}
Aug 06 18:29:23.429573 np0000006686 devstack@g-api.service[99837]: DEBUG glance.common.config [None req-1f304494-925c-4662-99b1-5097b87a17f1 None None] instance_format = [instance: %(uuid)s] {{(pid=99837) log_opt_values /opt/stack/data/venv/lib/python3.12/site-packages/oslo_config/cfg.py:3534}}
Aug 06 18:29:23.429709 np0000006686 devstack@g-api.service[99837]: DEBUG glance.common.config [None req-1f304494-925c-4662-99b1-5097b87a17f1 None None] instance_uuid_format = [instance: %(uuid)s] {{(pid=99837) log_opt_values /opt/stack/data/venv/lib/python3.12/site-packages/oslo_config/cfg.py:3534}}
Aug 06 18:29:23.429837 np0000006686 devstack@g-api.service[99837]: DEBUG glance.common.config [None req-1f304494-925c-4662-99b1-5097b87a17f1 None None] limit_param_default = 25 {{(pid=99837) log_opt_values /opt/stack/data/venv/lib/python3.12/site-packages/oslo_config/cfg.py:3534}}
Aug 06 18:29:23.429975 np0000006686 devstack@g-api.service[99837]: DEBUG glance.common.config [None req-1f304494-925c-4662-99b1-5097b87a17f1 None None] log_color = False {{(pid=99837) log_opt_values /opt/stack/data/venv/lib/python3.12/site-packages/oslo_config/cfg.py:3534}}
Aug 06 18:29:23.430146 np0000006686 devstack@g-api.service[99837]: DEBUG glance.common.config [None req-1f304494-925c-4662-99b1-5097b87a17f1 None None] log_config_append = None {{(pid=99837) log_opt_values /opt/stack/data/venv/lib/python3.12/site-packages/oslo_config/cfg.py:3534}}
Aug 06 18:29:23.430297 np0000006686 devstack@g-api.service[99837]: DEBUG glance.common.config [None req-1f304494-925c-4662-99b1-5097b87a17f1 None None] log_date_format = %Y-%m-%d %H:%M:%S {{(pid=99837) log_opt_values /opt/stack/data/venv/lib/python3.12/site-packages/oslo_config/cfg.py:3534}}
Aug 06 18:29:23.430436 np0000006686 devstack@g-api.service[99837]: DEBUG glance.common.config [None req-1f304494-925c-4662-99b1-5097b87a17f1 None None] log_dir = None {{(pid=99837) log_opt_values /opt/stack/data/venv/lib/python3.12/site-packages/oslo_config/cfg.py:3534}}
Aug 06 18:29:23.430574 np0000006686 devstack@g-api.service[99837]: DEBUG glance.common.config [None req-1f304494-925c-4662-99b1-5097b87a17f1 None None] log_file = None {{(pid=99837) log_opt_values /opt/stack/data/venv/lib/python3.12/site-packages/oslo_config/cfg.py:3534}}
Aug 06 18:29:23.430723 np0000006686 devstack@g-api.service[99837]: DEBUG glance.common.config [None req-1f304494-925c-4662-99b1-5097b87a17f1 None None] log_rotate_interval = 1 {{(pid=99837) log_opt_values /opt/stack/data/venv/lib/python3.12/site-packages/oslo_config/cfg.py:3534}}
Aug 06 18:29:23.430880 np0000006686 devstack@g-api.service[99837]: DEBUG glance.common.config [None req-1f304494-925c-4662-99b1-5097b87a17f1 None None] log_rotate_interval_type = days {{(pid=99837) log_opt_values /opt/stack/data/venv/lib/python3.12/site-packages/oslo_config/cfg.py:3534}}
Aug 06 18:29:23.431055 np0000006686 devstack@g-api.service[99837]: DEBUG glance.common.config [None req-1f304494-925c-4662-99b1-5097b87a17f1 None None] log_rotation_type = none {{(pid=99837) log_opt_values /opt/stack/data/venv/lib/python3.12/site-packages/oslo_config/cfg.py:3534}}
Aug 06 18:29:23.431168 np0000006686 devstack@g-api.service[99837]: DEBUG glance.common.config [None req-1f304494-925c-4662-99b1-5097b87a17f1 None None] logging_context_format_string = %(color)s%(levelname)s %(name)s [%(global_request_id)s %(request_id)s %(project_name)s %(user_name)s%(color)s] %(instance)s%(color)s%(message)s {{(pid=99837) log_opt_values /opt/stack/data/venv/lib/python3.12/site-packages/oslo_config/cfg.py:3534}}
Aug 06 18:29:23.431254 np0000006686 devstack@g-api.service[99838]: INFO glance.api.middleware.cache_manage [None req-65d41f70-c51e-406c-a038-78d2c224e134 None None] Initialized image cache management middleware
Aug 06 18:29:23.431314 np0000006686 devstack@g-api.service[99837]: DEBUG glance.common.config [None req-1f304494-925c-4662-99b1-5097b87a17f1 None None] logging_debug_format_suffix = {{(pid=%(process)d) %(funcName)s %(pathname)s:%(lineno)d}} {{(pid=99837) log_opt_values /opt/stack/data/venv/lib/python3.12/site-packages/oslo_config/cfg.py:3534}}
Aug 06 18:29:23.431410 np0000006686 devstack@g-api.service[99837]: DEBUG glance.common.config [None req-1f304494-925c-4662-99b1-5097b87a17f1 None None] logging_default_format_string = %(color)s%(levelname)s %(name)s [-%(color)s] %(instance)s%(color)s%(message)s {{(pid=99837) log_opt_values /opt/stack/data/venv/lib/python3.12/site-packages/oslo_config/cfg.py:3534}}
Aug 06 18:29:23.431494 np0000006686 devstack@g-api.service[99838]: INFO glance.image_cache [None req-65d41f70-c51e-406c-a038-78d2c224e134 None None] Image cache loaded driver 'centralized_db'.
Aug 06 18:29:23.431546 np0000006686 devstack@g-api.service[99837]: DEBUG glance.common.config [None req-1f304494-925c-4662-99b1-5097b87a17f1 None None] logging_exception_prefix = ERROR %(name)s %(instance)s {{(pid=99837) log_opt_values /opt/stack/data/venv/lib/python3.12/site-packages/oslo_config/cfg.py:3534}}
Aug 06 18:29:23.431648 np0000006686 devstack@g-api.service[99837]: DEBUG glance.common.config [None req-1f304494-925c-4662-99b1-5097b87a17f1 None None] logging_user_identity_format = %(user)s %(project)s %(domain)s %(system_scope)s %(user_domain)s %(project_domain)s {{(pid=99837) log_opt_values /opt/stack/data/venv/lib/python3.12/site-packages/oslo_config/cfg.py:3534}}
Aug 06 18:29:23.431782 np0000006686 devstack@g-api.service[99837]: DEBUG glance.common.config [None req-1f304494-925c-4662-99b1-5097b87a17f1 None None] max_logfile_count = 30 {{(pid=99837) log_opt_values /opt/stack/data/venv/lib/python3.12/site-packages/oslo_config/cfg.py:3534}}
Aug 06 18:29:23.431906 np0000006686 devstack@g-api.service[99837]: DEBUG glance.common.config [None req-1f304494-925c-4662-99b1-5097b87a17f1 None None] max_logfile_size_mb = 200 {{(pid=99837) log_opt_values /opt/stack/data/venv/lib/python3.12/site-packages/oslo_config/cfg.py:3534}}
Aug 06 18:29:23.432067 np0000006686 devstack@g-api.service[99837]: DEBUG glance.common.config [None req-1f304494-925c-4662-99b1-5097b87a17f1 None None] max_request_id_length = 64 {{(pid=99837) log_opt_values /opt/stack/data/venv/lib/python3.12/site-packages/oslo_config/cfg.py:3534}}
Aug 06 18:29:23.432203 np0000006686 devstack@g-api.service[99837]: DEBUG glance.common.config [None req-1f304494-925c-4662-99b1-5097b87a17f1 None None] metadata_encryption_key = **** {{(pid=99837) log_opt_values /opt/stack/data/venv/lib/python3.12/site-packages/oslo_config/cfg.py:3534}}
Aug 06 18:29:23.432340 np0000006686 devstack@g-api.service[99837]: DEBUG glance.common.config [None req-1f304494-925c-4662-99b1-5097b87a17f1 None None] node_staging_uri = file:///tmp/staging/ {{(pid=99837) log_opt_values /opt/stack/data/venv/lib/python3.12/site-packages/oslo_config/cfg.py:3534}}
Aug 06 18:29:23.432474 np0000006686 devstack@g-api.service[99837]: DEBUG glance.common.config [None req-1f304494-925c-4662-99b1-5097b87a17f1 None None] property_protection_file = None {{(pid=99837) log_opt_values /opt/stack/data/venv/lib/python3.12/site-packages/oslo_config/cfg.py:3534}}
Aug 06 18:29:23.432610 np0000006686 devstack@g-api.service[99837]: DEBUG glance.common.config [None req-1f304494-925c-4662-99b1-5097b87a17f1 None None] property_protection_rule_format = roles {{(pid=99837) log_opt_values /opt/stack/data/venv/lib/python3.12/site-packages/oslo_config/cfg.py:3534}}
Aug 06 18:29:23.432749 np0000006686 devstack@g-api.service[99837]: DEBUG glance.common.config [None req-1f304494-925c-4662-99b1-5097b87a17f1 None None] public_endpoint = https://10.4.3.237/image {{(pid=99837) log_opt_values /opt/stack/data/venv/lib/python3.12/site-packages/oslo_config/cfg.py:3534}}
Aug 06 18:29:23.432879 np0000006686 devstack@g-api.service[99837]: DEBUG glance.common.config [None req-1f304494-925c-4662-99b1-5097b87a17f1 None None] publish_errors = False {{(pid=99837) log_opt_values /opt/stack/data/venv/lib/python3.12/site-packages/oslo_config/cfg.py:3534}}
Aug 06 18:29:23.433030 np0000006686 devstack@g-api.service[99837]: DEBUG glance.common.config [None req-1f304494-925c-4662-99b1-5097b87a17f1 None None] pydev_worker_debug_host = None {{(pid=99837) log_opt_values /opt/stack/data/venv/lib/python3.12/site-packages/oslo_config/cfg.py:3534}}
Aug 06 18:29:23.433291 np0000006686 devstack@g-api.service[99837]: DEBUG glance.common.config [None req-1f304494-925c-4662-99b1-5097b87a17f1 None None] pydev_worker_debug_port = 5678 {{(pid=99837) log_opt_values /opt/stack/data/venv/lib/python3.12/site-packages/oslo_config/cfg.py:3534}}
Aug 06 18:29:23.433392 np0000006686 devstack@g-api.service[99837]: DEBUG glance.common.config [None req-1f304494-925c-4662-99b1-5097b87a17f1 None None] rate_limit_burst = 0 {{(pid=99837) log_opt_values /opt/stack/data/venv/lib/python3.12/site-packages/oslo_config/cfg.py:3534}}
Aug 06 18:29:23.433524 np0000006686 devstack@g-api.service[99837]: DEBUG glance.common.config [None req-1f304494-925c-4662-99b1-5097b87a17f1 None None] rate_limit_except_level = CRITICAL {{(pid=99837) log_opt_values /opt/stack/data/venv/lib/python3.12/site-packages/oslo_config/cfg.py:3534}}
Aug 06 18:29:23.433661 np0000006686 devstack@g-api.service[99837]: DEBUG glance.common.config [None req-1f304494-925c-4662-99b1-5097b87a17f1 None None] rate_limit_interval = 0 {{(pid=99837) log_opt_values /opt/stack/data/venv/lib/python3.12/site-packages/oslo_config/cfg.py:3534}}
Aug 06 18:29:23.433785 np0000006686 devstack@g-api.service[99837]: DEBUG glance.common.config [None req-1f304494-925c-4662-99b1-5097b87a17f1 None None] scrub_pool_size = 1 {{(pid=99837) log_opt_values /opt/stack/data/venv/lib/python3.12/site-packages/oslo_config/cfg.py:3534}}
Aug 06 18:29:23.433914 np0000006686 devstack@g-api.service[99837]: DEBUG glance.common.config [None req-1f304494-925c-4662-99b1-5097b87a17f1 None None] scrub_time = 0 {{(pid=99837) log_opt_values /opt/stack/data/venv/lib/python3.12/site-packages/oslo_config/cfg.py:3534}}
Aug 06 18:29:23.434079 np0000006686 devstack@g-api.service[99837]: DEBUG glance.common.config [None req-1f304494-925c-4662-99b1-5097b87a17f1 None None] shell_completion = None {{(pid=99837) log_opt_values /opt/stack/data/venv/lib/python3.12/site-packages/oslo_config/cfg.py:3534}}
Aug 06 18:29:23.434231 np0000006686 devstack@g-api.service[99837]: DEBUG glance.common.config [None req-1f304494-925c-4662-99b1-5097b87a17f1 None None] show_image_direct_url = False {{(pid=99837) log_opt_values /opt/stack/data/venv/lib/python3.12/site-packages/oslo_config/cfg.py:3534}}
Aug 06 18:29:23.434518 np0000006686 devstack@g-api.service[99837]: WARNING oslo_config.cfg [None req-1f304494-925c-4662-99b1-5097b87a17f1 None None] Deprecated: Option "show_multiple_locations" from group "DEFAULT" is deprecated for removal (Use of this option, deprecated since Newton, is a security risk and will be removed once we figure out a way to satisfy those use cases that currently require it. An earlier announcement that the same functionality can be achieved with greater granularity by using policies is incorrect. You cannot work around this option via policy configuration at the present time, though that is the direction we believe the fix will take. Please keep an eye on the Glance release notes to stay up to date on progress in addressing this issue.). Its value may be silently ignored in the future.
Aug 06 18:29:23.434672 np0000006686 devstack@g-api.service[99837]: DEBUG glance.common.config [None req-1f304494-925c-4662-99b1-5097b87a17f1 None None] show_multiple_locations = False {{(pid=99837) log_opt_values /opt/stack/data/venv/lib/python3.12/site-packages/oslo_config/cfg.py:3534}}
Aug 06 18:29:23.434808 np0000006686 devstack@g-api.service[99837]: DEBUG glance.common.config [None req-1f304494-925c-4662-99b1-5097b87a17f1 None None] syslog_log_facility = LOG_USER {{(pid=99837) log_opt_values /opt/stack/data/venv/lib/python3.12/site-packages/oslo_config/cfg.py:3534}}
Aug 06 18:29:23.434952 np0000006686 devstack@g-api.service[99837]: DEBUG glance.common.config [None req-1f304494-925c-4662-99b1-5097b87a17f1 None None] transport_url = **** {{(pid=99837) log_opt_values /opt/stack/data/venv/lib/python3.12/site-packages/oslo_config/cfg.py:3534}}
Aug 06 18:29:23.435118 np0000006686 devstack@g-api.service[99837]: DEBUG glance.common.config [None req-1f304494-925c-4662-99b1-5097b87a17f1 None None] use_journal = False {{(pid=99837) log_opt_values /opt/stack/data/venv/lib/python3.12/site-packages/oslo_config/cfg.py:3534}}
Aug 06 18:29:23.435311 np0000006686 devstack@g-api.service[99837]: DEBUG glance.common.config [None req-1f304494-925c-4662-99b1-5097b87a17f1 None None] use_json = False {{(pid=99837) log_opt_values /opt/stack/data/venv/lib/python3.12/site-packages/oslo_config/cfg.py:3534}}
Aug 06 18:29:23.435442 np0000006686 devstack@g-api.service[99837]: DEBUG glance.common.config [None req-1f304494-925c-4662-99b1-5097b87a17f1 None None] use_keystone_limits = True {{(pid=99837) log_opt_values /opt/stack/data/venv/lib/python3.12/site-packages/oslo_config/cfg.py:3534}}
Aug 06 18:29:23.435577 np0000006686 devstack@g-api.service[99837]: DEBUG glance.common.config [None req-1f304494-925c-4662-99b1-5097b87a17f1 None None] use_stderr = False {{(pid=99837) log_opt_values /opt/stack/data/venv/lib/python3.12/site-packages/oslo_config/cfg.py:3534}}
Aug 06 18:29:23.435714 np0000006686 devstack@g-api.service[99837]: DEBUG glance.common.config [None req-1f304494-925c-4662-99b1-5097b87a17f1 None None] use_syslog = False {{(pid=99837) log_opt_values /opt/stack/data/venv/lib/python3.12/site-packages/oslo_config/cfg.py:3534}}
Aug 06 18:29:23.435845 np0000006686 devstack@g-api.service[99837]: DEBUG glance.common.config [None req-1f304494-925c-4662-99b1-5097b87a17f1 None None] user_storage_quota = 0 {{(pid=99837) log_opt_values /opt/stack/data/venv/lib/python3.12/site-packages/oslo_config/cfg.py:3534}}
Aug 06 18:29:23.435990 np0000006686 devstack@g-api.service[99837]: DEBUG glance.common.config [None req-1f304494-925c-4662-99b1-5097b87a17f1 None None] worker_self_reference_url = http://127.0.0.1:60999 {{(pid=99837) log_opt_values /opt/stack/data/venv/lib/python3.12/site-packages/oslo_config/cfg.py:3534}}
Aug 06 18:29:23.436168 np0000006686 devstack@g-api.service[99837]: DEBUG glance.common.config [None req-1f304494-925c-4662-99b1-5097b87a17f1 None None] oslo_concurrency.disable_process_locking = False {{(pid=99837) log_opt_values /opt/stack/data/venv/lib/python3.12/site-packages/oslo_config/cfg.py:3545}}
Aug 06 18:29:23.436312 np0000006686 devstack@g-api.service[99837]: DEBUG glance.common.config [None req-1f304494-925c-4662-99b1-5097b87a17f1 None None] oslo_concurrency.lock_path = /opt/stack/data/glance/locks {{(pid=99837) log_opt_values /opt/stack/data/venv/lib/python3.12/site-packages/oslo_config/cfg.py:3545}}
Aug 06 18:29:23.436455 np0000006686 devstack@g-api.service[99837]: DEBUG glance.common.config [None req-1f304494-925c-4662-99b1-5097b87a17f1 None None] oslo_middleware.enable_proxy_headers_parsing = False {{(pid=99837) log_opt_values /opt/stack/data/venv/lib/python3.12/site-packages/oslo_config/cfg.py:3545}}
Aug 06 18:29:23.436592 np0000006686 devstack@g-api.service[99837]: DEBUG glance.common.config [None req-1f304494-925c-4662-99b1-5097b87a17f1 None None] oslo_middleware.http_basic_auth_user_file = /etc/htpasswd {{(pid=99837) log_opt_values /opt/stack/data/venv/lib/python3.12/site-packages/oslo_config/cfg.py:3545}}
Aug 06 18:29:23.436727 np0000006686 devstack@g-api.service[99837]: DEBUG glance.common.config [None req-1f304494-925c-4662-99b1-5097b87a17f1 None None] paste_deploy.config_file = None {{(pid=99837) log_opt_values /opt/stack/data/venv/lib/python3.12/site-packages/oslo_config/cfg.py:3545}}
Aug 06 18:29:23.436856 np0000006686 devstack@g-api.service[99837]: DEBUG glance.common.config [None req-1f304494-925c-4662-99b1-5097b87a17f1 None None] paste_deploy.flavor = keystone+cachemanagement {{(pid=99837) log_opt_values /opt/stack/data/venv/lib/python3.12/site-packages/oslo_config/cfg.py:3545}}
Aug 06 18:29:23.437085 np0000006686 devstack@g-api.service[99837]: DEBUG glance.common.config [None req-1f304494-925c-4662-99b1-5097b87a17f1 None None] image_format.container_formats = ['ami', 'ari', 'aki', 'bare', 'ovf', 'ova', 'docker', 'compressed'] {{(pid=99837) log_opt_values /opt/stack/data/venv/lib/python3.12/site-packages/oslo_config/cfg.py:3545}}
Aug 06 18:29:23.437297 np0000006686 devstack@g-api.service[99837]: DEBUG glance.common.config [None req-1f304494-925c-4662-99b1-5097b87a17f1 None None] image_format.disk_formats = ['ami', 'ari', 'aki', 'vhd', 'vhdx', 'vmdk', 'raw', 'qcow2', 'vdi', 'iso', 'ploop'] {{(pid=99837) log_opt_values /opt/stack/data/venv/lib/python3.12/site-packages/oslo_config/cfg.py:3545}}
Aug 06 18:29:23.437445 np0000006686 devstack@g-api.service[99837]: DEBUG glance.common.config [None req-1f304494-925c-4662-99b1-5097b87a17f1 None None] image_format.gpt_safety_checks_nonfatal = [] {{(pid=99837) log_opt_values /opt/stack/data/venv/lib/python3.12/site-packages/oslo_config/cfg.py:3545}}
Aug 06 18:29:23.437604 np0000006686 devstack@g-api.service[99837]: DEBUG glance.common.config [None req-1f304494-925c-4662-99b1-5097b87a17f1 None None] image_format.require_image_format_match = True {{(pid=99837) log_opt_values /opt/stack/data/venv/lib/python3.12/site-packages/oslo_config/cfg.py:3545}}
Aug 06 18:29:23.437775 np0000006686 devstack@g-api.service[99837]: DEBUG glance.common.config [None req-1f304494-925c-4662-99b1-5097b87a17f1 None None] image_format.vmdk_allowed_types = ['streamOptimized', 'monolithicSparse'] {{(pid=99837) log_opt_values /opt/stack/data/venv/lib/python3.12/site-packages/oslo_config/cfg.py:3545}}
Aug 06 18:29:23.437936 np0000006686 devstack@g-api.service[99837]: DEBUG glance.common.config [None req-1f304494-925c-4662-99b1-5097b87a17f1 None None] task.task_executor = taskflow {{(pid=99837) log_opt_values /opt/stack/data/venv/lib/python3.12/site-packages/oslo_config/cfg.py:3545}}
Aug 06 18:29:23.438244 np0000006686 devstack@g-api.service[99836]: DEBUG glance.common.config [None req-458942f1-0fe2-4abc-b489-8b3b73ac9da6 None None] ******************************************************************************** {{(pid=99836) log_opt_values /opt/stack/data/venv/lib/python3.12/site-packages/oslo_config/cfg.py:3518}}
Aug 06 18:29:23.438314 np0000006686 devstack@g-api.service[99837]: DEBUG glance.common.config [None req-1f304494-925c-4662-99b1-5097b87a17f1 None None] task.task_time_to_live = 48 {{(pid=99837) log_opt_values /opt/stack/data/venv/lib/python3.12/site-packages/oslo_config/cfg.py:3545}}
Aug 06 18:29:23.438399 np0000006686 devstack@g-api.service[99836]: DEBUG glance.common.config [None req-458942f1-0fe2-4abc-b489-8b3b73ac9da6 None None] Configuration options gathered from: {{(pid=99836) log_opt_values /opt/stack/data/venv/lib/python3.12/site-packages/oslo_config/cfg.py:3519}}
Aug 06 18:29:23.438450 np0000006686 devstack@g-api.service[99837]: DEBUG glance.common.config [None req-1f304494-925c-4662-99b1-5097b87a17f1 None None] task.work_dir = None {{(pid=99837) log_opt_values /opt/stack/data/venv/lib/python3.12/site-packages/oslo_config/cfg.py:3545}}
Aug 06 18:29:23.438589 np0000006686 devstack@g-api.service[99837]: DEBUG glance.common.config [None req-1f304494-925c-4662-99b1-5097b87a17f1 None None] wsgi.python_interpreter = /opt/stack/data/venv/bin/python3 {{(pid=99837) log_opt_values /opt/stack/data/venv/lib/python3.12/site-packages/oslo_config/cfg.py:3545}}
Aug 06 18:29:23.438720 np0000006686 devstack@g-api.service[99837]: DEBUG glance.common.config [None req-1f304494-925c-4662-99b1-5097b87a17f1 None None] wsgi.task_pool_threads = 16 {{(pid=99837) log_opt_values /opt/stack/data/venv/lib/python3.12/site-packages/oslo_config/cfg.py:3545}}
Aug 06 18:29:23.438862 np0000006686 devstack@g-api.service[99836]: DEBUG glance.common.config [None req-458942f1-0fe2-4abc-b489-8b3b73ac9da6 None None] command line args: [] {{(pid=99836) log_opt_values /opt/stack/data/venv/lib/python3.12/site-packages/oslo_config/cfg.py:3520}}
Aug 06 18:29:23.438907 np0000006686 devstack@g-api.service[99837]: DEBUG glance.common.config [None req-1f304494-925c-4662-99b1-5097b87a17f1 None None] import_filtering_opts.allowed_hosts = [] {{(pid=99837) log_opt_values /opt/stack/data/venv/lib/python3.12/site-packages/oslo_config/cfg.py:3545}}
Aug 06 18:29:23.439074 np0000006686 devstack@g-api.service[99837]: DEBUG glance.common.config [None req-1f304494-925c-4662-99b1-5097b87a17f1 None None] import_filtering_opts.allowed_ports = [80, 443] {{(pid=99837) log_opt_values /opt/stack/data/venv/lib/python3.12/site-packages/oslo_config/cfg.py:3545}}
Aug 06 18:29:23.439130 np0000006686 devstack@g-api.service[99836]: DEBUG glance.common.config [None req-458942f1-0fe2-4abc-b489-8b3b73ac9da6 None None] config files: ['/etc/glance/glance-image-import.conf', '/etc/glance/glance-api.conf'] {{(pid=99836) log_opt_values /opt/stack/data/venv/lib/python3.12/site-packages/oslo_config/cfg.py:3521}}
Aug 06 18:29:23.439177 np0000006686 devstack@g-api.service[99836]: DEBUG glance.common.config [None req-458942f1-0fe2-4abc-b489-8b3b73ac9da6 None None] ================================================================================ {{(pid=99836) log_opt_values /opt/stack/data/venv/lib/python3.12/site-packages/oslo_config/cfg.py:3526}}
