Jul 28 18:40:13.151895 np0000006041 devstack@g-api.service[103053]: DEBUG glance.api.middleware.version_negotiation [None req-a756fb88-1688-4f2f-9d4b-a80761ef0d4f tempest-VolumesExtendTest-1264108650 tempest-VolumesExtendTest-1264108650-project-member] Matched version: v2 {{(pid=103053) process_request /opt/stack/glance/glance/api/middleware/version_negotiation.py:69}}
Jul 28 18:40:13.151989 np0000006041 devstack@g-api.service[103053]: DEBUG glance.api.middleware.version_negotiation [None req-a756fb88-1688-4f2f-9d4b-a80761ef0d4f tempest-VolumesExtendTest-1264108650 tempest-VolumesExtendTest-1264108650-project-member] new path /v2/schemas/image {{(pid=103053) process_request /opt/stack/glance/glance/api/middleware/version_negotiation.py:70}}
Jul 28 18:40:13.157712 np0000006041 devstack@g-api.service[103053]: [pid: 103053|app: 0|req: 35/132] 127.0.0.1 () {44 vars in 1051 bytes} [Tue Jul 28 18:40:13 2026] GET /v2/schemas/image => generated 6083 bytes in 6 msecs (HTTP/1.1 200) 4 headers in 158 bytes (1 switches on core 0)
Jul 28 18:40:13.536704 np0000006041 devstack@g-api.service[103051]: DEBUG glance.api.middleware.version_negotiation [None req-a756fb88-1688-4f2f-9d4b-a80761ef0d4f tempest-VolumesExtendTest-1264108650 tempest-VolumesExtendTest-1264108650-project-member] Determining version of request: GET /v2/images/90b9a660-c92f-4895-abe0-d52f8f0fee03 Accept: */* {{(pid=103051) process_request /opt/stack/glance/glance/api/middleware/version_negotiation.py:44}}
Jul 28 18:40:13.536704 np0000006041 devstack@g-api.service[103051]: DEBUG glance.api.middleware.version_negotiation [None req-a756fb88-1688-4f2f-9d4b-a80761ef0d4f tempest-VolumesExtendTest-1264108650 tempest-VolumesExtendTest-1264108650-project-member] Using url versioning {{(pid=103051) process_request /opt/stack/glance/glance/api/middleware/version_negotiation.py:57}}
Jul 28 18:40:13.536704 np0000006041 devstack@g-api.service[103051]: DEBUG glance.api.middleware.version_negotiation [None req-a756fb88-1688-4f2f-9d4b-a80761ef0d4f tempest-VolumesExtendTest-1264108650 tempest-VolumesExtendTest-1264108650-project-member] Matched version: v2 {{(pid=103051) process_request /opt/stack/glance/glance/api/middleware/version_negotiation.py:69}}
Jul 28 18:40:13.536704 np0000006041 devstack@g-api.service[103051]: DEBUG glance.api.middleware.version_negotiation [None req-a756fb88-1688-4f2f-9d4b-a80761ef0d4f tempest-VolumesExtendTest-1264108650 tempest-VolumesExtendTest-1264108650-project-member] new path /v2/images/90b9a660-c92f-4895-abe0-d52f8f0fee03 {{(pid=103051) process_request /opt/stack/glance/glance/api/middleware/version_negotiation.py:70}}
Jul 28 18:40:13.558095 np0000006041 devstack@g-api.service[103051]: [pid: 103051|app: 0|req: 32/133] 127.0.0.1 () {44 vars in 1111 bytes} [Tue Jul 28 18:40:13 2026] GET /v2/images/90b9a660-c92f-4895-abe0-d52f8f0fee03 => generated 1044 bytes in 23 msecs (HTTP/1.1 200) 4 headers in 158 bytes (1 switches on core 0)
Jul 28 18:40:13.611232 np0000006041 devstack@g-api.service[103052]: DEBUG glance.api.middleware.version_negotiation [None req-a756fb88-1688-4f2f-9d4b-a80761ef0d4f tempest-VolumesExtendTest-1264108650 tempest-VolumesExtendTest-1264108650-project-member] Determining version of request: GET /v2/schemas/image Accept: */* {{(pid=103052) process_request /opt/stack/glance/glance/api/middleware/version_negotiation.py:44}}
Jul 28 18:40:13.612145 np0000006041 devstack@g-api.service[103052]: DEBUG glance.api.middleware.version_negotiation [None req-a756fb88-1688-4f2f-9d4b-a80761ef0d4f tempest-VolumesExtendTest-1264108650 tempest-VolumesExtendTest-1264108650-project-member] Using url versioning {{(pid=103052) process_request /opt/stack/glance/glance/api/middleware/version_negotiation.py:57}}
Jul 28 18:40:13.612145 np0000006041 devstack@g-api.service[103052]: DEBUG glance.api.middleware.version_negotiation [None req-a756fb88-1688-4f2f-9d4b-a80761ef0d4f tempest-VolumesExtendTest-1264108650 tempest-VolumesExtendTest-1264108650-project-member] Matched version: v2 {{(pid=103052) process_request /opt/stack/glance/glance/api/middleware/version_negotiation.py:69}}
Jul 28 18:40:13.612145 np0000006041 devstack@g-api.service[103052]: DEBUG glance.api.middleware.version_negotiation [None req-a756fb88-1688-4f2f-9d4b-a80761ef0d4f tempest-VolumesExtendTest-1264108650 tempest-VolumesExtendTest-1264108650-project-member] new path /v2/schemas/image {{(pid=103052) process_request /opt/stack/glance/glance/api/middleware/version_negotiation.py:70}}
Jul 28 18:40:13.614935 np0000006041 devstack@g-api.service[103052]: [pid: 103052|app: 0|req: 34/134] 127.0.0.1 () {44 vars in 1051 bytes} [Tue Jul 28 18:40:13 2026] GET /v2/schemas/image => generated 6083 bytes in 4 msecs (HTTP/1.1 200) 4 headers in 158 bytes (1 switches on core 0)
Jul 28 18:40:13.778953 np0000006041 devstack@g-api.service[103050]: DEBUG glance.api.middleware.version_negotiation [None req-2d24cf6e-c241-4d39-9d49-450bf0f91497 tempest-ServerActionsV293TestJSON-854969509 tempest-ServerActionsV293TestJSON-854969509-project-member] Determining version of request: GET /v2/images/90b9a660-c92f-4895-abe0-d52f8f0fee03 Accept: */* {{(pid=103050) process_request /opt/stack/glance/glance/api/middleware/version_negotiation.py:44}}
Jul 28 18:40:13.779102 np0000006041 devstack@g-api.service[103050]: DEBUG glance.api.middleware.version_negotiation [None req-2d24cf6e-c241-4d39-9d49-450bf0f91497 tempest-ServerActionsV293TestJSON-854969509 tempest-ServerActionsV293TestJSON-854969509-project-member] Using url versioning {{(pid=103050) process_request /opt/stack/glance/glance/api/middleware/version_negotiation.py:57}}
Jul 28 18:40:13.779221 np0000006041 devstack@g-api.service[103050]: DEBUG glance.api.middleware.version_negotiation [None req-2d24cf6e-c241-4d39-9d49-450bf0f91497 tempest-ServerActionsV293TestJSON-854969509 tempest-ServerActionsV293TestJSON-854969509-project-member] Matched version: v2 {{(pid=103050) process_request /opt/stack/glance/glance/api/middleware/version_negotiation.py:69}}
Jul 28 18:40:13.779310 np0000006041 devstack@g-api.service[103050]: DEBUG glance.api.middleware.version_negotiation [None req-2d24cf6e-c241-4d39-9d49-450bf0f91497 tempest-ServerActionsV293TestJSON-854969509 tempest-ServerActionsV293TestJSON-854969509-project-member] new path /v2/images/90b9a660-c92f-4895-abe0-d52f8f0fee03 {{(pid=103050) process_request /opt/stack/glance/glance/api/middleware/version_negotiation.py:70}}
Jul 28 18:40:13.792753 np0000006041 devstack@g-api.service[103050]: [pid: 103050|app: 0|req: 34/135] 127.0.0.1 () {44 vars in 1111 bytes} [Tue Jul 28 18:40:13 2026] GET /v2/images/90b9a660-c92f-4895-abe0-d52f8f0fee03 => generated 1044 bytes in 14 msecs (HTTP/1.1 200) 4 headers in 158 bytes (1 switches on core 0)
Jul 28 18:40:13.832641 np0000006041 devstack@g-api.service[103053]: DEBUG glance.api.middleware.version_negotiation [None req-2d24cf6e-c241-4d39-9d49-450bf0f91497 tempest-ServerActionsV293TestJSON-854969509 tempest-ServerActionsV293TestJSON-854969509-project-member] Determining version of request: GET /v2/schemas/image Accept: */* {{(pid=103053) process_request /opt/stack/glance/glance/api/middleware/version_negotiation.py:44}}
Jul 28 18:40:13.832761 np0000006041 devstack@g-api.service[103053]: DEBUG glance.api.middleware.version_negotiation [None req-2d24cf6e-c241-4d39-9d49-450bf0f91497 tempest-ServerActionsV293TestJSON-854969509 tempest-ServerActionsV293TestJSON-854969509-project-member] Using url versioning {{(pid=103053) process_request /opt/stack/glance/glance/api/middleware/version_negotiation.py:57}}
Jul 28 18:40:13.832893 np0000006041 devstack@g-api.service[103053]: DEBUG glance.api.middleware.version_negotiation [None req-2d24cf6e-c241-4d39-9d49-450bf0f91497 tempest-ServerActionsV293TestJSON-854969509 tempest-ServerActionsV293TestJSON-854969509-project-member] Matched version: v2 {{(pid=103053) process_request /opt/stack/glance/glance/api/middleware/version_negotiation.py:69}}
Jul 28 18:40:13.832988 np0000006041 devstack@g-api.service[103053]: DEBUG glance.api.middleware.version_negotiation [None req-2d24cf6e-c241-4d39-9d49-450bf0f91497 tempest-ServerActionsV293TestJSON-854969509 tempest-ServerActionsV293TestJSON-854969509-project-member] new path /v2/schemas/image {{(pid=103053) process_request /opt/stack/glance/glance/api/middleware/version_negotiation.py:70}}
Jul 28 18:40:13.835138 np0000006041 devstack@g-api.service[103053]: [pid: 103053|app: 0|req: 36/136] 127.0.0.1 () {44 vars in 1051 bytes} [Tue Jul 28 18:40:13 2026] GET /v2/schemas/image => generated 6083 bytes in 3 msecs (HTTP/1.1 200) 4 headers in 158 bytes (1 switches on core 0)
Jul 28 18:40:15.106693 np0000006041 devstack@g-api.service[103051]: DEBUG glance.api.middleware.version_negotiation [None req-2d24cf6e-c241-4d39-9d49-450bf0f91497 tempest-ServerActionsV293TestJSON-854969509 tempest-ServerActionsV293TestJSON-854969509-project-member] Determining version of request: GET /v2/images/90b9a660-c92f-4895-abe0-d52f8f0fee03 Accept: */* {{(pid=103051) process_request /opt/stack/glance/glance/api/middleware/version_negotiation.py:44}}
Jul 28 18:40:15.107095 np0000006041 devstack@g-api.service[103051]: DEBUG glance.api.middleware.version_negotiation [None req-2d24cf6e-c241-4d39-9d49-450bf0f91497 tempest-ServerActionsV293TestJSON-854969509 tempest-ServerActionsV293TestJSON-854969509-project-member] Using url versioning {{(pid=103051) process_request /opt/stack/glance/glance/api/middleware/version_negotiation.py:57}}
Jul 28 18:40:15.107137 np0000006041 devstack@g-api.service[103051]: DEBUG glance.api.middleware.version_negotiation [None req-2d24cf6e-c241-4d39-9d49-450bf0f91497 tempest-ServerActionsV293TestJSON-854969509 tempest-ServerActionsV293TestJSON-854969509-project-member] Matched version: v2 {{(pid=103051) process_request /opt/stack/glance/glance/api/middleware/version_negotiation.py:69}}
Jul 28 18:40:15.107267 np0000006041 devstack@g-api.service[103051]: DEBUG glance.api.middleware.version_negotiation [None req-2d24cf6e-c241-4d39-9d49-450bf0f91497 tempest-ServerActionsV293TestJSON-854969509 tempest-ServerActionsV293TestJSON-854969509-project-member] new path /v2/images/90b9a660-c92f-4895-abe0-d52f8f0fee03 {{(pid=103051) process_request /opt/stack/glance/glance/api/middleware/version_negotiation.py:70}}
Jul 28 18:40:15.121968 np0000006041 devstack@g-api.service[103051]: [pid: 103051|app: 0|req: 33/137] 127.0.0.1 () {44 vars in 1111 bytes} [Tue Jul 28 18:40:15 2026] GET /v2/images/90b9a660-c92f-4895-abe0-d52f8f0fee03 => generated 1044 bytes in 15 msecs (HTTP/1.1 200) 4 headers in 158 bytes (1 switches on core 0)
Jul 28 18:40:15.180057 np0000006041 devstack@g-api.service[103052]: DEBUG glance.api.middleware.version_negotiation [None req-2d24cf6e-c241-4d39-9d49-450bf0f91497 tempest-ServerActionsV293TestJSON-854969509 tempest-ServerActionsV293TestJSON-854969509-project-member] Determining version of request: GET /v2/schemas/image Accept: */* {{(pid=103052) process_request /opt/stack/glance/glance/api/middleware/version_negotiation.py:44}}
Jul 28 18:40:15.180399 np0000006041 devstack@g-api.service[103052]: DEBUG glance.api.middleware.version_negotiation [None req-2d24cf6e-c241-4d39-9d49-450bf0f91497 tempest-ServerActionsV293TestJSON-854969509 tempest-ServerActionsV293TestJSON-854969509-project-member] Using url versioning {{(pid=103052) process_request /opt/stack/glance/glance/api/middleware/version_negotiation.py:57}}
Jul 28 18:40:15.180399 np0000006041 devstack@g-api.service[103052]: DEBUG glance.api.middleware.version_negotiation [None req-2d24cf6e-c241-4d39-9d49-450bf0f91497 tempest-ServerActionsV293TestJSON-854969509 tempest-ServerActionsV293TestJSON-854969509-project-member] Matched version: v2 {{(pid=103052) process_request /opt/stack/glance/glance/api/middleware/version_negotiation.py:69}}
Jul 28 18:40:15.180399 np0000006041 devstack@g-api.service[103052]: DEBUG glance.api.middleware.version_negotiation [None req-2d24cf6e-c241-4d39-9d49-450bf0f91497 tempest-ServerActionsV293TestJSON-854969509 tempest-ServerActionsV293TestJSON-854969509-project-member] new path /v2/schemas/image {{(pid=103052) process_request /opt/stack/glance/glance/api/middleware/version_negotiation.py:70}}
Jul 28 18:40:15.184308 np0000006041 devstack@g-api.service[103052]: [pid: 103052|app: 0|req: 35/138] 127.0.0.1 () {44 vars in 1051 bytes} [Tue Jul 28 18:40:15 2026] GET /v2/schemas/image => generated 6083 bytes in 4 msecs (HTTP/1.1 200) 4 headers in 158 bytes (1 switches on core 0)
Jul 28 18:40:15.243025 np0000006041 devstack@g-api.service[103050]: DEBUG glance.api.middleware.version_negotiation [None req-2d24cf6e-c241-4d39-9d49-450bf0f91497 tempest-ServerActionsV293TestJSON-854969509 tempest-ServerActionsV293TestJSON-854969509-project-member] Determining version of request: GET /v2/images/90b9a660-c92f-4895-abe0-d52f8f0fee03 Accept: */* {{(pid=103050) process_request /opt/stack/glance/glance/api/middleware/version_negotiation.py:44}}
Jul 28 18:40:15.243364 np0000006041 devstack@g-api.service[103050]: DEBUG glance.api.middleware.version_negotiation [None req-2d24cf6e-c241-4d39-9d49-450bf0f91497 tempest-ServerActionsV293TestJSON-854969509 tempest-ServerActionsV293TestJSON-854969509-project-member] Using url versioning {{(pid=103050) process_request /opt/stack/glance/glance/api/middleware/version_negotiation.py:57}}
Jul 28 18:40:15.243364 np0000006041 devstack@g-api.service[103050]: DEBUG glance.api.middleware.version_negotiation [None req-2d24cf6e-c241-4d39-9d49-450bf0f91497 tempest-ServerActionsV293TestJSON-854969509 tempest-ServerActionsV293TestJSON-854969509-project-member] Matched version: v2 {{(pid=103050) process_request /opt/stack/glance/glance/api/middleware/version_negotiation.py:69}}
Jul 28 18:40:15.243480 np0000006041 devstack@g-api.service[103050]: DEBUG glance.api.middleware.version_negotiation [None req-2d24cf6e-c241-4d39-9d49-450bf0f91497 tempest-ServerActionsV293TestJSON-854969509 tempest-ServerActionsV293TestJSON-854969509-project-member] new path /v2/images/90b9a660-c92f-4895-abe0-d52f8f0fee03 {{(pid=103050) process_request /opt/stack/glance/glance/api/middleware/version_negotiation.py:70}}
Jul 28 18:40:15.252518 np0000006041 devstack@g-api.service[103050]: [pid: 103050|app: 0|req: 35/139] 127.0.0.1 () {44 vars in 1111 bytes} [Tue Jul 28 18:40:15 2026] GET /v2/images/90b9a660-c92f-4895-abe0-d52f8f0fee03 => generated 1044 bytes in 10 msecs (HTTP/1.1 200) 4 headers in 158 bytes (1 switches on core 0)
Jul 28 18:40:15.260173 np0000006041 devstack@g-api.service[103053]: DEBUG glance.api.middleware.version_negotiation [None req-2d24cf6e-c241-4d39-9d49-450bf0f91497 tempest-ServerActionsV293TestJSON-854969509 tempest-ServerActionsV293TestJSON-854969509-project-member] Determining version of request: GET /v2/schemas/image Accept: */* {{(pid=103053) process_request /opt/stack/glance/glance/api/middleware/version_negotiation.py:44}}
Jul 28 18:40:15.260576 np0000006041 devstack@g-api.service[103053]: DEBUG glance.api.middleware.version_negotiation [None req-2d24cf6e-c241-4d39-9d49-450bf0f91497 tempest-ServerActionsV293TestJSON-854969509 tempest-ServerActionsV293TestJSON-854969509-project-member] Using url versioning {{(pid=103053) process_request /opt/stack/glance/glance/api/middleware/version_negotiation.py:57}}
Jul 28 18:40:15.260576 np0000006041 devstack@g-api.service[103053]: DEBUG glance.api.middleware.version_negotiation [None req-2d24cf6e-c241-4d39-9d49-450bf0f91497 tempest-ServerActionsV293TestJSON-854969509 tempest-ServerActionsV293TestJSON-854969509-project-member] Matched version: v2 {{(pid=103053) process_request /opt/stack/glance/glance/api/middleware/version_negotiation.py:69}}
Jul 28 18:40:15.260634 np0000006041 devstack@g-api.service[103053]: DEBUG glance.api.middleware.version_negotiation [None req-2d24cf6e-c241-4d39-9d49-450bf0f91497 tempest-ServerActionsV293TestJSON-854969509 tempest-ServerActionsV293TestJSON-854969509-project-member] new path /v2/schemas/image {{(pid=103053) process_request /opt/stack/glance/glance/api/middleware/version_negotiation.py:70}}
Jul 28 18:40:15.263150 np0000006041 devstack@g-api.service[103053]: [pid: 103053|app: 0|req: 37/140] 127.0.0.1 () {44 vars in 1051 bytes} [Tue Jul 28 18:40:15 2026] GET /v2/schemas/image => generated 6083 bytes in 3 msecs (HTTP/1.1 200) 4 headers in 158 bytes (1 switches on core 0)
Jul 28 18:40:15.277725 np0000006041 devstack@g-api.service[103051]: DEBUG glance.api.middleware.version_negotiation [None req-2d24cf6e-c241-4d39-9d49-450bf0f91497 tempest-ServerActionsV293TestJSON-854969509 tempest-ServerActionsV293TestJSON-854969509-project-member] Determining version of request: GET /v2/schemas/image Accept: */* {{(pid=103051) process_request /opt/stack/glance/glance/api/middleware/version_negotiation.py:44}}
Jul 28 18:40:15.277904 np0000006041 devstack@g-api.service[103051]: DEBUG glance.api.middleware.version_negotiation [None req-2d24cf6e-c241-4d39-9d49-450bf0f91497 tempest-ServerActionsV293TestJSON-854969509 tempest-ServerActionsV293TestJSON-854969509-project-member] Using url versioning {{(pid=103051) process_request /opt/stack/glance/glance/api/middleware/version_negotiation.py:57}}
Jul 28 18:40:15.278088 np0000006041 devstack@g-api.service[103051]: DEBUG glance.api.middleware.version_negotiation [None req-2d24cf6e-c241-4d39-9d49-450bf0f91497 tempest-ServerActionsV293TestJSON-854969509 tempest-ServerActionsV293TestJSON-854969509-project-member] Matched version: v2 {{(pid=103051) process_request /opt/stack/glance/glance/api/middleware/version_negotiation.py:69}}
Jul 28 18:40:15.278227 np0000006041 devstack@g-api.service[103051]: DEBUG glance.api.middleware.version_negotiation [None req-2d24cf6e-c241-4d39-9d49-450bf0f91497 tempest-ServerActionsV293TestJSON-854969509 tempest-ServerActionsV293TestJSON-854969509-project-member] new path /v2/schemas/image {{(pid=103051) process_request /opt/stack/glance/glance/api/middleware/version_negotiation.py:70}}
Jul 28 18:40:15.281010 np0000006041 devstack@g-api.service[103051]: [pid: 103051|app: 0|req: 34/141] 127.0.0.1 () {44 vars in 1051 bytes} [Tue Jul 28 18:40:15 2026] GET /v2/schemas/image => generated 6083 bytes in 3 msecs (HTTP/1.1 200) 4 headers in 158 bytes (1 switches on core 0)
Jul 28 18:40:15.309488 np0000006041 devstack@g-api.service[103052]: DEBUG glance.api.middleware.version_negotiation [None req-2d24cf6e-c241-4d39-9d49-450bf0f91497 tempest-ServerActionsV293TestJSON-854969509 tempest-ServerActionsV293TestJSON-854969509-project-member] Determining version of request: DELETE /v2/images/0ae9594d-b739-4ed6-a14e-0c49261067bd Accept: application/json {{(pid=103052) process_request /opt/stack/glance/glance/api/middleware/version_negotiation.py:44}}
Jul 28 18:40:15.309797 np0000006041 devstack@g-api.service[103052]: DEBUG glance.api.middleware.version_negotiation [None req-2d24cf6e-c241-4d39-9d49-450bf0f91497 tempest-ServerActionsV293TestJSON-854969509 tempest-ServerActionsV293TestJSON-854969509-project-member] Using url versioning {{(pid=103052) process_request /opt/stack/glance/glance/api/middleware/version_negotiation.py:57}}
Jul 28 18:40:15.309976 np0000006041 devstack@g-api.service[103052]: DEBUG glance.api.middleware.version_negotiation [None req-2d24cf6e-c241-4d39-9d49-450bf0f91497 tempest-ServerActionsV293TestJSON-854969509 tempest-ServerActionsV293TestJSON-854969509-project-member] Matched version: v2 {{(pid=103052) process_request /opt/stack/glance/glance/api/middleware/version_negotiation.py:69}}
Jul 28 18:40:15.310129 np0000006041 devstack@g-api.service[103052]: DEBUG glance.api.middleware.version_negotiation [None req-2d24cf6e-c241-4d39-9d49-450bf0f91497 tempest-ServerActionsV293TestJSON-854969509 tempest-ServerActionsV293TestJSON-854969509-project-member] new path /v2/images/0ae9594d-b739-4ed6-a14e-0c49261067bd {{(pid=103052) process_request /opt/stack/glance/glance/api/middleware/version_negotiation.py:70}}
Jul 28 18:40:15.318029 np0000006041 devstack@g-api.service[103050]: DEBUG glance.api.middleware.version_negotiation [None req-2d24cf6e-c241-4d39-9d49-450bf0f91497 tempest-ServerActionsV293TestJSON-854969509 tempest-ServerActionsV293TestJSON-854969509-project-member] Determining version of request: GET /v2/images/90b9a660-c92f-4895-abe0-d52f8f0fee03 Accept: */* {{(pid=103050) process_request /opt/stack/glance/glance/api/middleware/version_negotiation.py:44}}
Jul 28 18:40:15.318530 np0000006041 devstack@g-api.service[103050]: DEBUG glance.api.middleware.version_negotiation [None req-2d24cf6e-c241-4d39-9d49-450bf0f91497 tempest-ServerActionsV293TestJSON-854969509 tempest-ServerActionsV293TestJSON-854969509-project-member] Using url versioning {{(pid=103050) process_request /opt/stack/glance/glance/api/middleware/version_negotiation.py:57}}
Jul 28 18:40:15.318530 np0000006041 devstack@g-api.service[103050]: DEBUG glance.api.middleware.version_negotiation [None req-2d24cf6e-c241-4d39-9d49-450bf0f91497 tempest-ServerActionsV293TestJSON-854969509 tempest-ServerActionsV293TestJSON-854969509-project-member] Matched version: v2 {{(pid=103050) process_request /opt/stack/glance/glance/api/middleware/version_negotiation.py:69}}
Jul 28 18:40:15.318717 np0000006041 devstack@g-api.service[103050]: DEBUG glance.api.middleware.version_negotiation [None req-2d24cf6e-c241-4d39-9d49-450bf0f91497 tempest-ServerActionsV293TestJSON-854969509 tempest-ServerActionsV293TestJSON-854969509-project-member] new path /v2/images/90b9a660-c92f-4895-abe0-d52f8f0fee03 {{(pid=103050) process_request /opt/stack/glance/glance/api/middleware/version_negotiation.py:70}}
Jul 28 18:40:15.320396 np0000006041 devstack@g-api.service[103052]: WARNING glance.api.v2.images [None req-1190924c-41ee-4605-86c6-fe3cf2d386d2 tempest-AttachSCSIVolumeTestJSON-1543890348 tempest-AttachSCSIVolumeTestJSON-1543890348-project-admin] After upload to backend, deletion of staged image data has failed because it cannot be found at /tmp/staging//0ae9594d-b739-4ed6-a14e-0c49261067bd
Jul 28 18:40:15.321221 np0000006041 devstack@g-api.service[103052]: DEBUG glance_store.backend [None req-1190924c-41ee-4605-86c6-fe3cf2d386d2 tempest-AttachSCSIVolumeTestJSON-1543890348 tempest-AttachSCSIVolumeTestJSON-1543890348-project-admin] Attempting to import store swift {{(pid=103052) _load_store /opt/stack/data/venv/lib/python3.12/site-packages/glance_store/backend.py:215}}
Jul 28 18:40:15.322944 np0000006041 devstack@g-api.service[103052]: DEBUG glance_store.capabilities [None req-1190924c-41ee-4605-86c6-fe3cf2d386d2 tempest-AttachSCSIVolumeTestJSON-1543890348 tempest-AttachSCSIVolumeTestJSON-1543890348-project-admin] Store glance_store._drivers.swift.store.SingleTenantStore doesn't support updating dynamic storage capabilities. Please overwrite 'update_capabilities' method of the store to implement updating logics if needed. {{(pid=103052) update_capabilities /opt/stack/data/venv/lib/python3.12/site-packages/glance_store/capabilities.py:91}}
Jul 28 18:40:15.323126 np0000006041 devstack@g-api.service[103052]: DEBUG glance_store.driver [None req-1190924c-41ee-4605-86c6-fe3cf2d386d2 tempest-AttachSCSIVolumeTestJSON-1543890348 tempest-AttachSCSIVolumeTestJSON-1543890348-project-admin] Late loading location class glance_store._drivers.swift.store.StoreLocation {{(pid=103052) get_store_location_class /opt/stack/data/venv/lib/python3.12/site-packages/glance_store/driver.py:134}}
Jul 28 18:40:15.324501 np0000006041 devstack@g-api.service[103052]: DEBUG glance_store.location [None req-1190924c-41ee-4605-86c6-fe3cf2d386d2 tempest-AttachSCSIVolumeTestJSON-1543890348 tempest-AttachSCSIVolumeTestJSON-1543890348-project-admin] Registering scheme swift+https with {'store': , 'location_class': , 'store_entry': 'swift'} {{(pid=103052) register_scheme_map /opt/stack/data/venv/lib/python3.12/site-packages/glance_store/location.py:146}}
Jul 28 18:40:15.324501 np0000006041 devstack@g-api.service[103052]: DEBUG glance_store.location [None req-1190924c-41ee-4605-86c6-fe3cf2d386d2 tempest-AttachSCSIVolumeTestJSON-1543890348 tempest-AttachSCSIVolumeTestJSON-1543890348-project-admin] Registering scheme swift+https with {'store': , 'location_class': , 'store_entry': 'swift'} {{(pid=103052) register_scheme_map /opt/stack/data/venv/lib/python3.12/site-packages/glance_store/location.py:146}}
Jul 28 18:40:15.324501 np0000006041 devstack@g-api.service[103052]: DEBUG glance_store.location [None req-1190924c-41ee-4605-86c6-fe3cf2d386d2 tempest-AttachSCSIVolumeTestJSON-1543890348 tempest-AttachSCSIVolumeTestJSON-1543890348-project-admin] Registering scheme swift with {'store': , 'location_class': , 'store_entry': 'swift'} {{(pid=103052) register_scheme_map /opt/stack/data/venv/lib/python3.12/site-packages/glance_store/location.py:146}}
Jul 28 18:40:15.324772 np0000006041 devstack@g-api.service[103052]: DEBUG glance_store.location [None req-1190924c-41ee-4605-86c6-fe3cf2d386d2 tempest-AttachSCSIVolumeTestJSON-1543890348 tempest-AttachSCSIVolumeTestJSON-1543890348-project-admin] Registering scheme swift+https with {'store': , 'location_class': , 'store_entry': 'swift'} {{(pid=103052) register_scheme_map /opt/stack/data/venv/lib/python3.12/site-packages/glance_store/location.py:146}}
Jul 28 18:40:15.324772 np0000006041 devstack@g-api.service[103052]: DEBUG glance_store.location [None req-1190924c-41ee-4605-86c6-fe3cf2d386d2 tempest-AttachSCSIVolumeTestJSON-1543890348 tempest-AttachSCSIVolumeTestJSON-1543890348-project-admin] Registering scheme swift with {'store': , 'location_class': , 'store_entry': 'swift'} {{(pid=103052) register_scheme_map /opt/stack/data/venv/lib/python3.12/site-packages/glance_store/location.py:146}}
Jul 28 18:40:15.324772 np0000006041 devstack@g-api.service[103052]: DEBUG glance_store.location [None req-1190924c-41ee-4605-86c6-fe3cf2d386d2 tempest-AttachSCSIVolumeTestJSON-1543890348 tempest-AttachSCSIVolumeTestJSON-1543890348-project-admin] Registering scheme swift+http with {'store': , 'location_class': , 'store_entry': 'swift'} {{(pid=103052) register_scheme_map /opt/stack/data/venv/lib/python3.12/site-packages/glance_store/location.py:146}}
Jul 28 18:40:15.324909 np0000006041 devstack@g-api.service[103052]: DEBUG glance_store.location [None req-1190924c-41ee-4605-86c6-fe3cf2d386d2 tempest-AttachSCSIVolumeTestJSON-1543890348 tempest-AttachSCSIVolumeTestJSON-1543890348-project-admin] Registering scheme swift+https with {'store': , 'location_class': , 'store_entry': 'swift'} {{(pid=103052) register_scheme_map /opt/stack/data/venv/lib/python3.12/site-packages/glance_store/location.py:146}}
Jul 28 18:40:15.324909 np0000006041 devstack@g-api.service[103052]: DEBUG glance_store.location [None req-1190924c-41ee-4605-86c6-fe3cf2d386d2 tempest-AttachSCSIVolumeTestJSON-1543890348 tempest-AttachSCSIVolumeTestJSON-1543890348-project-admin] Registering scheme swift with {'store': , 'location_class': , 'store_entry': 'swift'} {{(pid=103052) register_scheme_map /opt/stack/data/venv/lib/python3.12/site-packages/glance_store/location.py:146}}
Jul 28 18:40:15.324909 np0000006041 devstack@g-api.service[103052]: DEBUG glance_store.location [None req-1190924c-41ee-4605-86c6-fe3cf2d386d2 tempest-AttachSCSIVolumeTestJSON-1543890348 tempest-AttachSCSIVolumeTestJSON-1543890348-project-admin] Registering scheme swift+http with {'store': , 'location_class': , 'store_entry': 'swift'} {{(pid=103052) register_scheme_map /opt/stack/data/venv/lib/python3.12/site-packages/glance_store/location.py:146}}
Jul 28 18:40:15.325034 np0000006041 devstack@g-api.service[103052]: DEBUG glance_store.location [None req-1190924c-41ee-4605-86c6-fe3cf2d386d2 tempest-AttachSCSIVolumeTestJSON-1543890348 tempest-AttachSCSIVolumeTestJSON-1543890348-project-admin] Registering scheme swift+config with {'store': , 'location_class': , 'store_entry': 'swift'} {{(pid=103052) register_scheme_map /opt/stack/data/venv/lib/python3.12/site-packages/glance_store/location.py:146}}
Jul 28 18:40:15.325034 np0000006041 devstack@g-api.service[103052]: DEBUG keystoneclient.auth.identity.v3.base [None req-1190924c-41ee-4605-86c6-fe3cf2d386d2 tempest-AttachSCSIVolumeTestJSON-1543890348 tempest-AttachSCSIVolumeTestJSON-1543890348-project-admin] Making authentication request to https://10.4.3.45/identity/v3/auth/tokens {{(pid=103052) get_auth_ref /opt/stack/data/venv/lib/python3.12/site-packages/keystoneclient/auth/identity/v3/base.py:185}}
Jul 28 18:40:15.327993 np0000006041 devstack@g-api.service[103050]: [pid: 103050|app: 0|req: 36/142] 127.0.0.1 () {44 vars in 1111 bytes} [Tue Jul 28 18:40:15 2026] GET /v2/images/90b9a660-c92f-4895-abe0-d52f8f0fee03 => generated 1044 bytes in 10 msecs (HTTP/1.1 200) 4 headers in 158 bytes (1 switches on core 0)
Jul 28 18:40:15.336722 np0000006041 devstack@g-api.service[103053]: DEBUG glance.api.middleware.version_negotiation [None req-2d24cf6e-c241-4d39-9d49-450bf0f91497 tempest-ServerActionsV293TestJSON-854969509 tempest-ServerActionsV293TestJSON-854969509-project-member] Determining version of request: GET /v2/schemas/image Accept: */* {{(pid=103053) process_request /opt/stack/glance/glance/api/middleware/version_negotiation.py:44}}
Jul 28 18:40:15.337585 np0000006041 devstack@g-api.service[103053]: DEBUG glance.api.middleware.version_negotiation [None req-2d24cf6e-c241-4d39-9d49-450bf0f91497 tempest-ServerActionsV293TestJSON-854969509 tempest-ServerActionsV293TestJSON-854969509-project-member] Using url versioning {{(pid=103053) process_request /opt/stack/glance/glance/api/middleware/version_negotiation.py:57}}
Jul 28 18:40:15.337902 np0000006041 devstack@g-api.service[103053]: DEBUG glance.api.middleware.version_negotiation [None req-2d24cf6e-c241-4d39-9d49-450bf0f91497 tempest-ServerActionsV293TestJSON-854969509 tempest-ServerActionsV293TestJSON-854969509-project-member] Matched version: v2 {{(pid=103053) process_request /opt/stack/glance/glance/api/middleware/version_negotiation.py:69}}
Jul 28 18:40:15.337902 np0000006041 devstack@g-api.service[103053]: DEBUG glance.api.middleware.version_negotiation [None req-2d24cf6e-c241-4d39-9d49-450bf0f91497 tempest-ServerActionsV293TestJSON-854969509 tempest-ServerActionsV293TestJSON-854969509-project-member] new path /v2/schemas/image {{(pid=103053) process_request /opt/stack/glance/glance/api/middleware/version_negotiation.py:70}}
Jul 28 18:40:15.340934 np0000006041 devstack@g-api.service[103053]: [pid: 103053|app: 0|req: 38/143] 127.0.0.1 () {44 vars in 1051 bytes} [Tue Jul 28 18:40:15 2026] GET /v2/schemas/image => generated 6083 bytes in 4 msecs (HTTP/1.1 200) 4 headers in 158 bytes (1 switches on core 0)
Jul 28 18:40:15.354569 np0000006041 devstack@g-api.service[103051]: DEBUG glance.api.middleware.version_negotiation [None req-2d24cf6e-c241-4d39-9d49-450bf0f91497 tempest-ServerActionsV293TestJSON-854969509 tempest-ServerActionsV293TestJSON-854969509-project-member] Determining version of request: GET /v2/schemas/image Accept: */* {{(pid=103051) process_request /opt/stack/glance/glance/api/middleware/version_negotiation.py:44}}
Jul 28 18:40:15.354569 np0000006041 devstack@g-api.service[103051]: DEBUG glance.api.middleware.version_negotiation [None req-2d24cf6e-c241-4d39-9d49-450bf0f91497 tempest-ServerActionsV293TestJSON-854969509 tempest-ServerActionsV293TestJSON-854969509-project-member] Using url versioning {{(pid=103051) process_request /opt/stack/glance/glance/api/middleware/version_negotiation.py:57}}
Jul 28 18:40:15.354569 np0000006041 devstack@g-api.service[103051]: DEBUG glance.api.middleware.version_negotiation [None req-2d24cf6e-c241-4d39-9d49-450bf0f91497 tempest-ServerActionsV293TestJSON-854969509 tempest-ServerActionsV293TestJSON-854969509-project-member] Matched version: v2 {{(pid=103051) process_request /opt/stack/glance/glance/api/middleware/version_negotiation.py:69}}
Jul 28 18:40:15.354569 np0000006041 devstack@g-api.service[103051]: DEBUG glance.api.middleware.version_negotiation [None req-2d24cf6e-c241-4d39-9d49-450bf0f91497 tempest-ServerActionsV293TestJSON-854969509 tempest-ServerActionsV293TestJSON-854969509-project-member] new path /v2/schemas/image {{(pid=103051) process_request /opt/stack/glance/glance/api/middleware/version_negotiation.py:70}}
Jul 28 18:40:15.357171 np0000006041 devstack@g-api.service[103051]: [pid: 103051|app: 0|req: 35/144] 127.0.0.1 () {44 vars in 1051 bytes} [Tue Jul 28 18:40:15 2026] GET /v2/schemas/image => generated 6083 bytes in 3 msecs (HTTP/1.1 200) 4 headers in 158 bytes (1 switches on core 0)
Jul 28 18:40:15.468016 np0000006041 devstack@g-api.service[103052]: DEBUG keystoneclient.auth.identity.v3.base [None req-1190924c-41ee-4605-86c6-fe3cf2d386d2 tempest-AttachSCSIVolumeTestJSON-1543890348 tempest-AttachSCSIVolumeTestJSON-1543890348-project-admin] {"token": {"methods": ["password"], "user": {"domain": {"id": "default", "name": "Default"}, "id": "196dad95bf9546bf89751e392093848e", "name": "glance-swift", "password_expires_at": null}, "audit_ids": ["PCt_v6XvTOCdj7UaNITCdg"], "expires_at": "2026-07-28T19:40:15.000000Z", "issued_at": "2026-07-28T18:40:15.000000Z", "project": {"domain": {"id": "default", "name": "Default"}, "id": "235c477e37e8423cb2ce244cc13475e7", "name": "service"}, "is_domain": false, "roles": [{"id": "cd8de0b0023c4f92bf481d41b7d80e49", "name": "ResellerAdmin"}, {"id": "f45db42358944edd8bc152bfb9073ae4", "name": "service"}], "catalog": [{"endpoints": [{"id": "3eae8268d99f49ebb8c1a97f24a633be", "interface": "public", "region_id": "RegionOne", "url": "https://10.4.3.45/identity", "region": "RegionOne"}], "id": "00a3864da88b45bfaad8f2f27ab83e10", "type": "identity", "name": "keystone"}, {"endpoints": [{"id": "3dda348bd7f641309e32ab6ce3c8261e", "interface": "public", "region_id": "RegionOne", "url": "https://10.4.3.45/compute/v2.1", "region": "RegionOne"}], "id": "0ed45e9c5a86411b8d8e1aa46307e002", "type": "compute", "name": "nova"}, {"endpoints": [{"id": "af4a358fcf324f42beb6f83af268ee39", "interface": "public", "region_id": "RegionOne", "url": "https://10.4.3.45/networking", "region": "RegionOne"}], "id": "144976c1e5d7433faad03c49ce3ab60f", "type": "network", "name": "neutron"}, {"endpoints": [{"id": "024d2f2f2fb64b55b51179f0ade30e5a", "interface": "public", "region_id": "RegionOne", "url": "https://10.4.3.45/image", "region": "RegionOne"}], "id": "4fb6b3fa198c4cbab88b9d3fcfd3cbf5", "type": "image", "name": "glance"}, {"endpoints": [{"id": "5749c67a0f9c491e889d5edd8e1e9a3c", "interface": "public", "region_id": "RegionOne", "url": "https://10.4.3.45/placement", "region": "RegionOne"}], "id": "6ae467b0f02346cea1a892e876445bc1", "type": "placement", "name": "placement"}, {"endpoints": [{"id": "75a31e86e88d4eb9affa764ab5d8e5d1", "interface": "public", "region_id": "RegionOne", "url": "https://10.4.3.45/volume/v3", "region": "RegionOne"}], "id": "8f63b9f4dd95440cb1d922d85e85d597", "type": "block-storage", "name": "cinder"}, {"endpoints": [{"id": "8b7c982ef1b3497a94b85b0ee82a8b89", "interface": "public", "region_id": "RegionOne", "url": "https://10.4.3.45/compute/v2/235c477e37e8423cb2ce244cc13475e7", "region": "RegionOne"}], "id": "a4bcd5ea301c4f84b68e10c63ba96f01", "type": "compute_legacy", "name": "nova_legacy"}, {"endpoints": [{"id": "489296e431824e4d818d052e605f461e", "interface": "public", "region_id": "RegionOne", "url": "https://10.4.3.45:8080/v1/AUTH_235c477e37e8423cb2ce244cc13475e7", "region": "RegionOne"}, {"id": "a1745ab31cdf4e418ff826c1d6e1a2a6", "interface": "admin", "region_id": "RegionOne", "url": "https://10.4.3.45:8080", "region": "RegionOne"}], "id": "f2c2910d65c44ff28e842d24d532da21", "type": "object-store", "name": "swift"}]}} {{(pid=103052) get_auth_ref /opt/stack/data/venv/lib/python3.12/site-packages/keystoneclient/auth/identity/v3/base.py:190}}
Jul 28 18:40:15.468764 np0000006041 devstack@g-api.service[103052]: DEBUG keystoneclient.httpclient [None req-1190924c-41ee-4605-86c6-fe3cf2d386d2 tempest-AttachSCSIVolumeTestJSON-1543890348 tempest-AttachSCSIVolumeTestJSON-1543890348-project-admin] Failed to find endpoint for management url admin endpoint for identity service not found {{(pid=103052) _process_management_url /opt/stack/data/venv/lib/python3.12/site-packages/keystoneclient/httpclient.py:670}}
Jul 28 18:40:15.546302 np0000006041 devstack@g-api.service[103050]: DEBUG glance.api.middleware.version_negotiation [None req-2d24cf6e-c241-4d39-9d49-450bf0f91497 tempest-ServerActionsV293TestJSON-854969509 tempest-ServerActionsV293TestJSON-854969509-project-member] Determining version of request: GET /versions Accept: */* {{(pid=103050) process_request /opt/stack/glance/glance/api/middleware/version_negotiation.py:44}}
Jul 28 18:40:15.547015 np0000006041 devstack@g-api.service[103050]: [pid: 103050|app: 0|req: 37/145] 127.0.0.1 () {44 vars in 1035 bytes} [Tue Jul 28 18:40:15 2026] GET /versions => generated 1501 bytes in 1 msecs (HTTP/1.1 200) 3 headers in 92 bytes (1 switches on core 0)
Jul 28 18:40:15.555392 np0000006041 devstack@g-api.service[103053]: DEBUG glance.api.middleware.version_negotiation [None req-2d24cf6e-c241-4d39-9d49-450bf0f91497 tempest-ServerActionsV293TestJSON-854969509 tempest-ServerActionsV293TestJSON-854969509-project-member] Determining version of request: GET /v2/images/90b9a660-c92f-4895-abe0-d52f8f0fee03/locations Accept: */* {{(pid=103053) process_request /opt/stack/glance/glance/api/middleware/version_negotiation.py:44}}
Jul 28 18:40:15.555556 np0000006041 devstack@g-api.service[103053]: DEBUG glance.api.middleware.version_negotiation [None req-2d24cf6e-c241-4d39-9d49-450bf0f91497 tempest-ServerActionsV293TestJSON-854969509 tempest-ServerActionsV293TestJSON-854969509-project-member] Using url versioning {{(pid=103053) process_request /opt/stack/glance/glance/api/middleware/version_negotiation.py:57}}
Jul 28 18:40:15.555738 np0000006041 devstack@g-api.service[103053]: DEBUG glance.api.middleware.version_negotiation [None req-2d24cf6e-c241-4d39-9d49-450bf0f91497 tempest-ServerActionsV293TestJSON-854969509 tempest-ServerActionsV293TestJSON-854969509-project-member] Matched version: v2 {{(pid=103053) process_request /opt/stack/glance/glance/api/middleware/version_negotiation.py:69}}
Jul 28 18:40:15.555854 np0000006041 devstack@g-api.service[103053]: DEBUG glance.api.middleware.version_negotiation [None req-2d24cf6e-c241-4d39-9d49-450bf0f91497 tempest-ServerActionsV293TestJSON-854969509 tempest-ServerActionsV293TestJSON-854969509-project-member] new path /v2/images/90b9a660-c92f-4895-abe0-d52f8f0fee03/locations {{(pid=103053) process_request /opt/stack/glance/glance/api/middleware/version_negotiation.py:70}}
Jul 28 18:40:15.836184 np0000006041 devstack@g-api.service[103053]: [pid: 103053|app: 0|req: 39/146] 127.0.0.1 () {44 vars in 1131 bytes} [Tue Jul 28 18:40:15 2026] GET /v2/images/90b9a660-c92f-4895-abe0-d52f8f0fee03/locations => generated 92 bytes in 281 msecs (HTTP/1.1 200) 4 headers in 156 bytes (1 switches on core 0)
Jul 28 18:40:15.839617 np0000006041 devstack@g-api.service[103052]: DEBUG swiftclient [None req-1190924c-41ee-4605-86c6-fe3cf2d386d2 tempest-AttachSCSIVolumeTestJSON-1543890348 tempest-AttachSCSIVolumeTestJSON-1543890348-project-admin] REQ: curl -i https://10.4.3.45:8080/v1/AUTH_235c477e37e8423cb2ce244cc13475e7/glance/0ae9594d-b739-4ed6-a14e-0c49261067bd -I -H "X-Auth-Token: gAAAAABqaPePM3SR..." {{(pid=103052) http_log /opt/stack/data/venv/lib/python3.12/site-packages/swiftclient/client.py:160}}
Jul 28 18:40:15.839617 np0000006041 devstack@g-api.service[103052]: DEBUG swiftclient [None req-1190924c-41ee-4605-86c6-fe3cf2d386d2 tempest-AttachSCSIVolumeTestJSON-1543890348 tempest-AttachSCSIVolumeTestJSON-1543890348-project-admin] RESP STATUS: 200 OK {{(pid=103052) http_log /opt/stack/data/venv/lib/python3.12/site-packages/swiftclient/client.py:161}}
Jul 28 18:40:15.839617 np0000006041 devstack@g-api.service[103052]: DEBUG swiftclient [None req-1190924c-41ee-4605-86c6-fe3cf2d386d2 tempest-AttachSCSIVolumeTestJSON-1543890348 tempest-AttachSCSIVolumeTestJSON-1543890348-project-admin] RESP HEADERS: {'Date': 'Tue, 28 Jul 2026 18:40:15 GMT', 'Server': 'Apache/2.4.58 (Ubuntu)', 'Content-Type': 'application/octet-stream', 'Content-Length': '21692416', 'X-Object-Manifest': 'glance/0ae9594d-b739-4ed6-a14e-0c49261067bd-', 'Last-Modified': 'Tue, 28 Jul 2026 18:39:04 GMT', 'X-Timestamp': '1785263943.72560', 'Accept-Ranges': 'bytes', 'Etag': '"737c2a37dd3f91e374c48cad70137398"', 'X-Trans-Id': 'tx947b0a45bad74269b3696-006a68f78f', 'X-Openstack-Request-Id': 'tx947b0a45bad74269b3696-006a68f78f', 'Connection': 'close'} {{(pid=103052) http_log /opt/stack/data/venv/lib/python3.12/site-packages/swiftclient/client.py:162}}
Jul 28 18:40:15.863819 np0000006041 devstack@g-api.service[103052]: DEBUG swiftclient [None req-1190924c-41ee-4605-86c6-fe3cf2d386d2 tempest-AttachSCSIVolumeTestJSON-1543890348 tempest-AttachSCSIVolumeTestJSON-1543890348-project-admin] REQ: curl -i https://10.4.3.45:8080/v1/AUTH_235c477e37e8423cb2ce244cc13475e7/glance?format=json&prefix=0ae9594d-b739-4ed6-a14e-0c49261067bd- -X GET -H "X-Auth-Token: gAAAAABqaPePM3SR..." -H "Accept-Encoding: gzip" {{(pid=103052) http_log /opt/stack/data/venv/lib/python3.12/site-packages/swiftclient/client.py:160}}
Jul 28 18:40:15.864030 np0000006041 devstack@g-api.service[103052]: DEBUG swiftclient [None req-1190924c-41ee-4605-86c6-fe3cf2d386d2 tempest-AttachSCSIVolumeTestJSON-1543890348 tempest-AttachSCSIVolumeTestJSON-1543890348-project-admin] RESP STATUS: 200 OK {{(pid=103052) http_log /opt/stack/data/venv/lib/python3.12/site-packages/swiftclient/client.py:161}}
Jul 28 18:40:15.864117 np0000006041 devstack@g-api.service[103052]: DEBUG swiftclient [None req-1190924c-41ee-4605-86c6-fe3cf2d386d2 tempest-AttachSCSIVolumeTestJSON-1543890348 tempest-AttachSCSIVolumeTestJSON-1543890348-project-admin] RESP HEADERS: {'Date': 'Tue, 28 Jul 2026 18:40:15 GMT', 'Server': 'Apache/2.4.58 (Ubuntu)', 'Content-Type': 'application/json; charset=utf-8', 'Content-Length': '210', 'X-Container-Object-Count': '5', 'X-Container-Bytes-Used': '86048768', 'X-Timestamp': '1785263819.12323', 'Last-Modified': 'Tue, 28 Jul 2026 18:37:00 GMT', 'Accept-Ranges': 'bytes', 'X-Storage-Policy': 'Policy-0', 'X-Container-Sharding': 'False', 'X-Trans-Id': 'txa2b09e0b205d4dadb96bc-006a68f78f', 'X-Openstack-Request-Id': 'txa2b09e0b205d4dadb96bc-006a68f78f', 'Connection': 'close'} {{(pid=103052) http_log /opt/stack/data/venv/lib/python3.12/site-packages/swiftclient/client.py:162}}
Jul 28 18:40:15.865017 np0000006041 devstack@g-api.service[103052]: DEBUG swiftclient [None req-1190924c-41ee-4605-86c6-fe3cf2d386d2 tempest-AttachSCSIVolumeTestJSON-1543890348 tempest-AttachSCSIVolumeTestJSON-1543890348-project-admin] RESP BODY: b'[{"bytes": 21692416, "hash": "87617e24a5e30cb3b87fda8c0764838f", "name": "0ae9594d-b739-4ed6-a14e-0c49261067bd-00001", "content_type": "application/octet-stream", "last_modified": "2026-07-28T18:39:03.490680"}]' {{(pid=103052) http_log /opt/stack/data/venv/lib/python3.12/site-packages/swiftclient/client.py:166}}
Jul 28 18:40:15.903528 np0000006041 devstack@g-api.service[103052]: DEBUG swiftclient [None req-1190924c-41ee-4605-86c6-fe3cf2d386d2 tempest-AttachSCSIVolumeTestJSON-1543890348 tempest-AttachSCSIVolumeTestJSON-1543890348-project-admin] REQ: curl -i https://10.4.3.45:8080/v1/AUTH_235c477e37e8423cb2ce244cc13475e7/glance/0ae9594d-b739-4ed6-a14e-0c49261067bd-00001 DELETE -H "X-Auth-Token: gAAAAABqaPePM3SR..." {{(pid=103052) http_log /opt/stack/data/venv/lib/python3.12/site-packages/swiftclient/client.py:160}}
Jul 28 18:40:15.903644 np0000006041 devstack@g-api.service[103052]: DEBUG swiftclient [None req-1190924c-41ee-4605-86c6-fe3cf2d386d2 tempest-AttachSCSIVolumeTestJSON-1543890348 tempest-AttachSCSIVolumeTestJSON-1543890348-project-admin] RESP STATUS: 204 No Content {{(pid=103052) http_log /opt/stack/data/venv/lib/python3.12/site-packages/swiftclient/client.py:161}}
Jul 28 18:40:15.903760 np0000006041 devstack@g-api.service[103052]: DEBUG swiftclient [None req-1190924c-41ee-4605-86c6-fe3cf2d386d2 tempest-AttachSCSIVolumeTestJSON-1543890348 tempest-AttachSCSIVolumeTestJSON-1543890348-project-admin] RESP HEADERS: {'Date': 'Tue, 28 Jul 2026 18:40:15 GMT', 'Server': 'Apache/2.4.58 (Ubuntu)', 'Content-Type': 'text/html; charset=UTF-8', 'X-Trans-Id': 'txe137b5eb74d24a7e9f76b-006a68f78f', 'X-Openstack-Request-Id': 'txe137b5eb74d24a7e9f76b-006a68f78f', 'Connection': 'close'} {{(pid=103052) http_log /opt/stack/data/venv/lib/python3.12/site-packages/swiftclient/client.py:162}}
Jul 28 18:40:15.939988 np0000006041 devstack@g-api.service[103052]: DEBUG swiftclient [None req-1190924c-41ee-4605-86c6-fe3cf2d386d2 tempest-AttachSCSIVolumeTestJSON-1543890348 tempest-AttachSCSIVolumeTestJSON-1543890348-project-admin] REQ: curl -i https://10.4.3.45:8080/v1/AUTH_235c477e37e8423cb2ce244cc13475e7/glance/0ae9594d-b739-4ed6-a14e-0c49261067bd DELETE -H "X-Auth-Token: gAAAAABqaPePM3SR..." {{(pid=103052) http_log /opt/stack/data/venv/lib/python3.12/site-packages/swiftclient/client.py:160}}
Jul 28 18:40:15.939988 np0000006041 devstack@g-api.service[103052]: DEBUG swiftclient [None req-1190924c-41ee-4605-86c6-fe3cf2d386d2 tempest-AttachSCSIVolumeTestJSON-1543890348 tempest-AttachSCSIVolumeTestJSON-1543890348-project-admin] RESP STATUS: 204 No Content {{(pid=103052) http_log /opt/stack/data/venv/lib/python3.12/site-packages/swiftclient/client.py:161}}
Jul 28 18:40:15.939988 np0000006041 devstack@g-api.service[103052]: DEBUG swiftclient [None req-1190924c-41ee-4605-86c6-fe3cf2d386d2 tempest-AttachSCSIVolumeTestJSON-1543890348 tempest-AttachSCSIVolumeTestJSON-1543890348-project-admin] RESP HEADERS: {'Date': 'Tue, 28 Jul 2026 18:40:15 GMT', 'Server': 'Apache/2.4.58 (Ubuntu)', 'Content-Type': 'text/html; charset=UTF-8', 'X-Trans-Id': 'txe47747e129fb435f9b187-006a68f78f', 'X-Openstack-Request-Id': 'txe47747e129fb435f9b187-006a68f78f', 'Connection': 'close'} {{(pid=103052) http_log /opt/stack/data/venv/lib/python3.12/site-packages/swiftclient/client.py:162}}
Jul 28 18:40:16.073047 np0000006041 devstack@g-api.service[103052]: DEBUG glance.api.middleware.cache [None req-1190924c-41ee-4605-86c6-fe3cf2d386d2 tempest-AttachSCSIVolumeTestJSON-1543890348 tempest-AttachSCSIVolumeTestJSON-1543890348-project-admin] Removing image 0ae9594d-b739-4ed6-a14e-0c49261067bd from cache {{(pid=103052) _process_DELETE_response /opt/stack/glance/glance/api/middleware/cache.py:264}}
Jul 28 18:40:16.073309 np0000006041 devstack@g-api.service[103052]: DEBUG glance.image_cache.drivers.centralized_db [None req-1190924c-41ee-4605-86c6-fe3cf2d386d2 tempest-AttachSCSIVolumeTestJSON-1543890348 tempest-AttachSCSIVolumeTestJSON-1543890348-project-admin] Deleting image cache file '/opt/stack/data/glance/cache/0ae9594d-b739-4ed6-a14e-0c49261067bd' {{(pid=103052) delete_cached_file /opt/stack/glance/glance/image_cache/drivers/centralized_db.py:400}}
Jul 28 18:40:16.110901 np0000006041 devstack@g-api.service[103052]: [pid: 103052|app: 0|req: 36/147] 127.0.0.1 () {40 vars in 837 bytes} [Tue Jul 28 18:40:15 2026] DELETE /v2/images/0ae9594d-b739-4ed6-a14e-0c49261067bd => generated 0 bytes in 801 msecs (HTTP/1.1 204) 4 headers in 171 bytes (1 switches on core 0)
Jul 28 18:40:16.119313 np0000006041 devstack@g-api.service[103051]: DEBUG glance.api.middleware.version_negotiation [None req-2d24cf6e-c241-4d39-9d49-450bf0f91497 tempest-ServerActionsV293TestJSON-854969509 tempest-ServerActionsV293TestJSON-854969509-project-member] Determining version of request: GET /v2/images/0ae9594d-b739-4ed6-a14e-0c49261067bd Accept: application/json {{(pid=103051) process_request /opt/stack/glance/glance/api/middleware/version_negotiation.py:44}}
Jul 28 18:40:16.119788 np0000006041 devstack@g-api.service[103051]: DEBUG glance.api.middleware.version_negotiation [None req-2d24cf6e-c241-4d39-9d49-450bf0f91497 tempest-ServerActionsV293TestJSON-854969509 tempest-ServerActionsV293TestJSON-854969509-project-member] Using url versioning {{(pid=103051) process_request /opt/stack/glance/glance/api/middleware/version_negotiation.py:57}}
Jul 28 18:40:16.119788 np0000006041 devstack@g-api.service[103051]: DEBUG glance.api.middleware.version_negotiation [None req-2d24cf6e-c241-4d39-9d49-450bf0f91497 tempest-ServerActionsV293TestJSON-854969509 tempest-ServerActionsV293TestJSON-854969509-project-member] Matched version: v2 {{(pid=103051) process_request /opt/stack/glance/glance/api/middleware/version_negotiation.py:69}}
Jul 28 18:40:16.119870 np0000006041 devstack@g-api.service[103051]: DEBUG glance.api.middleware.version_negotiation [None req-2d24cf6e-c241-4d39-9d49-450bf0f91497 tempest-ServerActionsV293TestJSON-854969509 tempest-ServerActionsV293TestJSON-854969509-project-member] new path /v2/images/0ae9594d-b739-4ed6-a14e-0c49261067bd {{(pid=103051) process_request /opt/stack/glance/glance/api/middleware/version_negotiation.py:70}}
Jul 28 18:40:16.126021 np0000006041 devstack@g-api.service[103051]: DEBUG glance.db.sqlalchemy.api [None req-7a400fc0-9db2-474a-8cde-3bf54b7732c8 tempest-AttachSCSIVolumeTestJSON-961598116 tempest-AttachSCSIVolumeTestJSON-961598116-project-reader] No image found with ID 0ae9594d-b739-4ed6-a14e-0c49261067bd {{(pid=103051) _image_get /opt/stack/glance/glance/db/sqlalchemy/api.py:303}}
Jul 28 18:40:16.128025 np0000006041 devstack@g-api.service[103051]: [pid: 103051|app: 0|req: 36/148] 127.0.0.1 () {40 vars in 834 bytes} [Tue Jul 28 18:40:16 2026] GET /v2/images/0ae9594d-b739-4ed6-a14e-0c49261067bd => generated 139 bytes in 9 msecs (HTTP/1.1 404) 4 headers in 164 bytes (1 switches on core 0)
Jul 28 18:40:20.146843 np0000006041 devstack@g-api.service[103050]: DEBUG glance.api.middleware.version_negotiation [None req-2d24cf6e-c241-4d39-9d49-450bf0f91497 tempest-ServerActionsV293TestJSON-854969509 tempest-ServerActionsV293TestJSON-854969509-project-member] Determining version of request: GET /v2/schemas/image Accept: */* {{(pid=103050) process_request /opt/stack/glance/glance/api/middleware/version_negotiation.py:44}}
