Jul 30 09:34:03.207869 np0000006110 devstack@c-api.service[96991]: DEBUG cinder.quota [None req-9f47a084-b712-4f64-94ff-0183421ab33b tempest-GroupsV314Test-444804248 tempest-GroupsV314Test-444804248-project-member] Created reservations ['52202b08-c692-49ea-8164-77c80e67f710', '05a5aad8-0235-40fa-8b84-92811e382483', '487b3c79-b6cd-4857-91c9-897d1f0915da', '1c19abb6-645a-4d76-88ba-255e3a374faa'] {{(pid=96991) reserve /opt/stack/cinder/cinder/quota.py:752}}
Jul 30 09:34:03.212344 np0000006110 devstack@c-api.service[96991]: DEBUG cinder.volume.api [None req-9f47a084-b712-4f64-94ff-0183421ab33b tempest-GroupsV314Test-444804248 tempest-GroupsV314Test-444804248-project-member] Task 'cinder.volume.flows.api.create_volume.QuotaReserveTask;volume:create' (0d46c74a-6953-4ec5-8863-ce14b4768244) transitioned into state 'SUCCESS' from state 'RUNNING' with result '{'reservations': ['52202b08-c692-49ea-8164-77c80e67f710', '05a5aad8-0235-40fa-8b84-92811e382483', '487b3c79-b6cd-4857-91c9-897d1f0915da', '1c19abb6-645a-4d76-88ba-255e3a374faa']}' {{(pid=96991) _task_receiver /opt/stack/data/venv/lib/python3.12/site-packages/taskflow/listeners/logging.py:218}}
Jul 30 09:34:03.212344 np0000006110 devstack@c-api.service[96991]: DEBUG cinder.volume.api [None req-9f47a084-b712-4f64-94ff-0183421ab33b tempest-GroupsV314Test-444804248 tempest-GroupsV314Test-444804248-project-member] Task 'cinder.volume.flows.api.create_volume.EntryCreateTask;volume:create' (80be5f3f-8003-494a-a6a0-cb6e6dc0968e) transitioned into state 'RUNNING' from state 'PENDING' {{(pid=96991) _task_receiver /opt/stack/data/venv/lib/python3.12/site-packages/taskflow/listeners/logging.py:242}}
Jul 30 09:34:03.266288 np0000006110 devstack@c-api.service[96991]: DEBUG cinder.volume.api [None req-9f47a084-b712-4f64-94ff-0183421ab33b tempest-GroupsV314Test-444804248 tempest-GroupsV314Test-444804248-project-member] Task 'cinder.volume.flows.api.create_volume.EntryCreateTask;volume:create' (80be5f3f-8003-494a-a6a0-cb6e6dc0968e) transitioned into state 'SUCCESS' from state 'RUNNING' with result '{'volume_id': '1a868e1e-b35b-40c8-bde2-d88bfd5ab520', 'volume_properties': VolumeProperties(attach_status='detached',availability_zone='nova',cgsnapshot_id=None,consistencygroup_id=None,display_description=None,display_name=None,encryption_key_id=None,group_id=9325aa38-92d7-4cad-abaa-15619783e2c0,group_type_id=,metadata={},multiattach=False,project_id='03a19a516cbe453e9cd17786d2d41cca',qos_specs=None,replication_status=,reservations=['52202b08-c692-49ea-8164-77c80e67f710','05a5aad8-0235-40fa-8b84-92811e382483','487b3c79-b6cd-4857-91c9-897d1f0915da','1c19abb6-645a-4d76-88ba-255e3a374faa'],size=1,snapshot_id=None,source_replicaid=,source_volid=bcb49be2-9eff-45ac-8844-439ad3ff1c08,status='creating',user_id='d0659f5e0a634851b7e7bdcc16e570a6',volume_type_id=83510ab6-660f-4537-bbdf-269cf2c414dd), 'volume': Volume(_name_id=None,admin_metadata=,attach_status='detached',availability_zone='nova',bootable=False,cluster=,cluster_name=None,consistencygroup=,consistencygroup_id=None,created_at=2026-07-30T09:34:03Z,deleted=False,deleted_at=None,display_description=None,display_name=None,ec2_id=None,encryption_key_id=None,glance_metadata=,group=,group_id=9325aa38-92d7-4cad-abaa-15619783e2c0,host=None,id=1a868e1e-b35b-40c8-bde2-d88bfd5ab520,launched_at=None,metadata={},migration_status=None,multiattach=False,previous_status=None,project_id='03a19a516cbe453e9cd17786d2d41cca',provider_auth=None,provider_geometry=None,provider_id=None,provider_location=None,replication_driver_data=None,replication_extended_status=None,replication_status=None,scheduled_at=None,service_uuid=None,shared_targets=True,size=1,snapshot_id=None,snapshots=,source_volid=bcb49be2-9eff-45ac-8844-439ad3ff1c08,status='creating',terminated_at=None,updated_at=None,use_quota=True,user_id='d0659f5e0a634851b7e7bdcc16e570a6',volume_attachment=VolumeAttachmentList,volume_type=VolumeType(83510ab6-660f-4537-bbdf-269cf2c414dd),volume_type_id=83510ab6-660f-4537-bbdf-269cf2c414dd)}' {{(pid=96991) _task_receiver /opt/stack/data/venv/lib/python3.12/site-packages/taskflow/listeners/logging.py:218}}
Jul 30 09:34:03.267305 np0000006110 devstack@c-api.service[96991]: DEBUG cinder.volume.api [None req-9f47a084-b712-4f64-94ff-0183421ab33b tempest-GroupsV314Test-444804248 tempest-GroupsV314Test-444804248-project-member] Task 'cinder.volume.flows.api.create_volume.QuotaCommitTask;volume:create' (97fb56d9-bfed-4e04-87bf-5cf352d87bda) transitioned into state 'RUNNING' from state 'PENDING' {{(pid=96991) _task_receiver /opt/stack/data/venv/lib/python3.12/site-packages/taskflow/listeners/logging.py:242}}
Jul 30 09:34:03.301753 np0000006110 devstack@c-api.service[96991]: DEBUG cinder.volume.api [None req-9f47a084-b712-4f64-94ff-0183421ab33b tempest-GroupsV314Test-444804248 tempest-GroupsV314Test-444804248-project-member] Task 'cinder.volume.flows.api.create_volume.QuotaCommitTask;volume:create' (97fb56d9-bfed-4e04-87bf-5cf352d87bda) transitioned into state 'SUCCESS' from state 'RUNNING' with result '{'volume_properties': VolumeProperties(attach_status='detached',availability_zone='nova',cgsnapshot_id=None,consistencygroup_id=None,display_description=None,display_name=None,encryption_key_id=None,group_id=9325aa38-92d7-4cad-abaa-15619783e2c0,group_type_id=,metadata={},multiattach=False,project_id='03a19a516cbe453e9cd17786d2d41cca',qos_specs=None,replication_status=,reservations=['52202b08-c692-49ea-8164-77c80e67f710','05a5aad8-0235-40fa-8b84-92811e382483','487b3c79-b6cd-4857-91c9-897d1f0915da','1c19abb6-645a-4d76-88ba-255e3a374faa'],size=1,snapshot_id=None,source_replicaid=,source_volid=bcb49be2-9eff-45ac-8844-439ad3ff1c08,status='creating',user_id='d0659f5e0a634851b7e7bdcc16e570a6',volume_type_id=83510ab6-660f-4537-bbdf-269cf2c414dd)}' {{(pid=96991) _task_receiver /opt/stack/data/venv/lib/python3.12/site-packages/taskflow/listeners/logging.py:218}}
Jul 30 09:34:03.302774 np0000006110 devstack@c-api.service[96991]: DEBUG cinder.volume.api [None req-9f47a084-b712-4f64-94ff-0183421ab33b tempest-GroupsV314Test-444804248 tempest-GroupsV314Test-444804248-project-member] Flow 'volume_create_api' (114f368d-075c-4625-baa1-42c29eaaa6e3) transitioned into state 'SUCCESS' from state 'RUNNING' {{(pid=96991) _flow_receiver /opt/stack/data/venv/lib/python3.12/site-packages/taskflow/listeners/logging.py:160}}
Jul 30 09:34:03.303515 np0000006110 devstack@c-api.service[96991]: INFO cinder.volume.api [None req-9f47a084-b712-4f64-94ff-0183421ab33b tempest-GroupsV314Test-444804248 tempest-GroupsV314Test-444804248-project-member] Create volume request issued successfully.
Jul 30 09:34:03.333448 np0000006110 devstack@c-api.service[96991]: INFO cinder.api.openstack.wsgi [None req-9f47a084-b712-4f64-94ff-0183421ab33b tempest-GroupsV314Test-444804248 tempest-GroupsV314Test-444804248-project-member] https://10.4.3.168/volume/v3/groups/action returned with HTTP 202
Jul 30 09:34:03.335419 np0000006110 devstack@c-api.service[96991]: [pid: 96991|app: 0|req: 107/321] 10.4.3.168 () {70 vars in 1318 bytes} [Thu Jul 30 09:34:02 2026] POST /volume/v3/groups/action => generated 102 bytes in 444 msecs (HTTP/1.1 202) 7 headers in 292 bytes (1 switches on core 0)
Jul 30 09:34:03.350529 np0000006110 devstack@c-api.service[96990]: DEBUG cinder.api.middleware.request_id [None req-1351037d-e9a5-49e5-938d-bb103ce68a9a None None] RequestId filter calling following filter/app {{(pid=96990) _context_setter /opt/stack/cinder/cinder/api/middleware/request_id.py:62}}
Jul 30 09:34:03.361715 np0000006110 devstack@c-api.service[96990]: INFO cinder.api.openstack.wsgi [None req-1351037d-e9a5-49e5-938d-bb103ce68a9a tempest-GroupsV314Test-444804248 tempest-GroupsV314Test-444804248-project-member] GET https://10.4.3.168/volume/v3/volumes/detail
Jul 30 09:34:03.361715 np0000006110 devstack@c-api.service[96990]: DEBUG cinder.api.openstack.wsgi [None req-1351037d-e9a5-49e5-938d-bb103ce68a9a tempest-GroupsV314Test-444804248 tempest-GroupsV314Test-444804248-project-member] Empty body provided in request {{(pid=96990) get_body /opt/stack/cinder/cinder/api/openstack/wsgi.py:725}}
Jul 30 09:34:03.361715 np0000006110 devstack@c-api.service[96990]: DEBUG cinder.api.openstack.wsgi [None req-1351037d-e9a5-49e5-938d-bb103ce68a9a tempest-GroupsV314Test-444804248 tempest-GroupsV314Test-444804248-project-member] Calling method 'detail' {{(pid=96990) _process_stack /opt/stack/cinder/cinder/api/openstack/wsgi.py:878}}
Jul 30 09:34:03.361715 np0000006110 devstack@c-api.service[96990]: DEBUG cinder.api.api_utils [None req-1351037d-e9a5-49e5-938d-bb103ce68a9a tempest-GroupsV314Test-444804248 tempest-GroupsV314Test-444804248-project-member] Removing options '' from query. {{(pid=96990) remove_invalid_filter_options /opt/stack/cinder/cinder/api/api_utils.py:82}}
Jul 30 09:34:03.362757 np0000006110 devstack@c-api.service[96990]: DEBUG cinder.volume.api [None req-1351037d-e9a5-49e5-938d-bb103ce68a9a tempest-GroupsV314Test-444804248 tempest-GroupsV314Test-444804248-project-member] Searching by: MultiDict([('no_migration_targets', True)]). {{(pid=96990) get_all /opt/stack/cinder/cinder/volume/api.py:664}}
Jul 30 09:34:03.367592 np0000006110 devstack@c-api.service[96990]: DEBUG dbcounter [-] [96990] Writing DB stats cinder:SELECT=261,cinder:UPDATE=57,cinder:INSERT=32 {{(pid=96990) stat_writer /opt/stack/data/venv/lib/python3.12/site-packages/dbcounter.py:115}}
Jul 30 09:34:03.380322 np0000006110 devstack@c-api.service[96990]: INFO cinder.volume.api [None req-1351037d-e9a5-49e5-938d-bb103ce68a9a tempest-GroupsV314Test-444804248 tempest-GroupsV314Test-444804248-project-member] Get all volumes completed successfully.
Jul 30 09:34:03.381354 np0000006110 devstack@c-api.service[96990]: WARNING stevedore.named [None req-1351037d-e9a5-49e5-938d-bb103ce68a9a tempest-GroupsV314Test-444804248 tempest-GroupsV314Test-444804248-project-member] Could not load cinder.keymgr.conf_key_mgr.ConfKeyManager
Jul 30 09:34:03.381712 np0000006110 devstack@c-api.service[96990]: WARNING castellan.key_manager [None req-1351037d-e9a5-49e5-938d-bb103ce68a9a tempest-GroupsV314Test-444804248 tempest-GroupsV314Test-444804248-project-member] Deprecation Warning : cinder.keymgr.conf_key_mgr.ConfKeyManager is not a stevedore based driver, trying to load it as a class: stevedore.exception.NoMatches: No 'castellan.drivers' driver found, looking for 'cinder.keymgr.conf_key_mgr.ConfKeyManager'
Jul 30 09:34:03.433061 np0000006110 devstack@c-api.service[96990]: DEBUG oslo_db.sqlalchemy.engines [None req-1351037d-e9a5-49e5-938d-bb103ce68a9a tempest-GroupsV314Test-444804248 tempest-GroupsV314Test-444804248-project-member] MySQL server mode set to STRICT_TRANS_TABLES,STRICT_ALL_TABLES,NO_ZERO_IN_DATE,NO_ZERO_DATE,ERROR_FOR_DIVISION_BY_ZERO,TRADITIONAL,NO_ENGINE_SUBSTITUTION {{(pid=96990) _check_effective_sql_mode /opt/stack/data/venv/lib/python3.12/site-packages/oslo_db/sqlalchemy/engines.py:325}}
Jul 30 09:34:03.438312 np0000006110 devstack@c-api.service[96990]: /opt/stack/data/venv/lib/python3.12/site-packages/oslo_context/context.py:102: DeprecationWarning: Policy enforcement is depending on the value of is_admin. This key is deprecated. Please update your policy file to use the standard policy values.
Jul 30 09:34:03.438312 np0000006110 devstack@c-api.service[96990]: warnings.warn(
Jul 30 09:34:03.446990 np0000006110 devstack@c-api.service[96990]: WARNING stevedore.named [None req-1351037d-e9a5-49e5-938d-bb103ce68a9a tempest-GroupsV314Test-444804248 tempest-GroupsV314Test-444804248-project-member] Could not load cinder.keymgr.conf_key_mgr.ConfKeyManager
Jul 30 09:34:03.447197 np0000006110 devstack@c-api.service[96990]: WARNING castellan.key_manager [None req-1351037d-e9a5-49e5-938d-bb103ce68a9a tempest-GroupsV314Test-444804248 tempest-GroupsV314Test-444804248-project-member] Deprecation Warning : cinder.keymgr.conf_key_mgr.ConfKeyManager is not a stevedore based driver, trying to load it as a class: stevedore.exception.NoMatches: No 'castellan.drivers' driver found, looking for 'cinder.keymgr.conf_key_mgr.ConfKeyManager'
Jul 30 09:34:03.569163 np0000006110 devstack@c-api.service[96990]: DEBUG oslo_db.sqlalchemy.engines [None req-1351037d-e9a5-49e5-938d-bb103ce68a9a tempest-GroupsV314Test-444804248 tempest-GroupsV314Test-444804248-project-member] MySQL server mode set to STRICT_TRANS_TABLES,STRICT_ALL_TABLES,NO_ZERO_IN_DATE,NO_ZERO_DATE,ERROR_FOR_DIVISION_BY_ZERO,TRADITIONAL,NO_ENGINE_SUBSTITUTION {{(pid=96990) _check_effective_sql_mode /opt/stack/data/venv/lib/python3.12/site-packages/oslo_db/sqlalchemy/engines.py:325}}
Jul 30 09:34:03.572936 np0000006110 devstack@c-api.service[96990]: /opt/stack/data/venv/lib/python3.12/site-packages/oslo_context/context.py:102: DeprecationWarning: Policy enforcement is depending on the value of is_admin. This key is deprecated. Please update your policy file to use the standard policy values.
Jul 30 09:34:03.572936 np0000006110 devstack@c-api.service[96990]: warnings.warn(
Jul 30 09:34:03.581427 np0000006110 devstack@c-api.service[96990]: INFO cinder.api.openstack.wsgi [None req-1351037d-e9a5-49e5-938d-bb103ce68a9a tempest-GroupsV314Test-444804248 tempest-GroupsV314Test-444804248-project-member] https://10.4.3.168/volume/v3/volumes/detail returned with HTTP 200
Jul 30 09:34:03.581840 np0000006110 devstack@c-api.service[96990]: [pid: 96990|app: 0|req: 107/322] 10.4.3.168 () {68 vars in 1299 bytes} [Thu Jul 30 09:34:03 2026] GET /volume/v3/volumes/detail => generated 1826 bytes in 235 msecs (HTTP/1.1 200) 7 headers in 287 bytes (1 switches on core 0)
Jul 30 09:34:03.609657 np0000006110 devstack@c-api.service[96992]: DEBUG cinder.api.middleware.request_id [None req-1cbf03af-8115-403e-a486-440c0c2ceeef None None] RequestId filter calling following filter/app {{(pid=96992) _context_setter /opt/stack/cinder/cinder/api/middleware/request_id.py:62}}
Jul 30 09:34:03.614881 np0000006110 devstack@c-api.service[96992]: INFO cinder.api.openstack.wsgi [None req-1cbf03af-8115-403e-a486-440c0c2ceeef tempest-GroupsV314Test-444804248 tempest-GroupsV314Test-444804248-project-member] GET https://10.4.3.168/volume/v3/volumes/1a868e1e-b35b-40c8-bde2-d88bfd5ab520
Jul 30 09:34:03.614881 np0000006110 devstack@c-api.service[96992]: DEBUG cinder.api.openstack.wsgi [None req-1cbf03af-8115-403e-a486-440c0c2ceeef tempest-GroupsV314Test-444804248 tempest-GroupsV314Test-444804248-project-member] Empty body provided in request {{(pid=96992) get_body /opt/stack/cinder/cinder/api/openstack/wsgi.py:725}}
Jul 30 09:34:03.615178 np0000006110 devstack@c-api.service[96992]: DEBUG cinder.api.openstack.wsgi [None req-1cbf03af-8115-403e-a486-440c0c2ceeef tempest-GroupsV314Test-444804248 tempest-GroupsV314Test-444804248-project-member] Calling method 'show' {{(pid=96992) _process_stack /opt/stack/cinder/cinder/api/openstack/wsgi.py:878}}
Jul 30 09:34:03.646216 np0000006110 devstack@c-api.service[96992]: /opt/stack/data/venv/lib/python3.12/site-packages/oslo_context/context.py:102: DeprecationWarning: Policy enforcement is depending on the value of is_admin. This key is deprecated. Please update your policy file to use the standard policy values.
Jul 30 09:34:03.646216 np0000006110 devstack@c-api.service[96992]: warnings.warn(
Jul 30 09:34:03.657702 np0000006110 devstack@c-api.service[96992]: INFO cinder.volume.api [None req-1cbf03af-8115-403e-a486-440c0c2ceeef tempest-GroupsV314Test-444804248 tempest-GroupsV314Test-444804248-project-member] Volume info retrieved successfully.
Jul 30 09:34:03.660514 np0000006110 devstack@c-api.service[96992]: WARNING stevedore.named [None req-1cbf03af-8115-403e-a486-440c0c2ceeef tempest-GroupsV314Test-444804248 tempest-GroupsV314Test-444804248-project-member] Could not load cinder.keymgr.conf_key_mgr.ConfKeyManager
Jul 30 09:34:03.660743 np0000006110 devstack@c-api.service[96992]: WARNING castellan.key_manager [None req-1cbf03af-8115-403e-a486-440c0c2ceeef tempest-GroupsV314Test-444804248 tempest-GroupsV314Test-444804248-project-member] Deprecation Warning : cinder.keymgr.conf_key_mgr.ConfKeyManager is not a stevedore based driver, trying to load it as a class: stevedore.exception.NoMatches: No 'castellan.drivers' driver found, looking for 'cinder.keymgr.conf_key_mgr.ConfKeyManager'
Jul 30 09:34:03.719917 np0000006110 devstack@c-api.service[96992]: DEBUG oslo_db.sqlalchemy.engines [None req-1cbf03af-8115-403e-a486-440c0c2ceeef tempest-GroupsV314Test-444804248 tempest-GroupsV314Test-444804248-project-member] MySQL server mode set to STRICT_TRANS_TABLES,STRICT_ALL_TABLES,NO_ZERO_IN_DATE,NO_ZERO_DATE,ERROR_FOR_DIVISION_BY_ZERO,TRADITIONAL,NO_ENGINE_SUBSTITUTION {{(pid=96992) _check_effective_sql_mode /opt/stack/data/venv/lib/python3.12/site-packages/oslo_db/sqlalchemy/engines.py:325}}
Jul 30 09:34:03.724682 np0000006110 devstack@c-api.service[96992]: /opt/stack/data/venv/lib/python3.12/site-packages/oslo_context/context.py:102: DeprecationWarning: Policy enforcement is depending on the value of is_admin. This key is deprecated. Please update your policy file to use the standard policy values.
Jul 30 09:34:03.724682 np0000006110 devstack@c-api.service[96992]: warnings.warn(
Jul 30 09:34:03.749862 np0000006110 devstack@c-api.service[96992]: INFO cinder.api.openstack.wsgi [None req-1cbf03af-8115-403e-a486-440c0c2ceeef tempest-GroupsV314Test-444804248 tempest-GroupsV314Test-444804248-project-member] https://10.4.3.168/volume/v3/volumes/1a868e1e-b35b-40c8-bde2-d88bfd5ab520 returned with HTTP 200
Jul 30 09:34:03.750960 np0000006110 devstack@c-api.service[96992]: [pid: 96992|app: 0|req: 109/323] 10.4.3.168 () {68 vars in 1389 bytes} [Thu Jul 30 09:34:03 2026] GET /volume/v3/volumes/1a868e1e-b35b-40c8-bde2-d88bfd5ab520 => generated 923 bytes in 142 msecs (HTTP/1.1 200) 7 headers in 286 bytes (1 switches on core 0)
Jul 30 09:34:03.768858 np0000006110 devstack@c-api.service[96991]: DEBUG cinder.api.middleware.request_id [None req-b57ba889-9514-4a31-a751-9e4e5b259df0 None None] RequestId filter calling following filter/app {{(pid=96991) _context_setter /opt/stack/cinder/cinder/api/middleware/request_id.py:62}}
Jul 30 09:34:03.772423 np0000006110 devstack@c-api.service[96991]: INFO cinder.api.openstack.wsgi [None req-b57ba889-9514-4a31-a751-9e4e5b259df0 tempest-GroupsV314Test-444804248 tempest-GroupsV314Test-444804248-project-member] GET https://10.4.3.168/volume/v3/groups/9325aa38-92d7-4cad-abaa-15619783e2c0
Jul 30 09:34:03.772982 np0000006110 devstack@c-api.service[96991]: DEBUG cinder.api.openstack.wsgi [None req-b57ba889-9514-4a31-a751-9e4e5b259df0 tempest-GroupsV314Test-444804248 tempest-GroupsV314Test-444804248-project-member] Empty body provided in request {{(pid=96991) get_body /opt/stack/cinder/cinder/api/openstack/wsgi.py:725}}
Jul 30 09:34:03.773673 np0000006110 devstack@c-api.service[96991]: DEBUG cinder.api.openstack.wsgi [None req-b57ba889-9514-4a31-a751-9e4e5b259df0 tempest-GroupsV314Test-444804248 tempest-GroupsV314Test-444804248-project-member] Calling method 'version_select' {{(pid=96991) _process_stack /opt/stack/cinder/cinder/api/openstack/wsgi.py:878}}
Jul 30 09:34:03.774039 np0000006110 devstack@c-api.service[96991]: DEBUG cinder.api.v3.groups [None req-b57ba889-9514-4a31-a751-9e4e5b259df0 tempest-GroupsV314Test-444804248 tempest-GroupsV314Test-444804248-project-member] show called for member 9325aa38-92d7-4cad-abaa-15619783e2c0 {{(pid=96991) show /opt/stack/cinder/cinder/api/v3/groups.py:58}}
Jul 30 09:34:03.780194 np0000006110 devstack@c-api.service[96991]: /opt/stack/data/venv/lib/python3.12/site-packages/oslo_context/context.py:102: DeprecationWarning: Policy enforcement is depending on the value of is_admin. This key is deprecated. Please update your policy file to use the standard policy values.
Jul 30 09:34:03.780194 np0000006110 devstack@c-api.service[96991]: warnings.warn(
Jul 30 09:34:03.801366 np0000006110 devstack@c-api.service[96991]: INFO cinder.api.openstack.wsgi [None req-b57ba889-9514-4a31-a751-9e4e5b259df0 tempest-GroupsV314Test-444804248 tempest-GroupsV314Test-444804248-project-member] https://10.4.3.168/volume/v3/groups/9325aa38-92d7-4cad-abaa-15619783e2c0 returned with HTTP 200
Jul 30 09:34:03.802862 np0000006110 devstack@c-api.service[96991]: [pid: 96991|app: 0|req: 108/324] 10.4.3.168 () {68 vars in 1386 bytes} [Thu Jul 30 09:34:03 2026] GET /volume/v3/groups/9325aa38-92d7-4cad-abaa-15619783e2c0 => generated 417 bytes in 35 msecs (HTTP/1.1 200) 7 headers in 286 bytes (1 switches on core 0)
Jul 30 09:34:03.822862 np0000006110 devstack@c-api.service[96990]: DEBUG cinder.api.middleware.request_id [None req-30386cbe-143f-4e07-90e1-18674e2cda09 None None] RequestId filter calling following filter/app {{(pid=96990) _context_setter /opt/stack/cinder/cinder/api/middleware/request_id.py:62}}
Jul 30 09:34:03.825141 np0000006110 devstack@c-api.service[96990]: INFO cinder.api.openstack.wsgi [None req-30386cbe-143f-4e07-90e1-18674e2cda09 tempest-GroupsV314Test-444804248 tempest-GroupsV314Test-444804248-project-member] GET https://10.4.3.168/volume/v3/volumes/detail
Jul 30 09:34:03.825435 np0000006110 devstack@c-api.service[96990]: DEBUG cinder.api.openstack.wsgi [None req-30386cbe-143f-4e07-90e1-18674e2cda09 tempest-GroupsV314Test-444804248 tempest-GroupsV314Test-444804248-project-member] Empty body provided in request {{(pid=96990) get_body /opt/stack/cinder/cinder/api/openstack/wsgi.py:725}}
Jul 30 09:34:03.826412 np0000006110 devstack@c-api.service[96990]: DEBUG cinder.api.openstack.wsgi [None req-30386cbe-143f-4e07-90e1-18674e2cda09 tempest-GroupsV314Test-444804248 tempest-GroupsV314Test-444804248-project-member] Calling method 'detail' {{(pid=96990) _process_stack /opt/stack/cinder/cinder/api/openstack/wsgi.py:878}}
Jul 30 09:34:03.826412 np0000006110 devstack@c-api.service[96990]: DEBUG cinder.api.api_utils [None req-30386cbe-143f-4e07-90e1-18674e2cda09 tempest-GroupsV314Test-444804248 tempest-GroupsV314Test-444804248-project-member] Removing options '' from query. {{(pid=96990) remove_invalid_filter_options /opt/stack/cinder/cinder/api/api_utils.py:82}}
Jul 30 09:34:03.827366 np0000006110 devstack@c-api.service[96990]: DEBUG cinder.volume.api [None req-30386cbe-143f-4e07-90e1-18674e2cda09 tempest-GroupsV314Test-444804248 tempest-GroupsV314Test-444804248-project-member] Searching by: MultiDict([('no_migration_targets', True)]). {{(pid=96990) get_all /opt/stack/cinder/cinder/volume/api.py:664}}
Jul 30 09:34:03.838095 np0000006110 devstack@c-api.service[96990]: INFO cinder.volume.api [None req-30386cbe-143f-4e07-90e1-18674e2cda09 tempest-GroupsV314Test-444804248 tempest-GroupsV314Test-444804248-project-member] Get all volumes completed successfully.
Jul 30 09:34:03.838661 np0000006110 devstack@c-api.service[96990]: WARNING stevedore.named [None req-30386cbe-143f-4e07-90e1-18674e2cda09 tempest-GroupsV314Test-444804248 tempest-GroupsV314Test-444804248-project-member] Could not load cinder.keymgr.conf_key_mgr.ConfKeyManager
Jul 30 09:34:03.838871 np0000006110 devstack@c-api.service[96990]: WARNING castellan.key_manager [None req-30386cbe-143f-4e07-90e1-18674e2cda09 tempest-GroupsV314Test-444804248 tempest-GroupsV314Test-444804248-project-member] Deprecation Warning : cinder.keymgr.conf_key_mgr.ConfKeyManager is not a stevedore based driver, trying to load it as a class: stevedore.exception.NoMatches: No 'castellan.drivers' driver found, looking for 'cinder.keymgr.conf_key_mgr.ConfKeyManager'
Jul 30 09:34:03.896655 np0000006110 devstack@c-api.service[96992]: DEBUG cinder.api.middleware.request_id [req-174e101c-8ac5-45ed-9554-f7ae1f8ecfb8 req-909278aa-88c6-4d00-9996-5bef976a2d0a None None] RequestId filter calling following filter/app {{(pid=96992) _context_setter /opt/stack/cinder/cinder/api/middleware/request_id.py:62}}
Jul 30 09:34:03.900352 np0000006110 devstack@c-api.service[96990]: DEBUG oslo_db.sqlalchemy.engines [None req-30386cbe-143f-4e07-90e1-18674e2cda09 tempest-GroupsV314Test-444804248 tempest-GroupsV314Test-444804248-project-member] MySQL server mode set to STRICT_TRANS_TABLES,STRICT_ALL_TABLES,NO_ZERO_IN_DATE,NO_ZERO_DATE,ERROR_FOR_DIVISION_BY_ZERO,TRADITIONAL,NO_ENGINE_SUBSTITUTION {{(pid=96990) _check_effective_sql_mode /opt/stack/data/venv/lib/python3.12/site-packages/oslo_db/sqlalchemy/engines.py:325}}
Jul 30 09:34:03.906211 np0000006110 devstack@c-api.service[96992]: INFO cinder.api.openstack.wsgi [req-174e101c-8ac5-45ed-9554-f7ae1f8ecfb8 req-909278aa-88c6-4d00-9996-5bef976a2d0a tempest-AttachVolumeTestJSON-322635058 tempest-AttachVolumeTestJSON-322635058-project-member] GET https://10.4.3.168/volume/v3/volumes/21ea0c86-bfa2-4884-965c-7f216ee3e954
Jul 30 09:34:03.907098 np0000006110 devstack@c-api.service[96992]: DEBUG cinder.api.openstack.wsgi [req-174e101c-8ac5-45ed-9554-f7ae1f8ecfb8 req-909278aa-88c6-4d00-9996-5bef976a2d0a tempest-AttachVolumeTestJSON-322635058 tempest-AttachVolumeTestJSON-322635058-project-member] Empty body provided in request {{(pid=96992) get_body /opt/stack/cinder/cinder/api/openstack/wsgi.py:725}}
Jul 30 09:34:03.907098 np0000006110 devstack@c-api.service[96992]: DEBUG cinder.api.openstack.wsgi [req-174e101c-8ac5-45ed-9554-f7ae1f8ecfb8 req-909278aa-88c6-4d00-9996-5bef976a2d0a tempest-AttachVolumeTestJSON-322635058 tempest-AttachVolumeTestJSON-322635058-project-member] Calling method 'show' {{(pid=96992) _process_stack /opt/stack/cinder/cinder/api/openstack/wsgi.py:878}}
Jul 30 09:34:03.909418 np0000006110 devstack@c-api.service[96990]: /opt/stack/data/venv/lib/python3.12/site-packages/oslo_context/context.py:102: DeprecationWarning: Policy enforcement is depending on the value of is_admin. This key is deprecated. Please update your policy file to use the standard policy values.
Jul 30 09:34:03.909418 np0000006110 devstack@c-api.service[96990]: warnings.warn(
Jul 30 09:34:03.917260 np0000006110 devstack@c-api.service[96990]: WARNING stevedore.named [None req-30386cbe-143f-4e07-90e1-18674e2cda09 tempest-GroupsV314Test-444804248 tempest-GroupsV314Test-444804248-project-member] Could not load cinder.keymgr.conf_key_mgr.ConfKeyManager
Jul 30 09:34:03.917992 np0000006110 devstack@c-api.service[96990]: WARNING castellan.key_manager [None req-30386cbe-143f-4e07-90e1-18674e2cda09 tempest-GroupsV314Test-444804248 tempest-GroupsV314Test-444804248-project-member] Deprecation Warning : cinder.keymgr.conf_key_mgr.ConfKeyManager is not a stevedore based driver, trying to load it as a class: stevedore.exception.NoMatches: No 'castellan.drivers' driver found, looking for 'cinder.keymgr.conf_key_mgr.ConfKeyManager'
Jul 30 09:34:03.929817 np0000006110 devstack@c-api.service[96992]: /opt/stack/data/venv/lib/python3.12/site-packages/oslo_context/context.py:102: DeprecationWarning: Policy enforcement is depending on the value of is_admin. This key is deprecated. Please update your policy file to use the standard policy values.
Jul 30 09:34:03.929817 np0000006110 devstack@c-api.service[96992]: warnings.warn(
Jul 30 09:34:03.943283 np0000006110 devstack@c-api.service[96992]: INFO cinder.volume.api [req-174e101c-8ac5-45ed-9554-f7ae1f8ecfb8 req-909278aa-88c6-4d00-9996-5bef976a2d0a tempest-AttachVolumeTestJSON-322635058 tempest-AttachVolumeTestJSON-322635058-project-member] Volume info retrieved successfully.
Jul 30 09:34:03.952015 np0000006110 devstack@c-api.service[96992]: INFO cinder.api.openstack.wsgi [req-174e101c-8ac5-45ed-9554-f7ae1f8ecfb8 req-909278aa-88c6-4d00-9996-5bef976a2d0a tempest-AttachVolumeTestJSON-322635058 tempest-AttachVolumeTestJSON-322635058-project-member] https://10.4.3.168/volume/v3/volumes/21ea0c86-bfa2-4884-965c-7f216ee3e954 returned with HTTP 200
Jul 30 09:34:03.952749 np0000006110 devstack@c-api.service[96992]: [pid: 96992|app: 0|req: 110/325] 10.4.3.168 () {68 vars in 1598 bytes} [Thu Jul 30 09:34:03 2026] GET /volume/v3/volumes/21ea0c86-bfa2-4884-965c-7f216ee3e954 => generated 1136 bytes in 59 msecs (HTTP/1.1 200) 7 headers in 286 bytes (1 switches on core 0)
Jul 30 09:34:03.990634 np0000006110 devstack@c-api.service[96990]: DEBUG oslo_db.sqlalchemy.engines [None req-30386cbe-143f-4e07-90e1-18674e2cda09 tempest-GroupsV314Test-444804248 tempest-GroupsV314Test-444804248-project-member] MySQL server mode set to STRICT_TRANS_TABLES,STRICT_ALL_TABLES,NO_ZERO_IN_DATE,NO_ZERO_DATE,ERROR_FOR_DIVISION_BY_ZERO,TRADITIONAL,NO_ENGINE_SUBSTITUTION {{(pid=96990) _check_effective_sql_mode /opt/stack/data/venv/lib/python3.12/site-packages/oslo_db/sqlalchemy/engines.py:325}}
Jul 30 09:34:03.999400 np0000006110 devstack@c-api.service[96990]: /opt/stack/data/venv/lib/python3.12/site-packages/oslo_context/context.py:102: DeprecationWarning: Policy enforcement is depending on the value of is_admin. This key is deprecated. Please update your policy file to use the standard policy values.
Jul 30 09:34:03.999400 np0000006110 devstack@c-api.service[96990]: warnings.warn(
Jul 30 09:34:04.020948 np0000006110 devstack@c-api.service[96990]: INFO cinder.api.openstack.wsgi [None req-30386cbe-143f-4e07-90e1-18674e2cda09 tempest-GroupsV314Test-444804248 tempest-GroupsV314Test-444804248-project-member] https://10.4.3.168/volume/v3/volumes/detail returned with HTTP 200
Jul 30 09:34:04.021441 np0000006110 devstack@c-api.service[96990]: [pid: 96990|app: 0|req: 108/326] 10.4.3.168 () {68 vars in 1299 bytes} [Thu Jul 30 09:34:03 2026] GET /volume/v3/volumes/detail => generated 1827 bytes in 199 msecs (HTTP/1.1 200) 7 headers in 287 bytes (1 switches on core 0)
Jul 30 09:34:04.031292 np0000006110 devstack@c-api.service[96991]: DEBUG cinder.api.middleware.request_id [req-174e101c-8ac5-45ed-9554-f7ae1f8ecfb8 req-1c0820c8-2cf7-4e6c-ac30-66ffc55340d0 None None] RequestId filter calling following filter/app {{(pid=96991) _context_setter /opt/stack/cinder/cinder/api/middleware/request_id.py:62}}
Jul 30 09:34:04.033927 np0000006110 devstack@c-api.service[96991]: INFO cinder.api.openstack.wsgi [req-174e101c-8ac5-45ed-9554-f7ae1f8ecfb8 req-1c0820c8-2cf7-4e6c-ac30-66ffc55340d0 tempest-AttachVolumeTestJSON-322635058 tempest-AttachVolumeTestJSON-322635058-project-member] POST https://10.4.3.168/volume/v3/volumes/21ea0c86-bfa2-4884-965c-7f216ee3e954/action
Jul 30 09:34:04.034436 np0000006110 devstack@c-api.service[96991]: DEBUG cinder.api.openstack.wsgi [req-174e101c-8ac5-45ed-9554-f7ae1f8ecfb8 req-1c0820c8-2cf7-4e6c-ac30-66ffc55340d0 tempest-AttachVolumeTestJSON-322635058 tempest-AttachVolumeTestJSON-322635058-project-member] Action body: b'{"os-begin_detaching": null}' {{(pid=96991) get_method /opt/stack/cinder/cinder/api/openstack/wsgi.py:993}}
Jul 30 09:34:04.034660 np0000006110 devstack@c-api.service[96991]: DEBUG cinder.api.openstack.wsgi [req-174e101c-8ac5-45ed-9554-f7ae1f8ecfb8 req-1c0820c8-2cf7-4e6c-ac30-66ffc55340d0 tempest-AttachVolumeTestJSON-322635058 tempest-AttachVolumeTestJSON-322635058-project-member] Action: 'action', calling method: _begin_detaching, body: {"os-begin_detaching": null} {{(pid=96991) _process_stack /opt/stack/cinder/cinder/api/openstack/wsgi.py:876}}
Jul 30 09:34:04.045677 np0000006110 devstack@c-api.service[96992]: DEBUG cinder.api.middleware.request_id [None req-8e895908-0291-4800-97df-1da024ee8341 None None] RequestId filter calling following filter/app {{(pid=96992) _context_setter /opt/stack/cinder/cinder/api/middleware/request_id.py:62}}
Jul 30 09:34:04.048129 np0000006110 devstack@c-api.service[96992]: INFO cinder.api.openstack.wsgi [None req-8e895908-0291-4800-97df-1da024ee8341 tempest-GroupsV314Test-444804248 tempest-GroupsV314Test-444804248-project-member] POST https://10.4.3.168/volume/v3/groups/9325aa38-92d7-4cad-abaa-15619783e2c0/action
Jul 30 09:34:04.048729 np0000006110 devstack@c-api.service[96992]: DEBUG cinder.api.openstack.wsgi [None req-8e895908-0291-4800-97df-1da024ee8341 tempest-GroupsV314Test-444804248 tempest-GroupsV314Test-444804248-project-member] Action body: b'{"delete": {"delete-volumes": true}}' {{(pid=96992) get_method /opt/stack/cinder/cinder/api/openstack/wsgi.py:993}}
Jul 30 09:34:04.049106 np0000006110 devstack@c-api.service[96992]: DEBUG cinder.api.openstack.wsgi [None req-8e895908-0291-4800-97df-1da024ee8341 tempest-GroupsV314Test-444804248 tempest-GroupsV314Test-444804248-project-member] Action: 'action', calling method: delete_group, body: {"delete": {"delete-volumes": true}} {{(pid=96992) _process_stack /opt/stack/cinder/cinder/api/openstack/wsgi.py:876}}
Jul 30 09:34:04.050874 np0000006110 devstack@c-api.service[96992]: DEBUG cinder.api.v3.groups [None req-8e895908-0291-4800-97df-1da024ee8341 tempest-GroupsV314Test-444804248 tempest-GroupsV314Test-444804248-project-member] delete called for group 9325aa38-92d7-4cad-abaa-15619783e2c0 {{(pid=96992) _delete /opt/stack/cinder/cinder/api/v3/groups.py:117}}
Jul 30 09:34:04.051012 np0000006110 devstack@c-api.service[96992]: INFO cinder.api.v3.groups [None req-8e895908-0291-4800-97df-1da024ee8341 tempest-GroupsV314Test-444804248 tempest-GroupsV314Test-444804248-project-member] Delete group with id: 9325aa38-92d7-4cad-abaa-15619783e2c0
Jul 30 09:34:04.054580 np0000006110 devstack@c-api.service[96991]: /opt/stack/data/venv/lib/python3.12/site-packages/oslo_context/context.py:102: DeprecationWarning: Policy enforcement is depending on the value of is_admin. This key is deprecated. Please update your policy file to use the standard policy values.
Jul 30 09:34:04.054580 np0000006110 devstack@c-api.service[96991]: warnings.warn(
Jul 30 09:34:04.055551 np0000006110 devstack@c-api.service[96991]: INFO cinder.volume.api [req-174e101c-8ac5-45ed-9554-f7ae1f8ecfb8 req-1c0820c8-2cf7-4e6c-ac30-66ffc55340d0 tempest-AttachVolumeTestJSON-322635058 tempest-AttachVolumeTestJSON-322635058-project-member] Volume info retrieved successfully.
Jul 30 09:34:04.056792 np0000006110 devstack@c-api.service[96992]: /opt/stack/data/venv/lib/python3.12/site-packages/oslo_context/context.py:102: DeprecationWarning: Policy enforcement is depending on the value of is_admin. This key is deprecated. Please update your policy file to use the standard policy values.
Jul 30 09:34:04.056792 np0000006110 devstack@c-api.service[96992]: warnings.warn(
Jul 30 09:34:04.084479 np0000006110 devstack@c-api.service[96991]: INFO cinder.volume.api [req-174e101c-8ac5-45ed-9554-f7ae1f8ecfb8 req-1c0820c8-2cf7-4e6c-ac30-66ffc55340d0 tempest-AttachVolumeTestJSON-322635058 tempest-AttachVolumeTestJSON-322635058-project-member] Begin detaching volume completed successfully.
Jul 30 09:34:04.084730 np0000006110 devstack@c-api.service[96991]: INFO cinder.api.openstack.wsgi [req-174e101c-8ac5-45ed-9554-f7ae1f8ecfb8 req-1c0820c8-2cf7-4e6c-ac30-66ffc55340d0 tempest-AttachVolumeTestJSON-322635058 tempest-AttachVolumeTestJSON-322635058-project-member] https://10.4.3.168/volume/v3/volumes/21ea0c86-bfa2-4884-965c-7f216ee3e954/action returned with HTTP 202
Jul 30 09:34:04.085334 np0000006110 devstack@c-api.service[96991]: [pid: 96991|app: 0|req: 109/327] 10.4.3.168 () {72 vars in 1672 bytes} [Thu Jul 30 09:34:04 2026] POST /volume/v3/volumes/21ea0c86-bfa2-4884-965c-7f216ee3e954/action => generated 0 bytes in 55 msecs (HTTP/1.1 202) 7 headers in 289 bytes (1 switches on core 0)
Jul 30 09:34:04.122515 np0000006110 devstack@c-api.service[96992]: INFO cinder.api.openstack.wsgi [None req-8e895908-0291-4800-97df-1da024ee8341 tempest-GroupsV314Test-444804248 tempest-GroupsV314Test-444804248-project-member] https://10.4.3.168/volume/v3/groups/9325aa38-92d7-4cad-abaa-15619783e2c0/action returned with HTTP 202
Jul 30 09:34:04.123870 np0000006110 devstack@c-api.service[96992]: [pid: 96992|app: 0|req: 111/328] 10.4.3.168 () {70 vars in 1428 bytes} [Thu Jul 30 09:34:04 2026] POST /volume/v3/groups/9325aa38-92d7-4cad-abaa-15619783e2c0/action => generated 0 bytes in 79 msecs (HTTP/1.1 202) 6 headers in 234 bytes (2 switches on core 0)
Jul 30 09:34:04.125100 np0000006110 devstack@c-api.service[96990]: DEBUG cinder.api.middleware.request_id [None req-844f568f-aeba-4cc1-a77e-7d41301a6dec None None] RequestId filter calling following filter/app {{(pid=96990) _context_setter /opt/stack/cinder/cinder/api/middleware/request_id.py:62}}
Jul 30 09:34:04.131903 np0000006110 devstack@c-api.service[96990]: INFO cinder.api.openstack.wsgi [None req-844f568f-aeba-4cc1-a77e-7d41301a6dec tempest-AttachVolumeTestJSON-322635058 tempest-AttachVolumeTestJSON-322635058-project-member] GET https://10.4.3.168/volume/v3/volumes/21ea0c86-bfa2-4884-965c-7f216ee3e954
Jul 30 09:34:04.131903 np0000006110 devstack@c-api.service[96990]: DEBUG cinder.api.openstack.wsgi [None req-844f568f-aeba-4cc1-a77e-7d41301a6dec tempest-AttachVolumeTestJSON-322635058 tempest-AttachVolumeTestJSON-322635058-project-member] Empty body provided in request {{(pid=96990) get_body /opt/stack/cinder/cinder/api/openstack/wsgi.py:725}}
Jul 30 09:34:04.135875 np0000006110 devstack@c-api.service[96991]: DEBUG cinder.api.middleware.request_id [None req-14fa3c28-47fd-4020-b3ab-b19e1eaf877e None None] RequestId filter calling following filter/app {{(pid=96991) _context_setter /opt/stack/cinder/cinder/api/middleware/request_id.py:62}}
Jul 30 09:34:04.135985 np0000006110 devstack@c-api.service[96990]: DEBUG cinder.api.openstack.wsgi [None req-844f568f-aeba-4cc1-a77e-7d41301a6dec tempest-AttachVolumeTestJSON-322635058 tempest-AttachVolumeTestJSON-322635058-project-member] Calling method 'show' {{(pid=96990) _process_stack /opt/stack/cinder/cinder/api/openstack/wsgi.py:878}}
Jul 30 09:34:04.139857 np0000006110 devstack@c-api.service[96991]: INFO cinder.api.openstack.wsgi [None req-14fa3c28-47fd-4020-b3ab-b19e1eaf877e tempest-GroupsV314Test-444804248 tempest-GroupsV314Test-444804248-project-member] GET https://10.4.3.168/volume/v3/volumes/1a868e1e-b35b-40c8-bde2-d88bfd5ab520
Jul 30 09:34:04.140059 np0000006110 devstack@c-api.service[96991]: DEBUG cinder.api.openstack.wsgi [None req-14fa3c28-47fd-4020-b3ab-b19e1eaf877e tempest-GroupsV314Test-444804248 tempest-GroupsV314Test-444804248-project-member] Empty body provided in request {{(pid=96991) get_body /opt/stack/cinder/cinder/api/openstack/wsgi.py:725}}
Jul 30 09:34:04.140236 np0000006110 devstack@c-api.service[96991]: DEBUG cinder.api.openstack.wsgi [None req-14fa3c28-47fd-4020-b3ab-b19e1eaf877e tempest-GroupsV314Test-444804248 tempest-GroupsV314Test-444804248-project-member] Calling method 'show' {{(pid=96991) _process_stack /opt/stack/cinder/cinder/api/openstack/wsgi.py:878}}
Jul 30 09:34:04.150317 np0000006110 devstack@c-api.service[96991]: /opt/stack/data/venv/lib/python3.12/site-packages/oslo_context/context.py:102: DeprecationWarning: Policy enforcement is depending on the value of is_admin. This key is deprecated. Please update your policy file to use the standard policy values.
Jul 30 09:34:04.150317 np0000006110 devstack@c-api.service[96991]: warnings.warn(
Jul 30 09:34:04.155710 np0000006110 devstack@c-api.service[96991]: INFO cinder.volume.api [None req-14fa3c28-47fd-4020-b3ab-b19e1eaf877e tempest-GroupsV314Test-444804248 tempest-GroupsV314Test-444804248-project-member] Volume info retrieved successfully.
Jul 30 09:34:04.157631 np0000006110 devstack@c-api.service[96991]: WARNING stevedore.named [None req-14fa3c28-47fd-4020-b3ab-b19e1eaf877e tempest-GroupsV314Test-444804248 tempest-GroupsV314Test-444804248-project-member] Could not load cinder.keymgr.conf_key_mgr.ConfKeyManager
Jul 30 09:34:04.157631 np0000006110 devstack@c-api.service[96991]: WARNING castellan.key_manager [None req-14fa3c28-47fd-4020-b3ab-b19e1eaf877e tempest-GroupsV314Test-444804248 tempest-GroupsV314Test-444804248-project-member] Deprecation Warning : cinder.keymgr.conf_key_mgr.ConfKeyManager is not a stevedore based driver, trying to load it as a class: stevedore.exception.NoMatches: No 'castellan.drivers' driver found, looking for 'cinder.keymgr.conf_key_mgr.ConfKeyManager'
Jul 30 09:34:04.184463 np0000006110 devstack@c-api.service[96990]: /opt/stack/data/venv/lib/python3.12/site-packages/oslo_context/context.py:102: DeprecationWarning: Policy enforcement is depending on the value of is_admin. This key is deprecated. Please update your policy file to use the standard policy values.
Jul 30 09:34:04.184463 np0000006110 devstack@c-api.service[96990]: warnings.warn(
Jul 30 09:34:04.219429 np0000006110 devstack@c-api.service[96990]: INFO cinder.volume.api [None req-844f568f-aeba-4cc1-a77e-7d41301a6dec tempest-AttachVolumeTestJSON-322635058 tempest-AttachVolumeTestJSON-322635058-project-member] Volume info retrieved successfully.
Jul 30 09:34:04.222965 np0000006110 devstack@c-api.service[96992]: DEBUG cinder.api.middleware.request_id [None req-2c1cdd63-971f-4c0f-a91e-8ec687e23a1c None None] RequestId filter calling following filter/app {{(pid=96992) _context_setter /opt/stack/cinder/cinder/api/middleware/request_id.py:62}}
Jul 30 09:34:04.223572 np0000006110 devstack@c-api.service[96992]: INFO cinder.api.openstack.wsgi [None req-2c1cdd63-971f-4c0f-a91e-8ec687e23a1c None None] GET https://10.4.3.168/volume//
Jul 30 09:34:04.223851 np0000006110 devstack@c-api.service[96992]: DEBUG cinder.api.openstack.wsgi [None req-2c1cdd63-971f-4c0f-a91e-8ec687e23a1c None None] Empty body provided in request {{(pid=96992) get_body /opt/stack/cinder/cinder/api/openstack/wsgi.py:725}}
Jul 30 09:34:04.224145 np0000006110 devstack@c-api.service[96992]: DEBUG cinder.api.openstack.wsgi [None req-2c1cdd63-971f-4c0f-a91e-8ec687e23a1c None None] Calling method 'all' {{(pid=96992) _process_stack /opt/stack/cinder/cinder/api/openstack/wsgi.py:878}}
Jul 30 09:34:04.225419 np0000006110 devstack@c-api.service[96992]: INFO cinder.api.openstack.wsgi [None req-2c1cdd63-971f-4c0f-a91e-8ec687e23a1c None None] https://10.4.3.168/volume// returned with HTTP 300
Jul 30 09:34:04.225744 np0000006110 devstack@c-api.service[96992]: [pid: 96992|app: 0|req: 112/329] 10.4.3.168 () {66 vars in 1426 bytes} [Thu Jul 30 09:34:04 2026] GET /volume/ => generated 386 bytes in 3 msecs (HTTP/1.1 300) 7 headers in 299 bytes (1 switches on core 0)
Jul 30 09:34:04.229747 np0000006110 devstack@c-api.service[96990]: INFO cinder.api.openstack.wsgi [None req-844f568f-aeba-4cc1-a77e-7d41301a6dec tempest-AttachVolumeTestJSON-322635058 tempest-AttachVolumeTestJSON-322635058-project-member] https://10.4.3.168/volume/v3/volumes/21ea0c86-bfa2-4884-965c-7f216ee3e954 returned with HTTP 200
Jul 30 09:34:04.230423 np0000006110 devstack@c-api.service[96990]: [pid: 96990|app: 0|req: 109/330] 10.4.3.168 () {66 vars in 1348 bytes} [Thu Jul 30 09:34:04 2026] GET /volume/v3/volumes/21ea0c86-bfa2-4884-965c-7f216ee3e954 => generated 1139 bytes in 109 msecs (HTTP/1.1 200) 7 headers in 286 bytes (1 switches on core 0)
Jul 30 09:34:04.231556 np0000006110 devstack@c-api.service[96991]: DEBUG oslo_db.sqlalchemy.engines [None req-14fa3c28-47fd-4020-b3ab-b19e1eaf877e tempest-GroupsV314Test-444804248 tempest-GroupsV314Test-444804248-project-member] MySQL server mode set to STRICT_TRANS_TABLES,STRICT_ALL_TABLES,NO_ZERO_IN_DATE,NO_ZERO_DATE,ERROR_FOR_DIVISION_BY_ZERO,TRADITIONAL,NO_ENGINE_SUBSTITUTION {{(pid=96991) _check_effective_sql_mode /opt/stack/data/venv/lib/python3.12/site-packages/oslo_db/sqlalchemy/engines.py:325}}
Jul 30 09:34:04.236569 np0000006110 devstack@c-api.service[96991]: /opt/stack/data/venv/lib/python3.12/site-packages/oslo_context/context.py:102: DeprecationWarning: Policy enforcement is depending on the value of is_admin. This key is deprecated. Please update your policy file to use the standard policy values.
Jul 30 09:34:04.236569 np0000006110 devstack@c-api.service[96991]: warnings.warn(
Jul 30 09:34:04.244946 np0000006110 devstack@c-api.service[96992]: DEBUG cinder.api.middleware.request_id [req-174e101c-8ac5-45ed-9554-f7ae1f8ecfb8 req-b16e74f5-418e-40d3-a4e6-9743761896de None None] RequestId filter calling following filter/app {{(pid=96992) _context_setter /opt/stack/cinder/cinder/api/middleware/request_id.py:62}}
Jul 30 09:34:04.250409 np0000006110 devstack@c-api.service[96992]: INFO cinder.api.openstack.wsgi [req-174e101c-8ac5-45ed-9554-f7ae1f8ecfb8 req-b16e74f5-418e-40d3-a4e6-9743761896de tempest-AttachVolumeTestJSON-322635058 tempest-AttachVolumeTestJSON-322635058-project-member] GET https://10.4.3.168/volume/v3/volumes/21ea0c86-bfa2-4884-965c-7f216ee3e954
Jul 30 09:34:04.250966 np0000006110 devstack@c-api.service[96992]: DEBUG cinder.api.openstack.wsgi [req-174e101c-8ac5-45ed-9554-f7ae1f8ecfb8 req-b16e74f5-418e-40d3-a4e6-9743761896de tempest-AttachVolumeTestJSON-322635058 tempest-AttachVolumeTestJSON-322635058-project-member] Empty body provided in request {{(pid=96992) get_body /opt/stack/cinder/cinder/api/openstack/wsgi.py:725}}
Jul 30 09:34:04.251732 np0000006110 devstack@c-api.service[96992]: DEBUG cinder.api.openstack.wsgi [req-174e101c-8ac5-45ed-9554-f7ae1f8ecfb8 req-b16e74f5-418e-40d3-a4e6-9743761896de tempest-AttachVolumeTestJSON-322635058 tempest-AttachVolumeTestJSON-322635058-project-member] Calling method 'show' {{(pid=96992) _process_stack /opt/stack/cinder/cinder/api/openstack/wsgi.py:878}}
Jul 30 09:34:04.264562 np0000006110 devstack@c-api.service[96991]: INFO cinder.api.openstack.wsgi [None req-14fa3c28-47fd-4020-b3ab-b19e1eaf877e tempest-GroupsV314Test-444804248 tempest-GroupsV314Test-444804248-project-member] https://10.4.3.168/volume/v3/volumes/1a868e1e-b35b-40c8-bde2-d88bfd5ab520 returned with HTTP 200
Jul 30 09:34:04.265018 np0000006110 devstack@c-api.service[96991]: [pid: 96991|app: 0|req: 110/331] 10.4.3.168 () {68 vars in 1389 bytes} [Thu Jul 30 09:34:04 2026] GET /volume/v3/volumes/1a868e1e-b35b-40c8-bde2-d88bfd5ab520 => generated 922 bytes in 130 msecs (HTTP/1.1 200) 7 headers in 286 bytes (1 switches on core 0)
Jul 30 09:34:04.289530 np0000006110 devstack@c-api.service[96992]: /opt/stack/data/venv/lib/python3.12/site-packages/oslo_context/context.py:102: DeprecationWarning: Policy enforcement is depending on the value of is_admin. This key is deprecated. Please update your policy file to use the standard policy values.
Jul 30 09:34:04.289530 np0000006110 devstack@c-api.service[96992]: warnings.warn(
Jul 30 09:34:04.294726 np0000006110 devstack@c-api.service[96992]: INFO cinder.volume.api [req-174e101c-8ac5-45ed-9554-f7ae1f8ecfb8 req-b16e74f5-418e-40d3-a4e6-9743761896de tempest-AttachVolumeTestJSON-322635058 tempest-AttachVolumeTestJSON-322635058-project-member] Volume info retrieved successfully.
Jul 30 09:34:04.306007 np0000006110 devstack@c-api.service[96992]: INFO cinder.api.openstack.wsgi [req-174e101c-8ac5-45ed-9554-f7ae1f8ecfb8 req-b16e74f5-418e-40d3-a4e6-9743761896de tempest-AttachVolumeTestJSON-322635058 tempest-AttachVolumeTestJSON-322635058-project-member] https://10.4.3.168/volume/v3/volumes/21ea0c86-bfa2-4884-965c-7f216ee3e954 returned with HTTP 200
Jul 30 09:34:04.309043 np0000006110 devstack@c-api.service[96992]: [pid: 96992|app: 0|req: 113/332] 10.4.3.168 () {70 vars in 1639 bytes} [Thu Jul 30 09:34:04 2026] GET /volume/v3/volumes/21ea0c86-bfa2-4884-965c-7f216ee3e954 => generated 1320 bytes in 64 msecs (HTTP/1.1 200) 7 headers in 287 bytes (1 switches on core 0)
Jul 30 09:34:05.221321 np0000006110 devstack@c-api.service[96990]: DEBUG cinder.api.middleware.request_id [req-174e101c-8ac5-45ed-9554-f7ae1f8ecfb8 req-cd446133-040f-4ac6-9ce7-a0a565372ffb None None] RequestId filter calling following filter/app {{(pid=96990) _context_setter /opt/stack/cinder/cinder/api/middleware/request_id.py:62}}
Jul 30 09:34:05.223928 np0000006110 devstack@c-api.service[96990]: INFO cinder.api.openstack.wsgi [req-174e101c-8ac5-45ed-9554-f7ae1f8ecfb8 req-cd446133-040f-4ac6-9ce7-a0a565372ffb tempest-AttachVolumeTestJSON-322635058 tempest-AttachVolumeTestJSON-322635058-project-member] DELETE https://10.4.3.168/volume/v3/attachments/297dd9f5-85c9-4bb5-9180-357c30b34435
Jul 30 09:34:05.224570 np0000006110 devstack@c-api.service[96990]: DEBUG cinder.api.openstack.wsgi [req-174e101c-8ac5-45ed-9554-f7ae1f8ecfb8 req-cd446133-040f-4ac6-9ce7-a0a565372ffb tempest-AttachVolumeTestJSON-322635058 tempest-AttachVolumeTestJSON-322635058-project-member] Empty body provided in request {{(pid=96990) get_body /opt/stack/cinder/cinder/api/openstack/wsgi.py:725}}
Jul 30 09:34:05.224570 np0000006110 devstack@c-api.service[96990]: DEBUG cinder.api.openstack.wsgi [req-174e101c-8ac5-45ed-9554-f7ae1f8ecfb8 req-cd446133-040f-4ac6-9ce7-a0a565372ffb tempest-AttachVolumeTestJSON-322635058 tempest-AttachVolumeTestJSON-322635058-project-member] Calling method 'version_select' {{(pid=96990) _process_stack /opt/stack/cinder/cinder/api/openstack/wsgi.py:878}}
Jul 30 09:34:05.234791 np0000006110 devstack@c-api.service[96990]: /opt/stack/data/venv/lib/python3.12/site-packages/oslo_context/context.py:102: DeprecationWarning: Policy enforcement is depending on the value of is_admin. This key is deprecated. Please update your policy file to use the standard policy values.
Jul 30 09:34:05.234791 np0000006110 devstack@c-api.service[96990]: warnings.warn(
Jul 30 09:34:05.248488 np0000006110 devstack@c-api.service[96991]: DEBUG cinder.api.middleware.request_id [None req-1a4f6f9c-d750-4347-a4bc-7b4dd73abaaa None None] RequestId filter calling following filter/app {{(pid=96991) _context_setter /opt/stack/cinder/cinder/api/middleware/request_id.py:62}}
Jul 30 09:34:05.250361 np0000006110 devstack@c-api.service[96991]: INFO cinder.api.openstack.wsgi [None req-1a4f6f9c-d750-4347-a4bc-7b4dd73abaaa tempest-AttachVolumeTestJSON-322635058 tempest-AttachVolumeTestJSON-322635058-project-member] GET https://10.4.3.168/volume/v3/volumes/21ea0c86-bfa2-4884-965c-7f216ee3e954
Jul 30 09:34:05.250657 np0000006110 devstack@c-api.service[96991]: DEBUG cinder.api.openstack.wsgi [None req-1a4f6f9c-d750-4347-a4bc-7b4dd73abaaa tempest-AttachVolumeTestJSON-322635058 tempest-AttachVolumeTestJSON-322635058-project-member] Empty body provided in request {{(pid=96991) get_body /opt/stack/cinder/cinder/api/openstack/wsgi.py:725}}
