Jul 30 09:29:04.609596 np0000006110 nova-scheduler[93408]: DEBUG cotyledon.oslo_config_glue [-] oslo_messaging_rabbit.rabbit_qos_prefetch_count = 0 {{(pid=93408) log_opt_values /opt/stack/data/venv/lib/python3.12/site-packages/oslo_config/cfg.py:3253}}
Jul 30 09:29:04.609669 np0000006110 nova-scheduler[93408]: DEBUG cotyledon.oslo_config_glue [-] oslo_messaging_rabbit.rabbit_quorum_delivery_limit = 0 {{(pid=93408) log_opt_values /opt/stack/data/venv/lib/python3.12/site-packages/oslo_config/cfg.py:3253}}
Jul 30 09:29:04.609743 np0000006110 nova-scheduler[93408]: DEBUG cotyledon.oslo_config_glue [-] oslo_messaging_rabbit.rabbit_quorum_max_memory_bytes = 0 {{(pid=93408) log_opt_values /opt/stack/data/venv/lib/python3.12/site-packages/oslo_config/cfg.py:3253}}
Jul 30 09:29:04.609826 np0000006110 nova-scheduler[93408]: DEBUG cotyledon.oslo_config_glue [-] oslo_messaging_rabbit.rabbit_quorum_max_memory_length = 0 {{(pid=93408) log_opt_values /opt/stack/data/venv/lib/python3.12/site-packages/oslo_config/cfg.py:3253}}
Jul 30 09:29:04.609899 np0000006110 nova-scheduler[93408]: DEBUG cotyledon.oslo_config_glue [-] oslo_messaging_rabbit.rabbit_quorum_queue = False {{(pid=93408) log_opt_values /opt/stack/data/venv/lib/python3.12/site-packages/oslo_config/cfg.py:3253}}
Jul 30 09:29:04.609976 np0000006110 nova-scheduler[93408]: DEBUG cotyledon.oslo_config_glue [-] oslo_messaging_rabbit.rabbit_retry_backoff = 2 {{(pid=93408) log_opt_values /opt/stack/data/venv/lib/python3.12/site-packages/oslo_config/cfg.py:3253}}
Jul 30 09:29:04.610047 np0000006110 nova-scheduler[93408]: DEBUG cotyledon.oslo_config_glue [-] oslo_messaging_rabbit.rabbit_retry_interval = 1 {{(pid=93408) log_opt_values /opt/stack/data/venv/lib/python3.12/site-packages/oslo_config/cfg.py:3253}}
Jul 30 09:29:04.610122 np0000006110 nova-scheduler[93408]: DEBUG cotyledon.oslo_config_glue [-] oslo_messaging_rabbit.rabbit_stream_fanout = False {{(pid=93408) log_opt_values /opt/stack/data/venv/lib/python3.12/site-packages/oslo_config/cfg.py:3253}}
Jul 30 09:29:04.610195 np0000006110 nova-scheduler[93408]: DEBUG cotyledon.oslo_config_glue [-] oslo_messaging_rabbit.rabbit_transient_queues_ttl = 1800 {{(pid=93408) log_opt_values /opt/stack/data/venv/lib/python3.12/site-packages/oslo_config/cfg.py:3253}}
Jul 30 09:29:04.610267 np0000006110 nova-scheduler[93408]: DEBUG cotyledon.oslo_config_glue [-] oslo_messaging_rabbit.rabbit_transient_quorum_queue = False {{(pid=93408) log_opt_values /opt/stack/data/venv/lib/python3.12/site-packages/oslo_config/cfg.py:3253}}
Jul 30 09:29:04.610341 np0000006110 nova-scheduler[93408]: DEBUG cotyledon.oslo_config_glue [-] oslo_messaging_rabbit.rpc_conn_pool_size = 30 {{(pid=93408) log_opt_values /opt/stack/data/venv/lib/python3.12/site-packages/oslo_config/cfg.py:3253}}
Jul 30 09:29:04.610415 np0000006110 nova-scheduler[93408]: DEBUG cotyledon.oslo_config_glue [-] oslo_messaging_rabbit.ssl = False {{(pid=93408) log_opt_values /opt/stack/data/venv/lib/python3.12/site-packages/oslo_config/cfg.py:3253}}
Jul 30 09:29:04.610492 np0000006110 nova-scheduler[93408]: DEBUG cotyledon.oslo_config_glue [-] oslo_messaging_rabbit.ssl_ca_file = {{(pid=93408) log_opt_values /opt/stack/data/venv/lib/python3.12/site-packages/oslo_config/cfg.py:3253}}
Jul 30 09:29:04.610585 np0000006110 nova-scheduler[93408]: DEBUG cotyledon.oslo_config_glue [-] oslo_messaging_rabbit.ssl_cert_file = {{(pid=93408) log_opt_values /opt/stack/data/venv/lib/python3.12/site-packages/oslo_config/cfg.py:3253}}
Jul 30 09:29:04.610658 np0000006110 nova-scheduler[93408]: DEBUG cotyledon.oslo_config_glue [-] oslo_messaging_rabbit.ssl_enforce_fips_mode = False {{(pid=93408) log_opt_values /opt/stack/data/venv/lib/python3.12/site-packages/oslo_config/cfg.py:3253}}
Jul 30 09:29:04.610730 np0000006110 nova-scheduler[93408]: DEBUG cotyledon.oslo_config_glue [-] oslo_messaging_rabbit.ssl_enforce_hostname_verification = True {{(pid=93408) log_opt_values /opt/stack/data/venv/lib/python3.12/site-packages/oslo_config/cfg.py:3253}}
Jul 30 09:29:04.610809 np0000006110 nova-scheduler[93408]: DEBUG cotyledon.oslo_config_glue [-] oslo_messaging_rabbit.ssl_key_file = {{(pid=93408) log_opt_values /opt/stack/data/venv/lib/python3.12/site-packages/oslo_config/cfg.py:3253}}
Jul 30 09:29:04.610885 np0000006110 nova-scheduler[93408]: DEBUG cotyledon.oslo_config_glue [-] oslo_messaging_rabbit.ssl_version = {{(pid=93408) log_opt_values /opt/stack/data/venv/lib/python3.12/site-packages/oslo_config/cfg.py:3253}}
Jul 30 09:29:04.610958 np0000006110 nova-scheduler[93408]: DEBUG cotyledon.oslo_config_glue [-] oslo_messaging_rabbit.use_queue_manager = False {{(pid=93408) log_opt_values /opt/stack/data/venv/lib/python3.12/site-packages/oslo_config/cfg.py:3253}}
Jul 30 09:29:04.611046 np0000006110 nova-scheduler[93408]: DEBUG cotyledon.oslo_config_glue [-] oslo_messaging_notifications.driver = ['messagingv2'] {{(pid=93408) log_opt_values /opt/stack/data/venv/lib/python3.12/site-packages/oslo_config/cfg.py:3253}}
Jul 30 09:29:04.611111 np0000006110 nova-scheduler[93408]: DEBUG cotyledon.oslo_config_glue [-] oslo_messaging_notifications.retry = -1 {{(pid=93408) log_opt_values /opt/stack/data/venv/lib/python3.12/site-packages/oslo_config/cfg.py:3253}}
Jul 30 09:29:04.611173 np0000006110 nova-scheduler[93408]: DEBUG cotyledon.oslo_config_glue [-] oslo_messaging_notifications.topics = ['notifications'] {{(pid=93408) log_opt_values /opt/stack/data/venv/lib/python3.12/site-packages/oslo_config/cfg.py:3253}}
Jul 30 09:29:04.611244 np0000006110 nova-scheduler[93408]: DEBUG cotyledon.oslo_config_glue [-] oslo_messaging_notifications.transport_url = **** {{(pid=93408) log_opt_values /opt/stack/data/venv/lib/python3.12/site-packages/oslo_config/cfg.py:3253}}
Jul 30 09:29:04.611348 np0000006110 nova-scheduler[93408]: DEBUG cotyledon.oslo_config_glue [-] oslo_limit.auth_section = None {{(pid=93408) log_opt_values /opt/stack/data/venv/lib/python3.12/site-packages/oslo_config/cfg.py:3253}}
Jul 30 09:29:04.611423 np0000006110 nova-scheduler[93408]: DEBUG cotyledon.oslo_config_glue [-] oslo_limit.auth_type = None {{(pid=93408) log_opt_values /opt/stack/data/venv/lib/python3.12/site-packages/oslo_config/cfg.py:3253}}
Jul 30 09:29:04.611838 np0000006110 nova-scheduler[93408]: DEBUG cotyledon.oslo_config_glue [-] oslo_limit.cafile = None {{(pid=93408) log_opt_values /opt/stack/data/venv/lib/python3.12/site-packages/oslo_config/cfg.py:3253}}
Jul 30 09:29:04.611902 np0000006110 nova-scheduler[93408]: DEBUG cotyledon.oslo_config_glue [-] oslo_limit.certfile = None {{(pid=93408) log_opt_values /opt/stack/data/venv/lib/python3.12/site-packages/oslo_config/cfg.py:3253}}
Jul 30 09:29:04.611984 np0000006110 nova-scheduler[93408]: DEBUG cotyledon.oslo_config_glue [-] oslo_limit.collect_timing = False {{(pid=93408) log_opt_values /opt/stack/data/venv/lib/python3.12/site-packages/oslo_config/cfg.py:3253}}
Jul 30 09:29:04.612076 np0000006110 nova-scheduler[93408]: DEBUG cotyledon.oslo_config_glue [-] oslo_limit.connect_retries = None {{(pid=93408) log_opt_values /opt/stack/data/venv/lib/python3.12/site-packages/oslo_config/cfg.py:3253}}
Jul 30 09:29:04.612147 np0000006110 nova-scheduler[93408]: DEBUG cotyledon.oslo_config_glue [-] oslo_limit.connect_retry_delay = None {{(pid=93408) log_opt_values /opt/stack/data/venv/lib/python3.12/site-packages/oslo_config/cfg.py:3253}}
Jul 30 09:29:04.612241 np0000006110 nova-scheduler[93408]: DEBUG cotyledon.oslo_config_glue [-] oslo_limit.endpoint_id = None {{(pid=93408) log_opt_values /opt/stack/data/venv/lib/python3.12/site-packages/oslo_config/cfg.py:3253}}
Jul 30 09:29:04.612323 np0000006110 nova-scheduler[93408]: DEBUG cotyledon.oslo_config_glue [-] oslo_limit.endpoint_interface = public {{(pid=93408) log_opt_values /opt/stack/data/venv/lib/python3.12/site-packages/oslo_config/cfg.py:3253}}
Jul 30 09:29:04.612398 np0000006110 nova-scheduler[93408]: DEBUG cotyledon.oslo_config_glue [-] oslo_limit.endpoint_override = None {{(pid=93408) log_opt_values /opt/stack/data/venv/lib/python3.12/site-packages/oslo_config/cfg.py:3253}}
Jul 30 09:29:04.612473 np0000006110 nova-scheduler[93408]: DEBUG cotyledon.oslo_config_glue [-] oslo_limit.endpoint_region_name = None {{(pid=93408) log_opt_values /opt/stack/data/venv/lib/python3.12/site-packages/oslo_config/cfg.py:3253}}
Jul 30 09:29:04.612580 np0000006110 nova-scheduler[93408]: DEBUG cotyledon.oslo_config_glue [-] oslo_limit.endpoint_service_name = None {{(pid=93408) log_opt_values /opt/stack/data/venv/lib/python3.12/site-packages/oslo_config/cfg.py:3253}}
Jul 30 09:29:04.612660 np0000006110 nova-scheduler[93408]: DEBUG cotyledon.oslo_config_glue [-] oslo_limit.endpoint_service_type = None {{(pid=93408) log_opt_values /opt/stack/data/venv/lib/python3.12/site-packages/oslo_config/cfg.py:3253}}
Jul 30 09:29:04.612735 np0000006110 nova-scheduler[93408]: DEBUG cotyledon.oslo_config_glue [-] oslo_limit.insecure = False {{(pid=93408) log_opt_values /opt/stack/data/venv/lib/python3.12/site-packages/oslo_config/cfg.py:3253}}
Jul 30 09:29:04.612841 np0000006110 nova-scheduler[93408]: DEBUG cotyledon.oslo_config_glue [-] oslo_limit.keyfile = None {{(pid=93408) log_opt_values /opt/stack/data/venv/lib/python3.12/site-packages/oslo_config/cfg.py:3253}}
Jul 30 09:29:04.612902 np0000006110 nova-scheduler[93408]: DEBUG cotyledon.oslo_config_glue [-] oslo_limit.max_version = None {{(pid=93408) log_opt_values /opt/stack/data/venv/lib/python3.12/site-packages/oslo_config/cfg.py:3253}}
Jul 30 09:29:04.612977 np0000006110 nova-scheduler[93408]: DEBUG cotyledon.oslo_config_glue [-] oslo_limit.min_version = None {{(pid=93408) log_opt_values /opt/stack/data/venv/lib/python3.12/site-packages/oslo_config/cfg.py:3253}}
Jul 30 09:29:04.613052 np0000006110 nova-scheduler[93408]: DEBUG cotyledon.oslo_config_glue [-] oslo_limit.region_name = None {{(pid=93408) log_opt_values /opt/stack/data/venv/lib/python3.12/site-packages/oslo_config/cfg.py:3253}}
Jul 30 09:29:04.613125 np0000006110 nova-scheduler[93408]: DEBUG cotyledon.oslo_config_glue [-] oslo_limit.retriable_status_codes = None {{(pid=93408) log_opt_values /opt/stack/data/venv/lib/python3.12/site-packages/oslo_config/cfg.py:3253}}
Jul 30 09:29:04.613209 np0000006110 nova-scheduler[93408]: DEBUG cotyledon.oslo_config_glue [-] oslo_limit.service_name = None {{(pid=93408) log_opt_values /opt/stack/data/venv/lib/python3.12/site-packages/oslo_config/cfg.py:3253}}
Jul 30 09:29:04.613286 np0000006110 nova-scheduler[93408]: DEBUG cotyledon.oslo_config_glue [-] oslo_limit.service_type = None {{(pid=93408) log_opt_values /opt/stack/data/venv/lib/python3.12/site-packages/oslo_config/cfg.py:3253}}
Jul 30 09:29:04.613360 np0000006110 nova-scheduler[93408]: DEBUG cotyledon.oslo_config_glue [-] oslo_limit.split_loggers = False {{(pid=93408) log_opt_values /opt/stack/data/venv/lib/python3.12/site-packages/oslo_config/cfg.py:3253}}
Jul 30 09:29:04.613436 np0000006110 nova-scheduler[93408]: DEBUG cotyledon.oslo_config_glue [-] oslo_limit.status_code_retries = None {{(pid=93408) log_opt_values /opt/stack/data/venv/lib/python3.12/site-packages/oslo_config/cfg.py:3253}}
Jul 30 09:29:04.613527 np0000006110 nova-scheduler[93408]: DEBUG cotyledon.oslo_config_glue [-] oslo_limit.status_code_retry_delay = None {{(pid=93408) log_opt_values /opt/stack/data/venv/lib/python3.12/site-packages/oslo_config/cfg.py:3253}}
Jul 30 09:29:04.613621 np0000006110 nova-scheduler[93408]: DEBUG cotyledon.oslo_config_glue [-] oslo_limit.timeout = None {{(pid=93408) log_opt_values /opt/stack/data/venv/lib/python3.12/site-packages/oslo_config/cfg.py:3253}}
Jul 30 09:29:04.613696 np0000006110 nova-scheduler[93408]: DEBUG cotyledon.oslo_config_glue [-] oslo_limit.valid_interfaces = None {{(pid=93408) log_opt_values /opt/stack/data/venv/lib/python3.12/site-packages/oslo_config/cfg.py:3253}}
Jul 30 09:29:04.613770 np0000006110 nova-scheduler[93408]: DEBUG cotyledon.oslo_config_glue [-] oslo_limit.version = None {{(pid=93408) log_opt_values /opt/stack/data/venv/lib/python3.12/site-packages/oslo_config/cfg.py:3253}}
Jul 30 09:29:04.613883 np0000006110 nova-scheduler[93408]: DEBUG cotyledon.oslo_config_glue [-] oslo_reports.file_event_handler = None {{(pid=93408) log_opt_values /opt/stack/data/venv/lib/python3.12/site-packages/oslo_config/cfg.py:3253}}
Jul 30 09:29:04.613959 np0000006110 nova-scheduler[93408]: DEBUG cotyledon.oslo_config_glue [-] oslo_reports.file_event_handler_interval = 1 {{(pid=93408) log_opt_values /opt/stack/data/venv/lib/python3.12/site-packages/oslo_config/cfg.py:3253}}
Jul 30 09:29:04.614043 np0000006110 nova-scheduler[93408]: DEBUG cotyledon.oslo_config_glue [-] oslo_reports.log_dir = None {{(pid=93408) log_opt_values /opt/stack/data/venv/lib/python3.12/site-packages/oslo_config/cfg.py:3253}}
Jul 30 09:29:04.614116 np0000006110 nova-scheduler[93408]: DEBUG cotyledon.oslo_config_glue [-] ******************************************************************************** {{(pid=93408) log_opt_values /opt/stack/data/venv/lib/python3.12/site-packages/oslo_config/cfg.py:3260}}
Jul 30 09:29:04.614337 np0000006110 nova-scheduler[93408]: DEBUG cotyledon._service_worker [-] Run service ServiceWrapper(2) [93408] {{(pid=93408) wait_forever /opt/stack/data/venv/lib/python3.12/site-packages/cotyledon/_service_worker.py:218}}
Jul 30 09:29:04.616047 np0000006110 nova-scheduler[93408]: INFO nova.service [-] Starting scheduler node (version 33.1.0)
Jul 30 09:29:04.620558 np0000006110 nova-scheduler[93408]: INFO dbcounter [None req-4e008b43-62d1-4dc6-925a-451f75aa3c21 None None] Registered counter for database nova_cell0
Jul 30 09:29:04.622473 np0000006110 nova-scheduler[93404]: DEBUG dbcounter [-] [93404] Writer thread running {{(pid=93404) stat_writer /opt/stack/data/venv/lib/python3.12/site-packages/dbcounter.py:102}}
Jul 30 09:29:04.640575 np0000006110 nova-scheduler[93404]: DEBUG nova.service [None req-fdfb157b-fb5e-42dd-b3d6-fdb2a402aa8d None None] Creating RPC server for service: nova-scheduler on topic: scheduler {{(pid=93404) start /opt/stack/nova/nova/service.py:196}}
Jul 30 09:29:04.651188 np0000006110 nova-scheduler[93406]: DEBUG oslo_db.sqlalchemy.engines [None req-d95430f6-656b-4345-9ed2-b3c085da93ba None None] MySQL server mode set to STRICT_TRANS_TABLES,STRICT_ALL_TABLES,NO_ZERO_IN_DATE,NO_ZERO_DATE,ERROR_FOR_DIVISION_BY_ZERO,TRADITIONAL,NO_ENGINE_SUBSTITUTION {{(pid=93406) _check_effective_sql_mode /opt/stack/data/venv/lib/python3.12/site-packages/oslo_db/sqlalchemy/engines.py:325}}
Jul 30 09:29:04.661418 np0000006110 nova-scheduler[93408]: DEBUG oslo_db.sqlalchemy.engines [None req-4e008b43-62d1-4dc6-925a-451f75aa3c21 None None] MySQL server mode set to STRICT_TRANS_TABLES,STRICT_ALL_TABLES,NO_ZERO_IN_DATE,NO_ZERO_DATE,ERROR_FOR_DIVISION_BY_ZERO,TRADITIONAL,NO_ENGINE_SUBSTITUTION {{(pid=93408) _check_effective_sql_mode /opt/stack/data/venv/lib/python3.12/site-packages/oslo_db/sqlalchemy/engines.py:325}}
Jul 30 09:29:04.665173 np0000006110 nova-scheduler[93406]: DEBUG dbcounter [-] [93406] Writer thread running {{(pid=93406) stat_writer /opt/stack/data/venv/lib/python3.12/site-packages/dbcounter.py:102}}
Jul 30 09:29:04.668531 np0000006110 nova-scheduler[93406]: DEBUG nova.service [None req-d95430f6-656b-4345-9ed2-b3c085da93ba None None] Creating RPC server for service: nova-scheduler on topic: scheduler {{(pid=93406) start /opt/stack/nova/nova/service.py:196}}
Jul 30 09:29:04.674058 np0000006110 nova-scheduler[93408]: DEBUG dbcounter [-] [93408] Writer thread running {{(pid=93408) stat_writer /opt/stack/data/venv/lib/python3.12/site-packages/dbcounter.py:102}}
Jul 30 09:29:04.677520 np0000006110 nova-scheduler[93404]: DEBUG nova.service [None req-fdfb157b-fb5e-42dd-b3d6-fdb2a402aa8d None None] Join ServiceGroup membership for this service scheduler {{(pid=93404) start /opt/stack/nova/nova/service.py:222}}
Jul 30 09:29:04.677520 np0000006110 nova-scheduler[93404]: DEBUG nova.servicegroup.drivers.db [None req-fdfb157b-fb5e-42dd-b3d6-fdb2a402aa8d None None] DB_Driver: join new ServiceGroup member np0000006110 to the scheduler group, service = {{(pid=93404) join /opt/stack/nova/nova/servicegroup/drivers/db.py:44}}
Jul 30 09:29:04.677674 np0000006110 nova-scheduler[93408]: DEBUG nova.service [None req-4e008b43-62d1-4dc6-925a-451f75aa3c21 None None] Creating RPC server for service: nova-scheduler on topic: scheduler {{(pid=93408) start /opt/stack/nova/nova/service.py:196}}
Jul 30 09:29:04.693305 np0000006110 nova-scheduler[93406]: DEBUG nova.service [None req-d95430f6-656b-4345-9ed2-b3c085da93ba None None] Join ServiceGroup membership for this service scheduler {{(pid=93406) start /opt/stack/nova/nova/service.py:222}}
Jul 30 09:29:04.693594 np0000006110 nova-scheduler[93406]: DEBUG nova.servicegroup.drivers.db [None req-d95430f6-656b-4345-9ed2-b3c085da93ba None None] DB_Driver: join new ServiceGroup member np0000006110 to the scheduler group, service = {{(pid=93406) join /opt/stack/nova/nova/servicegroup/drivers/db.py:44}}
Jul 30 09:29:04.699968 np0000006110 nova-scheduler[93408]: DEBUG nova.service [None req-4e008b43-62d1-4dc6-925a-451f75aa3c21 None None] Join ServiceGroup membership for this service scheduler {{(pid=93408) start /opt/stack/nova/nova/service.py:222}}
Jul 30 09:29:04.700262 np0000006110 nova-scheduler[93408]: DEBUG nova.servicegroup.drivers.db [None req-4e008b43-62d1-4dc6-925a-451f75aa3c21 None None] DB_Driver: join new ServiceGroup member np0000006110 to the scheduler group, service = {{(pid=93408) join /opt/stack/nova/nova/servicegroup/drivers/db.py:44}}
Jul 30 09:29:09.688215 np0000006110 nova-scheduler[93404]: DEBUG oslo.service.backend._threading.loopingcall [-] Fixed interval looping call 'nova.servicegroup.drivers.db.DbDriver._report_state' sleeping for 119.99 seconds {{(pid=93404) _run_loop /opt/stack/data/venv/lib/python3.12/site-packages/oslo_service/backend/_threading/loopingcall.py:125}}
Jul 30 09:29:09.704836 np0000006110 nova-scheduler[93406]: DEBUG oslo.service.backend._threading.loopingcall [-] Fixed interval looping call 'nova.servicegroup.drivers.db.DbDriver._report_state' sleeping for 119.99 seconds {{(pid=93406) _run_loop /opt/stack/data/venv/lib/python3.12/site-packages/oslo_service/backend/_threading/loopingcall.py:125}}
Jul 30 09:29:09.714743 np0000006110 nova-scheduler[93408]: DEBUG oslo.service.backend._threading.loopingcall [-] Fixed interval looping call 'nova.servicegroup.drivers.db.DbDriver._report_state' sleeping for 119.99 seconds {{(pid=93408) _run_loop /opt/stack/data/venv/lib/python3.12/site-packages/oslo_service/backend/_threading/loopingcall.py:125}}
Jul 30 09:29:13.148985 np0000006110 nova-scheduler[92199]: DEBUG dbcounter [-] [92199] Writing DB stats nova_api:SELECT=3 {{(pid=92199) stat_writer /opt/stack/data/venv/lib/python3.12/site-packages/dbcounter.py:115}}
Jul 30 09:29:13.288196 np0000006110 nova-scheduler[92199]: DEBUG dbcounter [-] [92199] Writing DB stats nova_cell0:SELECT=1 {{(pid=92199) stat_writer /opt/stack/data/venv/lib/python3.12/site-packages/dbcounter.py:115}}
Jul 30 09:29:13.301655 np0000006110 nova-scheduler[92199]: DEBUG dbcounter [-] [92199] Writing DB stats nova_cell1:SELECT=1 {{(pid=92199) stat_writer /opt/stack/data/venv/lib/python3.12/site-packages/dbcounter.py:115}}
Jul 30 09:29:19.684932 np0000006110 nova-scheduler[93404]: DEBUG dbcounter [-] [93404] Writing DB stats nova_cell0:SELECT=4,nova_cell0:INSERT=1,nova_cell0:UPDATE=1 {{(pid=93404) stat_writer /opt/stack/data/venv/lib/python3.12/site-packages/dbcounter.py:115}}
Jul 30 09:29:19.701186 np0000006110 nova-scheduler[93406]: DEBUG dbcounter [-] [93406] Writing DB stats nova_cell0:SELECT=3 {{(pid=93406) stat_writer /opt/stack/data/venv/lib/python3.12/site-packages/dbcounter.py:115}}
Jul 30 09:29:19.710603 np0000006110 nova-scheduler[93408]: DEBUG dbcounter [-] [93408] Writing DB stats nova_cell0:SELECT=3 {{(pid=93408) stat_writer /opt/stack/data/venv/lib/python3.12/site-packages/dbcounter.py:115}}
Jul 30 09:29:23.702938 np0000006110 nova-scheduler[93408]: DEBUG oslo.service.backend._threading.loopingcall [None req-81292c40-c23a-472b-8970-a7a141894f40 None None] Dynamic interval looping call 'nova.service.Service.periodic_tasks' sleeping for 60.00 seconds {{(pid=93408) _run_loop /opt/stack/data/venv/lib/python3.12/site-packages/oslo_service/backend/_threading/loopingcall.py:125}}
Jul 30 09:29:35.696204 np0000006110 nova-scheduler[93406]: DEBUG oslo.service.backend._threading.loopingcall [None req-ef59f1e1-2144-4622-a72c-34cf15ade579 None None] Dynamic interval looping call 'nova.service.Service.periodic_tasks' sleeping for 60.00 seconds {{(pid=93406) _run_loop /opt/stack/data/venv/lib/python3.12/site-packages/oslo_service/backend/_threading/loopingcall.py:125}}
Jul 30 09:29:46.679693 np0000006110 nova-scheduler[93404]: DEBUG oslo.service.backend._threading.loopingcall [None req-a358055c-9b93-4a64-b332-37f0bff794ca None None] Dynamic interval looping call 'nova.service.Service.periodic_tasks' sleeping for 60.00 seconds {{(pid=93404) _run_loop /opt/stack/data/venv/lib/python3.12/site-packages/oslo_service/backend/_threading/loopingcall.py:125}}
Jul 30 09:30:23.703371 np0000006110 nova-scheduler[93408]: DEBUG oslo.service.backend._threading.loopingcall [None req-81292c40-c23a-472b-8970-a7a141894f40 None None] Dynamic interval looping call 'nova.service.Service.periodic_tasks' sleeping for 60.00 seconds {{(pid=93408) _run_loop /opt/stack/data/venv/lib/python3.12/site-packages/oslo_service/backend/_threading/loopingcall.py:125}}
Jul 30 09:30:35.696669 np0000006110 nova-scheduler[93406]: DEBUG oslo.service.backend._threading.loopingcall [None req-ef59f1e1-2144-4622-a72c-34cf15ade579 None None] Dynamic interval looping call 'nova.service.Service.periodic_tasks' sleeping for 60.00 seconds {{(pid=93406) _run_loop /opt/stack/data/venv/lib/python3.12/site-packages/oslo_service/backend/_threading/loopingcall.py:125}}
Jul 30 09:30:46.680319 np0000006110 nova-scheduler[93404]: DEBUG oslo.service.backend._threading.loopingcall [None req-a358055c-9b93-4a64-b332-37f0bff794ca None None] Dynamic interval looping call 'nova.service.Service.periodic_tasks' sleeping for 60.00 seconds {{(pid=93404) _run_loop /opt/stack/data/venv/lib/python3.12/site-packages/oslo_service/backend/_threading/loopingcall.py:125}}
Jul 30 09:31:09.693424 np0000006110 nova-scheduler[93404]: DEBUG oslo.service.backend._threading.loopingcall [-] Fixed interval looping call 'nova.servicegroup.drivers.db.DbDriver._report_state' sleeping for 119.99 seconds {{(pid=93404) _run_loop /opt/stack/data/venv/lib/python3.12/site-packages/oslo_service/backend/_threading/loopingcall.py:125}}
Jul 30 09:31:09.701263 np0000006110 nova-scheduler[93406]: DEBUG oslo.service.backend._threading.loopingcall [-] Fixed interval looping call 'nova.servicegroup.drivers.db.DbDriver._report_state' sleeping for 119.99 seconds {{(pid=93406) _run_loop /opt/stack/data/venv/lib/python3.12/site-packages/oslo_service/backend/_threading/loopingcall.py:125}}
Jul 30 09:31:09.713130 np0000006110 nova-scheduler[93408]: DEBUG oslo.service.backend._threading.loopingcall [-] Fixed interval looping call 'nova.servicegroup.drivers.db.DbDriver._report_state' sleeping for 119.99 seconds {{(pid=93408) _run_loop /opt/stack/data/venv/lib/python3.12/site-packages/oslo_service/backend/_threading/loopingcall.py:125}}
Jul 30 09:31:19.681009 np0000006110 nova-scheduler[93404]: DEBUG dbcounter [-] [93404] Writing DB stats nova_cell0:SELECT=1,nova_cell0:UPDATE=1 {{(pid=93404) stat_writer /opt/stack/data/venv/lib/python3.12/site-packages/dbcounter.py:115}}
Jul 30 09:31:19.698415 np0000006110 nova-scheduler[93406]: DEBUG dbcounter [-] [93406] Writing DB stats nova_cell0:SELECT=1 {{(pid=93406) stat_writer /opt/stack/data/venv/lib/python3.12/site-packages/dbcounter.py:115}}
Jul 30 09:31:19.711387 np0000006110 nova-scheduler[93408]: DEBUG dbcounter [-] [93408] Writing DB stats nova_cell0:SELECT=1 {{(pid=93408) stat_writer /opt/stack/data/venv/lib/python3.12/site-packages/dbcounter.py:115}}
Jul 30 09:31:23.703835 np0000006110 nova-scheduler[93408]: DEBUG oslo.service.backend._threading.loopingcall [None req-81292c40-c23a-472b-8970-a7a141894f40 None None] Dynamic interval looping call 'nova.service.Service.periodic_tasks' sleeping for 60.00 seconds {{(pid=93408) _run_loop /opt/stack/data/venv/lib/python3.12/site-packages/oslo_service/backend/_threading/loopingcall.py:125}}
Jul 30 09:31:30.755358 np0000006110 nova-scheduler[93404]: DEBUG nova.scheduler.manager [None req-2620407b-926e-46cb-80ac-2af3935b1934 tempest-DeleteServersTestJSON-771854916 tempest-DeleteServersTestJSON-771854916-project-member] Starting to schedule for instances: ['4657db5f-5c2b-4693-9297-20aa0fa11d4a'] {{(pid=93404) select_destinations /opt/stack/nova/nova/scheduler/manager.py:209}}
Jul 30 09:31:30.756204 np0000006110 nova-scheduler[93404]: DEBUG nova.scheduler.request_filter [None req-2620407b-926e-46cb-80ac-2af3935b1934 tempest-DeleteServersTestJSON-771854916 tempest-DeleteServersTestJSON-771854916-project-member] compute_status_filter request filter added forbidden trait COMPUTE_STATUS_DISABLED {{(pid=93404) compute_status_filter /opt/stack/nova/nova/scheduler/request_filter.py:253}}
Jul 30 09:31:30.756353 np0000006110 nova-scheduler[93404]: DEBUG nova.scheduler.request_filter [None req-2620407b-926e-46cb-80ac-2af3935b1934 tempest-DeleteServersTestJSON-771854916 tempest-DeleteServersTestJSON-771854916-project-member] Request filter 'compute_status_filter' took 0.0 seconds {{(pid=93404) wrapper /opt/stack/nova/nova/scheduler/request_filter.py:46}}
Jul 30 09:31:30.756629 np0000006110 nova-scheduler[93404]: DEBUG nova.scheduler.request_filter [None req-2620407b-926e-46cb-80ac-2af3935b1934 tempest-DeleteServersTestJSON-771854916 tempest-DeleteServersTestJSON-771854916-project-member] Request filter 'accelerators_filter' took 0.0 seconds {{(pid=93404) wrapper /opt/stack/nova/nova/scheduler/request_filter.py:46}}
Jul 30 09:31:30.756869 np0000006110 nova-scheduler[93404]: DEBUG nova.scheduler.request_filter [None req-2620407b-926e-46cb-80ac-2af3935b1934 tempest-DeleteServersTestJSON-771854916 tempest-DeleteServersTestJSON-771854916-project-member] Request filter 'packed_virtqueue_filter' took 0.0 seconds {{(pid=93404) wrapper /opt/stack/nova/nova/scheduler/request_filter.py:46}}
Jul 30 09:31:30.757198 np0000006110 nova-scheduler[93404]: DEBUG nova.scheduler.request_filter [None req-2620407b-926e-46cb-80ac-2af3935b1934 tempest-DeleteServersTestJSON-771854916 tempest-DeleteServersTestJSON-771854916-project-member] Request filter 'remote_managed_ports_filter' took 0.0 seconds {{(pid=93404) wrapper /opt/stack/nova/nova/scheduler/request_filter.py:46}}
Jul 30 09:31:30.757379 np0000006110 nova-scheduler[93404]: DEBUG nova.scheduler.request_filter [None req-2620407b-926e-46cb-80ac-2af3935b1934 tempest-DeleteServersTestJSON-771854916 tempest-DeleteServersTestJSON-771854916-project-member] ephemeral_encryption_filter skipped {{(pid=93404) ephemeral_encryption_filter /opt/stack/nova/nova/scheduler/request_filter.py:426}}
Jul 30 09:31:30.757551 np0000006110 nova-scheduler[93404]: DEBUG nova.scheduler.request_filter [None req-2620407b-926e-46cb-80ac-2af3935b1934 tempest-DeleteServersTestJSON-771854916 tempest-DeleteServersTestJSON-771854916-project-member] virtio_sound_filter skipped {{(pid=93404) virtio_sound_filter /opt/stack/nova/nova/scheduler/request_filter.py:460}}
Jul 30 09:31:30.757707 np0000006110 nova-scheduler[93404]: DEBUG nova.scheduler.request_filter [None req-2620407b-926e-46cb-80ac-2af3935b1934 tempest-DeleteServersTestJSON-771854916 tempest-DeleteServersTestJSON-771854916-project-member] tpm_secret_security_filter skipped {{(pid=93404) tpm_secret_security_filter /opt/stack/nova/nova/scheduler/request_filter.py:477}}
Jul 30 09:31:31.272754 np0000006110 nova-scheduler[93404]: INFO nova.utils [None req-2620407b-926e-46cb-80ac-2af3935b1934 tempest-DeleteServersTestJSON-771854916 tempest-DeleteServersTestJSON-771854916-project-member] The cell worker thread pool ForkProcess-1.cell_worker is initialized
Jul 30 09:31:31.273020 np0000006110 nova-scheduler[93404]: DEBUG oslo_concurrency.lockutils [None req-2620407b-926e-46cb-80ac-2af3935b1934 tempest-DeleteServersTestJSON-771854916 tempest-DeleteServersTestJSON-771854916-project-member] Acquiring lock "ba85540d-c797-4870-a793-a7c370873d2d" by "nova.context.set_target_cell..get_or_set_cached_cell_and_set_connections" {{(pid=93404) inner /opt/stack/data/venv/lib/python3.12/site-packages/oslo_concurrency/lockutils.py:512}}
Jul 30 09:31:31.273726 np0000006110 nova-scheduler[93404]: DEBUG oslo_concurrency.lockutils [None req-2620407b-926e-46cb-80ac-2af3935b1934 tempest-DeleteServersTestJSON-771854916 tempest-DeleteServersTestJSON-771854916-project-member] Lock "ba85540d-c797-4870-a793-a7c370873d2d" acquired by "nova.context.set_target_cell..get_or_set_cached_cell_and_set_connections" :: waited 0.000s {{(pid=93404) inner /opt/stack/data/venv/lib/python3.12/site-packages/oslo_concurrency/lockutils.py:525}}
Jul 30 09:31:31.275992 np0000006110 nova-scheduler[93404]: DEBUG oslo_concurrency.lockutils [None req-2620407b-926e-46cb-80ac-2af3935b1934 tempest-DeleteServersTestJSON-771854916 tempest-DeleteServersTestJSON-771854916-project-member] Lock "ba85540d-c797-4870-a793-a7c370873d2d" "released" by "nova.context.set_target_cell..get_or_set_cached_cell_and_set_connections" :: held 0.002s {{(pid=93404) inner /opt/stack/data/venv/lib/python3.12/site-packages/oslo_concurrency/lockutils.py:544}}
Jul 30 09:31:31.277788 np0000006110 nova-scheduler[93404]: INFO dbcounter [None req-2620407b-926e-46cb-80ac-2af3935b1934 tempest-DeleteServersTestJSON-771854916 tempest-DeleteServersTestJSON-771854916-project-member] Registered counter for database nova_cell1
Jul 30 09:31:31.322072 np0000006110 nova-scheduler[93404]: DEBUG oslo_db.sqlalchemy.engines [None req-2620407b-926e-46cb-80ac-2af3935b1934 tempest-DeleteServersTestJSON-771854916 tempest-DeleteServersTestJSON-771854916-project-member] MySQL server mode set to STRICT_TRANS_TABLES,STRICT_ALL_TABLES,NO_ZERO_IN_DATE,NO_ZERO_DATE,ERROR_FOR_DIVISION_BY_ZERO,TRADITIONAL,NO_ENGINE_SUBSTITUTION {{(pid=93404) _check_effective_sql_mode /opt/stack/data/venv/lib/python3.12/site-packages/oslo_db/sqlalchemy/engines.py:325}}
Jul 30 09:31:31.326611 np0000006110 nova-scheduler[93404]: DEBUG dbcounter [-] [93404] Writer thread running {{(pid=93404) stat_writer /opt/stack/data/venv/lib/python3.12/site-packages/dbcounter.py:102}}
Jul 30 09:31:31.364194 np0000006110 nova-scheduler[93404]: DEBUG oslo_db.sqlalchemy.engines [None req-2620407b-926e-46cb-80ac-2af3935b1934 tempest-DeleteServersTestJSON-771854916 tempest-DeleteServersTestJSON-771854916-project-member] Parent process 92199 forked (93404) with an open database connection, which is being discarded and recreated. {{(pid=93404) checkout /opt/stack/data/venv/lib/python3.12/site-packages/oslo_db/sqlalchemy/engines.py:402}}
Jul 30 09:31:31.405523 np0000006110 nova-scheduler[93404]: DEBUG dbcounter [-] [93404] Writer thread running {{(pid=93404) stat_writer /opt/stack/data/venv/lib/python3.12/site-packages/dbcounter.py:102}}
Jul 30 09:31:31.409837 np0000006110 nova-scheduler[93404]: DEBUG oslo_concurrency.lockutils [None req-2620407b-926e-46cb-80ac-2af3935b1934 tempest-DeleteServersTestJSON-771854916 tempest-DeleteServersTestJSON-771854916-project-member] Acquiring lock "ba85540d-c797-4870-a793-a7c370873d2d" by "nova.context.set_target_cell..get_or_set_cached_cell_and_set_connections" {{(pid=93404) inner /opt/stack/data/venv/lib/python3.12/site-packages/oslo_concurrency/lockutils.py:512}}
Jul 30 09:31:31.410092 np0000006110 nova-scheduler[93404]: DEBUG oslo_concurrency.lockutils [None req-2620407b-926e-46cb-80ac-2af3935b1934 tempest-DeleteServersTestJSON-771854916 tempest-DeleteServersTestJSON-771854916-project-member] Lock "ba85540d-c797-4870-a793-a7c370873d2d" acquired by "nova.context.set_target_cell..get_or_set_cached_cell_and_set_connections" :: waited 0.000s {{(pid=93404) inner /opt/stack/data/venv/lib/python3.12/site-packages/oslo_concurrency/lockutils.py:525}}
Jul 30 09:31:31.410197 np0000006110 nova-scheduler[93404]: DEBUG oslo_concurrency.lockutils [None req-2620407b-926e-46cb-80ac-2af3935b1934 tempest-DeleteServersTestJSON-771854916 tempest-DeleteServersTestJSON-771854916-project-member] Lock "ba85540d-c797-4870-a793-a7c370873d2d" "released" by "nova.context.set_target_cell..get_or_set_cached_cell_and_set_connections" :: held 0.000s {{(pid=93404) inner /opt/stack/data/venv/lib/python3.12/site-packages/oslo_concurrency/lockutils.py:544}}
Jul 30 09:31:31.413671 np0000006110 nova-scheduler[93404]: DEBUG oslo_concurrency.lockutils [None req-2620407b-926e-46cb-80ac-2af3935b1934 tempest-DeleteServersTestJSON-771854916 tempest-DeleteServersTestJSON-771854916-project-member] Acquiring lock "np0000006110-np0000006110" by "nova.scheduler.host_manager.HostState.update.._locked_update" {{(pid=93404) inner /opt/stack/data/venv/lib/python3.12/site-packages/oslo_concurrency/lockutils.py:512}}
Jul 30 09:31:31.414737 np0000006110 nova-scheduler[93404]: DEBUG oslo_concurrency.lockutils [None req-2620407b-926e-46cb-80ac-2af3935b1934 tempest-DeleteServersTestJSON-771854916 tempest-DeleteServersTestJSON-771854916-project-member] Lock "np0000006110-np0000006110" acquired by "nova.scheduler.host_manager.HostState.update.._locked_update" :: waited 0.000s {{(pid=93404) inner /opt/stack/data/venv/lib/python3.12/site-packages/oslo_concurrency/lockutils.py:525}}
Jul 30 09:31:31.415158 np0000006110 nova-scheduler[93404]: DEBUG nova.scheduler.host_manager [None req-2620407b-926e-46cb-80ac-2af3935b1934 tempest-DeleteServersTestJSON-771854916 tempest-DeleteServersTestJSON-771854916-project-member] Update host state from compute node: ComputeNode(cpu_allocation_ratio=4.0,cpu_info='{"arch": "x86_64", "model": "EPYC-Milan", "vendor": "AMD", "topology": {"cells": 1, "sockets": 16, "cores": 1, "threads": 1}, "maxphysaddr": {"mode": "emulate", "bits": 40}, "features": ["ssbd", "pclmuldq", "fma", "rdrand", "pni", "sse4.1", "wbnoinvd", "sha-ni", "mtrr", "avx", "sse4a", "bmi1", "rdctl-no", "xsaves", "virt-ssbd", "xsavec", "misalignsse", "xgetbv1", "nx", "mmxext", "flushbyasid", "fpu", "aes", "msr", "mds-no", "lm", "lahf_lm", "cmov", "mmx", "spec-ctrl", "pschange-mc-no", "x2apic", "rdpid", "skip-l1dfl-vmentry", "pse36", "clflushopt", "pfthreshold", "pge", "ibpb", "rdseed", "no-nested-data-bp", "pause-filter", "tsc-deadline", "3dnowprefetch", "mca", "stibp", "bmi2", "lfence-always-serializing", "v-vmsave-vmload", "osvw", "movbe", "gds-no", "adx", "mce", "amd-ssbd", "pdpe1gb", "vpclmulqdq", "rdtscp", "vaes", "vme", "cx8", "de", "perfctr_core", "xsaveopt", "nrip-save", "ibrs", "erms", "ssse3", "invpcid", "sep", "tsc_adjust", "sse2", "amd-psfd", "pse", "cr8legacy", "lbrv", "pku", "npt", "sse", "avx2", "cmp_legacy", "cx16", "fsgsbase", "xsave", "clflush", "fsrm", "fxsr_opt", "apic", "pae", "tsc-scale", "popcnt", "abm", "null-sel-clr-base", "pat", "pcid", "smep", "xsaveerptr", "vmcb-clean", "arat", "syscall", "sse4.2", "umip", "fxsr", "smap", "clzero", "arch-capabilities", "clwb", "f16c", "topoext", "stibp-always-on", "svm", "tsc", "hypervisor", "amd-stibp", "vgif", "svme-addr-chk"]}',created_at=2026-07-30T09:29:26Z,current_workload=0,deleted=False,deleted_at=None,disk_allocation_ratio=1.0,disk_available_least=73,free_disk_gb=95,free_ram_mb=62765,host='np0000006110',host_ip=10.4.3.168,hypervisor_hostname='np0000006110',hypervisor_type='QEMU',hypervisor_version=8002002,id=1,local_gb=95,local_gb_used=0,mapped=1,memory_mb=63277,memory_mb_used=512,metrics='[]',numa_topology='{"nova_object.name": "NUMATopology", "nova_object.namespace": "nova", "nova_object.version": "1.2", "nova_object.data": {"cells": [{"nova_object.name": "NUMACell", "nova_object.namespace": "nova", "nova_object.version": "1.5", "nova_object.data": {"id": 0, "cpuset": [0, 1, 2, 3, 4, 5, 6, 7, 8, 9, 10, 11, 12, 13, 14, 15], "pcpuset": [0, 1, 2, 3, 4, 5, 6, 7, 8, 9, 10, 11, 12, 13, 14, 15], "memory": 63277, "cpu_usage": 0, "memory_usage": 0, "pinned_cpus": [], "siblings": [[6], [12], [2], [15], [5], [11], [8], [14], [4], [1], [7], [10], [0], [13], [3], [9]], "mempages": [{"nova_object.name": "NUMAPagesTopology", "nova_object.namespace": "nova", "nova_object.version": "1.1", "nova_object.data": {"size_kb": 4, "total": 16177929, "used": 0, "reserved": 0}, "nova_object.changes": ["size_kb", "total", "used", "reserved"]}, {"nova_object.name": "NUMAPagesTopology", "nova_object.namespace": "nova", "nova_object.version": "1.1", "nova_object.data": {"size_kb": 2048, "total": 41, "used": 0, "reserved": 0}, "nova_object.changes": ["size_kb", "total", "used", "reserved"]}, {"nova_object.name": "NUMAPagesTopology", "nova_object.namespace": "nova", "nova_object.version": "1.1", "nova_object.data": {"size_kb": 1048576, "total": 0, "used": 0, "reserved": 0}, "nova_object.changes": ["size_kb", "total", "used", "reserved"]}], "network_metadata": {"nova_object.name": "NetworkMetadata", "nova_object.namespace": "nova", "nova_object.version": "1.0", "nova_object.data": {"physnets": [], "tunneled": false}, "nova_object.changes": ["physnets", "tunneled"]}, "socket": null}, "nova_object.changes": ["memory_usage", "socket", "network_metadata", "memory", "cpuset", "pcpuset", "siblings", "id", "cpu_usage", "pinned_cpus", "mempages"]}]}, "nova_object.changes": ["cells"]}',pci_device_pools=PciDevicePoolList,ram_allocation_ratio=1.0,running_vms=0,service_id=2,stats={failed_builds='0',uptime=' 09:31:14 up 13 min, 2 users, load average: 2.34, 1.53, 0.84
Jul 30 09:31:31.415158 np0000006110 nova-scheduler[93404]: '},supported_hv_specs=[HVSpec,HVSpec,HVSpec,HVSpec,HVSpec,HVSpec,HVSpec,HVSpec,HVSpec,HVSpec,HVSpec,HVSpec,HVSpec,HVSpec,HVSpec,HVSpec,HVSpec,HVSpec,HVSpec,HVSpec,HVSpec,HVSpec,HVSpec,HVSpec,HVSpec],updated_at=2026-07-30T09:31:14Z,uuid=fe421953-2f66-4a81-b162-ebf6daff8c21,vcpus=16,vcpus_used=0) {{(pid=93404) _locked_update /opt/stack/nova/nova/scheduler/host_manager.py:168}}
Jul 30 09:31:31.416010 np0000006110 nova-scheduler[93404]: DEBUG nova.scheduler.host_manager [None req-2620407b-926e-46cb-80ac-2af3935b1934 tempest-DeleteServersTestJSON-771854916 tempest-DeleteServersTestJSON-771854916-project-member] Update host state with aggregates: [] {{(pid=93404) _locked_update /opt/stack/nova/nova/scheduler/host_manager.py:171}}
Jul 30 09:31:31.416285 np0000006110 nova-scheduler[93404]: DEBUG nova.scheduler.host_manager [None req-2620407b-926e-46cb-80ac-2af3935b1934 tempest-DeleteServersTestJSON-771854916 tempest-DeleteServersTestJSON-771854916-project-member] Update host state with service dict: {'id': 2, 'uuid': '50efafa9-d056-4372-b5fd-fa496421a80d', 'host': 'np0000006110', 'binary': 'nova-compute', 'topic': 'compute', 'report_count': 1, 'disabled': False, 'disabled_reason': None, 'last_seen_up': datetime.datetime(2026, 7, 30, 9, 29, 32, tzinfo=datetime.timezone.utc), 'forced_down': False, 'version': 72, 'created_at': datetime.datetime(2026, 7, 30, 9, 29, 26, tzinfo=datetime.timezone.utc), 'updated_at': datetime.datetime(2026, 7, 30, 9, 29, 32, tzinfo=datetime.timezone.utc), 'deleted_at': None, 'deleted': False} {{(pid=93404) _locked_update /opt/stack/nova/nova/scheduler/host_manager.py:174}}
Jul 30 09:31:31.416471 np0000006110 nova-scheduler[93404]: DEBUG nova.scheduler.host_manager [None req-2620407b-926e-46cb-80ac-2af3935b1934 tempest-DeleteServersTestJSON-771854916 tempest-DeleteServersTestJSON-771854916-project-member] Update host state with instances: [] {{(pid=93404) _locked_update /opt/stack/nova/nova/scheduler/host_manager.py:177}}
Jul 30 09:31:31.416654 np0000006110 nova-scheduler[93404]: DEBUG oslo_concurrency.lockutils [None req-2620407b-926e-46cb-80ac-2af3935b1934 tempest-DeleteServersTestJSON-771854916 tempest-DeleteServersTestJSON-771854916-project-member] Lock "np0000006110-np0000006110" "released" by "nova.scheduler.host_manager.HostState.update.._locked_update" :: held 0.003s {{(pid=93404) inner /opt/stack/data/venv/lib/python3.12/site-packages/oslo_concurrency/lockutils.py:544}}
Jul 30 09:31:31.417132 np0000006110 nova-scheduler[93404]: DEBUG nova.filters [None req-2620407b-926e-46cb-80ac-2af3935b1934 tempest-DeleteServersTestJSON-771854916 tempest-DeleteServersTestJSON-771854916-project-member] Starting with 1 host(s) {{(pid=93404) get_filtered_objects /opt/stack/nova/nova/filters.py:70}}
Jul 30 09:31:31.417410 np0000006110 nova-scheduler[93404]: DEBUG nova.filters [None req-2620407b-926e-46cb-80ac-2af3935b1934 tempest-DeleteServersTestJSON-771854916 tempest-DeleteServersTestJSON-771854916-project-member] Filter ComputeFilter returned 1 host(s) {{(pid=93404) get_filtered_objects /opt/stack/nova/nova/filters.py:102}}
Jul 30 09:31:31.417750 np0000006110 nova-scheduler[93404]: DEBUG nova.filters [None req-2620407b-926e-46cb-80ac-2af3935b1934 tempest-DeleteServersTestJSON-771854916 tempest-DeleteServersTestJSON-771854916-project-member] Filter ComputeCapabilitiesFilter returned 1 host(s) {{(pid=93404) get_filtered_objects /opt/stack/nova/nova/filters.py:102}}
Jul 30 09:31:31.417888 np0000006110 nova-scheduler[93404]: DEBUG nova.filters [None req-2620407b-926e-46cb-80ac-2af3935b1934 tempest-DeleteServersTestJSON-771854916 tempest-DeleteServersTestJSON-771854916-project-member] Filter ImagePropertiesFilter returned 1 host(s) {{(pid=93404) get_filtered_objects /opt/stack/nova/nova/filters.py:102}}
Jul 30 09:31:31.418326 np0000006110 nova-scheduler[93404]: DEBUG nova.filters [None req-2620407b-926e-46cb-80ac-2af3935b1934 tempest-DeleteServersTestJSON-771854916 tempest-DeleteServersTestJSON-771854916-project-member] Filter ServerGroupAntiAffinityFilter returned 1 host(s) {{(pid=93404) get_filtered_objects /opt/stack/nova/nova/filters.py:102}}
Jul 30 09:31:31.418326 np0000006110 nova-scheduler[93404]: DEBUG nova.filters [None req-2620407b-926e-46cb-80ac-2af3935b1934 tempest-DeleteServersTestJSON-771854916 tempest-DeleteServersTestJSON-771854916-project-member] Filter ServerGroupAffinityFilter returned 1 host(s) {{(pid=93404) get_filtered_objects /opt/stack/nova/nova/filters.py:102}}
Jul 30 09:31:31.418592 np0000006110 nova-scheduler[93404]: DEBUG nova.filters [None req-2620407b-926e-46cb-80ac-2af3935b1934 tempest-DeleteServersTestJSON-771854916 tempest-DeleteServersTestJSON-771854916-project-member] Filter SameHostFilter returned 1 host(s) {{(pid=93404) get_filtered_objects /opt/stack/nova/nova/filters.py:102}}
Jul 30 09:31:31.418764 np0000006110 nova-scheduler[93404]: DEBUG nova.filters [None req-2620407b-926e-46cb-80ac-2af3935b1934 tempest-DeleteServersTestJSON-771854916 tempest-DeleteServersTestJSON-771854916-project-member] Filter DifferentHostFilter returned 1 host(s) {{(pid=93404) get_filtered_objects /opt/stack/nova/nova/filters.py:102}}
Jul 30 09:31:31.418980 np0000006110 nova-scheduler[93404]: DEBUG nova.scheduler.manager [None req-2620407b-926e-46cb-80ac-2af3935b1934 tempest-DeleteServersTestJSON-771854916 tempest-DeleteServersTestJSON-771854916-project-member] Filtered [(np0000006110, np0000006110) ram: 62765MB disk: 74752MB io_ops: 0 instances: 0, allocation_candidates: 1] {{(pid=93404) _get_sorted_hosts /opt/stack/nova/nova/scheduler/manager.py:742}}
Jul 30 09:31:31.419155 np0000006110 nova-scheduler[93404]: DEBUG nova.scheduler.manager [None req-2620407b-926e-46cb-80ac-2af3935b1934 tempest-DeleteServersTestJSON-771854916 tempest-DeleteServersTestJSON-771854916-project-member] Weighed [WeighedHost [host: (np0000006110, np0000006110) ram: 62765MB disk: 74752MB io_ops: 0 instances: 0, allocation_candidates: 1, weight: 0.0]] {{(pid=93404) _get_sorted_hosts /opt/stack/nova/nova/scheduler/manager.py:764}}
Jul 30 09:31:31.419426 np0000006110 nova-scheduler[93404]: DEBUG nova.scheduler.utils [None req-2620407b-926e-46cb-80ac-2af3935b1934 tempest-DeleteServersTestJSON-771854916 tempest-DeleteServersTestJSON-771854916-project-member] Attempting to claim resources in the placement API for instance 4657db5f-5c2b-4693-9297-20aa0fa11d4a {{(pid=93404) claim_resources /opt/stack/nova/nova/scheduler/utils.py:1345}}
Jul 30 09:31:31.577278 np0000006110 nova-scheduler[93404]: DEBUG nova.scheduler.manager [None req-2620407b-926e-46cb-80ac-2af3935b1934 tempest-DeleteServersTestJSON-771854916 tempest-DeleteServersTestJSON-771854916-project-member] [instance: 4657db5f-5c2b-4693-9297-20aa0fa11d4a] Selected host: (np0000006110, np0000006110) ram: 62765MB disk: 74752MB io_ops: 0 instances: 0, allocation_candidates: 1 {{(pid=93404) _consume_selected_host /opt/stack/nova/nova/scheduler/manager.py:624}}
Jul 30 09:31:31.577603 np0000006110 nova-scheduler[93404]: DEBUG oslo_concurrency.lockutils [None req-2620407b-926e-46cb-80ac-2af3935b1934 tempest-DeleteServersTestJSON-771854916 tempest-DeleteServersTestJSON-771854916-project-member] Acquiring lock "np0000006110-np0000006110" by "nova.scheduler.host_manager.HostState.consume_from_request.._locked" {{(pid=93404) inner /opt/stack/data/venv/lib/python3.12/site-packages/oslo_concurrency/lockutils.py:512}}
Jul 30 09:31:31.577812 np0000006110 nova-scheduler[93404]: DEBUG oslo_concurrency.lockutils [None req-2620407b-926e-46cb-80ac-2af3935b1934 tempest-DeleteServersTestJSON-771854916 tempest-DeleteServersTestJSON-771854916-project-member] Lock "np0000006110-np0000006110" acquired by "nova.scheduler.host_manager.HostState.consume_from_request.._locked" :: waited 0.000s {{(pid=93404) inner /opt/stack/data/venv/lib/python3.12/site-packages/oslo_concurrency/lockutils.py:525}}
Jul 30 09:31:31.578022 np0000006110 nova-scheduler[93404]: DEBUG oslo_concurrency.lockutils [None req-2620407b-926e-46cb-80ac-2af3935b1934 tempest-DeleteServersTestJSON-771854916 tempest-DeleteServersTestJSON-771854916-project-member] Lock "np0000006110-np0000006110" "released" by "nova.scheduler.host_manager.HostState.consume_from_request.._locked" :: held 0.000s {{(pid=93404) inner /opt/stack/data/venv/lib/python3.12/site-packages/oslo_concurrency/lockutils.py:544}}
Jul 30 09:31:35.697091 np0000006110 nova-scheduler[93406]: DEBUG oslo.service.backend._threading.loopingcall [None req-ef59f1e1-2144-4622-a72c-34cf15ade579 None None] Dynamic interval looping call 'nova.service.Service.periodic_tasks' sleeping for 60.00 seconds {{(pid=93406) _run_loop /opt/stack/data/venv/lib/python3.12/site-packages/oslo_service/backend/_threading/loopingcall.py:125}}
Jul 30 09:31:38.905698 np0000006110 nova-scheduler[93406]: DEBUG nova.scheduler.manager [None req-e3529120-e535-4356-8989-dfa3ed9bb02f tempest-ServerActionsV293TestJSON-1897584387 tempest-ServerActionsV293TestJSON-1897584387-project-member] Starting to schedule for instances: ['7912ec94-7319-490a-9a1e-e79a7016b3a1'] {{(pid=93406) select_destinations /opt/stack/nova/nova/scheduler/manager.py:209}}
Jul 30 09:31:38.906706 np0000006110 nova-scheduler[93406]: DEBUG nova.scheduler.request_filter [None req-e3529120-e535-4356-8989-dfa3ed9bb02f tempest-ServerActionsV293TestJSON-1897584387 tempest-ServerActionsV293TestJSON-1897584387-project-member] compute_status_filter request filter added forbidden trait COMPUTE_STATUS_DISABLED {{(pid=93406) compute_status_filter /opt/stack/nova/nova/scheduler/request_filter.py:253}}
Jul 30 09:31:38.906841 np0000006110 nova-scheduler[93406]: DEBUG nova.scheduler.request_filter [None req-e3529120-e535-4356-8989-dfa3ed9bb02f tempest-ServerActionsV293TestJSON-1897584387 tempest-ServerActionsV293TestJSON-1897584387-project-member] Request filter 'compute_status_filter' took 0.0 seconds {{(pid=93406) wrapper /opt/stack/nova/nova/scheduler/request_filter.py:46}}
Jul 30 09:31:38.907061 np0000006110 nova-scheduler[93406]: DEBUG nova.scheduler.request_filter [None req-e3529120-e535-4356-8989-dfa3ed9bb02f tempest-ServerActionsV293TestJSON-1897584387 tempest-ServerActionsV293TestJSON-1897584387-project-member] Request filter 'accelerators_filter' took 0.0 seconds {{(pid=93406) wrapper /opt/stack/nova/nova/scheduler/request_filter.py:46}}
Jul 30 09:31:38.907224 np0000006110 nova-scheduler[93406]: DEBUG nova.scheduler.request_filter [None req-e3529120-e535-4356-8989-dfa3ed9bb02f tempest-ServerActionsV293TestJSON-1897584387 tempest-ServerActionsV293TestJSON-1897584387-project-member] Request filter 'packed_virtqueue_filter' took 0.0 seconds {{(pid=93406) wrapper /opt/stack/nova/nova/scheduler/request_filter.py:46}}
Jul 30 09:31:38.907519 np0000006110 nova-scheduler[93406]: DEBUG nova.scheduler.request_filter [None req-e3529120-e535-4356-8989-dfa3ed9bb02f tempest-ServerActionsV293TestJSON-1897584387 tempest-ServerActionsV293TestJSON-1897584387-project-member] Request filter 'remote_managed_ports_filter' took 0.0 seconds {{(pid=93406) wrapper /opt/stack/nova/nova/scheduler/request_filter.py:46}}
Jul 30 09:31:38.907647 np0000006110 nova-scheduler[93406]: DEBUG nova.scheduler.request_filter [None req-e3529120-e535-4356-8989-dfa3ed9bb02f tempest-ServerActionsV293TestJSON-1897584387 tempest-ServerActionsV293TestJSON-1897584387-project-member] ephemeral_encryption_filter skipped {{(pid=93406) ephemeral_encryption_filter /opt/stack/nova/nova/scheduler/request_filter.py:426}}
Jul 30 09:31:38.907786 np0000006110 nova-scheduler[93406]: DEBUG nova.scheduler.request_filter [None req-e3529120-e535-4356-8989-dfa3ed9bb02f tempest-ServerActionsV293TestJSON-1897584387 tempest-ServerActionsV293TestJSON-1897584387-project-member] virtio_sound_filter skipped {{(pid=93406) virtio_sound_filter /opt/stack/nova/nova/scheduler/request_filter.py:460}}
Jul 30 09:31:38.907897 np0000006110 nova-scheduler[93406]: DEBUG nova.scheduler.request_filter [None req-e3529120-e535-4356-8989-dfa3ed9bb02f tempest-ServerActionsV293TestJSON-1897584387 tempest-ServerActionsV293TestJSON-1897584387-project-member] tpm_secret_security_filter skipped {{(pid=93406) tpm_secret_security_filter /opt/stack/nova/nova/scheduler/request_filter.py:477}}
