Jul 20 20:08:18.931916 np0000005519 devstack@c-api.service[97052]: DEBUG cinder.coordination [req-a7176d2e-bead-4c7e-96e9-8a1a8e8c96bc req-e837ca04-86b2-4456-a5e4-94328cac6486 tempest-TaggedBootDevicesTest-221256214 tempest-TaggedBootDevicesTest-221256214-project-member] Lock "cinder-attachment_update-565f475b-a129-4a0b-a3d1-163886310328-np0000005519" acquired by "attachment_update" :: waited 0.009s {{(pid=97052) __acquire /opt/stack/cinder/cinder/coordination.py:141}}
Jul 20 20:08:18.933490 np0000005519 devstack@c-api.service[97052]: /opt/stack/data/venv/lib/python3.12/site-packages/oslo_context/context.py:102: DeprecationWarning: Policy enforcement is depending on the value of is_admin. This key is deprecated. Please update your policy file to use the standard policy values.
Jul 20 20:08:18.933490 np0000005519 devstack@c-api.service[97052]: warnings.warn(
Jul 20 20:08:18.940642 np0000005519 devstack@c-api.service[97053]: DEBUG cinder.coordination [req-aa5c71b3-0c37-4ce0-8c2b-3c68f442b501 req-f4803695-3912-4e01-9576-1552539784ea tempest-TaggedBootDevicesTest_v242-2032300718 tempest-TaggedBootDevicesTest_v242-2032300718-project-member] Acquiring lock "cinder-attachment_update-01c28539-2a80-49b3-9a71-3e79b1047bab-np0000005519" by "attachment_update" {{(pid=97053) __acquire /opt/stack/cinder/cinder/coordination.py:138}}
Jul 20 20:08:18.947259 np0000005519 devstack@c-api.service[97053]: DEBUG cinder.coordination [req-aa5c71b3-0c37-4ce0-8c2b-3c68f442b501 req-f4803695-3912-4e01-9576-1552539784ea tempest-TaggedBootDevicesTest_v242-2032300718 tempest-TaggedBootDevicesTest_v242-2032300718-project-member] Lock "cinder-attachment_update-01c28539-2a80-49b3-9a71-3e79b1047bab-np0000005519" acquired by "attachment_update" :: waited 0.007s {{(pid=97053) __acquire /opt/stack/cinder/cinder/coordination.py:141}}
Jul 20 20:08:18.948825 np0000005519 devstack@c-api.service[97053]: /opt/stack/data/venv/lib/python3.12/site-packages/oslo_context/context.py:102: DeprecationWarning: Policy enforcement is depending on the value of is_admin. This key is deprecated. Please update your policy file to use the standard policy values.
Jul 20 20:08:18.948825 np0000005519 devstack@c-api.service[97053]: warnings.warn(
Jul 20 20:08:19.095957 np0000005519 devstack@c-api.service[97052]: DEBUG cinder.coordination [req-a7176d2e-bead-4c7e-96e9-8a1a8e8c96bc req-e837ca04-86b2-4456-a5e4-94328cac6486 tempest-TaggedBootDevicesTest-221256214 tempest-TaggedBootDevicesTest-221256214-project-member] Lock "cinder-attachment_update-565f475b-a129-4a0b-a3d1-163886310328-np0000005519" released by "attachment_update" :: held 0.163s {{(pid=97052) __release /opt/stack/cinder/cinder/coordination.py:152}}
Jul 20 20:08:19.095957 np0000005519 devstack@c-api.service[97052]: INFO cinder.api.openstack.wsgi [req-a7176d2e-bead-4c7e-96e9-8a1a8e8c96bc req-e837ca04-86b2-4456-a5e4-94328cac6486 tempest-TaggedBootDevicesTest-221256214 tempest-TaggedBootDevicesTest-221256214-project-member] https://10.4.3.216/volume/v3/attachments/bafbb11a-ad94-46a5-be4f-749932db8485 returned with HTTP 200
Jul 20 20:08:19.095957 np0000005519 devstack@c-api.service[97052]: [pid: 97052|app: 0|req: 53/163] 10.4.3.216 () {74 vars in 1705 bytes} [Mon Jul 20 20:08:18 2026] PUT /volume/v3/attachments/bafbb11a-ad94-46a5-be4f-749932db8485 => generated 535 bytes in 191 msecs (HTTP/1.1 200) 7 headers in 286 bytes (1 switches on core 0)
Jul 20 20:08:19.113961 np0000005519 devstack@c-api.service[97053]: DEBUG cinder.coordination [req-aa5c71b3-0c37-4ce0-8c2b-3c68f442b501 req-f4803695-3912-4e01-9576-1552539784ea tempest-TaggedBootDevicesTest_v242-2032300718 tempest-TaggedBootDevicesTest_v242-2032300718-project-member] Lock "cinder-attachment_update-01c28539-2a80-49b3-9a71-3e79b1047bab-np0000005519" released by "attachment_update" :: held 0.165s {{(pid=97053) __release /opt/stack/cinder/cinder/coordination.py:152}}
Jul 20 20:08:19.114627 np0000005519 devstack@c-api.service[97053]: INFO cinder.api.openstack.wsgi [req-aa5c71b3-0c37-4ce0-8c2b-3c68f442b501 req-f4803695-3912-4e01-9576-1552539784ea tempest-TaggedBootDevicesTest_v242-2032300718 tempest-TaggedBootDevicesTest_v242-2032300718-project-member] https://10.4.3.216/volume/v3/attachments/6c2da8c1-8ba1-4966-97ce-f03e110c9f86 returned with HTTP 200
Jul 20 20:08:19.116309 np0000005519 devstack@c-api.service[97053]: [pid: 97053|app: 0|req: 57/164] 10.4.3.216 () {74 vars in 1705 bytes} [Mon Jul 20 20:08:18 2026] PUT /volume/v3/attachments/6c2da8c1-8ba1-4966-97ce-f03e110c9f86 => generated 535 bytes in 195 msecs (HTTP/1.1 200) 7 headers in 286 bytes (1 switches on core 0)
Jul 20 20:08:19.136886 np0000005519 devstack@c-api.service[97051]: DEBUG cinder.api.middleware.request_id [req-a7176d2e-bead-4c7e-96e9-8a1a8e8c96bc req-8c2b26cc-982c-45a3-baf4-0f58e48407ff None None] RequestId filter calling following filter/app {{(pid=97051) _context_setter /opt/stack/cinder/cinder/api/middleware/request_id.py:62}}
Jul 20 20:08:19.144049 np0000005519 devstack@c-api.service[97051]: INFO cinder.api.openstack.wsgi [req-a7176d2e-bead-4c7e-96e9-8a1a8e8c96bc req-8c2b26cc-982c-45a3-baf4-0f58e48407ff tempest-TaggedBootDevicesTest-221256214 tempest-TaggedBootDevicesTest-221256214-project-member] POST https://10.4.3.216/volume/v3/attachments/bafbb11a-ad94-46a5-be4f-749932db8485/action
Jul 20 20:08:19.145140 np0000005519 devstack@c-api.service[97051]: DEBUG cinder.api.openstack.wsgi [req-a7176d2e-bead-4c7e-96e9-8a1a8e8c96bc req-8c2b26cc-982c-45a3-baf4-0f58e48407ff tempest-TaggedBootDevicesTest-221256214 tempest-TaggedBootDevicesTest-221256214-project-member] Action body: b'{"os-complete": null}' {{(pid=97051) get_method /opt/stack/cinder/cinder/api/openstack/wsgi.py:993}}
Jul 20 20:08:19.145549 np0000005519 devstack@c-api.service[97051]: DEBUG cinder.api.openstack.wsgi [req-a7176d2e-bead-4c7e-96e9-8a1a8e8c96bc req-8c2b26cc-982c-45a3-baf4-0f58e48407ff tempest-TaggedBootDevicesTest-221256214 tempest-TaggedBootDevicesTest-221256214-project-member] Action: 'action', calling method: version_select, body: {"os-complete": null} {{(pid=97051) _process_stack /opt/stack/cinder/cinder/api/openstack/wsgi.py:876}}
Jul 20 20:08:19.151113 np0000005519 devstack@c-api.service[97052]: DEBUG cinder.api.middleware.request_id [req-aa5c71b3-0c37-4ce0-8c2b-3c68f442b501 req-620b04f4-d621-4c9e-bde3-b76130d95c25 None None] RequestId filter calling following filter/app {{(pid=97052) _context_setter /opt/stack/cinder/cinder/api/middleware/request_id.py:62}}
Jul 20 20:08:19.156885 np0000005519 devstack@c-api.service[97052]: INFO cinder.api.openstack.wsgi [req-aa5c71b3-0c37-4ce0-8c2b-3c68f442b501 req-620b04f4-d621-4c9e-bde3-b76130d95c25 tempest-TaggedBootDevicesTest_v242-2032300718 tempest-TaggedBootDevicesTest_v242-2032300718-project-member] POST https://10.4.3.216/volume/v3/attachments/6c2da8c1-8ba1-4966-97ce-f03e110c9f86/action
Jul 20 20:08:19.157496 np0000005519 devstack@c-api.service[97052]: DEBUG cinder.api.openstack.wsgi [req-aa5c71b3-0c37-4ce0-8c2b-3c68f442b501 req-620b04f4-d621-4c9e-bde3-b76130d95c25 tempest-TaggedBootDevicesTest_v242-2032300718 tempest-TaggedBootDevicesTest_v242-2032300718-project-member] Action body: b'{"os-complete": null}' {{(pid=97052) get_method /opt/stack/cinder/cinder/api/openstack/wsgi.py:993}}
Jul 20 20:08:19.157708 np0000005519 devstack@c-api.service[97052]: DEBUG cinder.api.openstack.wsgi [req-aa5c71b3-0c37-4ce0-8c2b-3c68f442b501 req-620b04f4-d621-4c9e-bde3-b76130d95c25 tempest-TaggedBootDevicesTest_v242-2032300718 tempest-TaggedBootDevicesTest_v242-2032300718-project-member] Action: 'action', calling method: complete, body: {"os-complete": null} {{(pid=97052) _process_stack /opt/stack/cinder/cinder/api/openstack/wsgi.py:876}}
Jul 20 20:08:19.173942 np0000005519 devstack@c-api.service[97051]: /opt/stack/data/venv/lib/python3.12/site-packages/oslo_context/context.py:102: DeprecationWarning: Policy enforcement is depending on the value of is_admin. This key is deprecated. Please update your policy file to use the standard policy values.
Jul 20 20:08:19.173942 np0000005519 devstack@c-api.service[97051]: warnings.warn(
Jul 20 20:08:19.182059 np0000005519 devstack@c-api.service[97052]: /opt/stack/data/venv/lib/python3.12/site-packages/oslo_context/context.py:102: DeprecationWarning: Policy enforcement is depending on the value of is_admin. This key is deprecated. Please update your policy file to use the standard policy values.
Jul 20 20:08:19.182059 np0000005519 devstack@c-api.service[97052]: warnings.warn(
Jul 20 20:08:19.194551 np0000005519 devstack@c-api.service[97051]: INFO cinder.api.openstack.wsgi [req-a7176d2e-bead-4c7e-96e9-8a1a8e8c96bc req-8c2b26cc-982c-45a3-baf4-0f58e48407ff tempest-TaggedBootDevicesTest-221256214 tempest-TaggedBootDevicesTest-221256214-project-member] https://10.4.3.216/volume/v3/attachments/bafbb11a-ad94-46a5-be4f-749932db8485/action returned with HTTP 204
Jul 20 20:08:19.196153 np0000005519 devstack@c-api.service[97051]: [pid: 97051|app: 0|req: 55/165] 10.4.3.216 () {74 vars in 1725 bytes} [Mon Jul 20 20:08:19 2026] POST /volume/v3/attachments/bafbb11a-ad94-46a5-be4f-749932db8485/action => generated 0 bytes in 61 msecs (HTTP/1.1 204) 7 headers in 292 bytes (1 switches on core 0)
Jul 20 20:08:19.206108 np0000005519 devstack@c-api.service[97052]: INFO cinder.api.openstack.wsgi [req-aa5c71b3-0c37-4ce0-8c2b-3c68f442b501 req-620b04f4-d621-4c9e-bde3-b76130d95c25 tempest-TaggedBootDevicesTest_v242-2032300718 tempest-TaggedBootDevicesTest_v242-2032300718-project-member] https://10.4.3.216/volume/v3/attachments/6c2da8c1-8ba1-4966-97ce-f03e110c9f86/action returned with HTTP 204
Jul 20 20:08:19.206108 np0000005519 devstack@c-api.service[97052]: [pid: 97052|app: 0|req: 54/166] 10.4.3.216 () {74 vars in 1725 bytes} [Mon Jul 20 20:08:19 2026] POST /volume/v3/attachments/6c2da8c1-8ba1-4966-97ce-f03e110c9f86/action => generated 0 bytes in 55 msecs (HTTP/1.1 204) 7 headers in 292 bytes (1 switches on core 0)
Jul 20 20:08:19.242188 np0000005519 devstack@c-api.service[97053]: DEBUG cinder.api.middleware.request_id [None req-59d623fe-9ed3-4b83-8f41-b55d42581be9 None None] RequestId filter calling following filter/app {{(pid=97053) _context_setter /opt/stack/cinder/cinder/api/middleware/request_id.py:62}}
Jul 20 20:08:19.242661 np0000005519 devstack@c-api.service[97053]: INFO cinder.api.openstack.wsgi [None req-59d623fe-9ed3-4b83-8f41-b55d42581be9 None None] GET https://10.4.3.216/volume//
Jul 20 20:08:19.242845 np0000005519 devstack@c-api.service[97053]: DEBUG cinder.api.openstack.wsgi [None req-59d623fe-9ed3-4b83-8f41-b55d42581be9 None None] Empty body provided in request {{(pid=97053) get_body /opt/stack/cinder/cinder/api/openstack/wsgi.py:725}}
Jul 20 20:08:19.243332 np0000005519 devstack@c-api.service[97053]: DEBUG cinder.api.openstack.wsgi [None req-59d623fe-9ed3-4b83-8f41-b55d42581be9 None None] Calling method 'all' {{(pid=97053) _process_stack /opt/stack/cinder/cinder/api/openstack/wsgi.py:878}}
Jul 20 20:08:19.243332 np0000005519 devstack@c-api.service[97053]: INFO cinder.api.openstack.wsgi [None req-59d623fe-9ed3-4b83-8f41-b55d42581be9 None None] https://10.4.3.216/volume// returned with HTTP 300
Jul 20 20:08:19.244623 np0000005519 devstack@c-api.service[97053]: [pid: 97053|app: 0|req: 58/167] 10.4.3.216 () {66 vars in 1426 bytes} [Mon Jul 20 20:08:19 2026] GET /volume/ => generated 386 bytes in 4 msecs (HTTP/1.1 300) 7 headers in 299 bytes (1 switches on core 0)
Jul 20 20:08:19.261471 np0000005519 devstack@c-api.service[97051]: DEBUG cinder.api.middleware.request_id [None req-c1eac407-e4e7-4944-b378-f0eb617b9080 None None] RequestId filter calling following filter/app {{(pid=97051) _context_setter /opt/stack/cinder/cinder/api/middleware/request_id.py:62}}
Jul 20 20:08:19.261471 np0000005519 devstack@c-api.service[97051]: INFO cinder.api.openstack.wsgi [None req-c1eac407-e4e7-4944-b378-f0eb617b9080 None None] GET https://10.4.3.216/volume//
Jul 20 20:08:19.261471 np0000005519 devstack@c-api.service[97051]: DEBUG cinder.api.openstack.wsgi [None req-c1eac407-e4e7-4944-b378-f0eb617b9080 None None] Empty body provided in request {{(pid=97051) get_body /opt/stack/cinder/cinder/api/openstack/wsgi.py:725}}
Jul 20 20:08:19.261471 np0000005519 devstack@c-api.service[97051]: DEBUG cinder.api.openstack.wsgi [None req-c1eac407-e4e7-4944-b378-f0eb617b9080 None None] Calling method 'all' {{(pid=97051) _process_stack /opt/stack/cinder/cinder/api/openstack/wsgi.py:878}}
Jul 20 20:08:19.261471 np0000005519 devstack@c-api.service[97051]: INFO cinder.api.openstack.wsgi [None req-c1eac407-e4e7-4944-b378-f0eb617b9080 None None] https://10.4.3.216/volume// returned with HTTP 300
Jul 20 20:08:19.261798 np0000005519 devstack@c-api.service[97052]: DEBUG cinder.api.middleware.request_id [req-a7176d2e-bead-4c7e-96e9-8a1a8e8c96bc req-c834ef76-c223-43ba-a9d5-25c9220bac05 None None] RequestId filter calling following filter/app {{(pid=97052) _context_setter /opt/stack/cinder/cinder/api/middleware/request_id.py:62}}
Jul 20 20:08:19.264306 np0000005519 devstack@c-api.service[97052]: INFO cinder.api.openstack.wsgi [req-a7176d2e-bead-4c7e-96e9-8a1a8e8c96bc req-c834ef76-c223-43ba-a9d5-25c9220bac05 tempest-TaggedBootDevicesTest-221256214 tempest-TaggedBootDevicesTest-221256214-project-member] GET https://10.4.3.216/volume/v3/volumes/dcf976e7-87dc-456d-a339-233775fc6ed8
Jul 20 20:08:19.264524 np0000005519 devstack@c-api.service[97051]: [pid: 97051|app: 0|req: 56/168] 10.4.3.216 () {66 vars in 1426 bytes} [Mon Jul 20 20:08:19 2026] GET /volume/ => generated 386 bytes in 6 msecs (HTTP/1.1 300) 7 headers in 299 bytes (1 switches on core 0)
Jul 20 20:08:19.264584 np0000005519 devstack@c-api.service[97052]: DEBUG cinder.api.openstack.wsgi [req-a7176d2e-bead-4c7e-96e9-8a1a8e8c96bc req-c834ef76-c223-43ba-a9d5-25c9220bac05 tempest-TaggedBootDevicesTest-221256214 tempest-TaggedBootDevicesTest-221256214-project-member] Empty body provided in request {{(pid=97052) get_body /opt/stack/cinder/cinder/api/openstack/wsgi.py:725}}
Jul 20 20:08:19.264794 np0000005519 devstack@c-api.service[97052]: DEBUG cinder.api.openstack.wsgi [req-a7176d2e-bead-4c7e-96e9-8a1a8e8c96bc req-c834ef76-c223-43ba-a9d5-25c9220bac05 tempest-TaggedBootDevicesTest-221256214 tempest-TaggedBootDevicesTest-221256214-project-member] Calling method 'show' {{(pid=97052) _process_stack /opt/stack/cinder/cinder/api/openstack/wsgi.py:878}}
Jul 20 20:08:19.279024 np0000005519 devstack@c-api.service[97052]: /opt/stack/data/venv/lib/python3.12/site-packages/oslo_context/context.py:102: DeprecationWarning: Policy enforcement is depending on the value of is_admin. This key is deprecated. Please update your policy file to use the standard policy values.
Jul 20 20:08:19.279024 np0000005519 devstack@c-api.service[97052]: warnings.warn(
Jul 20 20:08:19.279167 np0000005519 devstack@c-api.service[97053]: DEBUG cinder.api.middleware.request_id [req-aa5c71b3-0c37-4ce0-8c2b-3c68f442b501 req-23c31acb-eb53-4d18-ba39-46be8434de4d None None] RequestId filter calling following filter/app {{(pid=97053) _context_setter /opt/stack/cinder/cinder/api/middleware/request_id.py:62}}
Jul 20 20:08:19.284462 np0000005519 devstack@c-api.service[97052]: INFO cinder.volume.api [req-a7176d2e-bead-4c7e-96e9-8a1a8e8c96bc req-c834ef76-c223-43ba-a9d5-25c9220bac05 tempest-TaggedBootDevicesTest-221256214 tempest-TaggedBootDevicesTest-221256214-project-member] Volume info retrieved successfully.
Jul 20 20:08:19.288135 np0000005519 devstack@c-api.service[97053]: INFO cinder.api.openstack.wsgi [req-aa5c71b3-0c37-4ce0-8c2b-3c68f442b501 req-23c31acb-eb53-4d18-ba39-46be8434de4d tempest-TaggedBootDevicesTest_v242-2032300718 tempest-TaggedBootDevicesTest_v242-2032300718-project-member] GET https://10.4.3.216/volume/v3/volumes/307670fe-b330-449d-848d-11e21706c151
Jul 20 20:08:19.290035 np0000005519 devstack@c-api.service[97053]: DEBUG cinder.api.openstack.wsgi [req-aa5c71b3-0c37-4ce0-8c2b-3c68f442b501 req-23c31acb-eb53-4d18-ba39-46be8434de4d tempest-TaggedBootDevicesTest_v242-2032300718 tempest-TaggedBootDevicesTest_v242-2032300718-project-member] Empty body provided in request {{(pid=97053) get_body /opt/stack/cinder/cinder/api/openstack/wsgi.py:725}}
Jul 20 20:08:19.290606 np0000005519 devstack@c-api.service[97053]: DEBUG cinder.api.openstack.wsgi [req-aa5c71b3-0c37-4ce0-8c2b-3c68f442b501 req-23c31acb-eb53-4d18-ba39-46be8434de4d tempest-TaggedBootDevicesTest_v242-2032300718 tempest-TaggedBootDevicesTest_v242-2032300718-project-member] Calling method 'show' {{(pid=97053) _process_stack /opt/stack/cinder/cinder/api/openstack/wsgi.py:878}}
Jul 20 20:08:19.291223 np0000005519 devstack@c-api.service[97052]: INFO cinder.api.openstack.wsgi [req-a7176d2e-bead-4c7e-96e9-8a1a8e8c96bc req-c834ef76-c223-43ba-a9d5-25c9220bac05 tempest-TaggedBootDevicesTest-221256214 tempest-TaggedBootDevicesTest-221256214-project-member] https://10.4.3.216/volume/v3/volumes/dcf976e7-87dc-456d-a339-233775fc6ed8 returned with HTTP 200
Jul 20 20:08:19.291782 np0000005519 devstack@c-api.service[97052]: [pid: 97052|app: 0|req: 55/169] 10.4.3.216 () {70 vars in 1639 bytes} [Mon Jul 20 20:08:19 2026] GET /volume/v3/volumes/dcf976e7-87dc-456d-a339-233775fc6ed8 => generated 1025 bytes in 31 msecs (HTTP/1.1 200) 7 headers in 287 bytes (1 switches on core 0)
Jul 20 20:08:19.310123 np0000005519 devstack@c-api.service[97053]: /opt/stack/data/venv/lib/python3.12/site-packages/oslo_context/context.py:102: DeprecationWarning: Policy enforcement is depending on the value of is_admin. This key is deprecated. Please update your policy file to use the standard policy values.
Jul 20 20:08:19.310123 np0000005519 devstack@c-api.service[97053]: warnings.warn(
Jul 20 20:08:19.315238 np0000005519 devstack@c-api.service[97053]: INFO cinder.volume.api [req-aa5c71b3-0c37-4ce0-8c2b-3c68f442b501 req-23c31acb-eb53-4d18-ba39-46be8434de4d tempest-TaggedBootDevicesTest_v242-2032300718 tempest-TaggedBootDevicesTest_v242-2032300718-project-member] Volume info retrieved successfully.
Jul 20 20:08:19.322424 np0000005519 devstack@c-api.service[97053]: INFO cinder.api.openstack.wsgi [req-aa5c71b3-0c37-4ce0-8c2b-3c68f442b501 req-23c31acb-eb53-4d18-ba39-46be8434de4d tempest-TaggedBootDevicesTest_v242-2032300718 tempest-TaggedBootDevicesTest_v242-2032300718-project-member] https://10.4.3.216/volume/v3/volumes/307670fe-b330-449d-848d-11e21706c151 returned with HTTP 200
Jul 20 20:08:19.323142 np0000005519 devstack@c-api.service[97053]: [pid: 97053|app: 0|req: 59/170] 10.4.3.216 () {70 vars in 1639 bytes} [Mon Jul 20 20:08:19 2026] GET /volume/v3/volumes/307670fe-b330-449d-848d-11e21706c151 => generated 1030 bytes in 45 msecs (HTTP/1.1 200) 7 headers in 287 bytes (1 switches on core 0)
Jul 20 20:08:19.405943 np0000005519 devstack@c-api.service[97051]: DEBUG cinder.api.middleware.request_id [req-a7176d2e-bead-4c7e-96e9-8a1a8e8c96bc req-b61df30c-37da-4794-b835-b380c4b3cdd6 None None] RequestId filter calling following filter/app {{(pid=97051) _context_setter /opt/stack/cinder/cinder/api/middleware/request_id.py:62}}
Jul 20 20:08:19.409084 np0000005519 devstack@c-api.service[97051]: INFO cinder.api.openstack.wsgi [req-a7176d2e-bead-4c7e-96e9-8a1a8e8c96bc req-b61df30c-37da-4794-b835-b380c4b3cdd6 tempest-TaggedBootDevicesTest-221256214 tempest-TaggedBootDevicesTest-221256214-project-member] PUT https://10.4.3.216/volume/v3/attachments/b1bc5eae-198c-4298-bd9e-4447374a98c3
Jul 20 20:08:19.409702 np0000005519 devstack@c-api.service[97051]: DEBUG cinder.api.openstack.wsgi [req-a7176d2e-bead-4c7e-96e9-8a1a8e8c96bc req-b61df30c-37da-4794-b835-b380c4b3cdd6 tempest-TaggedBootDevicesTest-221256214 tempest-TaggedBootDevicesTest-221256214-project-member] Action: 'update', calling method: version_select, body: {"attachment": {"connector": {"platform": "x86_64", "os_type": "linux", "ip": "10.4.3.216", "host": "np0000005519", "multipath": false, "enforce_multipath": true, "initiator": "iqn.2016-04.com.open-iscsi:3f18e9a2fb54", "do_local_attach": false, "nvme_hostid": "83ed816f-5312-4bf1-b47d-aec2eedf31c7", "uuid": "8515de1c-ba7e-467b-adde-6d9f8a8dbc1f", "system uuid": "c4bd4f0a-c1df-4870-92a0-c531d736ca31", "nqn": "nqn.2014-08.org.nvmexpress:uuid:c4bd4f0a-c1df-4870-92a0-c531d736ca31", "nvme_native_multipath": true, "found_dsc": "", "host_ips": ["10.4.3.216", "fe80::f816:3eff:fe4d:9a10", "192.168.10.6", "fe80::f816:3eff:feb9:7cb0", "192.168.20.6", "fe80::f816:3eff:fee7:8f58", "192.168.30.6", "fe80::f816:3eff:fe16:a4af", "192.168.122.1", "172.24.5.1", "2001:db8::2", "fe80::106a:9bff:fe18:7c4c", "fe80::f816:3eff:fe43:2eb4", "fe80::5c12:a8ff:fe19:ee2b", "fe80::f816:3eff:fe4f:6c10", "fe80::8c25:77ff:fe1c:964f", "fe80::f816:3eff:feb9:2381", "fe80::2849:49ff:feca:421e", "fe80::f816:3eff:fe75:7e1d", "fe80::30e7:ceff:feec:a0f2"], "mountpoint": "/dev/vdc"}}} {{(pid=97051) _process_stack /opt/stack/cinder/cinder/api/openstack/wsgi.py:876}}
Jul 20 20:08:19.417691 np0000005519 devstack@c-api.service[97052]: DEBUG cinder.api.middleware.request_id [req-aa5c71b3-0c37-4ce0-8c2b-3c68f442b501 req-a15dcb18-6ba5-42b4-a0f8-8b53bf35e96f None None] RequestId filter calling following filter/app {{(pid=97052) _context_setter /opt/stack/cinder/cinder/api/middleware/request_id.py:62}}
Jul 20 20:08:19.420925 np0000005519 devstack@c-api.service[97052]: INFO cinder.api.openstack.wsgi [req-aa5c71b3-0c37-4ce0-8c2b-3c68f442b501 req-a15dcb18-6ba5-42b4-a0f8-8b53bf35e96f tempest-TaggedBootDevicesTest_v242-2032300718 tempest-TaggedBootDevicesTest_v242-2032300718-project-member] PUT https://10.4.3.216/volume/v3/attachments/32854231-a09f-4a19-b32c-8ae50ca45362
Jul 20 20:08:19.422072 np0000005519 devstack@c-api.service[97052]: DEBUG cinder.api.openstack.wsgi [req-aa5c71b3-0c37-4ce0-8c2b-3c68f442b501 req-a15dcb18-6ba5-42b4-a0f8-8b53bf35e96f tempest-TaggedBootDevicesTest_v242-2032300718 tempest-TaggedBootDevicesTest_v242-2032300718-project-member] Action: 'update', calling method: version_select, body: {"attachment": {"connector": {"platform": "x86_64", "os_type": "linux", "ip": "10.4.3.216", "host": "np0000005519", "multipath": false, "enforce_multipath": true, "initiator": "iqn.2016-04.com.open-iscsi:3f18e9a2fb54", "do_local_attach": false, "nvme_hostid": "83ed816f-5312-4bf1-b47d-aec2eedf31c7", "uuid": "8515de1c-ba7e-467b-adde-6d9f8a8dbc1f", "system uuid": "c4bd4f0a-c1df-4870-92a0-c531d736ca31", "nqn": "nqn.2014-08.org.nvmexpress:uuid:c4bd4f0a-c1df-4870-92a0-c531d736ca31", "nvme_native_multipath": true, "found_dsc": "", "host_ips": ["10.4.3.216", "fe80::f816:3eff:fe4d:9a10", "192.168.10.6", "fe80::f816:3eff:feb9:7cb0", "192.168.20.6", "fe80::f816:3eff:fee7:8f58", "192.168.30.6", "fe80::f816:3eff:fe16:a4af", "192.168.122.1", "172.24.5.1", "2001:db8::2", "fe80::106a:9bff:fe18:7c4c", "fe80::f816:3eff:fe43:2eb4", "fe80::5c12:a8ff:fe19:ee2b", "fe80::f816:3eff:fe4f:6c10", "fe80::8c25:77ff:fe1c:964f", "fe80::f816:3eff:feb9:2381", "fe80::2849:49ff:feca:421e", "fe80::f816:3eff:fe75:7e1d", "fe80::30e7:ceff:feec:a0f2"], "mountpoint": "/dev/vdc"}}} {{(pid=97052) _process_stack /opt/stack/cinder/cinder/api/openstack/wsgi.py:876}}
Jul 20 20:08:19.422225 np0000005519 devstack@c-api.service[97051]: DEBUG cinder.coordination [req-a7176d2e-bead-4c7e-96e9-8a1a8e8c96bc req-b61df30c-37da-4794-b835-b380c4b3cdd6 tempest-TaggedBootDevicesTest-221256214 tempest-TaggedBootDevicesTest-221256214-project-member] Acquiring lock "cinder-attachment_update-dcf976e7-87dc-456d-a339-233775fc6ed8-np0000005519" by "attachment_update" {{(pid=97051) __acquire /opt/stack/cinder/cinder/coordination.py:138}}
Jul 20 20:08:19.429446 np0000005519 devstack@c-api.service[97051]: DEBUG cinder.coordination [req-a7176d2e-bead-4c7e-96e9-8a1a8e8c96bc req-b61df30c-37da-4794-b835-b380c4b3cdd6 tempest-TaggedBootDevicesTest-221256214 tempest-TaggedBootDevicesTest-221256214-project-member] Lock "cinder-attachment_update-dcf976e7-87dc-456d-a339-233775fc6ed8-np0000005519" acquired by "attachment_update" :: waited 0.007s {{(pid=97051) __acquire /opt/stack/cinder/cinder/coordination.py:141}}
Jul 20 20:08:19.431046 np0000005519 devstack@c-api.service[97051]: /opt/stack/data/venv/lib/python3.12/site-packages/oslo_context/context.py:102: DeprecationWarning: Policy enforcement is depending on the value of is_admin. This key is deprecated. Please update your policy file to use the standard policy values.
Jul 20 20:08:19.431046 np0000005519 devstack@c-api.service[97051]: warnings.warn(
Jul 20 20:08:19.434136 np0000005519 devstack@c-api.service[97052]: DEBUG cinder.coordination [req-aa5c71b3-0c37-4ce0-8c2b-3c68f442b501 req-a15dcb18-6ba5-42b4-a0f8-8b53bf35e96f tempest-TaggedBootDevicesTest_v242-2032300718 tempest-TaggedBootDevicesTest_v242-2032300718-project-member] Acquiring lock "cinder-attachment_update-307670fe-b330-449d-848d-11e21706c151-np0000005519" by "attachment_update" {{(pid=97052) __acquire /opt/stack/cinder/cinder/coordination.py:138}}
Jul 20 20:08:19.441623 np0000005519 devstack@c-api.service[97052]: DEBUG cinder.coordination [req-aa5c71b3-0c37-4ce0-8c2b-3c68f442b501 req-a15dcb18-6ba5-42b4-a0f8-8b53bf35e96f tempest-TaggedBootDevicesTest_v242-2032300718 tempest-TaggedBootDevicesTest_v242-2032300718-project-member] Lock "cinder-attachment_update-307670fe-b330-449d-848d-11e21706c151-np0000005519" acquired by "attachment_update" :: waited 0.007s {{(pid=97052) __acquire /opt/stack/cinder/cinder/coordination.py:141}}
Jul 20 20:08:19.443882 np0000005519 devstack@c-api.service[97052]: /opt/stack/data/venv/lib/python3.12/site-packages/oslo_context/context.py:102: DeprecationWarning: Policy enforcement is depending on the value of is_admin. This key is deprecated. Please update your policy file to use the standard policy values.
Jul 20 20:08:19.443882 np0000005519 devstack@c-api.service[97052]: warnings.warn(
Jul 20 20:08:19.553484 np0000005519 devstack@c-api.service[97051]: DEBUG cinder.coordination [req-a7176d2e-bead-4c7e-96e9-8a1a8e8c96bc req-b61df30c-37da-4794-b835-b380c4b3cdd6 tempest-TaggedBootDevicesTest-221256214 tempest-TaggedBootDevicesTest-221256214-project-member] Lock "cinder-attachment_update-dcf976e7-87dc-456d-a339-233775fc6ed8-np0000005519" released by "attachment_update" :: held 0.124s {{(pid=97051) __release /opt/stack/cinder/cinder/coordination.py:152}}
Jul 20 20:08:19.553968 np0000005519 devstack@c-api.service[97051]: INFO cinder.api.openstack.wsgi [req-a7176d2e-bead-4c7e-96e9-8a1a8e8c96bc req-b61df30c-37da-4794-b835-b380c4b3cdd6 tempest-TaggedBootDevicesTest-221256214 tempest-TaggedBootDevicesTest-221256214-project-member] https://10.4.3.216/volume/v3/attachments/b1bc5eae-198c-4298-bd9e-4447374a98c3 returned with HTTP 200
Jul 20 20:08:19.555921 np0000005519 devstack@c-api.service[97051]: [pid: 97051|app: 0|req: 57/171] 10.4.3.216 () {74 vars in 1705 bytes} [Mon Jul 20 20:08:19 2026] PUT /volume/v3/attachments/b1bc5eae-198c-4298-bd9e-4447374a98c3 => generated 535 bytes in 150 msecs (HTTP/1.1 200) 7 headers in 286 bytes (1 switches on core 0)
Jul 20 20:08:19.572244 np0000005519 devstack@c-api.service[97052]: DEBUG cinder.coordination [req-aa5c71b3-0c37-4ce0-8c2b-3c68f442b501 req-a15dcb18-6ba5-42b4-a0f8-8b53bf35e96f tempest-TaggedBootDevicesTest_v242-2032300718 tempest-TaggedBootDevicesTest_v242-2032300718-project-member] Lock "cinder-attachment_update-307670fe-b330-449d-848d-11e21706c151-np0000005519" released by "attachment_update" :: held 0.131s {{(pid=97052) __release /opt/stack/cinder/cinder/coordination.py:152}}
Jul 20 20:08:19.577153 np0000005519 devstack@c-api.service[97052]: INFO cinder.api.openstack.wsgi [req-aa5c71b3-0c37-4ce0-8c2b-3c68f442b501 req-a15dcb18-6ba5-42b4-a0f8-8b53bf35e96f tempest-TaggedBootDevicesTest_v242-2032300718 tempest-TaggedBootDevicesTest_v242-2032300718-project-member] https://10.4.3.216/volume/v3/attachments/32854231-a09f-4a19-b32c-8ae50ca45362 returned with HTTP 200
Jul 20 20:08:19.581154 np0000005519 devstack@c-api.service[97052]: [pid: 97052|app: 0|req: 56/172] 10.4.3.216 () {74 vars in 1705 bytes} [Mon Jul 20 20:08:19 2026] PUT /volume/v3/attachments/32854231-a09f-4a19-b32c-8ae50ca45362 => generated 535 bytes in 161 msecs (HTTP/1.1 200) 7 headers in 286 bytes (1 switches on core 0)
Jul 20 20:08:19.588788 np0000005519 devstack@c-api.service[97053]: DEBUG cinder.api.middleware.request_id [req-a7176d2e-bead-4c7e-96e9-8a1a8e8c96bc req-8f9303a1-865b-436a-81e2-c6f8b8f3c36d None None] RequestId filter calling following filter/app {{(pid=97053) _context_setter /opt/stack/cinder/cinder/api/middleware/request_id.py:62}}
Jul 20 20:08:19.591485 np0000005519 devstack@c-api.service[97053]: INFO cinder.api.openstack.wsgi [req-a7176d2e-bead-4c7e-96e9-8a1a8e8c96bc req-8f9303a1-865b-436a-81e2-c6f8b8f3c36d tempest-TaggedBootDevicesTest-221256214 tempest-TaggedBootDevicesTest-221256214-project-member] POST https://10.4.3.216/volume/v3/attachments/b1bc5eae-198c-4298-bd9e-4447374a98c3/action
Jul 20 20:08:19.591903 np0000005519 devstack@c-api.service[97053]: DEBUG cinder.api.openstack.wsgi [req-a7176d2e-bead-4c7e-96e9-8a1a8e8c96bc req-8f9303a1-865b-436a-81e2-c6f8b8f3c36d tempest-TaggedBootDevicesTest-221256214 tempest-TaggedBootDevicesTest-221256214-project-member] Action body: b'{"os-complete": null}' {{(pid=97053) get_method /opt/stack/cinder/cinder/api/openstack/wsgi.py:993}}
Jul 20 20:08:19.592487 np0000005519 devstack@c-api.service[97053]: DEBUG cinder.api.openstack.wsgi [req-a7176d2e-bead-4c7e-96e9-8a1a8e8c96bc req-8f9303a1-865b-436a-81e2-c6f8b8f3c36d tempest-TaggedBootDevicesTest-221256214 tempest-TaggedBootDevicesTest-221256214-project-member] Action: 'action', calling method: complete, body: {"os-complete": null} {{(pid=97053) _process_stack /opt/stack/cinder/cinder/api/openstack/wsgi.py:876}}
Jul 20 20:08:19.609208 np0000005519 devstack@c-api.service[97051]: DEBUG cinder.api.middleware.request_id [req-aa5c71b3-0c37-4ce0-8c2b-3c68f442b501 req-2f80101d-9d57-4f7b-8773-917ff94314aa None None] RequestId filter calling following filter/app {{(pid=97051) _context_setter /opt/stack/cinder/cinder/api/middleware/request_id.py:62}}
Jul 20 20:08:19.612879 np0000005519 devstack@c-api.service[97051]: INFO cinder.api.openstack.wsgi [req-aa5c71b3-0c37-4ce0-8c2b-3c68f442b501 req-2f80101d-9d57-4f7b-8773-917ff94314aa tempest-TaggedBootDevicesTest_v242-2032300718 tempest-TaggedBootDevicesTest_v242-2032300718-project-member] POST https://10.4.3.216/volume/v3/attachments/32854231-a09f-4a19-b32c-8ae50ca45362/action
Jul 20 20:08:19.614432 np0000005519 devstack@c-api.service[97051]: DEBUG cinder.api.openstack.wsgi [req-aa5c71b3-0c37-4ce0-8c2b-3c68f442b501 req-2f80101d-9d57-4f7b-8773-917ff94314aa tempest-TaggedBootDevicesTest_v242-2032300718 tempest-TaggedBootDevicesTest_v242-2032300718-project-member] Action body: b'{"os-complete": null}' {{(pid=97051) get_method /opt/stack/cinder/cinder/api/openstack/wsgi.py:993}}
Jul 20 20:08:19.614432 np0000005519 devstack@c-api.service[97051]: DEBUG cinder.api.openstack.wsgi [req-aa5c71b3-0c37-4ce0-8c2b-3c68f442b501 req-2f80101d-9d57-4f7b-8773-917ff94314aa tempest-TaggedBootDevicesTest_v242-2032300718 tempest-TaggedBootDevicesTest_v242-2032300718-project-member] Action: 'action', calling method: complete, body: {"os-complete": null} {{(pid=97051) _process_stack /opt/stack/cinder/cinder/api/openstack/wsgi.py:876}}
Jul 20 20:08:19.629924 np0000005519 devstack@c-api.service[97053]: /opt/stack/data/venv/lib/python3.12/site-packages/oslo_context/context.py:102: DeprecationWarning: Policy enforcement is depending on the value of is_admin. This key is deprecated. Please update your policy file to use the standard policy values.
Jul 20 20:08:19.629924 np0000005519 devstack@c-api.service[97053]: warnings.warn(
Jul 20 20:08:19.633753 np0000005519 devstack@c-api.service[97051]: /opt/stack/data/venv/lib/python3.12/site-packages/oslo_context/context.py:102: DeprecationWarning: Policy enforcement is depending on the value of is_admin. This key is deprecated. Please update your policy file to use the standard policy values.
Jul 20 20:08:19.633753 np0000005519 devstack@c-api.service[97051]: warnings.warn(
Jul 20 20:08:19.646009 np0000005519 devstack@c-api.service[97053]: INFO cinder.api.openstack.wsgi [req-a7176d2e-bead-4c7e-96e9-8a1a8e8c96bc req-8f9303a1-865b-436a-81e2-c6f8b8f3c36d tempest-TaggedBootDevicesTest-221256214 tempest-TaggedBootDevicesTest-221256214-project-member] https://10.4.3.216/volume/v3/attachments/b1bc5eae-198c-4298-bd9e-4447374a98c3/action returned with HTTP 204
Jul 20 20:08:19.646435 np0000005519 devstack@c-api.service[97053]: [pid: 97053|app: 0|req: 60/173] 10.4.3.216 () {74 vars in 1725 bytes} [Mon Jul 20 20:08:19 2026] POST /volume/v3/attachments/b1bc5eae-198c-4298-bd9e-4447374a98c3/action => generated 0 bytes in 58 msecs (HTTP/1.1 204) 7 headers in 292 bytes (1 switches on core 0)
Jul 20 20:08:19.649698 np0000005519 devstack@c-api.service[97051]: INFO cinder.api.openstack.wsgi [req-aa5c71b3-0c37-4ce0-8c2b-3c68f442b501 req-2f80101d-9d57-4f7b-8773-917ff94314aa tempest-TaggedBootDevicesTest_v242-2032300718 tempest-TaggedBootDevicesTest_v242-2032300718-project-member] https://10.4.3.216/volume/v3/attachments/32854231-a09f-4a19-b32c-8ae50ca45362/action returned with HTTP 204
Jul 20 20:08:19.650974 np0000005519 devstack@c-api.service[97051]: [pid: 97051|app: 0|req: 58/174] 10.4.3.216 () {74 vars in 1725 bytes} [Mon Jul 20 20:08:19 2026] POST /volume/v3/attachments/32854231-a09f-4a19-b32c-8ae50ca45362/action => generated 0 bytes in 42 msecs (HTTP/1.1 204) 7 headers in 292 bytes (1 switches on core 0)
Jul 20 20:08:24.773812 np0000005519 devstack@c-api.service[97052]: DEBUG cinder.api.middleware.request_id [None req-0e9e27fc-2394-4433-b0ad-a01cfebc360a None None] RequestId filter calling following filter/app {{(pid=97052) _context_setter /opt/stack/cinder/cinder/api/middleware/request_id.py:62}}
Jul 20 20:08:25.091752 np0000005519 devstack@c-api.service[97052]: INFO cinder.api.openstack.wsgi [None req-0e9e27fc-2394-4433-b0ad-a01cfebc360a tempest-AbsoluteLimitsTests-675923664 tempest-AbsoluteLimitsTests-675923664-project-member] POST https://10.4.3.216/volume/v3/volumes
Jul 20 20:08:25.092314 np0000005519 devstack@c-api.service[97052]: DEBUG cinder.api.openstack.wsgi [None req-0e9e27fc-2394-4433-b0ad-a01cfebc360a tempest-AbsoluteLimitsTests-675923664 tempest-AbsoluteLimitsTests-675923664-project-member] Action: 'create', calling method: create, body: {"volume": {"size": 1, "name": "tempest-AbsoluteLimitsTests-Volume-1832877083"}} {{(pid=97052) _process_stack /opt/stack/cinder/cinder/api/openstack/wsgi.py:876}}
Jul 20 20:08:25.098428 np0000005519 devstack@c-api.service[97052]: DEBUG cinder.api.v3.volumes [None req-0e9e27fc-2394-4433-b0ad-a01cfebc360a tempest-AbsoluteLimitsTests-675923664 tempest-AbsoluteLimitsTests-675923664-project-member] Create volume request body: {'volume': {'size': 1, 'name': 'tempest-AbsoluteLimitsTests-Volume-1832877083'}} {{(pid=97052) create /opt/stack/cinder/cinder/api/v3/volumes.py:368}}
Jul 20 20:08:25.098428 np0000005519 devstack@c-api.service[97052]: INFO cinder.api.v3.volumes [None req-0e9e27fc-2394-4433-b0ad-a01cfebc360a tempest-AbsoluteLimitsTests-675923664 tempest-AbsoluteLimitsTests-675923664-project-member] Create volume of 1 GB
Jul 20 20:08:25.098632 np0000005519 devstack@c-api.service[97052]: /opt/stack/data/venv/lib/python3.12/site-packages/oslo_context/context.py:102: DeprecationWarning: Policy enforcement is depending on the value of is_admin. This key is deprecated. Please update your policy file to use the standard policy values.
Jul 20 20:08:25.098632 np0000005519 devstack@c-api.service[97052]: warnings.warn(
Jul 20 20:08:25.115812 np0000005519 devstack@c-api.service[97052]: INFO cinder.volume.api [None req-0e9e27fc-2394-4433-b0ad-a01cfebc360a tempest-AbsoluteLimitsTests-675923664 tempest-AbsoluteLimitsTests-675923664-project-member] Availability Zones retrieved successfully.
Jul 20 20:08:25.130525 np0000005519 devstack@c-api.service[97052]: DEBUG cinder.volume.api [None req-0e9e27fc-2394-4433-b0ad-a01cfebc360a tempest-AbsoluteLimitsTests-675923664 tempest-AbsoluteLimitsTests-675923664-project-member] Flow 'volume_create_api' (23d5acce-5080-47d5-974e-e784f0d62603) transitioned into state 'RUNNING' from state 'PENDING' {{(pid=97052) _flow_receiver /opt/stack/data/venv/lib/python3.12/site-packages/taskflow/listeners/logging.py:160}}
Jul 20 20:08:25.133828 np0000005519 devstack@c-api.service[97052]: DEBUG cinder.volume.api [None req-0e9e27fc-2394-4433-b0ad-a01cfebc360a tempest-AbsoluteLimitsTests-675923664 tempest-AbsoluteLimitsTests-675923664-project-member] Task 'cinder.volume.flows.api.create_volume.ExtractVolumeRequestTask;volume:create' (fa518ac2-e1c2-4c8a-b10c-6b7e3ee13e0c) transitioned into state 'RUNNING' from state 'PENDING' {{(pid=97052) _task_receiver /opt/stack/data/venv/lib/python3.12/site-packages/taskflow/listeners/logging.py:242}}
Jul 20 20:08:25.135857 np0000005519 devstack@c-api.service[97052]: DEBUG cinder.volume.flows.api.create_volume [None req-0e9e27fc-2394-4433-b0ad-a01cfebc360a tempest-AbsoluteLimitsTests-675923664 tempest-AbsoluteLimitsTests-675923664-project-member] Validating volume size '1' using validate_int {{(pid=97052) _extract_size /opt/stack/cinder/cinder/volume/flows/api/create_volume.py:226}}
Jul 20 20:08:25.178665 np0000005519 devstack@c-api.service[97052]: DEBUG cinder.volume.api [None req-0e9e27fc-2394-4433-b0ad-a01cfebc360a tempest-AbsoluteLimitsTests-675923664 tempest-AbsoluteLimitsTests-675923664-project-member] Task 'cinder.volume.flows.api.create_volume.ExtractVolumeRequestTask;volume:create' (fa518ac2-e1c2-4c8a-b10c-6b7e3ee13e0c) transitioned into state 'SUCCESS' from state 'RUNNING' with result '{'size': 1, 'snapshot_id': None, 'source_volid': None, 'volume_type': VolumeType(created_at=2026-07-20T20:05:52Z,deleted=False,deleted_at=None,description=None,extra_specs={volume_backend_name='storpool'},id=2c7aa5bd-7c00-4326-97d9-dcabb86605fe,is_public=True,name='storpool',projects=[],qos_specs=,qos_specs_id=None,updated_at=None), 'volume_type_id': '2c7aa5bd-7c00-4326-97d9-dcabb86605fe', 'encryption_key_id': None, 'qos_specs': None, 'consistencygroup_id': None, 'cgsnapshot_id': None, 'group_id': None, 'replication_status': 'disabled', 'refresh_az': False, 'backup_id': None, 'multiattach': False, 'availability_zones': ['nova']}' {{(pid=97052) _task_receiver /opt/stack/data/venv/lib/python3.12/site-packages/taskflow/listeners/logging.py:218}}
Jul 20 20:08:25.180881 np0000005519 devstack@c-api.service[97052]: DEBUG cinder.volume.api [None req-0e9e27fc-2394-4433-b0ad-a01cfebc360a tempest-AbsoluteLimitsTests-675923664 tempest-AbsoluteLimitsTests-675923664-project-member] Task 'cinder.volume.flows.api.create_volume.QuotaReserveTask;volume:create' (19d90e4f-6364-424c-a0bc-e0364112a45a) transitioned into state 'RUNNING' from state 'PENDING' {{(pid=97052) _task_receiver /opt/stack/data/venv/lib/python3.12/site-packages/taskflow/listeners/logging.py:242}}
Jul 20 20:08:25.291651 np0000005519 devstack@c-api.service[97052]: DEBUG cinder.quota [None req-0e9e27fc-2394-4433-b0ad-a01cfebc360a tempest-AbsoluteLimitsTests-675923664 tempest-AbsoluteLimitsTests-675923664-project-member] Created reservations ['e9ed916c-eff0-459f-bcbb-ce5987ad70b6', '45152097-f428-4c03-a9fc-09a379bfd0ad', 'a5e7f3a8-6d8b-4c3f-a027-b8f0b448c317', 'ac7ad2ca-545e-4396-ba3d-2d3a745986eb'] {{(pid=97052) reserve /opt/stack/cinder/cinder/quota.py:752}}
Jul 20 20:08:25.292885 np0000005519 devstack@c-api.service[97052]: DEBUG cinder.volume.api [None req-0e9e27fc-2394-4433-b0ad-a01cfebc360a tempest-AbsoluteLimitsTests-675923664 tempest-AbsoluteLimitsTests-675923664-project-member] Task 'cinder.volume.flows.api.create_volume.QuotaReserveTask;volume:create' (19d90e4f-6364-424c-a0bc-e0364112a45a) transitioned into state 'SUCCESS' from state 'RUNNING' with result '{'reservations': ['e9ed916c-eff0-459f-bcbb-ce5987ad70b6', '45152097-f428-4c03-a9fc-09a379bfd0ad', 'a5e7f3a8-6d8b-4c3f-a027-b8f0b448c317', 'ac7ad2ca-545e-4396-ba3d-2d3a745986eb']}' {{(pid=97052) _task_receiver /opt/stack/data/venv/lib/python3.12/site-packages/taskflow/listeners/logging.py:218}}
Jul 20 20:08:25.294054 np0000005519 devstack@c-api.service[97052]: DEBUG cinder.volume.api [None req-0e9e27fc-2394-4433-b0ad-a01cfebc360a tempest-AbsoluteLimitsTests-675923664 tempest-AbsoluteLimitsTests-675923664-project-member] Task 'cinder.volume.flows.api.create_volume.EntryCreateTask;volume:create' (c52df5bf-a25e-4807-8908-cbb45ce5d0cb) transitioned into state 'RUNNING' from state 'PENDING' {{(pid=97052) _task_receiver /opt/stack/data/venv/lib/python3.12/site-packages/taskflow/listeners/logging.py:242}}
Jul 20 20:08:25.326395 np0000005519 devstack@c-api.service[97052]: DEBUG cinder.volume.api [None req-0e9e27fc-2394-4433-b0ad-a01cfebc360a tempest-AbsoluteLimitsTests-675923664 tempest-AbsoluteLimitsTests-675923664-project-member] Task 'cinder.volume.flows.api.create_volume.EntryCreateTask;volume:create' (c52df5bf-a25e-4807-8908-cbb45ce5d0cb) transitioned into state 'SUCCESS' from state 'RUNNING' with result '{'volume_id': 'd1221c90-5ef0-4e35-b05e-255d8baeace5', 'volume_properties': VolumeProperties(attach_status='detached',availability_zone='nova',cgsnapshot_id=None,consistencygroup_id=None,display_description=None,display_name='tempest-AbsoluteLimitsTests-Volume-1832877083',encryption_key_id=None,group_id=None,group_type_id=,metadata={},multiattach=False,project_id='40998b763237440d861a1ec067a0f51a',qos_specs=None,replication_status=,reservations=['e9ed916c-eff0-459f-bcbb-ce5987ad70b6','45152097-f428-4c03-a9fc-09a379bfd0ad','a5e7f3a8-6d8b-4c3f-a027-b8f0b448c317','ac7ad2ca-545e-4396-ba3d-2d3a745986eb'],size=1,snapshot_id=None,source_replicaid=,source_volid=None,status='creating',user_id='523b7dd74880407f84a815beca082f5a',volume_type_id=2c7aa5bd-7c00-4326-97d9-dcabb86605fe), 'volume': Volume(_name_id=None,admin_metadata=,attach_status='detached',availability_zone='nova',bootable=False,cluster=,cluster_name=None,consistencygroup=,consistencygroup_id=None,created_at=2026-07-20T20:08:25Z,deleted=False,deleted_at=None,display_description=None,display_name='tempest-AbsoluteLimitsTests-Volume-1832877083',ec2_id=None,encryption_key_id=None,glance_metadata=,group=,group_id=None,host=None,id=d1221c90-5ef0-4e35-b05e-255d8baeace5,launched_at=None,metadata={},migration_status=None,multiattach=False,previous_status=None,project_id='40998b763237440d861a1ec067a0f51a',provider_auth=None,provider_geometry=None,provider_id=None,provider_location=None,replication_driver_data=None,replication_extended_status=None,replication_status=None,scheduled_at=None,service_uuid=None,shared_targets=True,size=1,snapshot_id=None,snapshots=,source_volid=None,status='creating',terminated_at=None,updated_at=None,use_quota=True,user_id='523b7dd74880407f84a815beca082f5a',volume_attachment=VolumeAttachmentList,volume_type=VolumeType(2c7aa5bd-7c00-4326-97d9-dcabb86605fe),volume_type_id=2c7aa5bd-7c00-4326-97d9-dcabb86605fe)}' {{(pid=97052) _task_receiver /opt/stack/data/venv/lib/python3.12/site-packages/taskflow/listeners/logging.py:218}}
Jul 20 20:08:25.327241 np0000005519 devstack@c-api.service[97052]: DEBUG cinder.volume.api [None req-0e9e27fc-2394-4433-b0ad-a01cfebc360a tempest-AbsoluteLimitsTests-675923664 tempest-AbsoluteLimitsTests-675923664-project-member] Task 'cinder.volume.flows.api.create_volume.QuotaCommitTask;volume:create' (f9e6676e-a6b0-4816-9abc-f8e8024d8743) transitioned into state 'RUNNING' from state 'PENDING' {{(pid=97052) _task_receiver /opt/stack/data/venv/lib/python3.12/site-packages/taskflow/listeners/logging.py:242}}
Jul 20 20:08:25.354453 np0000005519 devstack@c-api.service[97052]: DEBUG cinder.volume.api [None req-0e9e27fc-2394-4433-b0ad-a01cfebc360a tempest-AbsoluteLimitsTests-675923664 tempest-AbsoluteLimitsTests-675923664-project-member] Task 'cinder.volume.flows.api.create_volume.QuotaCommitTask;volume:create' (f9e6676e-a6b0-4816-9abc-f8e8024d8743) transitioned into state 'SUCCESS' from state 'RUNNING' with result '{'volume_properties': VolumeProperties(attach_status='detached',availability_zone='nova',cgsnapshot_id=None,consistencygroup_id=None,display_description=None,display_name='tempest-AbsoluteLimitsTests-Volume-1832877083',encryption_key_id=None,group_id=None,group_type_id=,metadata={},multiattach=False,project_id='40998b763237440d861a1ec067a0f51a',qos_specs=None,replication_status=,reservations=['e9ed916c-eff0-459f-bcbb-ce5987ad70b6','45152097-f428-4c03-a9fc-09a379bfd0ad','a5e7f3a8-6d8b-4c3f-a027-b8f0b448c317','ac7ad2ca-545e-4396-ba3d-2d3a745986eb'],size=1,snapshot_id=None,source_replicaid=,source_volid=None,status='creating',user_id='523b7dd74880407f84a815beca082f5a',volume_type_id=2c7aa5bd-7c00-4326-97d9-dcabb86605fe)}' {{(pid=97052) _task_receiver /opt/stack/data/venv/lib/python3.12/site-packages/taskflow/listeners/logging.py:218}}
Jul 20 20:08:25.355325 np0000005519 devstack@c-api.service[97052]: DEBUG cinder.volume.api [None req-0e9e27fc-2394-4433-b0ad-a01cfebc360a tempest-AbsoluteLimitsTests-675923664 tempest-AbsoluteLimitsTests-675923664-project-member] Task 'cinder.volume.flows.api.create_volume.VolumeCastTask;volume:create' (7be6a247-f5d4-403c-bb1e-5ee14dbcacf2) transitioned into state 'RUNNING' from state 'PENDING' {{(pid=97052) _task_receiver /opt/stack/data/venv/lib/python3.12/site-packages/taskflow/listeners/logging.py:242}}
Jul 20 20:08:25.369582 np0000005519 devstack@c-api.service[97052]: DEBUG cinder.volume.api [None req-0e9e27fc-2394-4433-b0ad-a01cfebc360a tempest-AbsoluteLimitsTests-675923664 tempest-AbsoluteLimitsTests-675923664-project-member] Task 'cinder.volume.flows.api.create_volume.VolumeCastTask;volume:create' (7be6a247-f5d4-403c-bb1e-5ee14dbcacf2) transitioned into state 'SUCCESS' from state 'RUNNING' with result 'None' {{(pid=97052) _task_receiver /opt/stack/data/venv/lib/python3.12/site-packages/taskflow/listeners/logging.py:218}}
Jul 20 20:08:25.369582 np0000005519 devstack@c-api.service[97052]: DEBUG cinder.volume.api [None req-0e9e27fc-2394-4433-b0ad-a01cfebc360a tempest-AbsoluteLimitsTests-675923664 tempest-AbsoluteLimitsTests-675923664-project-member] Flow 'volume_create_api' (23d5acce-5080-47d5-974e-e784f0d62603) transitioned into state 'SUCCESS' from state 'RUNNING' {{(pid=97052) _flow_receiver /opt/stack/data/venv/lib/python3.12/site-packages/taskflow/listeners/logging.py:160}}
Jul 20 20:08:25.369582 np0000005519 devstack@c-api.service[97052]: INFO cinder.volume.api [None req-0e9e27fc-2394-4433-b0ad-a01cfebc360a tempest-AbsoluteLimitsTests-675923664 tempest-AbsoluteLimitsTests-675923664-project-member] Create volume request issued successfully.
Jul 20 20:08:25.369582 np0000005519 devstack@c-api.service[97052]: INFO cinder.api.openstack.wsgi [None req-0e9e27fc-2394-4433-b0ad-a01cfebc360a tempest-AbsoluteLimitsTests-675923664 tempest-AbsoluteLimitsTests-675923664-project-member] https://10.4.3.216/volume/v3/volumes returned with HTTP 202
Jul 20 20:08:25.370474 np0000005519 devstack@c-api.service[97052]: [pid: 97052|app: 0|req: 57/175] 10.4.3.216 () {68 vars in 1258 bytes} [Mon Jul 20 20:08:24 2026] POST /volume/v3/volumes => generated 750 bytes in 597 msecs (HTTP/1.1 202) 7 headers in 291 bytes (1 switches on core 0)
Jul 20 20:08:25.390895 np0000005519 devstack@c-api.service[97053]: DEBUG cinder.api.middleware.request_id [None req-846a799a-a74d-47ed-96dc-cb4b2fa62a3c None None] RequestId filter calling following filter/app {{(pid=97053) _context_setter /opt/stack/cinder/cinder/api/middleware/request_id.py:62}}
Jul 20 20:08:25.396259 np0000005519 devstack@c-api.service[97053]: INFO cinder.api.openstack.wsgi [None req-846a799a-a74d-47ed-96dc-cb4b2fa62a3c tempest-AbsoluteLimitsTests-675923664 tempest-AbsoluteLimitsTests-675923664-project-member] GET https://10.4.3.216/volume/v3/volumes/d1221c90-5ef0-4e35-b05e-255d8baeace5
Jul 20 20:08:25.396871 np0000005519 devstack@c-api.service[97053]: DEBUG cinder.api.openstack.wsgi [None req-846a799a-a74d-47ed-96dc-cb4b2fa62a3c tempest-AbsoluteLimitsTests-675923664 tempest-AbsoluteLimitsTests-675923664-project-member] Empty body provided in request {{(pid=97053) get_body /opt/stack/cinder/cinder/api/openstack/wsgi.py:725}}
Jul 20 20:08:25.396960 np0000005519 devstack@c-api.service[97053]: DEBUG cinder.api.openstack.wsgi [None req-846a799a-a74d-47ed-96dc-cb4b2fa62a3c tempest-AbsoluteLimitsTests-675923664 tempest-AbsoluteLimitsTests-675923664-project-member] Calling method 'show' {{(pid=97053) _process_stack /opt/stack/cinder/cinder/api/openstack/wsgi.py:878}}
Jul 20 20:08:25.408585 np0000005519 devstack@c-api.service[97053]: /opt/stack/data/venv/lib/python3.12/site-packages/oslo_context/context.py:102: DeprecationWarning: Policy enforcement is depending on the value of is_admin. This key is deprecated. Please update your policy file to use the standard policy values.
Jul 20 20:08:25.408585 np0000005519 devstack@c-api.service[97053]: warnings.warn(
Jul 20 20:08:25.414892 np0000005519 devstack@c-api.service[97053]: INFO cinder.volume.api [None req-846a799a-a74d-47ed-96dc-cb4b2fa62a3c tempest-AbsoluteLimitsTests-675923664 tempest-AbsoluteLimitsTests-675923664-project-member] Volume info retrieved successfully.
Jul 20 20:08:25.421336 np0000005519 devstack@c-api.service[97053]: INFO cinder.api.openstack.wsgi [None req-846a799a-a74d-47ed-96dc-cb4b2fa62a3c tempest-AbsoluteLimitsTests-675923664 tempest-AbsoluteLimitsTests-675923664-project-member] https://10.4.3.216/volume/v3/volumes/d1221c90-5ef0-4e35-b05e-255d8baeace5 returned with HTTP 200
Jul 20 20:08:25.422577 np0000005519 devstack@c-api.service[97053]: [pid: 97053|app: 0|req: 61/176] 10.4.3.216 () {66 vars in 1348 bytes} [Mon Jul 20 20:08:25 2026] GET /volume/v3/volumes/d1221c90-5ef0-4e35-b05e-255d8baeace5 => generated 818 bytes in 34 msecs (HTTP/1.1 200) 7 headers in 285 bytes (1 switches on core 0)
