Aug 07 17:50:14.706725 np0000006740 devstack@c-api.service[97043]: DEBUG cinder.api.openstack.wsgi [req-238adca6-b7af-4c09-99f9-db01765eedaa req-0221f8c9-b0e7-4b88-96ad-0072d11ad2c1 tempest-TaggedBootDevicesTest_v242-12639986 tempest-TaggedBootDevicesTest_v242-12639986-project-member] Calling method 'show' {{(pid=97043) _process_stack /opt/stack/cinder/cinder/api/openstack/wsgi.py:878}}
Aug 07 17:50:14.713724 np0000006740 devstack@c-api.service[97042]: DEBUG cinder.volume.api [None req-3658bca6-d13c-4d38-a458-d30e554a1f83 tempest-ServersNegativeTestJSON-399651393 tempest-ServersNegativeTestJSON-399651393-project-member] Task 'cinder.volume.flows.api.create_volume.ExtractVolumeRequestTask;volume:create' (7ea489cd-7e62-4c02-b1d8-062fc2f8fa45) transitioned into state 'SUCCESS' from state 'RUNNING' with result '{'size': 1, 'snapshot_id': None, 'source_volid': None, 'volume_type': VolumeType(created_at=2026-08-07T17:45:51Z,deleted=False,deleted_at=None,description=None,extra_specs={volume_backend_name='storpool'},id=47c89541-9e01-430b-83cd-57a3eda87128,is_public=True,name='storpool',projects=[],qos_specs=,qos_specs_id=None,updated_at=None), 'volume_type_id': '47c89541-9e01-430b-83cd-57a3eda87128', 'encryption_key_id': None, 'qos_specs': None, 'consistencygroup_id': None, 'cgsnapshot_id': None, 'group_id': None, 'replication_status': 'disabled', 'refresh_az': False, 'backup_id': None, 'multiattach': False, 'availability_zones': ['nova']}' {{(pid=97042) _task_receiver /opt/stack/data/venv/lib/python3.12/site-packages/taskflow/listeners/logging.py:218}}
Aug 07 17:50:14.714970 np0000006740 devstack@c-api.service[97042]: DEBUG cinder.volume.api [None req-3658bca6-d13c-4d38-a458-d30e554a1f83 tempest-ServersNegativeTestJSON-399651393 tempest-ServersNegativeTestJSON-399651393-project-member] Task 'cinder.volume.flows.api.create_volume.QuotaReserveTask;volume:create' (bb24c29d-ad86-4431-9440-6756136ef913) transitioned into state 'RUNNING' from state 'PENDING' {{(pid=97042) _task_receiver /opt/stack/data/venv/lib/python3.12/site-packages/taskflow/listeners/logging.py:242}}
Aug 07 17:50:14.718887 np0000006740 devstack@c-api.service[97043]: /opt/stack/data/venv/lib/python3.12/site-packages/oslo_context/context.py:102: DeprecationWarning: Policy enforcement is depending on the value of is_admin. This key is deprecated. Please update your policy file to use the standard policy values.
Aug 07 17:50:14.718887 np0000006740 devstack@c-api.service[97043]: warnings.warn(
Aug 07 17:50:14.723619 np0000006740 devstack@c-api.service[97043]: INFO cinder.volume.api [req-238adca6-b7af-4c09-99f9-db01765eedaa req-0221f8c9-b0e7-4b88-96ad-0072d11ad2c1 tempest-TaggedBootDevicesTest_v242-12639986 tempest-TaggedBootDevicesTest_v242-12639986-project-member] Volume info retrieved successfully.
Aug 07 17:50:14.728239 np0000006740 devstack@c-api.service[97043]: INFO cinder.api.openstack.wsgi [req-238adca6-b7af-4c09-99f9-db01765eedaa req-0221f8c9-b0e7-4b88-96ad-0072d11ad2c1 tempest-TaggedBootDevicesTest_v242-12639986 tempest-TaggedBootDevicesTest_v242-12639986-project-member] https://10.4.3.131/volume/v3/volumes/e43b6973-eecc-49db-831e-a522f7b62f0f returned with HTTP 200
Aug 07 17:50:14.728851 np0000006740 devstack@c-api.service[97043]: [pid: 97043|app: 0|req: 116/341] 10.4.3.131 () {68 vars in 1598 bytes} [Fri Aug 7 17:50:14 2026] GET /volume/v3/volumes/e43b6973-eecc-49db-831e-a522f7b62f0f => generated 850 bytes in 28 msecs (HTTP/1.1 200) 7 headers in 285 bytes (1 switches on core 0)
Aug 07 17:50:14.738264 np0000006740 devstack@c-api.service[97044]: DEBUG cinder.api.middleware.request_id [req-238adca6-b7af-4c09-99f9-db01765eedaa req-cc732025-b625-4731-9978-b89303362da2 None None] RequestId filter calling following filter/app {{(pid=97044) _context_setter /opt/stack/cinder/cinder/api/middleware/request_id.py:62}}
Aug 07 17:50:14.741633 np0000006740 devstack@c-api.service[97044]: INFO cinder.api.openstack.wsgi [req-238adca6-b7af-4c09-99f9-db01765eedaa req-cc732025-b625-4731-9978-b89303362da2 tempest-TaggedBootDevicesTest_v242-12639986 tempest-TaggedBootDevicesTest_v242-12639986-project-member] GET https://10.4.3.131/volume/v3/volumes/d770131b-e2a5-45fe-ac31-b0237ac066f3
Aug 07 17:50:14.741996 np0000006740 devstack@c-api.service[97044]: DEBUG cinder.api.openstack.wsgi [req-238adca6-b7af-4c09-99f9-db01765eedaa req-cc732025-b625-4731-9978-b89303362da2 tempest-TaggedBootDevicesTest_v242-12639986 tempest-TaggedBootDevicesTest_v242-12639986-project-member] Empty body provided in request {{(pid=97044) get_body /opt/stack/cinder/cinder/api/openstack/wsgi.py:725}}
Aug 07 17:50:14.742334 np0000006740 devstack@c-api.service[97044]: DEBUG cinder.api.openstack.wsgi [req-238adca6-b7af-4c09-99f9-db01765eedaa req-cc732025-b625-4731-9978-b89303362da2 tempest-TaggedBootDevicesTest_v242-12639986 tempest-TaggedBootDevicesTest_v242-12639986-project-member] Calling method 'show' {{(pid=97044) _process_stack /opt/stack/cinder/cinder/api/openstack/wsgi.py:878}}
Aug 07 17:50:14.757106 np0000006740 devstack@c-api.service[97044]: /opt/stack/data/venv/lib/python3.12/site-packages/oslo_context/context.py:102: DeprecationWarning: Policy enforcement is depending on the value of is_admin. This key is deprecated. Please update your policy file to use the standard policy values.
Aug 07 17:50:14.757106 np0000006740 devstack@c-api.service[97044]: warnings.warn(
Aug 07 17:50:14.761290 np0000006740 devstack@c-api.service[97042]: DEBUG cinder.quota [None req-3658bca6-d13c-4d38-a458-d30e554a1f83 tempest-ServersNegativeTestJSON-399651393 tempest-ServersNegativeTestJSON-399651393-project-member] Created reservations ['2a4cc269-697c-403d-a682-164bbe31b022', 'd102cbe1-a6d2-4f5d-a708-bcd5c4c52aa5', '1cedb2bb-1be6-48d2-95a0-4f6ad0535515', '9f023f16-bcb6-4867-8f90-1d9e273e23e9'] {{(pid=97042) reserve /opt/stack/cinder/cinder/quota.py:752}}
Aug 07 17:50:14.762101 np0000006740 devstack@c-api.service[97042]: DEBUG cinder.volume.api [None req-3658bca6-d13c-4d38-a458-d30e554a1f83 tempest-ServersNegativeTestJSON-399651393 tempest-ServersNegativeTestJSON-399651393-project-member] Task 'cinder.volume.flows.api.create_volume.QuotaReserveTask;volume:create' (bb24c29d-ad86-4431-9440-6756136ef913) transitioned into state 'SUCCESS' from state 'RUNNING' with result '{'reservations': ['2a4cc269-697c-403d-a682-164bbe31b022', 'd102cbe1-a6d2-4f5d-a708-bcd5c4c52aa5', '1cedb2bb-1be6-48d2-95a0-4f6ad0535515', '9f023f16-bcb6-4867-8f90-1d9e273e23e9']}' {{(pid=97042) _task_receiver /opt/stack/data/venv/lib/python3.12/site-packages/taskflow/listeners/logging.py:218}}
Aug 07 17:50:14.762908 np0000006740 devstack@c-api.service[97042]: DEBUG cinder.volume.api [None req-3658bca6-d13c-4d38-a458-d30e554a1f83 tempest-ServersNegativeTestJSON-399651393 tempest-ServersNegativeTestJSON-399651393-project-member] Task 'cinder.volume.flows.api.create_volume.EntryCreateTask;volume:create' (da2fb0ea-1bbd-4274-976f-bc89063ea3f2) transitioned into state 'RUNNING' from state 'PENDING' {{(pid=97042) _task_receiver /opt/stack/data/venv/lib/python3.12/site-packages/taskflow/listeners/logging.py:242}}
Aug 07 17:50:14.763965 np0000006740 devstack@c-api.service[97044]: INFO cinder.volume.api [req-238adca6-b7af-4c09-99f9-db01765eedaa req-cc732025-b625-4731-9978-b89303362da2 tempest-TaggedBootDevicesTest_v242-12639986 tempest-TaggedBootDevicesTest_v242-12639986-project-member] Volume info retrieved successfully.
Aug 07 17:50:14.772366 np0000006740 devstack@c-api.service[97044]: INFO cinder.api.openstack.wsgi [req-238adca6-b7af-4c09-99f9-db01765eedaa req-cc732025-b625-4731-9978-b89303362da2 tempest-TaggedBootDevicesTest_v242-12639986 tempest-TaggedBootDevicesTest_v242-12639986-project-member] https://10.4.3.131/volume/v3/volumes/d770131b-e2a5-45fe-ac31-b0237ac066f3 returned with HTTP 200
Aug 07 17:50:14.772869 np0000006740 devstack@c-api.service[97044]: [pid: 97044|app: 0|req: 116/342] 10.4.3.131 () {68 vars in 1598 bytes} [Fri Aug 7 17:50:14 2026] GET /volume/v3/volumes/d770131b-e2a5-45fe-ac31-b0237ac066f3 => generated 850 bytes in 35 msecs (HTTP/1.1 200) 7 headers in 285 bytes (1 switches on core 0)
Aug 07 17:50:14.784681 np0000006740 devstack@c-api.service[97042]: DEBUG cinder.volume.api [None req-3658bca6-d13c-4d38-a458-d30e554a1f83 tempest-ServersNegativeTestJSON-399651393 tempest-ServersNegativeTestJSON-399651393-project-member] Task 'cinder.volume.flows.api.create_volume.EntryCreateTask;volume:create' (da2fb0ea-1bbd-4274-976f-bc89063ea3f2) transitioned into state 'SUCCESS' from state 'RUNNING' with result '{'volume_id': '8d292134-e860-4b21-bbac-8c15b959f6b6', 'volume_properties': VolumeProperties(attach_status='detached',availability_zone='nova',cgsnapshot_id=None,consistencygroup_id=None,display_description=None,display_name='tempest-ServersNegativeTestJSON-volume-343843223',encryption_key_id=None,group_id=None,group_type_id=,metadata={},multiattach=False,project_id='7f9478039af44d7197d1ca032dedc81e',qos_specs=None,replication_status=,reservations=['2a4cc269-697c-403d-a682-164bbe31b022','d102cbe1-a6d2-4f5d-a708-bcd5c4c52aa5','1cedb2bb-1be6-48d2-95a0-4f6ad0535515','9f023f16-bcb6-4867-8f90-1d9e273e23e9'],size=1,snapshot_id=None,source_replicaid=,source_volid=None,status='creating',user_id='b191d1f2ad054f8087baaf8a8b8b6333',volume_type_id=47c89541-9e01-430b-83cd-57a3eda87128), 'volume': Volume(_name_id=None,admin_metadata=,attach_status='detached',availability_zone='nova',bootable=False,cluster=,cluster_name=None,consistencygroup=,consistencygroup_id=None,created_at=2026-08-07T17:50:14Z,deleted=False,deleted_at=None,display_description=None,display_name='tempest-ServersNegativeTestJSON-volume-343843223',ec2_id=None,encryption_key_id=None,glance_metadata=,group=,group_id=None,host=None,id=8d292134-e860-4b21-bbac-8c15b959f6b6,launched_at=None,metadata={},migration_status=None,multiattach=False,previous_status=None,project_id='7f9478039af44d7197d1ca032dedc81e',provider_auth=None,provider_geometry=None,provider_id=None,provider_location=None,replication_driver_data=None,replication_extended_status=None,replication_status=None,scheduled_at=None,service_uuid=None,shared_targets=True,size=1,snapshot_id=None,snapshots=,source_volid=None,status='creating',terminated_at=None,updated_at=None,use_quota=True,user_id='b191d1f2ad054f8087baaf8a8b8b6333',volume_attachment=VolumeAttachmentList,volume_type=VolumeType(47c89541-9e01-430b-83cd-57a3eda87128),volume_type_id=47c89541-9e01-430b-83cd-57a3eda87128)}' {{(pid=97042) _task_receiver /opt/stack/data/venv/lib/python3.12/site-packages/taskflow/listeners/logging.py:218}}
Aug 07 17:50:14.788155 np0000006740 devstack@c-api.service[97043]: DEBUG cinder.api.middleware.request_id [None req-a30b4f58-faec-4104-bbb5-5c77b3309ad4 None None] RequestId filter calling following filter/app {{(pid=97043) _context_setter /opt/stack/cinder/cinder/api/middleware/request_id.py:62}}
Aug 07 17:50:14.788155 np0000006740 devstack@c-api.service[97043]: INFO cinder.api.openstack.wsgi [None req-a30b4f58-faec-4104-bbb5-5c77b3309ad4 None None] GET https://10.4.3.131/volume//
Aug 07 17:50:14.788155 np0000006740 devstack@c-api.service[97043]: DEBUG cinder.api.openstack.wsgi [None req-a30b4f58-faec-4104-bbb5-5c77b3309ad4 None None] Empty body provided in request {{(pid=97043) get_body /opt/stack/cinder/cinder/api/openstack/wsgi.py:725}}
Aug 07 17:50:14.788155 np0000006740 devstack@c-api.service[97043]: DEBUG cinder.api.openstack.wsgi [None req-a30b4f58-faec-4104-bbb5-5c77b3309ad4 None None] Calling method 'all' {{(pid=97043) _process_stack /opt/stack/cinder/cinder/api/openstack/wsgi.py:878}}
Aug 07 17:50:14.789983 np0000006740 devstack@c-api.service[97043]: INFO cinder.api.openstack.wsgi [None req-a30b4f58-faec-4104-bbb5-5c77b3309ad4 None None] https://10.4.3.131/volume// returned with HTTP 300
Aug 07 17:50:14.790083 np0000006740 devstack@c-api.service[97042]: DEBUG cinder.volume.api [None req-3658bca6-d13c-4d38-a458-d30e554a1f83 tempest-ServersNegativeTestJSON-399651393 tempest-ServersNegativeTestJSON-399651393-project-member] Task 'cinder.volume.flows.api.create_volume.QuotaCommitTask;volume:create' (61e45f0d-9af8-4e3f-bbd8-4dac605a708a) transitioned into state 'RUNNING' from state 'PENDING' {{(pid=97042) _task_receiver /opt/stack/data/venv/lib/python3.12/site-packages/taskflow/listeners/logging.py:242}}
Aug 07 17:50:14.790122 np0000006740 devstack@c-api.service[97043]: [pid: 97043|app: 0|req: 117/343] 10.4.3.131 () {66 vars in 1419 bytes} [Fri Aug 7 17:50:14 2026] GET /volume/ => generated 386 bytes in 2 msecs (HTTP/1.1 300) 7 headers in 299 bytes (1 switches on core 0)
Aug 07 17:50:14.803560 np0000006740 devstack@c-api.service[97044]: DEBUG cinder.api.middleware.request_id [req-238adca6-b7af-4c09-99f9-db01765eedaa req-7c0956f2-31ba-4ce9-b6f9-eb13c4251162 None None] RequestId filter calling following filter/app {{(pid=97044) _context_setter /opt/stack/cinder/cinder/api/middleware/request_id.py:62}}
Aug 07 17:50:14.806089 np0000006740 devstack@c-api.service[97044]: INFO cinder.api.openstack.wsgi [req-238adca6-b7af-4c09-99f9-db01765eedaa req-7c0956f2-31ba-4ce9-b6f9-eb13c4251162 tempest-TaggedBootDevicesTest_v242-12639986 tempest-TaggedBootDevicesTest_v242-12639986-project-member] POST https://10.4.3.131/volume/v3/attachments
Aug 07 17:50:14.806921 np0000006740 devstack@c-api.service[97044]: DEBUG cinder.api.openstack.wsgi [req-238adca6-b7af-4c09-99f9-db01765eedaa req-7c0956f2-31ba-4ce9-b6f9-eb13c4251162 tempest-TaggedBootDevicesTest_v242-12639986 tempest-TaggedBootDevicesTest_v242-12639986-project-member] Action: 'create', calling method: version_select, body: {"attachment": {"volume_uuid": "c4757337-7cd6-43b9-9ff5-d1049fa99a4a", "connector": null, "instance_uuid": "a777e39f-6d9f-4e76-a856-f42ff45445f9"}} {{(pid=97044) _process_stack /opt/stack/cinder/cinder/api/openstack/wsgi.py:876}}
Aug 07 17:50:14.808779 np0000006740 devstack@c-api.service[97042]: DEBUG cinder.volume.api [None req-3658bca6-d13c-4d38-a458-d30e554a1f83 tempest-ServersNegativeTestJSON-399651393 tempest-ServersNegativeTestJSON-399651393-project-member] Task 'cinder.volume.flows.api.create_volume.QuotaCommitTask;volume:create' (61e45f0d-9af8-4e3f-bbd8-4dac605a708a) transitioned into state 'SUCCESS' from state 'RUNNING' with result '{'volume_properties': VolumeProperties(attach_status='detached',availability_zone='nova',cgsnapshot_id=None,consistencygroup_id=None,display_description=None,display_name='tempest-ServersNegativeTestJSON-volume-343843223',encryption_key_id=None,group_id=None,group_type_id=,metadata={},multiattach=False,project_id='7f9478039af44d7197d1ca032dedc81e',qos_specs=None,replication_status=,reservations=['2a4cc269-697c-403d-a682-164bbe31b022','d102cbe1-a6d2-4f5d-a708-bcd5c4c52aa5','1cedb2bb-1be6-48d2-95a0-4f6ad0535515','9f023f16-bcb6-4867-8f90-1d9e273e23e9'],size=1,snapshot_id=None,source_replicaid=,source_volid=None,status='creating',user_id='b191d1f2ad054f8087baaf8a8b8b6333',volume_type_id=47c89541-9e01-430b-83cd-57a3eda87128)}' {{(pid=97042) _task_receiver /opt/stack/data/venv/lib/python3.12/site-packages/taskflow/listeners/logging.py:218}}
Aug 07 17:50:14.809570 np0000006740 devstack@c-api.service[97042]: DEBUG cinder.volume.api [None req-3658bca6-d13c-4d38-a458-d30e554a1f83 tempest-ServersNegativeTestJSON-399651393 tempest-ServersNegativeTestJSON-399651393-project-member] Task 'cinder.volume.flows.api.create_volume.VolumeCastTask;volume:create' (c32839e4-c46a-499f-931a-6150c7d1f5bd) transitioned into state 'RUNNING' from state 'PENDING' {{(pid=97042) _task_receiver /opt/stack/data/venv/lib/python3.12/site-packages/taskflow/listeners/logging.py:242}}
Aug 07 17:50:14.816160 np0000006740 devstack@c-api.service[97044]: /opt/stack/data/venv/lib/python3.12/site-packages/oslo_context/context.py:102: DeprecationWarning: Policy enforcement is depending on the value of is_admin. This key is deprecated. Please update your policy file to use the standard policy values.
Aug 07 17:50:14.816160 np0000006740 devstack@c-api.service[97044]: warnings.warn(
Aug 07 17:50:14.819776 np0000006740 devstack@c-api.service[97042]: DEBUG cinder.volume.api [None req-3658bca6-d13c-4d38-a458-d30e554a1f83 tempest-ServersNegativeTestJSON-399651393 tempest-ServersNegativeTestJSON-399651393-project-member] Task 'cinder.volume.flows.api.create_volume.VolumeCastTask;volume:create' (c32839e4-c46a-499f-931a-6150c7d1f5bd) transitioned into state 'SUCCESS' from state 'RUNNING' with result 'None' {{(pid=97042) _task_receiver /opt/stack/data/venv/lib/python3.12/site-packages/taskflow/listeners/logging.py:218}}
Aug 07 17:50:14.820875 np0000006740 devstack@c-api.service[97042]: DEBUG cinder.volume.api [None req-3658bca6-d13c-4d38-a458-d30e554a1f83 tempest-ServersNegativeTestJSON-399651393 tempest-ServersNegativeTestJSON-399651393-project-member] Flow 'volume_create_api' (f80640e8-e278-42a5-827c-730e45efe4ec) transitioned into state 'SUCCESS' from state 'RUNNING' {{(pid=97042) _flow_receiver /opt/stack/data/venv/lib/python3.12/site-packages/taskflow/listeners/logging.py:160}}
Aug 07 17:50:14.821240 np0000006740 devstack@c-api.service[97042]: INFO cinder.volume.api [None req-3658bca6-d13c-4d38-a458-d30e554a1f83 tempest-ServersNegativeTestJSON-399651393 tempest-ServersNegativeTestJSON-399651393-project-member] Create volume request issued successfully.
Aug 07 17:50:14.821834 np0000006740 devstack@c-api.service[97042]: INFO cinder.api.openstack.wsgi [None req-3658bca6-d13c-4d38-a458-d30e554a1f83 tempest-ServersNegativeTestJSON-399651393 tempest-ServersNegativeTestJSON-399651393-project-member] https://10.4.3.131/volume/v3/volumes returned with HTTP 202
Aug 07 17:50:14.822297 np0000006740 devstack@c-api.service[97042]: [pid: 97042|app: 0|req: 111/344] 10.4.3.131 () {68 vars in 1258 bytes} [Fri Aug 7 17:50:14 2026] POST /volume/v3/volumes => generated 753 bytes in 157 msecs (HTTP/1.1 202) 7 headers in 291 bytes (1 switches on core 0)
Aug 07 17:50:14.840531 np0000006740 devstack@c-api.service[97043]: DEBUG cinder.api.middleware.request_id [None req-85326632-b9ee-4ef7-a3e3-29e698e87543 None None] RequestId filter calling following filter/app {{(pid=97043) _context_setter /opt/stack/cinder/cinder/api/middleware/request_id.py:62}}
Aug 07 17:50:14.846336 np0000006740 devstack@c-api.service[97044]: INFO cinder.api.openstack.wsgi [req-238adca6-b7af-4c09-99f9-db01765eedaa req-7c0956f2-31ba-4ce9-b6f9-eb13c4251162 tempest-TaggedBootDevicesTest_v242-12639986 tempest-TaggedBootDevicesTest_v242-12639986-project-member] https://10.4.3.131/volume/v3/attachments returned with HTTP 200
Aug 07 17:50:14.846417 np0000006740 devstack@c-api.service[97043]: INFO cinder.api.openstack.wsgi [None req-85326632-b9ee-4ef7-a3e3-29e698e87543 tempest-ServersNegativeTestJSON-399651393 tempest-ServersNegativeTestJSON-399651393-project-member] GET https://10.4.3.131/volume/v3/volumes/8d292134-e860-4b21-bbac-8c15b959f6b6
Aug 07 17:50:14.846676 np0000006740 devstack@c-api.service[97043]: DEBUG cinder.api.openstack.wsgi [None req-85326632-b9ee-4ef7-a3e3-29e698e87543 tempest-ServersNegativeTestJSON-399651393 tempest-ServersNegativeTestJSON-399651393-project-member] Empty body provided in request {{(pid=97043) get_body /opt/stack/cinder/cinder/api/openstack/wsgi.py:725}}
Aug 07 17:50:14.846968 np0000006740 devstack@c-api.service[97044]: [pid: 97044|app: 0|req: 117/345] 10.4.3.131 () {74 vars in 1594 bytes} [Fri Aug 7 17:50:14 2026] POST /volume/v3/attachments => generated 273 bytes in 45 msecs (HTTP/1.1 200) 7 headers in 286 bytes (1 switches on core 0)
Aug 07 17:50:14.847007 np0000006740 devstack@c-api.service[97043]: DEBUG cinder.api.openstack.wsgi [None req-85326632-b9ee-4ef7-a3e3-29e698e87543 tempest-ServersNegativeTestJSON-399651393 tempest-ServersNegativeTestJSON-399651393-project-member] Calling method 'show' {{(pid=97043) _process_stack /opt/stack/cinder/cinder/api/openstack/wsgi.py:878}}
Aug 07 17:50:14.855801 np0000006740 devstack@c-api.service[97043]: /opt/stack/data/venv/lib/python3.12/site-packages/oslo_context/context.py:102: DeprecationWarning: Policy enforcement is depending on the value of is_admin. This key is deprecated. Please update your policy file to use the standard policy values.
Aug 07 17:50:14.855801 np0000006740 devstack@c-api.service[97043]: warnings.warn(
Aug 07 17:50:14.858764 np0000006740 devstack@c-api.service[97042]: DEBUG cinder.api.middleware.request_id [None req-db1cc730-b637-4639-b8c2-a3b28c776197 None None] RequestId filter calling following filter/app {{(pid=97042) _context_setter /opt/stack/cinder/cinder/api/middleware/request_id.py:62}}
Aug 07 17:50:14.859256 np0000006740 devstack@c-api.service[97042]: INFO cinder.api.openstack.wsgi [None req-db1cc730-b637-4639-b8c2-a3b28c776197 None None] GET https://10.4.3.131/volume//
Aug 07 17:50:14.859409 np0000006740 devstack@c-api.service[97042]: DEBUG cinder.api.openstack.wsgi [None req-db1cc730-b637-4639-b8c2-a3b28c776197 None None] Empty body provided in request {{(pid=97042) get_body /opt/stack/cinder/cinder/api/openstack/wsgi.py:725}}
Aug 07 17:50:14.859594 np0000006740 devstack@c-api.service[97042]: DEBUG cinder.api.openstack.wsgi [None req-db1cc730-b637-4639-b8c2-a3b28c776197 None None] Calling method 'all' {{(pid=97042) _process_stack /opt/stack/cinder/cinder/api/openstack/wsgi.py:878}}
Aug 07 17:50:14.859918 np0000006740 devstack@c-api.service[97042]: INFO cinder.api.openstack.wsgi [None req-db1cc730-b637-4639-b8c2-a3b28c776197 None None] https://10.4.3.131/volume// returned with HTTP 300
Aug 07 17:50:14.860234 np0000006740 devstack@c-api.service[97042]: [pid: 97042|app: 0|req: 112/346] 10.4.3.131 () {66 vars in 1419 bytes} [Fri Aug 7 17:50:14 2026] GET /volume/ => generated 386 bytes in 3 msecs (HTTP/1.1 300) 7 headers in 299 bytes (1 switches on core 0)
Aug 07 17:50:14.862381 np0000006740 devstack@c-api.service[97043]: INFO cinder.volume.api [None req-85326632-b9ee-4ef7-a3e3-29e698e87543 tempest-ServersNegativeTestJSON-399651393 tempest-ServersNegativeTestJSON-399651393-project-member] Volume info retrieved successfully.
Aug 07 17:50:14.868194 np0000006740 devstack@c-api.service[97043]: INFO cinder.api.openstack.wsgi [None req-85326632-b9ee-4ef7-a3e3-29e698e87543 tempest-ServersNegativeTestJSON-399651393 tempest-ServersNegativeTestJSON-399651393-project-member] https://10.4.3.131/volume/v3/volumes/8d292134-e860-4b21-bbac-8c15b959f6b6 returned with HTTP 200
Aug 07 17:50:14.868194 np0000006740 devstack@c-api.service[97043]: [pid: 97043|app: 0|req: 118/347] 10.4.3.131 () {66 vars in 1348 bytes} [Fri Aug 7 17:50:14 2026] GET /volume/v3/volumes/8d292134-e860-4b21-bbac-8c15b959f6b6 => generated 821 bytes in 27 msecs (HTTP/1.1 200) 7 headers in 285 bytes (1 switches on core 0)
Aug 07 17:50:14.875199 np0000006740 devstack@c-api.service[97044]: DEBUG cinder.api.middleware.request_id [req-238adca6-b7af-4c09-99f9-db01765eedaa req-8fa70ca0-c662-42f3-a0c0-c47a32b0c7df None None] RequestId filter calling following filter/app {{(pid=97044) _context_setter /opt/stack/cinder/cinder/api/middleware/request_id.py:62}}
Aug 07 17:50:14.882375 np0000006740 devstack@c-api.service[97044]: INFO cinder.api.openstack.wsgi [req-238adca6-b7af-4c09-99f9-db01765eedaa req-8fa70ca0-c662-42f3-a0c0-c47a32b0c7df tempest-TaggedBootDevicesTest_v242-12639986 tempest-TaggedBootDevicesTest_v242-12639986-project-member] POST https://10.4.3.131/volume/v3/attachments
Aug 07 17:50:14.886516 np0000006740 devstack@c-api.service[97044]: DEBUG cinder.api.openstack.wsgi [req-238adca6-b7af-4c09-99f9-db01765eedaa req-8fa70ca0-c662-42f3-a0c0-c47a32b0c7df tempest-TaggedBootDevicesTest_v242-12639986 tempest-TaggedBootDevicesTest_v242-12639986-project-member] Action: 'create', calling method: version_select, body: {"attachment": {"volume_uuid": "e43b6973-eecc-49db-831e-a522f7b62f0f", "connector": null, "instance_uuid": "a777e39f-6d9f-4e76-a856-f42ff45445f9"}} {{(pid=97044) _process_stack /opt/stack/cinder/cinder/api/openstack/wsgi.py:876}}
Aug 07 17:50:14.894561 np0000006740 devstack@c-api.service[97044]: /opt/stack/data/venv/lib/python3.12/site-packages/oslo_context/context.py:102: DeprecationWarning: Policy enforcement is depending on the value of is_admin. This key is deprecated. Please update your policy file to use the standard policy values.
Aug 07 17:50:14.894561 np0000006740 devstack@c-api.service[97044]: warnings.warn(
Aug 07 17:50:14.918628 np0000006740 devstack@c-api.service[97044]: INFO cinder.api.openstack.wsgi [req-238adca6-b7af-4c09-99f9-db01765eedaa req-8fa70ca0-c662-42f3-a0c0-c47a32b0c7df tempest-TaggedBootDevicesTest_v242-12639986 tempest-TaggedBootDevicesTest_v242-12639986-project-member] https://10.4.3.131/volume/v3/attachments returned with HTTP 200
Aug 07 17:50:14.919172 np0000006740 devstack@c-api.service[97044]: [pid: 97044|app: 0|req: 118/348] 10.4.3.131 () {74 vars in 1594 bytes} [Fri Aug 7 17:50:14 2026] POST /volume/v3/attachments => generated 273 bytes in 45 msecs (HTTP/1.1 200) 7 headers in 286 bytes (1 switches on core 0)
Aug 07 17:50:14.928380 np0000006740 devstack@c-api.service[97042]: DEBUG cinder.api.middleware.request_id [None req-3ebf954e-2372-4c78-b2e0-e6472f980c38 None None] RequestId filter calling following filter/app {{(pid=97042) _context_setter /opt/stack/cinder/cinder/api/middleware/request_id.py:62}}
Aug 07 17:50:14.928845 np0000006740 devstack@c-api.service[97042]: INFO cinder.api.openstack.wsgi [None req-3ebf954e-2372-4c78-b2e0-e6472f980c38 None None] GET https://10.4.3.131/volume//
Aug 07 17:50:14.929096 np0000006740 devstack@c-api.service[97042]: DEBUG cinder.api.openstack.wsgi [None req-3ebf954e-2372-4c78-b2e0-e6472f980c38 None None] Empty body provided in request {{(pid=97042) get_body /opt/stack/cinder/cinder/api/openstack/wsgi.py:725}}
Aug 07 17:50:14.929222 np0000006740 devstack@c-api.service[97042]: DEBUG cinder.api.openstack.wsgi [None req-3ebf954e-2372-4c78-b2e0-e6472f980c38 None None] Calling method 'all' {{(pid=97042) _process_stack /opt/stack/cinder/cinder/api/openstack/wsgi.py:878}}
Aug 07 17:50:14.929673 np0000006740 devstack@c-api.service[97042]: INFO cinder.api.openstack.wsgi [None req-3ebf954e-2372-4c78-b2e0-e6472f980c38 None None] https://10.4.3.131/volume// returned with HTTP 300
Aug 07 17:50:14.930191 np0000006740 devstack@c-api.service[97042]: [pid: 97042|app: 0|req: 113/349] 10.4.3.131 () {66 vars in 1419 bytes} [Fri Aug 7 17:50:14 2026] GET /volume/ => generated 386 bytes in 2 msecs (HTTP/1.1 300) 7 headers in 299 bytes (1 switches on core 0)
Aug 07 17:50:14.936985 np0000006740 devstack@c-api.service[97043]: DEBUG cinder.api.middleware.request_id [req-238adca6-b7af-4c09-99f9-db01765eedaa req-9db3be9e-d2b5-4fc1-8b24-90fe0c1e0495 None None] RequestId filter calling following filter/app {{(pid=97043) _context_setter /opt/stack/cinder/cinder/api/middleware/request_id.py:62}}
Aug 07 17:50:14.939607 np0000006740 devstack@c-api.service[97043]: INFO cinder.api.openstack.wsgi [req-238adca6-b7af-4c09-99f9-db01765eedaa req-9db3be9e-d2b5-4fc1-8b24-90fe0c1e0495 tempest-TaggedBootDevicesTest_v242-12639986 tempest-TaggedBootDevicesTest_v242-12639986-project-member] POST https://10.4.3.131/volume/v3/attachments
Aug 07 17:50:14.940283 np0000006740 devstack@c-api.service[97043]: DEBUG cinder.api.openstack.wsgi [req-238adca6-b7af-4c09-99f9-db01765eedaa req-9db3be9e-d2b5-4fc1-8b24-90fe0c1e0495 tempest-TaggedBootDevicesTest_v242-12639986 tempest-TaggedBootDevicesTest_v242-12639986-project-member] Action: 'create', calling method: version_select, body: {"attachment": {"volume_uuid": "d770131b-e2a5-45fe-ac31-b0237ac066f3", "connector": null, "instance_uuid": "a777e39f-6d9f-4e76-a856-f42ff45445f9"}} {{(pid=97043) _process_stack /opt/stack/cinder/cinder/api/openstack/wsgi.py:876}}
Aug 07 17:50:14.950352 np0000006740 devstack@c-api.service[97043]: /opt/stack/data/venv/lib/python3.12/site-packages/oslo_context/context.py:102: DeprecationWarning: Policy enforcement is depending on the value of is_admin. This key is deprecated. Please update your policy file to use the standard policy values.
Aug 07 17:50:14.950352 np0000006740 devstack@c-api.service[97043]: warnings.warn(
Aug 07 17:50:14.978476 np0000006740 devstack@c-api.service[97043]: INFO cinder.api.openstack.wsgi [req-238adca6-b7af-4c09-99f9-db01765eedaa req-9db3be9e-d2b5-4fc1-8b24-90fe0c1e0495 tempest-TaggedBootDevicesTest_v242-12639986 tempest-TaggedBootDevicesTest_v242-12639986-project-member] https://10.4.3.131/volume/v3/attachments returned with HTTP 200
Aug 07 17:50:14.979137 np0000006740 devstack@c-api.service[97043]: [pid: 97043|app: 0|req: 119/350] 10.4.3.131 () {74 vars in 1594 bytes} [Fri Aug 7 17:50:14 2026] POST /volume/v3/attachments => generated 273 bytes in 43 msecs (HTTP/1.1 200) 7 headers in 286 bytes (1 switches on core 0)
Aug 07 17:50:15.676732 np0000006740 devstack@c-api.service[97044]: DEBUG cinder.api.middleware.request_id [None req-b1531307-3d2f-4fdd-94d6-68cbadc5d34b None None] RequestId filter calling following filter/app {{(pid=97044) _context_setter /opt/stack/cinder/cinder/api/middleware/request_id.py:62}}
Aug 07 17:50:15.678311 np0000006740 devstack@c-api.service[97044]: INFO cinder.api.openstack.wsgi [None req-b1531307-3d2f-4fdd-94d6-68cbadc5d34b tempest-GroupSnapshotsTest-1576914705 tempest-GroupSnapshotsTest-1576914705-project-member] GET https://10.4.3.131/volume/v3/groups/22344b3b-50d5-4ae7-a3c7-1fdd4de1cd30
Aug 07 17:50:15.678593 np0000006740 devstack@c-api.service[97044]: DEBUG cinder.api.openstack.wsgi [None req-b1531307-3d2f-4fdd-94d6-68cbadc5d34b tempest-GroupSnapshotsTest-1576914705 tempest-GroupSnapshotsTest-1576914705-project-member] Empty body provided in request {{(pid=97044) get_body /opt/stack/cinder/cinder/api/openstack/wsgi.py:725}}
Aug 07 17:50:15.678874 np0000006740 devstack@c-api.service[97044]: DEBUG cinder.api.openstack.wsgi [None req-b1531307-3d2f-4fdd-94d6-68cbadc5d34b tempest-GroupSnapshotsTest-1576914705 tempest-GroupSnapshotsTest-1576914705-project-member] Calling method 'version_select' {{(pid=97044) _process_stack /opt/stack/cinder/cinder/api/openstack/wsgi.py:878}}
Aug 07 17:50:15.679089 np0000006740 devstack@c-api.service[97044]: DEBUG cinder.api.v3.groups [None req-b1531307-3d2f-4fdd-94d6-68cbadc5d34b tempest-GroupSnapshotsTest-1576914705 tempest-GroupSnapshotsTest-1576914705-project-member] show called for member 22344b3b-50d5-4ae7-a3c7-1fdd4de1cd30 {{(pid=97044) show /opt/stack/cinder/cinder/api/v3/groups.py:58}}
Aug 07 17:50:15.687223 np0000006740 devstack@c-api.service[97044]: /opt/stack/data/venv/lib/python3.12/site-packages/oslo_context/context.py:102: DeprecationWarning: Policy enforcement is depending on the value of is_admin. This key is deprecated. Please update your policy file to use the standard policy values.
Aug 07 17:50:15.687223 np0000006740 devstack@c-api.service[97044]: warnings.warn(
Aug 07 17:50:15.699678 np0000006740 devstack@c-api.service[97044]: INFO cinder.api.openstack.wsgi [None req-b1531307-3d2f-4fdd-94d6-68cbadc5d34b tempest-GroupSnapshotsTest-1576914705 tempest-GroupSnapshotsTest-1576914705-project-member] https://10.4.3.131/volume/v3/groups/22344b3b-50d5-4ae7-a3c7-1fdd4de1cd30 returned with HTTP 200
Aug 07 17:50:15.700352 np0000006740 devstack@c-api.service[97044]: [pid: 97044|app: 0|req: 119/351] 10.4.3.131 () {68 vars in 1386 bytes} [Fri Aug 7 17:50:15 2026] GET /volume/v3/groups/22344b3b-50d5-4ae7-a3c7-1fdd4de1cd30 => generated 392 bytes in 24 msecs (HTTP/1.1 200) 7 headers in 286 bytes (1 switches on core 0)
Aug 07 17:50:15.713026 np0000006740 devstack@c-api.service[97042]: DEBUG cinder.api.middleware.request_id [None req-52478123-b69b-4bee-ab86-7e65d595fe05 None None] RequestId filter calling following filter/app {{(pid=97042) _context_setter /opt/stack/cinder/cinder/api/middleware/request_id.py:62}}
Aug 07 17:50:15.718436 np0000006740 devstack@c-api.service[97042]: INFO cinder.api.openstack.wsgi [None req-52478123-b69b-4bee-ab86-7e65d595fe05 tempest-GroupSnapshotsTest-1576914705 tempest-GroupSnapshotsTest-1576914705-project-member] GET https://10.4.3.131/volume/v3/volumes/detail
Aug 07 17:50:15.718905 np0000006740 devstack@c-api.service[97042]: DEBUG cinder.api.openstack.wsgi [None req-52478123-b69b-4bee-ab86-7e65d595fe05 tempest-GroupSnapshotsTest-1576914705 tempest-GroupSnapshotsTest-1576914705-project-member] Empty body provided in request {{(pid=97042) get_body /opt/stack/cinder/cinder/api/openstack/wsgi.py:725}}
Aug 07 17:50:15.720218 np0000006740 devstack@c-api.service[97042]: DEBUG cinder.api.openstack.wsgi [None req-52478123-b69b-4bee-ab86-7e65d595fe05 tempest-GroupSnapshotsTest-1576914705 tempest-GroupSnapshotsTest-1576914705-project-member] Calling method 'detail' {{(pid=97042) _process_stack /opt/stack/cinder/cinder/api/openstack/wsgi.py:878}}
Aug 07 17:50:15.720836 np0000006740 devstack@c-api.service[97042]: DEBUG cinder.api.api_utils [None req-52478123-b69b-4bee-ab86-7e65d595fe05 tempest-GroupSnapshotsTest-1576914705 tempest-GroupSnapshotsTest-1576914705-project-member] Removing options '' from query. {{(pid=97042) remove_invalid_filter_options /opt/stack/cinder/cinder/api/api_utils.py:82}}
Aug 07 17:50:15.721288 np0000006740 devstack@c-api.service[97042]: /opt/stack/data/venv/lib/python3.12/site-packages/oslo_context/context.py:102: DeprecationWarning: Policy enforcement is depending on the value of is_admin. This key is deprecated. Please update your policy file to use the standard policy values.
Aug 07 17:50:15.721288 np0000006740 devstack@c-api.service[97042]: warnings.warn(
Aug 07 17:50:15.722120 np0000006740 devstack@c-api.service[97042]: DEBUG cinder.volume.api [None req-52478123-b69b-4bee-ab86-7e65d595fe05 tempest-GroupSnapshotsTest-1576914705 tempest-GroupSnapshotsTest-1576914705-project-member] Searching by: MultiDict([('no_migration_targets', True)]). {{(pid=97042) get_all /opt/stack/cinder/cinder/volume/api.py:664}}
Aug 07 17:50:15.764440 np0000006740 devstack@c-api.service[97042]: INFO cinder.volume.api [None req-52478123-b69b-4bee-ab86-7e65d595fe05 tempest-GroupSnapshotsTest-1576914705 tempest-GroupSnapshotsTest-1576914705-project-member] Get all volumes completed successfully.
Aug 07 17:50:15.765367 np0000006740 devstack@c-api.service[97042]: WARNING stevedore.named [None req-52478123-b69b-4bee-ab86-7e65d595fe05 tempest-GroupSnapshotsTest-1576914705 tempest-GroupSnapshotsTest-1576914705-project-member] Could not load cinder.keymgr.conf_key_mgr.ConfKeyManager
Aug 07 17:50:15.765520 np0000006740 devstack@c-api.service[97042]: WARNING castellan.key_manager [None req-52478123-b69b-4bee-ab86-7e65d595fe05 tempest-GroupSnapshotsTest-1576914705 tempest-GroupSnapshotsTest-1576914705-project-member] Deprecation Warning : cinder.keymgr.conf_key_mgr.ConfKeyManager is not a stevedore based driver, trying to load it as a class: stevedore.exception.NoMatches: No 'castellan.drivers' driver found, looking for 'cinder.keymgr.conf_key_mgr.ConfKeyManager'
Aug 07 17:50:15.802896 np0000006740 devstack@c-api.service[97042]: DEBUG oslo_db.sqlalchemy.engines [None req-52478123-b69b-4bee-ab86-7e65d595fe05 tempest-GroupSnapshotsTest-1576914705 tempest-GroupSnapshotsTest-1576914705-project-member] MySQL server mode set to STRICT_TRANS_TABLES,STRICT_ALL_TABLES,NO_ZERO_IN_DATE,NO_ZERO_DATE,ERROR_FOR_DIVISION_BY_ZERO,TRADITIONAL,NO_ENGINE_SUBSTITUTION {{(pid=97042) _check_effective_sql_mode /opt/stack/data/venv/lib/python3.12/site-packages/oslo_db/sqlalchemy/engines.py:325}}
Aug 07 17:50:15.806837 np0000006740 devstack@c-api.service[97042]: /opt/stack/data/venv/lib/python3.12/site-packages/oslo_context/context.py:102: DeprecationWarning: Policy enforcement is depending on the value of is_admin. This key is deprecated. Please update your policy file to use the standard policy values.
Aug 07 17:50:15.806837 np0000006740 devstack@c-api.service[97042]: warnings.warn(
Aug 07 17:50:15.810961 np0000006740 devstack@c-api.service[97042]: WARNING stevedore.named [None req-52478123-b69b-4bee-ab86-7e65d595fe05 tempest-GroupSnapshotsTest-1576914705 tempest-GroupSnapshotsTest-1576914705-project-member] Could not load cinder.keymgr.conf_key_mgr.ConfKeyManager
Aug 07 17:50:15.811144 np0000006740 devstack@c-api.service[97042]: WARNING castellan.key_manager [None req-52478123-b69b-4bee-ab86-7e65d595fe05 tempest-GroupSnapshotsTest-1576914705 tempest-GroupSnapshotsTest-1576914705-project-member] Deprecation Warning : cinder.keymgr.conf_key_mgr.ConfKeyManager is not a stevedore based driver, trying to load it as a class: stevedore.exception.NoMatches: No 'castellan.drivers' driver found, looking for 'cinder.keymgr.conf_key_mgr.ConfKeyManager'
Aug 07 17:50:15.847611 np0000006740 devstack@c-api.service[97042]: DEBUG oslo_db.sqlalchemy.engines [None req-52478123-b69b-4bee-ab86-7e65d595fe05 tempest-GroupSnapshotsTest-1576914705 tempest-GroupSnapshotsTest-1576914705-project-member] MySQL server mode set to STRICT_TRANS_TABLES,STRICT_ALL_TABLES,NO_ZERO_IN_DATE,NO_ZERO_DATE,ERROR_FOR_DIVISION_BY_ZERO,TRADITIONAL,NO_ENGINE_SUBSTITUTION {{(pid=97042) _check_effective_sql_mode /opt/stack/data/venv/lib/python3.12/site-packages/oslo_db/sqlalchemy/engines.py:325}}
Aug 07 17:50:15.852320 np0000006740 devstack@c-api.service[97042]: /opt/stack/data/venv/lib/python3.12/site-packages/oslo_context/context.py:102: DeprecationWarning: Policy enforcement is depending on the value of is_admin. This key is deprecated. Please update your policy file to use the standard policy values.
Aug 07 17:50:15.852320 np0000006740 devstack@c-api.service[97042]: warnings.warn(
Aug 07 17:50:15.861068 np0000006740 devstack@c-api.service[97042]: INFO cinder.api.openstack.wsgi [None req-52478123-b69b-4bee-ab86-7e65d595fe05 tempest-GroupSnapshotsTest-1576914705 tempest-GroupSnapshotsTest-1576914705-project-member] https://10.4.3.131/volume/v3/volumes/detail returned with HTTP 200
Aug 07 17:50:15.861438 np0000006740 devstack@c-api.service[97042]: [pid: 97042|app: 0|req: 114/352] 10.4.3.131 () {68 vars in 1299 bytes} [Fri Aug 7 17:50:15 2026] GET /volume/v3/volumes/detail => generated 1824 bytes in 150 msecs (HTTP/1.1 200) 7 headers in 287 bytes (1 switches on core 0)
Aug 07 17:50:15.878020 np0000006740 devstack@c-api.service[97043]: DEBUG cinder.api.middleware.request_id [None req-996da15f-6851-4451-bf8d-39c30cc7adf2 None None] RequestId filter calling following filter/app {{(pid=97043) _context_setter /opt/stack/cinder/cinder/api/middleware/request_id.py:62}}
Aug 07 17:50:15.880467 np0000006740 devstack@c-api.service[97043]: INFO cinder.api.openstack.wsgi [None req-996da15f-6851-4451-bf8d-39c30cc7adf2 tempest-GroupSnapshotsTest-1576914705 tempest-GroupSnapshotsTest-1576914705-project-member] POST https://10.4.3.131/volume/v3/group_snapshots
Aug 07 17:50:15.880934 np0000006740 devstack@c-api.service[97043]: DEBUG cinder.api.openstack.wsgi [None req-996da15f-6851-4451-bf8d-39c30cc7adf2 tempest-GroupSnapshotsTest-1576914705 tempest-GroupSnapshotsTest-1576914705-project-member] Action: 'create', calling method: version_select, body: {"group_snapshot": {"group_id": "22344b3b-50d5-4ae7-a3c7-1fdd4de1cd30", "name": "tempest-GroupSnapshotsTest-Group_Snapshot-719346313"}} {{(pid=97043) _process_stack /opt/stack/cinder/cinder/api/openstack/wsgi.py:876}}
Aug 07 17:50:15.883365 np0000006740 devstack@c-api.service[97043]: DEBUG cinder.api.v3.group_snapshots [None req-996da15f-6851-4451-bf8d-39c30cc7adf2 tempest-GroupSnapshotsTest-1576914705 tempest-GroupSnapshotsTest-1576914705-project-member] Creating new group_snapshot {'group_snapshot': {'group_id': '22344b3b-50d5-4ae7-a3c7-1fdd4de1cd30', 'name': 'tempest-GroupSnapshotsTest-Group_Snapshot-719346313'}} {{(pid=97043) create /opt/stack/cinder/cinder/api/v3/group_snapshots.py:154}}
Aug 07 17:50:15.883450 np0000006740 devstack@c-api.service[97044]: DEBUG cinder.api.middleware.request_id [None req-ace997d8-d888-4e36-8673-ce7cbf1794b9 None None] RequestId filter calling following filter/app {{(pid=97044) _context_setter /opt/stack/cinder/cinder/api/middleware/request_id.py:62}}
Aug 07 17:50:15.885497 np0000006740 devstack@c-api.service[97044]: INFO cinder.api.openstack.wsgi [None req-ace997d8-d888-4e36-8673-ce7cbf1794b9 tempest-ServersNegativeTestJSON-399651393 tempest-ServersNegativeTestJSON-399651393-project-member] GET https://10.4.3.131/volume/v3/volumes/8d292134-e860-4b21-bbac-8c15b959f6b6
Aug 07 17:50:15.885679 np0000006740 devstack@c-api.service[97044]: DEBUG cinder.api.openstack.wsgi [None req-ace997d8-d888-4e36-8673-ce7cbf1794b9 tempest-ServersNegativeTestJSON-399651393 tempest-ServersNegativeTestJSON-399651393-project-member] Empty body provided in request {{(pid=97044) get_body /opt/stack/cinder/cinder/api/openstack/wsgi.py:725}}
Aug 07 17:50:15.885895 np0000006740 devstack@c-api.service[97044]: DEBUG cinder.api.openstack.wsgi [None req-ace997d8-d888-4e36-8673-ce7cbf1794b9 tempest-ServersNegativeTestJSON-399651393 tempest-ServersNegativeTestJSON-399651393-project-member] Calling method 'show' {{(pid=97044) _process_stack /opt/stack/cinder/cinder/api/openstack/wsgi.py:878}}
Aug 07 17:50:15.888632 np0000006740 devstack@c-api.service[97043]: /opt/stack/data/venv/lib/python3.12/site-packages/oslo_context/context.py:102: DeprecationWarning: Policy enforcement is depending on the value of is_admin. This key is deprecated. Please update your policy file to use the standard policy values.
Aug 07 17:50:15.888632 np0000006740 devstack@c-api.service[97043]: warnings.warn(
Aug 07 17:50:15.893242 np0000006740 devstack@c-api.service[97043]: INFO cinder.api.v3.group_snapshots [None req-996da15f-6851-4451-bf8d-39c30cc7adf2 tempest-GroupSnapshotsTest-1576914705 tempest-GroupSnapshotsTest-1576914705-project-member] Creating group_snapshot tempest-GroupSnapshotsTest-Group_Snapshot-719346313.
Aug 07 17:50:15.898892 np0000006740 devstack@c-api.service[97044]: /opt/stack/data/venv/lib/python3.12/site-packages/oslo_context/context.py:102: DeprecationWarning: Policy enforcement is depending on the value of is_admin. This key is deprecated. Please update your policy file to use the standard policy values.
Aug 07 17:50:15.898892 np0000006740 devstack@c-api.service[97044]: warnings.warn(
Aug 07 17:50:15.904467 np0000006740 devstack@c-api.service[97044]: INFO cinder.volume.api [None req-ace997d8-d888-4e36-8673-ce7cbf1794b9 tempest-ServersNegativeTestJSON-399651393 tempest-ServersNegativeTestJSON-399651393-project-member] Volume info retrieved successfully.
Aug 07 17:50:15.909383 np0000006740 devstack@c-api.service[97044]: INFO cinder.api.openstack.wsgi [None req-ace997d8-d888-4e36-8673-ce7cbf1794b9 tempest-ServersNegativeTestJSON-399651393 tempest-ServersNegativeTestJSON-399651393-project-member] https://10.4.3.131/volume/v3/volumes/8d292134-e860-4b21-bbac-8c15b959f6b6 returned with HTTP 200
Aug 07 17:50:15.909781 np0000006740 devstack@c-api.service[97044]: [pid: 97044|app: 0|req: 120/353] 10.4.3.131 () {66 vars in 1348 bytes} [Fri Aug 7 17:50:15 2026] GET /volume/v3/volumes/8d292134-e860-4b21-bbac-8c15b959f6b6 => generated 846 bytes in 27 msecs (HTTP/1.1 200) 7 headers in 285 bytes (1 switches on core 0)
Aug 07 17:50:15.920770 np0000006740 devstack@c-api.service[97043]: /opt/stack/data/venv/lib/python3.12/site-packages/oslo_context/context.py:102: DeprecationWarning: Policy enforcement is depending on the value of is_admin. This key is deprecated. Please update your policy file to use the standard policy values.
Aug 07 17:50:15.920770 np0000006740 devstack@c-api.service[97043]: warnings.warn(
Aug 07 17:50:15.942548 np0000006740 devstack@c-api.service[97043]: WARNING cinder.quota [None req-996da15f-6851-4451-bf8d-39c30cc7adf2 tempest-GroupSnapshotsTest-1576914705 tempest-GroupSnapshotsTest-1576914705-project-member] Deprecated: Default quota for resource: gigabytes_tempest-GroupSnapshotsTest-volume-type-1888611585 is set by the default quota flag: quota_gigabytes_tempest-GroupSnapshotsTest-volume-type-1888611585, it is now deprecated. Please use the default quota class for default quota.
Aug 07 17:50:15.942770 np0000006740 devstack@c-api.service[97043]: WARNING cinder.quota [None req-996da15f-6851-4451-bf8d-39c30cc7adf2 tempest-GroupSnapshotsTest-1576914705 tempest-GroupSnapshotsTest-1576914705-project-member] Deprecated: Default quota for resource: snapshots_tempest-GroupSnapshotsTest-volume-type-1888611585 is set by the default quota flag: quota_snapshots_tempest-GroupSnapshotsTest-volume-type-1888611585, it is now deprecated. Please use the default quota class for default quota.
Aug 07 17:50:15.962472 np0000006740 devstack@c-api.service[97043]: DEBUG cinder.quota [None req-996da15f-6851-4451-bf8d-39c30cc7adf2 tempest-GroupSnapshotsTest-1576914705 tempest-GroupSnapshotsTest-1576914705-project-member] Created reservations ['18c73161-4582-4994-9997-1ae44edc7d5c', '539976d6-fd0b-4cf1-8c8b-7062c2e2fda2', 'f43518bb-4354-44f5-af94-0e0ad91c368e', 'bfcc2c1a-1dcf-4e40-8a47-b66b702e8e7d'] {{(pid=97043) reserve /opt/stack/cinder/cinder/quota.py:752}}
Aug 07 17:50:16.021020 np0000006740 devstack@c-api.service[97043]: INFO cinder.api.openstack.wsgi [None req-996da15f-6851-4451-bf8d-39c30cc7adf2 tempest-GroupSnapshotsTest-1576914705 tempest-GroupSnapshotsTest-1576914705-project-member] https://10.4.3.131/volume/v3/group_snapshots returned with HTTP 202
Aug 07 17:50:16.021479 np0000006740 devstack@c-api.service[97043]: [pid: 97043|app: 0|req: 120/354] 10.4.3.131 () {70 vars in 1324 bytes} [Fri Aug 7 17:50:15 2026] POST /volume/v3/group_snapshots => generated 186 bytes in 144 msecs (HTTP/1.1 202) 7 headers in 292 bytes (1 switches on core 0)
Aug 07 17:50:16.029063 np0000006740 devstack@c-api.service[97042]: DEBUG cinder.api.middleware.request_id [None req-3a2f0129-0879-4931-8880-61e11ff33cc0 None None] RequestId filter calling following filter/app {{(pid=97042) _context_setter /opt/stack/cinder/cinder/api/middleware/request_id.py:62}}
Aug 07 17:50:16.031349 np0000006740 devstack@c-api.service[97042]: INFO cinder.api.openstack.wsgi [None req-3a2f0129-0879-4931-8880-61e11ff33cc0 tempest-GroupSnapshotsTest-1576914705 tempest-GroupSnapshotsTest-1576914705-project-member] GET https://10.4.3.131/volume/v3/group_snapshots/5a675e46-0a01-4cf5-9370-6ae59659523f
Aug 07 17:50:16.031594 np0000006740 devstack@c-api.service[97042]: DEBUG cinder.api.openstack.wsgi [None req-3a2f0129-0879-4931-8880-61e11ff33cc0 tempest-GroupSnapshotsTest-1576914705 tempest-GroupSnapshotsTest-1576914705-project-member] Empty body provided in request {{(pid=97042) get_body /opt/stack/cinder/cinder/api/openstack/wsgi.py:725}}
Aug 07 17:50:16.031963 np0000006740 devstack@c-api.service[97042]: DEBUG cinder.api.openstack.wsgi [None req-3a2f0129-0879-4931-8880-61e11ff33cc0 tempest-GroupSnapshotsTest-1576914705 tempest-GroupSnapshotsTest-1576914705-project-member] Calling method 'version_select' {{(pid=97042) _process_stack /opt/stack/cinder/cinder/api/openstack/wsgi.py:878}}
Aug 07 17:50:16.032119 np0000006740 devstack@c-api.service[97042]: DEBUG cinder.api.v3.group_snapshots [None req-3a2f0129-0879-4931-8880-61e11ff33cc0 tempest-GroupSnapshotsTest-1576914705 tempest-GroupSnapshotsTest-1576914705-project-member] show called for member 5a675e46-0a01-4cf5-9370-6ae59659523f {{(pid=97042) show /opt/stack/cinder/cinder/api/v3/group_snapshots.py:58}}
Aug 07 17:50:16.035158 np0000006740 devstack@c-api.service[97042]: /opt/stack/data/venv/lib/python3.12/site-packages/oslo_context/context.py:102: DeprecationWarning: Policy enforcement is depending on the value of is_admin. This key is deprecated. Please update your policy file to use the standard policy values.
Aug 07 17:50:16.035158 np0000006740 devstack@c-api.service[97042]: warnings.warn(
Aug 07 17:50:16.038906 np0000006740 devstack@c-api.service[97042]: INFO cinder.api.openstack.wsgi [None req-3a2f0129-0879-4931-8880-61e11ff33cc0 tempest-GroupSnapshotsTest-1576914705 tempest-GroupSnapshotsTest-1576914705-project-member] https://10.4.3.131/volume/v3/group_snapshots/5a675e46-0a01-4cf5-9370-6ae59659523f returned with HTTP 200
Aug 07 17:50:16.039247 np0000006740 devstack@c-api.service[97042]: [pid: 97042|app: 0|req: 115/355] 10.4.3.131 () {68 vars in 1413 bytes} [Fri Aug 7 17:50:16 2026] GET /volume/v3/group_snapshots/5a675e46-0a01-4cf5-9370-6ae59659523f => generated 325 bytes in 10 msecs (HTTP/1.1 200) 7 headers in 286 bytes (1 switches on core 0)
Aug 07 17:50:16.211157 np0000006740 devstack@c-api.service[97044]: DEBUG cinder.api.middleware.request_id [None req-ba72808b-d28f-4546-8fba-b5201ec42483 None None] RequestId filter calling following filter/app {{(pid=97044) _context_setter /opt/stack/cinder/cinder/api/middleware/request_id.py:62}}
Aug 07 17:50:16.215466 np0000006740 devstack@c-api.service[97044]: INFO cinder.api.openstack.wsgi [None req-ba72808b-d28f-4546-8fba-b5201ec42483 tempest-ServersNegativeTestJSON-399651393 tempest-ServersNegativeTestJSON-399651393-project-member] DELETE https://10.4.3.131/volume/v3/volumes/8d292134-e860-4b21-bbac-8c15b959f6b6
Aug 07 17:50:16.215763 np0000006740 devstack@c-api.service[97044]: DEBUG cinder.api.openstack.wsgi [None req-ba72808b-d28f-4546-8fba-b5201ec42483 tempest-ServersNegativeTestJSON-399651393 tempest-ServersNegativeTestJSON-399651393-project-member] Empty body provided in request {{(pid=97044) get_body /opt/stack/cinder/cinder/api/openstack/wsgi.py:725}}
Aug 07 17:50:16.216015 np0000006740 devstack@c-api.service[97044]: DEBUG cinder.api.openstack.wsgi [None req-ba72808b-d28f-4546-8fba-b5201ec42483 tempest-ServersNegativeTestJSON-399651393 tempest-ServersNegativeTestJSON-399651393-project-member] Calling method 'delete' {{(pid=97044) _process_stack /opt/stack/cinder/cinder/api/openstack/wsgi.py:878}}
Aug 07 17:50:16.216260 np0000006740 devstack@c-api.service[97044]: INFO cinder.api.v3.volumes [None req-ba72808b-d28f-4546-8fba-b5201ec42483 tempest-ServersNegativeTestJSON-399651393 tempest-ServersNegativeTestJSON-399651393-project-member] Delete volume with id: 8d292134-e860-4b21-bbac-8c15b959f6b6
