Aug 07 17:52:03.328369 np0000006740 devstack@g-api.service[99770]: DEBUG glance.api.middleware.version_negotiation [None req-0ec65398-254f-4be7-b7f5-87763b6aabc0 tempest-AttachVolumeShelveTestJSON-1609838716 tempest-AttachVolumeShelveTestJSON-1609838716-project-member] Determining version of request: GET /v2/schemas/image Accept: */* {{(pid=99770) process_request /opt/stack/glance/glance/api/middleware/version_negotiation.py:44}}
Aug 07 17:52:03.328948 np0000006740 devstack@g-api.service[99770]: DEBUG glance.api.middleware.version_negotiation [None req-0ec65398-254f-4be7-b7f5-87763b6aabc0 tempest-AttachVolumeShelveTestJSON-1609838716 tempest-AttachVolumeShelveTestJSON-1609838716-project-member] Using url versioning {{(pid=99770) process_request /opt/stack/glance/glance/api/middleware/version_negotiation.py:57}}
Aug 07 17:52:03.329287 np0000006740 devstack@g-api.service[99770]: DEBUG glance.api.middleware.version_negotiation [None req-0ec65398-254f-4be7-b7f5-87763b6aabc0 tempest-AttachVolumeShelveTestJSON-1609838716 tempest-AttachVolumeShelveTestJSON-1609838716-project-member] Matched version: v2 {{(pid=99770) process_request /opt/stack/glance/glance/api/middleware/version_negotiation.py:69}}
Aug 07 17:52:03.329700 np0000006740 devstack@g-api.service[99770]: DEBUG glance.api.middleware.version_negotiation [None req-0ec65398-254f-4be7-b7f5-87763b6aabc0 tempest-AttachVolumeShelveTestJSON-1609838716 tempest-AttachVolumeShelveTestJSON-1609838716-project-member] new path /v2/schemas/image {{(pid=99770) process_request /opt/stack/glance/glance/api/middleware/version_negotiation.py:70}}
Aug 07 17:52:03.337285 np0000006740 devstack@g-api.service[99770]: [pid: 99770|app: 0|req: 124/354] 127.0.0.1 () {44 vars in 1055 bytes} [Fri Aug 7 17:52:03 2026] GET /v2/schemas/image => generated 6083 bytes in 8 msecs (HTTP/1.1 200) 4 headers in 158 bytes (1 switches on core 0)
Aug 07 17:52:03.348714 np0000006740 devstack@g-api.service[99771]: DEBUG glance.api.middleware.version_negotiation [None req-a2daf4e3-125a-4532-92e2-468032122c5a tempest-ServerBootFromVolumeStableRescueTest-1429667832 tempest-ServerBootFromVolumeStableRescueTest-1429667832-project-member] Determining version of request: GET /v2/schemas/image Accept: */* {{(pid=99771) process_request /opt/stack/glance/glance/api/middleware/version_negotiation.py:44}}
Aug 07 17:52:03.348890 np0000006740 devstack@g-api.service[99771]: DEBUG glance.api.middleware.version_negotiation [None req-a2daf4e3-125a-4532-92e2-468032122c5a tempest-ServerBootFromVolumeStableRescueTest-1429667832 tempest-ServerBootFromVolumeStableRescueTest-1429667832-project-member] Using url versioning {{(pid=99771) process_request /opt/stack/glance/glance/api/middleware/version_negotiation.py:57}}
Aug 07 17:52:03.349025 np0000006740 devstack@g-api.service[99771]: DEBUG glance.api.middleware.version_negotiation [None req-a2daf4e3-125a-4532-92e2-468032122c5a tempest-ServerBootFromVolumeStableRescueTest-1429667832 tempest-ServerBootFromVolumeStableRescueTest-1429667832-project-member] Matched version: v2 {{(pid=99771) process_request /opt/stack/glance/glance/api/middleware/version_negotiation.py:69}}
Aug 07 17:52:03.349196 np0000006740 devstack@g-api.service[99771]: DEBUG glance.api.middleware.version_negotiation [None req-a2daf4e3-125a-4532-92e2-468032122c5a tempest-ServerBootFromVolumeStableRescueTest-1429667832 tempest-ServerBootFromVolumeStableRescueTest-1429667832-project-member] new path /v2/schemas/image {{(pid=99771) process_request /opt/stack/glance/glance/api/middleware/version_negotiation.py:70}}
Aug 07 17:52:03.351749 np0000006740 devstack@g-api.service[99771]: [pid: 99771|app: 0|req: 111/355] 127.0.0.1 () {44 vars in 1055 bytes} [Fri Aug 7 17:52:03 2026] GET /v2/schemas/image => generated 6083 bytes in 3 msecs (HTTP/1.1 200) 4 headers in 158 bytes (1 switches on core 0)
Aug 07 17:52:03.364949 np0000006740 devstack@g-api.service[99770]: DEBUG glance.api.middleware.version_negotiation [None req-a2daf4e3-125a-4532-92e2-468032122c5a tempest-ServerBootFromVolumeStableRescueTest-1429667832 tempest-ServerBootFromVolumeStableRescueTest-1429667832-project-member] Determining version of request: GET /v2/images/4c7ecd5c-c87e-48bd-bb2d-f68a45fe8aee Accept: */* {{(pid=99770) process_request /opt/stack/glance/glance/api/middleware/version_negotiation.py:44}}
Aug 07 17:52:03.365399 np0000006740 devstack@g-api.service[99770]: DEBUG glance.api.middleware.version_negotiation [None req-a2daf4e3-125a-4532-92e2-468032122c5a tempest-ServerBootFromVolumeStableRescueTest-1429667832 tempest-ServerBootFromVolumeStableRescueTest-1429667832-project-member] Using url versioning {{(pid=99770) process_request /opt/stack/glance/glance/api/middleware/version_negotiation.py:57}}
Aug 07 17:52:03.365485 np0000006740 devstack@g-api.service[99770]: DEBUG glance.api.middleware.version_negotiation [None req-a2daf4e3-125a-4532-92e2-468032122c5a tempest-ServerBootFromVolumeStableRescueTest-1429667832 tempest-ServerBootFromVolumeStableRescueTest-1429667832-project-member] Matched version: v2 {{(pid=99770) process_request /opt/stack/glance/glance/api/middleware/version_negotiation.py:69}}
Aug 07 17:52:03.365661 np0000006740 devstack@g-api.service[99770]: DEBUG glance.api.middleware.version_negotiation [None req-a2daf4e3-125a-4532-92e2-468032122c5a tempest-ServerBootFromVolumeStableRescueTest-1429667832 tempest-ServerBootFromVolumeStableRescueTest-1429667832-project-member] new path /v2/images/4c7ecd5c-c87e-48bd-bb2d-f68a45fe8aee {{(pid=99770) process_request /opt/stack/glance/glance/api/middleware/version_negotiation.py:70}}
Aug 07 17:52:03.388472 np0000006740 devstack@g-api.service[99770]: [pid: 99770|app: 0|req: 125/356] 127.0.0.1 () {44 vars in 1115 bytes} [Fri Aug 7 17:52:03 2026] GET /v2/images/4c7ecd5c-c87e-48bd-bb2d-f68a45fe8aee => generated 1044 bytes in 24 msecs (HTTP/1.1 200) 4 headers in 158 bytes (1 switches on core 0)
Aug 07 17:52:03.399450 np0000006740 devstack@g-api.service[99771]: DEBUG glance.api.middleware.version_negotiation [None req-a2daf4e3-125a-4532-92e2-468032122c5a tempest-ServerBootFromVolumeStableRescueTest-1429667832 tempest-ServerBootFromVolumeStableRescueTest-1429667832-project-member] Determining version of request: GET /v2/schemas/image Accept: */* {{(pid=99771) process_request /opt/stack/glance/glance/api/middleware/version_negotiation.py:44}}
Aug 07 17:52:03.399711 np0000006740 devstack@g-api.service[99771]: DEBUG glance.api.middleware.version_negotiation [None req-a2daf4e3-125a-4532-92e2-468032122c5a tempest-ServerBootFromVolumeStableRescueTest-1429667832 tempest-ServerBootFromVolumeStableRescueTest-1429667832-project-member] Using url versioning {{(pid=99771) process_request /opt/stack/glance/glance/api/middleware/version_negotiation.py:57}}
Aug 07 17:52:03.399922 np0000006740 devstack@g-api.service[99771]: DEBUG glance.api.middleware.version_negotiation [None req-a2daf4e3-125a-4532-92e2-468032122c5a tempest-ServerBootFromVolumeStableRescueTest-1429667832 tempest-ServerBootFromVolumeStableRescueTest-1429667832-project-member] Matched version: v2 {{(pid=99771) process_request /opt/stack/glance/glance/api/middleware/version_negotiation.py:69}}
Aug 07 17:52:03.400238 np0000006740 devstack@g-api.service[99771]: DEBUG glance.api.middleware.version_negotiation [None req-a2daf4e3-125a-4532-92e2-468032122c5a tempest-ServerBootFromVolumeStableRescueTest-1429667832 tempest-ServerBootFromVolumeStableRescueTest-1429667832-project-member] new path /v2/schemas/image {{(pid=99771) process_request /opt/stack/glance/glance/api/middleware/version_negotiation.py:70}}
Aug 07 17:52:03.411592 np0000006740 devstack@g-api.service[99771]: [pid: 99771|app: 0|req: 112/357] 127.0.0.1 () {44 vars in 1055 bytes} [Fri Aug 7 17:52:03 2026] GET /v2/schemas/image => generated 6083 bytes in 12 msecs (HTTP/1.1 200) 4 headers in 158 bytes (1 switches on core 0)
Aug 07 17:52:03.421700 np0000006740 devstack@g-api.service[99770]: DEBUG glance.api.middleware.version_negotiation [None req-a2daf4e3-125a-4532-92e2-468032122c5a tempest-ServerBootFromVolumeStableRescueTest-1429667832 tempest-ServerBootFromVolumeStableRescueTest-1429667832-project-member] Determining version of request: GET /v2/schemas/image Accept: */* {{(pid=99770) process_request /opt/stack/glance/glance/api/middleware/version_negotiation.py:44}}
Aug 07 17:52:03.421978 np0000006740 devstack@g-api.service[99770]: DEBUG glance.api.middleware.version_negotiation [None req-a2daf4e3-125a-4532-92e2-468032122c5a tempest-ServerBootFromVolumeStableRescueTest-1429667832 tempest-ServerBootFromVolumeStableRescueTest-1429667832-project-member] Using url versioning {{(pid=99770) process_request /opt/stack/glance/glance/api/middleware/version_negotiation.py:57}}
Aug 07 17:52:03.422245 np0000006740 devstack@g-api.service[99770]: DEBUG glance.api.middleware.version_negotiation [None req-a2daf4e3-125a-4532-92e2-468032122c5a tempest-ServerBootFromVolumeStableRescueTest-1429667832 tempest-ServerBootFromVolumeStableRescueTest-1429667832-project-member] Matched version: v2 {{(pid=99770) process_request /opt/stack/glance/glance/api/middleware/version_negotiation.py:69}}
Aug 07 17:52:03.422295 np0000006740 devstack@g-api.service[99770]: DEBUG glance.api.middleware.version_negotiation [None req-a2daf4e3-125a-4532-92e2-468032122c5a tempest-ServerBootFromVolumeStableRescueTest-1429667832 tempest-ServerBootFromVolumeStableRescueTest-1429667832-project-member] new path /v2/schemas/image {{(pid=99770) process_request /opt/stack/glance/glance/api/middleware/version_negotiation.py:70}}
Aug 07 17:52:03.431937 np0000006740 devstack@g-api.service[99770]: [pid: 99770|app: 0|req: 126/358] 127.0.0.1 () {44 vars in 1055 bytes} [Fri Aug 7 17:52:03 2026] GET /v2/schemas/image => generated 6083 bytes in 10 msecs (HTTP/1.1 200) 4 headers in 158 bytes (1 switches on core 0)
Aug 07 17:52:03.462828 np0000006740 devstack@g-api.service[99769]: [pid: 99769|app: 0|req: 121/359] 127.0.0.1 () {46 vars in 1158 bytes} [Fri Aug 7 17:52:03 2026] PATCH /v2/images/7bb6472d-d704-446a-8834-80059cf8badd => generated 1450 bytes in 221 msecs (HTTP/1.1 200) 4 headers in 158 bytes (1 switches on core 0)
Aug 07 17:52:03.469288 np0000006740 devstack@g-api.service[99771]: DEBUG glance.api.middleware.version_negotiation [None req-a2daf4e3-125a-4532-92e2-468032122c5a tempest-ServerBootFromVolumeStableRescueTest-1429667832 tempest-ServerBootFromVolumeStableRescueTest-1429667832-project-member] Determining version of request: GET /v2/images/4c7ecd5c-c87e-48bd-bb2d-f68a45fe8aee Accept: */* {{(pid=99771) process_request /opt/stack/glance/glance/api/middleware/version_negotiation.py:44}}
Aug 07 17:52:03.470353 np0000006740 devstack@g-api.service[99771]: DEBUG glance.api.middleware.version_negotiation [None req-a2daf4e3-125a-4532-92e2-468032122c5a tempest-ServerBootFromVolumeStableRescueTest-1429667832 tempest-ServerBootFromVolumeStableRescueTest-1429667832-project-member] Using url versioning {{(pid=99771) process_request /opt/stack/glance/glance/api/middleware/version_negotiation.py:57}}
Aug 07 17:52:03.470353 np0000006740 devstack@g-api.service[99771]: DEBUG glance.api.middleware.version_negotiation [None req-a2daf4e3-125a-4532-92e2-468032122c5a tempest-ServerBootFromVolumeStableRescueTest-1429667832 tempest-ServerBootFromVolumeStableRescueTest-1429667832-project-member] Matched version: v2 {{(pid=99771) process_request /opt/stack/glance/glance/api/middleware/version_negotiation.py:69}}
Aug 07 17:52:03.470353 np0000006740 devstack@g-api.service[99771]: DEBUG glance.api.middleware.version_negotiation [None req-a2daf4e3-125a-4532-92e2-468032122c5a tempest-ServerBootFromVolumeStableRescueTest-1429667832 tempest-ServerBootFromVolumeStableRescueTest-1429667832-project-member] new path /v2/images/4c7ecd5c-c87e-48bd-bb2d-f68a45fe8aee {{(pid=99771) process_request /opt/stack/glance/glance/api/middleware/version_negotiation.py:70}}
Aug 07 17:52:03.485922 np0000006740 devstack@g-api.service[99771]: [pid: 99771|app: 0|req: 113/360] 127.0.0.1 () {44 vars in 1115 bytes} [Fri Aug 7 17:52:03 2026] GET /v2/images/4c7ecd5c-c87e-48bd-bb2d-f68a45fe8aee => generated 1044 bytes in 17 msecs (HTTP/1.1 200) 4 headers in 158 bytes (1 switches on core 0)
Aug 07 17:52:03.495574 np0000006740 devstack@g-api.service[99770]: DEBUG glance.api.middleware.version_negotiation [None req-a2daf4e3-125a-4532-92e2-468032122c5a tempest-ServerBootFromVolumeStableRescueTest-1429667832 tempest-ServerBootFromVolumeStableRescueTest-1429667832-project-member] Determining version of request: GET /v2/schemas/image Accept: */* {{(pid=99770) process_request /opt/stack/glance/glance/api/middleware/version_negotiation.py:44}}
Aug 07 17:52:03.496207 np0000006740 devstack@g-api.service[99770]: DEBUG glance.api.middleware.version_negotiation [None req-a2daf4e3-125a-4532-92e2-468032122c5a tempest-ServerBootFromVolumeStableRescueTest-1429667832 tempest-ServerBootFromVolumeStableRescueTest-1429667832-project-member] Using url versioning {{(pid=99770) process_request /opt/stack/glance/glance/api/middleware/version_negotiation.py:57}}
Aug 07 17:52:03.496207 np0000006740 devstack@g-api.service[99770]: DEBUG glance.api.middleware.version_negotiation [None req-a2daf4e3-125a-4532-92e2-468032122c5a tempest-ServerBootFromVolumeStableRescueTest-1429667832 tempest-ServerBootFromVolumeStableRescueTest-1429667832-project-member] Matched version: v2 {{(pid=99770) process_request /opt/stack/glance/glance/api/middleware/version_negotiation.py:69}}
Aug 07 17:52:03.496207 np0000006740 devstack@g-api.service[99770]: DEBUG glance.api.middleware.version_negotiation [None req-a2daf4e3-125a-4532-92e2-468032122c5a tempest-ServerBootFromVolumeStableRescueTest-1429667832 tempest-ServerBootFromVolumeStableRescueTest-1429667832-project-member] new path /v2/schemas/image {{(pid=99770) process_request /opt/stack/glance/glance/api/middleware/version_negotiation.py:70}}
Aug 07 17:52:03.499348 np0000006740 devstack@g-api.service[99770]: [pid: 99770|app: 0|req: 127/361] 127.0.0.1 () {44 vars in 1055 bytes} [Fri Aug 7 17:52:03 2026] GET /v2/schemas/image => generated 6083 bytes in 4 msecs (HTTP/1.1 200) 4 headers in 158 bytes (1 switches on core 0)
Aug 07 17:52:03.501465 np0000006740 devstack@g-api.service[99769]: DEBUG glance.api.middleware.version_negotiation [None req-0ec65398-254f-4be7-b7f5-87763b6aabc0 tempest-AttachVolumeShelveTestJSON-1609838716 tempest-AttachVolumeShelveTestJSON-1609838716-project-member] Determining version of request: GET /v2/images/7bb6472d-d704-446a-8834-80059cf8badd Accept: */* {{(pid=99769) process_request /opt/stack/glance/glance/api/middleware/version_negotiation.py:44}}
Aug 07 17:52:03.501831 np0000006740 devstack@g-api.service[99769]: DEBUG glance.api.middleware.version_negotiation [None req-0ec65398-254f-4be7-b7f5-87763b6aabc0 tempest-AttachVolumeShelveTestJSON-1609838716 tempest-AttachVolumeShelveTestJSON-1609838716-project-member] Using url versioning {{(pid=99769) process_request /opt/stack/glance/glance/api/middleware/version_negotiation.py:57}}
Aug 07 17:52:03.501831 np0000006740 devstack@g-api.service[99769]: DEBUG glance.api.middleware.version_negotiation [None req-0ec65398-254f-4be7-b7f5-87763b6aabc0 tempest-AttachVolumeShelveTestJSON-1609838716 tempest-AttachVolumeShelveTestJSON-1609838716-project-member] Matched version: v2 {{(pid=99769) process_request /opt/stack/glance/glance/api/middleware/version_negotiation.py:69}}
Aug 07 17:52:03.502240 np0000006740 devstack@g-api.service[99769]: DEBUG glance.api.middleware.version_negotiation [None req-0ec65398-254f-4be7-b7f5-87763b6aabc0 tempest-AttachVolumeShelveTestJSON-1609838716 tempest-AttachVolumeShelveTestJSON-1609838716-project-member] new path /v2/images/7bb6472d-d704-446a-8834-80059cf8badd {{(pid=99769) process_request /opt/stack/glance/glance/api/middleware/version_negotiation.py:70}}
Aug 07 17:52:03.513374 np0000006740 devstack@g-api.service[99769]: [pid: 99769|app: 0|req: 122/362] 127.0.0.1 () {44 vars in 1115 bytes} [Fri Aug 7 17:52:03 2026] GET /v2/images/7bb6472d-d704-446a-8834-80059cf8badd => generated 1450 bytes in 12 msecs (HTTP/1.1 200) 4 headers in 158 bytes (1 switches on core 0)
Aug 07 17:52:03.555693 np0000006740 devstack@g-api.service[99771]: DEBUG glance.api.middleware.version_negotiation [None req-a2daf4e3-125a-4532-92e2-468032122c5a tempest-ServerBootFromVolumeStableRescueTest-1429667832 tempest-ServerBootFromVolumeStableRescueTest-1429667832-project-member] Determining version of request: PUT /v2/images/7bb6472d-d704-446a-8834-80059cf8badd/file Accept: */* {{(pid=99771) process_request /opt/stack/glance/glance/api/middleware/version_negotiation.py:44}}
Aug 07 17:52:03.556083 np0000006740 devstack@g-api.service[99771]: DEBUG glance.api.middleware.version_negotiation [None req-a2daf4e3-125a-4532-92e2-468032122c5a tempest-ServerBootFromVolumeStableRescueTest-1429667832 tempest-ServerBootFromVolumeStableRescueTest-1429667832-project-member] Using url versioning {{(pid=99771) process_request /opt/stack/glance/glance/api/middleware/version_negotiation.py:57}}
Aug 07 17:52:03.556354 np0000006740 devstack@g-api.service[99771]: DEBUG glance.api.middleware.version_negotiation [None req-a2daf4e3-125a-4532-92e2-468032122c5a tempest-ServerBootFromVolumeStableRescueTest-1429667832 tempest-ServerBootFromVolumeStableRescueTest-1429667832-project-member] Matched version: v2 {{(pid=99771) process_request /opt/stack/glance/glance/api/middleware/version_negotiation.py:69}}
Aug 07 17:52:03.556556 np0000006740 devstack@g-api.service[99771]: DEBUG glance.api.middleware.version_negotiation [None req-a2daf4e3-125a-4532-92e2-468032122c5a tempest-ServerBootFromVolumeStableRescueTest-1429667832 tempest-ServerBootFromVolumeStableRescueTest-1429667832-project-member] new path /v2/images/7bb6472d-d704-446a-8834-80059cf8badd/file {{(pid=99771) process_request /opt/stack/glance/glance/api/middleware/version_negotiation.py:70}}
Aug 07 17:52:03.891935 np0000006740 devstack@g-api.service[99770]: DEBUG glance.api.middleware.version_negotiation [None req-a2daf4e3-125a-4532-92e2-468032122c5a tempest-ServerBootFromVolumeStableRescueTest-1429667832 tempest-ServerBootFromVolumeStableRescueTest-1429667832-project-member] Determining version of request: GET /versions Accept: */* {{(pid=99770) process_request /opt/stack/glance/glance/api/middleware/version_negotiation.py:44}}
Aug 07 17:52:03.892721 np0000006740 devstack@g-api.service[99770]: [pid: 99770|app: 0|req: 128/363] 127.0.0.1 () {44 vars in 1039 bytes} [Fri Aug 7 17:52:03 2026] GET /versions => generated 1515 bytes in 1 msecs (HTTP/1.1 200) 3 headers in 92 bytes (1 switches on core 0)
Aug 07 17:52:03.902210 np0000006740 devstack@g-api.service[99769]: DEBUG glance.api.middleware.version_negotiation [None req-0ec65398-254f-4be7-b7f5-87763b6aabc0 tempest-AttachVolumeShelveTestJSON-1609838716 tempest-AttachVolumeShelveTestJSON-1609838716-project-member] Determining version of request: GET /v2/images/4c7ecd5c-c87e-48bd-bb2d-f68a45fe8aee/locations Accept: */* {{(pid=99769) process_request /opt/stack/glance/glance/api/middleware/version_negotiation.py:44}}
Aug 07 17:52:03.902477 np0000006740 devstack@g-api.service[99769]: DEBUG glance.api.middleware.version_negotiation [None req-0ec65398-254f-4be7-b7f5-87763b6aabc0 tempest-AttachVolumeShelveTestJSON-1609838716 tempest-AttachVolumeShelveTestJSON-1609838716-project-member] Using url versioning {{(pid=99769) process_request /opt/stack/glance/glance/api/middleware/version_negotiation.py:57}}
Aug 07 17:52:03.902621 np0000006740 devstack@g-api.service[99769]: DEBUG glance.api.middleware.version_negotiation [None req-0ec65398-254f-4be7-b7f5-87763b6aabc0 tempest-AttachVolumeShelveTestJSON-1609838716 tempest-AttachVolumeShelveTestJSON-1609838716-project-member] Matched version: v2 {{(pid=99769) process_request /opt/stack/glance/glance/api/middleware/version_negotiation.py:69}}
Aug 07 17:52:03.902734 np0000006740 devstack@g-api.service[99769]: DEBUG glance.api.middleware.version_negotiation [None req-0ec65398-254f-4be7-b7f5-87763b6aabc0 tempest-AttachVolumeShelveTestJSON-1609838716 tempest-AttachVolumeShelveTestJSON-1609838716-project-member] new path /v2/images/4c7ecd5c-c87e-48bd-bb2d-f68a45fe8aee/locations {{(pid=99769) process_request /opt/stack/glance/glance/api/middleware/version_negotiation.py:70}}
Aug 07 17:52:04.021156 np0000006740 devstack@g-api.service[99769]: [pid: 99769|app: 0|req: 123/364] 127.0.0.1 () {44 vars in 1135 bytes} [Fri Aug 7 17:52:03 2026] GET /v2/images/4c7ecd5c-c87e-48bd-bb2d-f68a45fe8aee/locations => generated 92 bytes in 119 msecs (HTTP/1.1 200) 4 headers in 156 bytes (1 switches on core 0)
Aug 07 17:52:04.037249 np0000006740 devstack@g-api.service[99770]: DEBUG glance.api.middleware.version_negotiation [None req-a2daf4e3-125a-4532-92e2-468032122c5a tempest-ServerBootFromVolumeStableRescueTest-1429667832 tempest-ServerBootFromVolumeStableRescueTest-1429667832-project-member] Determining version of request: GET /v2/images/4c7ecd5c-c87e-48bd-bb2d-f68a45fe8aee Accept: */* {{(pid=99770) process_request /opt/stack/glance/glance/api/middleware/version_negotiation.py:44}}
Aug 07 17:52:04.037435 np0000006740 devstack@g-api.service[99770]: DEBUG glance.api.middleware.version_negotiation [None req-a2daf4e3-125a-4532-92e2-468032122c5a tempest-ServerBootFromVolumeStableRescueTest-1429667832 tempest-ServerBootFromVolumeStableRescueTest-1429667832-project-member] Using url versioning {{(pid=99770) process_request /opt/stack/glance/glance/api/middleware/version_negotiation.py:57}}
Aug 07 17:52:04.037587 np0000006740 devstack@g-api.service[99770]: DEBUG glance.api.middleware.version_negotiation [None req-a2daf4e3-125a-4532-92e2-468032122c5a tempest-ServerBootFromVolumeStableRescueTest-1429667832 tempest-ServerBootFromVolumeStableRescueTest-1429667832-project-member] Matched version: v2 {{(pid=99770) process_request /opt/stack/glance/glance/api/middleware/version_negotiation.py:69}}
Aug 07 17:52:04.037675 np0000006740 devstack@g-api.service[99770]: DEBUG glance.api.middleware.version_negotiation [None req-a2daf4e3-125a-4532-92e2-468032122c5a tempest-ServerBootFromVolumeStableRescueTest-1429667832 tempest-ServerBootFromVolumeStableRescueTest-1429667832-project-member] new path /v2/images/4c7ecd5c-c87e-48bd-bb2d-f68a45fe8aee {{(pid=99770) process_request /opt/stack/glance/glance/api/middleware/version_negotiation.py:70}}
Aug 07 17:52:04.057686 np0000006740 devstack@g-api.service[99770]: [pid: 99770|app: 0|req: 129/365] 127.0.0.1 () {44 vars in 1115 bytes} [Fri Aug 7 17:52:04 2026] GET /v2/images/4c7ecd5c-c87e-48bd-bb2d-f68a45fe8aee => generated 1044 bytes in 20 msecs (HTTP/1.1 200) 4 headers in 158 bytes (1 switches on core 0)
Aug 07 17:52:04.070572 np0000006740 devstack@g-api.service[99769]: DEBUG glance.api.middleware.version_negotiation [None req-a2daf4e3-125a-4532-92e2-468032122c5a service glance] Determining version of request: GET /v2/schemas/image Accept: */* {{(pid=99769) process_request /opt/stack/glance/glance/api/middleware/version_negotiation.py:44}}
Aug 07 17:52:04.070572 np0000006740 devstack@g-api.service[99769]: DEBUG glance.api.middleware.version_negotiation [None req-a2daf4e3-125a-4532-92e2-468032122c5a service glance] Using url versioning {{(pid=99769) process_request /opt/stack/glance/glance/api/middleware/version_negotiation.py:57}}
Aug 07 17:52:04.070572 np0000006740 devstack@g-api.service[99769]: DEBUG glance.api.middleware.version_negotiation [None req-a2daf4e3-125a-4532-92e2-468032122c5a service glance] Matched version: v2 {{(pid=99769) process_request /opt/stack/glance/glance/api/middleware/version_negotiation.py:69}}
Aug 07 17:52:04.070572 np0000006740 devstack@g-api.service[99769]: DEBUG glance.api.middleware.version_negotiation [None req-a2daf4e3-125a-4532-92e2-468032122c5a service glance] new path /v2/schemas/image {{(pid=99769) process_request /opt/stack/glance/glance/api/middleware/version_negotiation.py:70}}
Aug 07 17:52:04.072732 np0000006740 devstack@g-api.service[99769]: [pid: 99769|app: 0|req: 124/366] 127.0.0.1 () {44 vars in 1055 bytes} [Fri Aug 7 17:52:04 2026] GET /v2/schemas/image => generated 6083 bytes in 3 msecs (HTTP/1.1 200) 4 headers in 158 bytes (1 switches on core 0)
Aug 07 17:52:04.085604 np0000006740 devstack@g-api.service[99770]: DEBUG glance.api.middleware.version_negotiation [None req-a2daf4e3-125a-4532-92e2-468032122c5a tempest-ServerBootFromVolumeStableRescueTest-1429667832 tempest-ServerBootFromVolumeStableRescueTest-1429667832-project-member] Determining version of request: GET /v2/schemas/image Accept: */* {{(pid=99770) process_request /opt/stack/glance/glance/api/middleware/version_negotiation.py:44}}
Aug 07 17:52:04.085976 np0000006740 devstack@g-api.service[99770]: DEBUG glance.api.middleware.version_negotiation [None req-a2daf4e3-125a-4532-92e2-468032122c5a tempest-ServerBootFromVolumeStableRescueTest-1429667832 tempest-ServerBootFromVolumeStableRescueTest-1429667832-project-member] Using url versioning {{(pid=99770) process_request /opt/stack/glance/glance/api/middleware/version_negotiation.py:57}}
Aug 07 17:52:04.086283 np0000006740 devstack@g-api.service[99770]: DEBUG glance.api.middleware.version_negotiation [None req-a2daf4e3-125a-4532-92e2-468032122c5a tempest-ServerBootFromVolumeStableRescueTest-1429667832 tempest-ServerBootFromVolumeStableRescueTest-1429667832-project-member] Matched version: v2 {{(pid=99770) process_request /opt/stack/glance/glance/api/middleware/version_negotiation.py:69}}
Aug 07 17:52:04.089142 np0000006740 devstack@g-api.service[99770]: DEBUG glance.api.middleware.version_negotiation [None req-a2daf4e3-125a-4532-92e2-468032122c5a tempest-ServerBootFromVolumeStableRescueTest-1429667832 tempest-ServerBootFromVolumeStableRescueTest-1429667832-project-member] new path /v2/schemas/image {{(pid=99770) process_request /opt/stack/glance/glance/api/middleware/version_negotiation.py:70}}
Aug 07 17:52:04.091573 np0000006740 devstack@g-api.service[99770]: [pid: 99770|app: 0|req: 130/367] 127.0.0.1 () {44 vars in 1055 bytes} [Fri Aug 7 17:52:04 2026] GET /v2/schemas/image => generated 6083 bytes in 6 msecs (HTTP/1.1 200) 4 headers in 158 bytes (1 switches on core 0)
Aug 07 17:52:04.168456 np0000006740 devstack@g-api.service[99771]: INFO glance.api.v2.image_data [None req-0ec65398-254f-4be7-b7f5-87763b6aabc0 tempest-AttachVolumeShelveTestJSON-1609838716 tempest-AttachVolumeShelveTestJSON-1609838716-project-member] Unable to create trust: no such option collect_timing in group [keystone_authtoken] Use the existing user token.
Aug 07 17:52:04.864535 np0000006740 devstack@g-api.service[99771]: DEBUG glance.location [None req-0ec65398-254f-4be7-b7f5-87763b6aabc0 tempest-AttachVolumeShelveTestJSON-1609838716 tempest-AttachVolumeShelveTestJSON-1609838716-project-member] Enabling in-flight format inspection for qcow2 {{(pid=99771) set_data /opt/stack/glance/glance/location.py:596}}
Aug 07 17:52:04.865246 np0000006740 devstack@g-api.service[99771]: DEBUG glance_store.backend [None req-0ec65398-254f-4be7-b7f5-87763b6aabc0 tempest-AttachVolumeShelveTestJSON-1609838716 tempest-AttachVolumeShelveTestJSON-1609838716-project-member] Attempting to import store swift {{(pid=99771) _load_store /opt/stack/data/venv/lib/python3.12/site-packages/glance_store/backend.py:215}}
Aug 07 17:52:04.866564 np0000006740 devstack@g-api.service[99771]: DEBUG glance_store.capabilities [None req-0ec65398-254f-4be7-b7f5-87763b6aabc0 tempest-AttachVolumeShelveTestJSON-1609838716 tempest-AttachVolumeShelveTestJSON-1609838716-project-member] Store glance_store._drivers.swift.store.SingleTenantStore doesn't support updating dynamic storage capabilities. Please overwrite 'update_capabilities' method of the store to implement updating logics if needed. {{(pid=99771) update_capabilities /opt/stack/data/venv/lib/python3.12/site-packages/glance_store/capabilities.py:91}}
Aug 07 17:52:04.866742 np0000006740 devstack@g-api.service[99771]: DEBUG glance_store.driver [None req-0ec65398-254f-4be7-b7f5-87763b6aabc0 tempest-AttachVolumeShelveTestJSON-1609838716 tempest-AttachVolumeShelveTestJSON-1609838716-project-member] Late loading location class glance_store._drivers.swift.store.StoreLocation {{(pid=99771) get_store_location_class /opt/stack/data/venv/lib/python3.12/site-packages/glance_store/driver.py:134}}
Aug 07 17:52:04.866782 np0000006740 devstack@g-api.service[99771]: DEBUG glance_store.location [None req-0ec65398-254f-4be7-b7f5-87763b6aabc0 tempest-AttachVolumeShelveTestJSON-1609838716 tempest-AttachVolumeShelveTestJSON-1609838716-project-member] Registering scheme swift+https with {'store': , 'location_class': , 'store_entry': 'swift'} {{(pid=99771) register_scheme_map /opt/stack/data/venv/lib/python3.12/site-packages/glance_store/location.py:146}}
Aug 07 17:52:04.866931 np0000006740 devstack@g-api.service[99771]: DEBUG glance_store.location [None req-0ec65398-254f-4be7-b7f5-87763b6aabc0 tempest-AttachVolumeShelveTestJSON-1609838716 tempest-AttachVolumeShelveTestJSON-1609838716-project-member] Registering scheme swift+https with {'store': , 'location_class': , 'store_entry': 'swift'} {{(pid=99771) register_scheme_map /opt/stack/data/venv/lib/python3.12/site-packages/glance_store/location.py:146}}
Aug 07 17:52:04.867054 np0000006740 devstack@g-api.service[99771]: DEBUG glance_store.location [None req-0ec65398-254f-4be7-b7f5-87763b6aabc0 tempest-AttachVolumeShelveTestJSON-1609838716 tempest-AttachVolumeShelveTestJSON-1609838716-project-member] Registering scheme swift with {'store': , 'location_class': , 'store_entry': 'swift'} {{(pid=99771) register_scheme_map /opt/stack/data/venv/lib/python3.12/site-packages/glance_store/location.py:146}}
Aug 07 17:52:04.867147 np0000006740 devstack@g-api.service[99771]: DEBUG glance_store.location [None req-0ec65398-254f-4be7-b7f5-87763b6aabc0 tempest-AttachVolumeShelveTestJSON-1609838716 tempest-AttachVolumeShelveTestJSON-1609838716-project-member] Registering scheme swift+https with {'store': , 'location_class': , 'store_entry': 'swift'} {{(pid=99771) register_scheme_map /opt/stack/data/venv/lib/python3.12/site-packages/glance_store/location.py:146}}
Aug 07 17:52:04.867226 np0000006740 devstack@g-api.service[99771]: DEBUG glance_store.location [None req-0ec65398-254f-4be7-b7f5-87763b6aabc0 tempest-AttachVolumeShelveTestJSON-1609838716 tempest-AttachVolumeShelveTestJSON-1609838716-project-member] Registering scheme swift with {'store': , 'location_class': , 'store_entry': 'swift'} {{(pid=99771) register_scheme_map /opt/stack/data/venv/lib/python3.12/site-packages/glance_store/location.py:146}}
Aug 07 17:52:04.867309 np0000006740 devstack@g-api.service[99771]: DEBUG glance_store.location [None req-0ec65398-254f-4be7-b7f5-87763b6aabc0 tempest-AttachVolumeShelveTestJSON-1609838716 tempest-AttachVolumeShelveTestJSON-1609838716-project-member] Registering scheme swift+http with {'store': , 'location_class': , 'store_entry': 'swift'} {{(pid=99771) register_scheme_map /opt/stack/data/venv/lib/python3.12/site-packages/glance_store/location.py:146}}
Aug 07 17:52:04.867378 np0000006740 devstack@g-api.service[99771]: DEBUG glance_store.location [None req-0ec65398-254f-4be7-b7f5-87763b6aabc0 tempest-AttachVolumeShelveTestJSON-1609838716 tempest-AttachVolumeShelveTestJSON-1609838716-project-member] Registering scheme swift+https with {'store': , 'location_class': , 'store_entry': 'swift'} {{(pid=99771) register_scheme_map /opt/stack/data/venv/lib/python3.12/site-packages/glance_store/location.py:146}}
Aug 07 17:52:04.867687 np0000006740 devstack@g-api.service[99771]: DEBUG glance_store.location [None req-0ec65398-254f-4be7-b7f5-87763b6aabc0 tempest-AttachVolumeShelveTestJSON-1609838716 tempest-AttachVolumeShelveTestJSON-1609838716-project-member] Registering scheme swift with {'store': , 'location_class': , 'store_entry': 'swift'} {{(pid=99771) register_scheme_map /opt/stack/data/venv/lib/python3.12/site-packages/glance_store/location.py:146}}
Aug 07 17:52:04.867796 np0000006740 devstack@g-api.service[99771]: DEBUG glance_store.location [None req-0ec65398-254f-4be7-b7f5-87763b6aabc0 tempest-AttachVolumeShelveTestJSON-1609838716 tempest-AttachVolumeShelveTestJSON-1609838716-project-member] Registering scheme swift+http with {'store': , 'location_class': , 'store_entry': 'swift'} {{(pid=99771) register_scheme_map /opt/stack/data/venv/lib/python3.12/site-packages/glance_store/location.py:146}}
Aug 07 17:52:04.867796 np0000006740 devstack@g-api.service[99771]: DEBUG glance_store.location [None req-0ec65398-254f-4be7-b7f5-87763b6aabc0 tempest-AttachVolumeShelveTestJSON-1609838716 tempest-AttachVolumeShelveTestJSON-1609838716-project-member] Registering scheme swift+config with {'store': , 'location_class': , 'store_entry': 'swift'} {{(pid=99771) register_scheme_map /opt/stack/data/venv/lib/python3.12/site-packages/glance_store/location.py:146}}
Aug 07 17:52:04.923223 np0000006740 devstack@g-api.service[99769]: DEBUG glance.api.middleware.version_negotiation [None req-a2daf4e3-125a-4532-92e2-468032122c5a tempest-ServerBootFromVolumeStableRescueTest-1429667832 tempest-ServerBootFromVolumeStableRescueTest-1429667832-project-member] Determining version of request: GET /v2/schemas/image Accept: */* {{(pid=99769) process_request /opt/stack/glance/glance/api/middleware/version_negotiation.py:44}}
Aug 07 17:52:04.923550 np0000006740 devstack@g-api.service[99769]: DEBUG glance.api.middleware.version_negotiation [None req-a2daf4e3-125a-4532-92e2-468032122c5a tempest-ServerBootFromVolumeStableRescueTest-1429667832 tempest-ServerBootFromVolumeStableRescueTest-1429667832-project-member] Using url versioning {{(pid=99769) process_request /opt/stack/glance/glance/api/middleware/version_negotiation.py:57}}
Aug 07 17:52:04.923766 np0000006740 devstack@g-api.service[99769]: DEBUG glance.api.middleware.version_negotiation [None req-a2daf4e3-125a-4532-92e2-468032122c5a tempest-ServerBootFromVolumeStableRescueTest-1429667832 tempest-ServerBootFromVolumeStableRescueTest-1429667832-project-member] Matched version: v2 {{(pid=99769) process_request /opt/stack/glance/glance/api/middleware/version_negotiation.py:69}}
Aug 07 17:52:04.923947 np0000006740 devstack@g-api.service[99769]: DEBUG glance.api.middleware.version_negotiation [None req-a2daf4e3-125a-4532-92e2-468032122c5a tempest-ServerBootFromVolumeStableRescueTest-1429667832 tempest-ServerBootFromVolumeStableRescueTest-1429667832-project-member] new path /v2/schemas/image {{(pid=99769) process_request /opt/stack/glance/glance/api/middleware/version_negotiation.py:70}}
Aug 07 17:52:04.927279 np0000006740 devstack@g-api.service[99769]: [pid: 99769|app: 0|req: 125/368] 127.0.0.1 () {44 vars in 1055 bytes} [Fri Aug 7 17:52:04 2026] GET /v2/schemas/image => generated 6083 bytes in 4 msecs (HTTP/1.1 200) 4 headers in 158 bytes (1 switches on core 0)
Aug 07 17:52:04.987112 np0000006740 devstack@g-api.service[99770]: DEBUG glance.api.middleware.version_negotiation [None req-a2daf4e3-125a-4532-92e2-468032122c5a tempest-ServerBootFromVolumeStableRescueTest-1429667832 tempest-ServerBootFromVolumeStableRescueTest-1429667832-project-member] Determining version of request: POST /v2/images Accept: */* {{(pid=99770) process_request /opt/stack/glance/glance/api/middleware/version_negotiation.py:44}}
Aug 07 17:52:04.987778 np0000006740 devstack@g-api.service[99770]: DEBUG glance.api.middleware.version_negotiation [None req-a2daf4e3-125a-4532-92e2-468032122c5a tempest-ServerBootFromVolumeStableRescueTest-1429667832 tempest-ServerBootFromVolumeStableRescueTest-1429667832-project-member] Using url versioning {{(pid=99770) process_request /opt/stack/glance/glance/api/middleware/version_negotiation.py:57}}
Aug 07 17:52:04.988156 np0000006740 devstack@g-api.service[99770]: DEBUG glance.api.middleware.version_negotiation [None req-a2daf4e3-125a-4532-92e2-468032122c5a tempest-ServerBootFromVolumeStableRescueTest-1429667832 tempest-ServerBootFromVolumeStableRescueTest-1429667832-project-member] Matched version: v2 {{(pid=99770) process_request /opt/stack/glance/glance/api/middleware/version_negotiation.py:69}}
Aug 07 17:52:04.988308 np0000006740 devstack@g-api.service[99770]: DEBUG glance.api.middleware.version_negotiation [None req-a2daf4e3-125a-4532-92e2-468032122c5a tempest-ServerBootFromVolumeStableRescueTest-1429667832 tempest-ServerBootFromVolumeStableRescueTest-1429667832-project-member] new path /v2/images {{(pid=99770) process_request /opt/stack/glance/glance/api/middleware/version_negotiation.py:70}}
Aug 07 17:52:05.212542 np0000006740 devstack@g-api.service[99771]: DEBUG swiftclient [None req-0ec65398-254f-4be7-b7f5-87763b6aabc0 tempest-AttachVolumeShelveTestJSON-1609838716 tempest-AttachVolumeShelveTestJSON-1609838716-project-member] REQ: curl -i https://10.4.3.131:8080/v1/AUTH_55527fd1240b4491833f26d5f009bc1d/glance -I -H "X-Auth-Token: gAAAAABqdhtEt_YC..." {{(pid=99771) http_log /opt/stack/data/venv/lib/python3.12/site-packages/swiftclient/client.py:160}}
Aug 07 17:52:05.212787 np0000006740 devstack@g-api.service[99771]: DEBUG swiftclient [None req-0ec65398-254f-4be7-b7f5-87763b6aabc0 tempest-AttachVolumeShelveTestJSON-1609838716 tempest-AttachVolumeShelveTestJSON-1609838716-project-member] RESP STATUS: 204 No Content {{(pid=99771) http_log /opt/stack/data/venv/lib/python3.12/site-packages/swiftclient/client.py:161}}
Aug 07 17:52:05.213265 np0000006740 devstack@g-api.service[99771]: DEBUG swiftclient [None req-0ec65398-254f-4be7-b7f5-87763b6aabc0 tempest-AttachVolumeShelveTestJSON-1609838716 tempest-AttachVolumeShelveTestJSON-1609838716-project-member] RESP HEADERS: {'Date': 'Fri, 07 Aug 2026 17:52:05 GMT', 'Server': 'Apache/2.4.58 (Ubuntu)', 'Content-Type': 'text/plain; charset=utf-8', 'X-Container-Object-Count': '8', 'X-Container-Bytes-Used': '111412224', 'X-Timestamp': '1786124762.06566', 'Last-Modified': 'Fri, 07 Aug 2026 17:46:03 GMT', 'Accept-Ranges': 'bytes', 'X-Storage-Policy': 'Policy-0', 'X-Container-Sharding': 'False', 'Vary': 'Accept', 'X-Trans-Id': 'txd0aae23c37af47c89f905-006a761b45', 'X-Openstack-Request-Id': 'txd0aae23c37af47c89f905-006a761b45', 'Connection': 'close'} {{(pid=99771) http_log /opt/stack/data/venv/lib/python3.12/site-packages/swiftclient/client.py:162}}
Aug 07 17:52:05.213329 np0000006740 devstack@g-api.service[99771]: DEBUG glance_store._drivers.swift.store [None req-0ec65398-254f-4be7-b7f5-87763b6aabc0 tempest-AttachVolumeShelveTestJSON-1609838716 tempest-AttachVolumeShelveTestJSON-1609838716-project-member] Adding image object '7bb6472d-d704-446a-8834-80059cf8badd' to Swift {{(pid=99771) add /opt/stack/data/venv/lib/python3.12/site-packages/glance_store/_drivers/swift/store.py:970}}
Aug 07 17:52:05.213374 np0000006740 devstack@g-api.service[99771]: DEBUG glance_store._drivers.swift.store [None req-0ec65398-254f-4be7-b7f5-87763b6aabc0 tempest-AttachVolumeShelveTestJSON-1609838716 tempest-AttachVolumeShelveTestJSON-1609838716-project-member] Cannot determine image size because it is either not provided in the request or chunked-transfer encoding is used. Adding image as a segmented object to Swift. {{(pid=99771) add /opt/stack/data/venv/lib/python3.12/site-packages/glance_store/_drivers/swift/store.py:994}}
Aug 07 17:52:05.219910 np0000006740 devstack@g-api.service[99771]: DEBUG oslo_utils.imageutils.format_inspector [None req-0ec65398-254f-4be7-b7f5-87763b6aabc0 tempest-AttachVolumeShelveTestJSON-1609838716 tempest-AttachVolumeShelveTestJSON-1609838716-project-member] Format inspector for vmdk does not match, excluding from consideration (Signature KDMV not found: b'QFI\xfb') {{(pid=99771) _process_chunk /opt/stack/data/venv/lib/python3.12/site-packages/oslo_utils/imageutils/format_inspector.py:1758}}
Aug 07 17:52:05.222186 np0000006740 devstack@g-api.service[99771]: DEBUG oslo_utils.imageutils.format_inspector [None req-0ec65398-254f-4be7-b7f5-87763b6aabc0 tempest-AttachVolumeShelveTestJSON-1609838716 tempest-AttachVolumeShelveTestJSON-1609838716-project-member] Format inspector for vhdx does not match, excluding from consideration (Region signature not found at 30000) {{(pid=99771) _process_chunk /opt/stack/data/venv/lib/python3.12/site-packages/oslo_utils/imageutils/format_inspector.py:1758}}
Aug 07 17:52:05.754176 np0000006740 devstack@g-api.service[99770]: [pid: 99770|app: 0|req: 131/369] 127.0.0.1 () {46 vars in 1056 bytes} [Fri Aug 7 17:52:04 2026] POST /v2/images => generated 1605 bytes in 768 msecs (HTTP/1.1 201) 6 headers in 316 bytes (1 switches on core 0)
Aug 07 17:52:05.803417 np0000006740 devstack@g-api.service[99769]: DEBUG glance.api.middleware.version_negotiation [None req-8f382879-b57b-447f-ad71-3a478e8b7209 tempest-ImageDependencyTests-1957428416 tempest-ImageDependencyTests-1957428416-project-member] Determining version of request: PUT /v2/images/0cde45da-efdc-468e-bd07-4af4bcaba1e4/file Accept: */* {{(pid=99769) process_request /opt/stack/glance/glance/api/middleware/version_negotiation.py:44}}
Aug 07 17:52:05.805016 np0000006740 devstack@g-api.service[99769]: DEBUG glance.api.middleware.version_negotiation [None req-8f382879-b57b-447f-ad71-3a478e8b7209 tempest-ImageDependencyTests-1957428416 tempest-ImageDependencyTests-1957428416-project-member] Using url versioning {{(pid=99769) process_request /opt/stack/glance/glance/api/middleware/version_negotiation.py:57}}
Aug 07 17:52:05.805016 np0000006740 devstack@g-api.service[99769]: DEBUG glance.api.middleware.version_negotiation [None req-8f382879-b57b-447f-ad71-3a478e8b7209 tempest-ImageDependencyTests-1957428416 tempest-ImageDependencyTests-1957428416-project-member] Matched version: v2 {{(pid=99769) process_request /opt/stack/glance/glance/api/middleware/version_negotiation.py:69}}
Aug 07 17:52:05.806155 np0000006740 devstack@g-api.service[99769]: DEBUG glance.api.middleware.version_negotiation [None req-8f382879-b57b-447f-ad71-3a478e8b7209 tempest-ImageDependencyTests-1957428416 tempest-ImageDependencyTests-1957428416-project-member] new path /v2/images/0cde45da-efdc-468e-bd07-4af4bcaba1e4/file {{(pid=99769) process_request /opt/stack/glance/glance/api/middleware/version_negotiation.py:70}}
Aug 07 17:52:05.809203 np0000006740 devstack@g-api.service[99771]: DEBUG swiftclient [None req-0ec65398-254f-4be7-b7f5-87763b6aabc0 tempest-AttachVolumeShelveTestJSON-1609838716 tempest-AttachVolumeShelveTestJSON-1609838716-project-member] REQ: curl -i https://10.4.3.131:8080/v1/AUTH_55527fd1240b4491833f26d5f009bc1d/glance/7bb6472d-d704-446a-8834-80059cf8badd-00001 -X PUT -H "X-Auth-Token: gAAAAABqdhtEt_YC..." {{(pid=99771) http_log /opt/stack/data/venv/lib/python3.12/site-packages/swiftclient/client.py:160}}
Aug 07 17:52:05.809375 np0000006740 devstack@g-api.service[99771]: DEBUG swiftclient [None req-0ec65398-254f-4be7-b7f5-87763b6aabc0 tempest-AttachVolumeShelveTestJSON-1609838716 tempest-AttachVolumeShelveTestJSON-1609838716-project-member] RESP STATUS: 201 Created {{(pid=99771) http_log /opt/stack/data/venv/lib/python3.12/site-packages/swiftclient/client.py:161}}
Aug 07 17:52:05.809660 np0000006740 devstack@g-api.service[99771]: DEBUG swiftclient [None req-0ec65398-254f-4be7-b7f5-87763b6aabc0 tempest-AttachVolumeShelveTestJSON-1609838716 tempest-AttachVolumeShelveTestJSON-1609838716-project-member] RESP HEADERS: {'Date': 'Fri, 07 Aug 2026 17:52:05 GMT', 'Server': 'Apache/2.4.58 (Ubuntu)', 'Content-Type': 'text/html; charset=UTF-8', 'Content-Length': '0', 'Etag': '479a05b5c2a46148725456f891bfdc91', 'Last-Modified': 'Fri, 07 Aug 2026 17:52:06 GMT', 'X-Trans-Id': 'tx3b217dd7886b4c8ebc03f-006a761b45', 'X-Openstack-Request-Id': 'tx3b217dd7886b4c8ebc03f-006a761b45', 'Connection': 'close'} {{(pid=99771) http_log /opt/stack/data/venv/lib/python3.12/site-packages/swiftclient/client.py:162}}
Aug 07 17:52:05.809824 np0000006740 devstack@g-api.service[99771]: DEBUG glance_store._drivers.swift.store [None req-0ec65398-254f-4be7-b7f5-87763b6aabc0 tempest-AttachVolumeShelveTestJSON-1609838716 tempest-AttachVolumeShelveTestJSON-1609838716-project-member] Wrote chunk 7bb6472d-d704-446a-8834-80059cf8badd-00001 (1/?) of length 53542912 to Swift returning MD5 of content: 479a05b5c2a46148725456f891bfdc91 {{(pid=99771) add /opt/stack/data/venv/lib/python3.12/site-packages/glance_store/_drivers/swift/store.py:1059}}
Aug 07 17:52:05.810183 np0000006740 devstack@g-api.service[99771]: DEBUG glance_store._drivers.swift.store [None req-0ec65398-254f-4be7-b7f5-87763b6aabc0 tempest-AttachVolumeShelveTestJSON-1609838716 tempest-AttachVolumeShelveTestJSON-1609838716-project-member] Not writing zero-length chunk. {{(pid=99771) add /opt/stack/data/venv/lib/python3.12/site-packages/glance_store/_drivers/swift/store.py:1028}}
Aug 07 17:52:05.838480 np0000006740 devstack@g-api.service[99771]: DEBUG swiftclient [None req-0ec65398-254f-4be7-b7f5-87763b6aabc0 tempest-AttachVolumeShelveTestJSON-1609838716 tempest-AttachVolumeShelveTestJSON-1609838716-project-member] REQ: curl -i https://10.4.3.131:8080/v1/AUTH_55527fd1240b4491833f26d5f009bc1d/glance/7bb6472d-d704-446a-8834-80059cf8badd -X PUT -H "X-Object-Manifest: glance/7bb6472d-d704-446a-8834-80059cf8badd-" -H "X-Auth-Token: gAAAAABqdhtEt_YC..." -H "Content-Length: 0" {{(pid=99771) http_log /opt/stack/data/venv/lib/python3.12/site-packages/swiftclient/client.py:160}}
Aug 07 17:52:05.838643 np0000006740 devstack@g-api.service[99771]: DEBUG swiftclient [None req-0ec65398-254f-4be7-b7f5-87763b6aabc0 tempest-AttachVolumeShelveTestJSON-1609838716 tempest-AttachVolumeShelveTestJSON-1609838716-project-member] RESP STATUS: 201 Created {{(pid=99771) http_log /opt/stack/data/venv/lib/python3.12/site-packages/swiftclient/client.py:161}}
Aug 07 17:52:05.838786 np0000006740 devstack@g-api.service[99771]: DEBUG swiftclient [None req-0ec65398-254f-4be7-b7f5-87763b6aabc0 tempest-AttachVolumeShelveTestJSON-1609838716 tempest-AttachVolumeShelveTestJSON-1609838716-project-member] RESP HEADERS: {'Date': 'Fri, 07 Aug 2026 17:52:05 GMT', 'Server': 'Apache/2.4.58 (Ubuntu)', 'Content-Type': 'text/html; charset=UTF-8', 'Content-Length': '0', 'Etag': 'd41d8cd98f00b204e9800998ecf8427e', 'Last-Modified': 'Fri, 07 Aug 2026 17:52:06 GMT', 'X-Trans-Id': 'txa16214d841c84173bc0f6-006a761b45', 'X-Openstack-Request-Id': 'txa16214d841c84173bc0f6-006a761b45', 'Connection': 'close'} {{(pid=99771) http_log /opt/stack/data/venv/lib/python3.12/site-packages/swiftclient/client.py:162}}
Aug 07 17:52:05.839262 np0000006740 devstack@g-api.service[99771]: INFO glance.location [None req-0ec65398-254f-4be7-b7f5-87763b6aabc0 tempest-AttachVolumeShelveTestJSON-1609838716 tempest-AttachVolumeShelveTestJSON-1609838716-project-member] Image format matched and virtual size computed: 1073741824
Aug 07 17:52:05.882085 np0000006740 devstack@g-api.service[99771]: DEBUG glance_store.backend [None req-0ec65398-254f-4be7-b7f5-87763b6aabc0 tempest-AttachVolumeShelveTestJSON-1609838716 tempest-AttachVolumeShelveTestJSON-1609838716-project-member] Attempting to import store swift {{(pid=99771) _load_store /opt/stack/data/venv/lib/python3.12/site-packages/glance_store/backend.py:215}}
Aug 07 17:52:05.884022 np0000006740 devstack@g-api.service[99771]: DEBUG glance_store.capabilities [None req-0ec65398-254f-4be7-b7f5-87763b6aabc0 tempest-AttachVolumeShelveTestJSON-1609838716 tempest-AttachVolumeShelveTestJSON-1609838716-project-member] Store glance_store._drivers.swift.store.SingleTenantStore doesn't support updating dynamic storage capabilities. Please overwrite 'update_capabilities' method of the store to implement updating logics if needed. {{(pid=99771) update_capabilities /opt/stack/data/venv/lib/python3.12/site-packages/glance_store/capabilities.py:91}}
Aug 07 17:52:05.884022 np0000006740 devstack@g-api.service[99771]: DEBUG glance_store.driver [None req-0ec65398-254f-4be7-b7f5-87763b6aabc0 tempest-AttachVolumeShelveTestJSON-1609838716 tempest-AttachVolumeShelveTestJSON-1609838716-project-member] Late loading location class glance_store._drivers.swift.store.StoreLocation {{(pid=99771) get_store_location_class /opt/stack/data/venv/lib/python3.12/site-packages/glance_store/driver.py:134}}
Aug 07 17:52:05.884022 np0000006740 devstack@g-api.service[99771]: DEBUG glance_store.location [None req-0ec65398-254f-4be7-b7f5-87763b6aabc0 tempest-AttachVolumeShelveTestJSON-1609838716 tempest-AttachVolumeShelveTestJSON-1609838716-project-member] Registering scheme swift+https with {'store': , 'location_class': , 'store_entry': 'swift'} {{(pid=99771) register_scheme_map /opt/stack/data/venv/lib/python3.12/site-packages/glance_store/location.py:146}}
Aug 07 17:52:05.884022 np0000006740 devstack@g-api.service[99771]: DEBUG glance_store.location [None req-0ec65398-254f-4be7-b7f5-87763b6aabc0 tempest-AttachVolumeShelveTestJSON-1609838716 tempest-AttachVolumeShelveTestJSON-1609838716-project-member] Registering scheme swift+https with {'store': , 'location_class': , 'store_entry': 'swift'} {{(pid=99771) register_scheme_map /opt/stack/data/venv/lib/python3.12/site-packages/glance_store/location.py:146}}
Aug 07 17:52:05.884022 np0000006740 devstack@g-api.service[99771]: DEBUG glance_store.location [None req-0ec65398-254f-4be7-b7f5-87763b6aabc0 tempest-AttachVolumeShelveTestJSON-1609838716 tempest-AttachVolumeShelveTestJSON-1609838716-project-member] Registering scheme swift with {'store': , 'location_class': , 'store_entry': 'swift'} {{(pid=99771) register_scheme_map /opt/stack/data/venv/lib/python3.12/site-packages/glance_store/location.py:146}}
Aug 07 17:52:05.884022 np0000006740 devstack@g-api.service[99771]: DEBUG glance_store.location [None req-0ec65398-254f-4be7-b7f5-87763b6aabc0 tempest-AttachVolumeShelveTestJSON-1609838716 tempest-AttachVolumeShelveTestJSON-1609838716-project-member] Registering scheme swift+https with {'store': , 'location_class': , 'store_entry': 'swift'} {{(pid=99771) register_scheme_map /opt/stack/data/venv/lib/python3.12/site-packages/glance_store/location.py:146}}
