Aug 07 17:45:32.987844 np0000006740 nova-scheduler[93479]: DEBUG cotyledon.oslo_config_glue [-] oslo_messaging_rabbit.rabbit_quorum_max_memory_bytes = 0 {{(pid=93479) log_opt_values /opt/stack/data/venv/lib/python3.12/site-packages/oslo_config/cfg.py:3545}}
Aug 07 17:45:32.987920 np0000006740 nova-scheduler[93479]: DEBUG cotyledon.oslo_config_glue [-] oslo_messaging_rabbit.rabbit_quorum_max_memory_length = 0 {{(pid=93479) log_opt_values /opt/stack/data/venv/lib/python3.12/site-packages/oslo_config/cfg.py:3545}}
Aug 07 17:45:32.987967 np0000006740 nova-scheduler[93479]: DEBUG cotyledon.oslo_config_glue [-] oslo_messaging_rabbit.rabbit_quorum_queue = False {{(pid=93479) log_opt_values /opt/stack/data/venv/lib/python3.12/site-packages/oslo_config/cfg.py:3545}}
Aug 07 17:45:32.988015 np0000006740 nova-scheduler[93479]: DEBUG cotyledon.oslo_config_glue [-] oslo_messaging_rabbit.rabbit_retry_backoff = 2 {{(pid=93479) log_opt_values /opt/stack/data/venv/lib/python3.12/site-packages/oslo_config/cfg.py:3545}}
Aug 07 17:45:32.988131 np0000006740 nova-scheduler[93479]: DEBUG cotyledon.oslo_config_glue [-] oslo_messaging_rabbit.rabbit_retry_interval = 1 {{(pid=93479) log_opt_values /opt/stack/data/venv/lib/python3.12/site-packages/oslo_config/cfg.py:3545}}
Aug 07 17:45:32.988204 np0000006740 nova-scheduler[93479]: DEBUG cotyledon.oslo_config_glue [-] oslo_messaging_rabbit.rabbit_stream_fanout = False {{(pid=93479) log_opt_values /opt/stack/data/venv/lib/python3.12/site-packages/oslo_config/cfg.py:3545}}
Aug 07 17:45:32.988295 np0000006740 nova-scheduler[93479]: DEBUG cotyledon.oslo_config_glue [-] oslo_messaging_rabbit.rabbit_transient_queues_ttl = 1800 {{(pid=93479) log_opt_values /opt/stack/data/venv/lib/python3.12/site-packages/oslo_config/cfg.py:3545}}
Aug 07 17:45:32.988367 np0000006740 nova-scheduler[93479]: DEBUG cotyledon.oslo_config_glue [-] oslo_messaging_rabbit.rabbit_transient_quorum_queue = False {{(pid=93479) log_opt_values /opt/stack/data/venv/lib/python3.12/site-packages/oslo_config/cfg.py:3545}}
Aug 07 17:45:32.988467 np0000006740 nova-scheduler[93479]: DEBUG cotyledon.oslo_config_glue [-] oslo_messaging_rabbit.rpc_conn_pool_size = 30 {{(pid=93479) log_opt_values /opt/stack/data/venv/lib/python3.12/site-packages/oslo_config/cfg.py:3545}}
Aug 07 17:45:32.988567 np0000006740 nova-scheduler[93479]: DEBUG cotyledon.oslo_config_glue [-] oslo_messaging_rabbit.ssl = False {{(pid=93479) log_opt_values /opt/stack/data/venv/lib/python3.12/site-packages/oslo_config/cfg.py:3545}}
Aug 07 17:45:32.988638 np0000006740 nova-scheduler[93479]: DEBUG cotyledon.oslo_config_glue [-] oslo_messaging_rabbit.ssl_ca_file = {{(pid=93479) log_opt_values /opt/stack/data/venv/lib/python3.12/site-packages/oslo_config/cfg.py:3545}}
Aug 07 17:45:32.988729 np0000006740 nova-scheduler[93479]: DEBUG cotyledon.oslo_config_glue [-] oslo_messaging_rabbit.ssl_cert_file = {{(pid=93479) log_opt_values /opt/stack/data/venv/lib/python3.12/site-packages/oslo_config/cfg.py:3545}}
Aug 07 17:45:32.988814 np0000006740 nova-scheduler[93479]: DEBUG cotyledon.oslo_config_glue [-] oslo_messaging_rabbit.ssl_enforce_fips_mode = False {{(pid=93479) log_opt_values /opt/stack/data/venv/lib/python3.12/site-packages/oslo_config/cfg.py:3545}}
Aug 07 17:45:32.988906 np0000006740 nova-scheduler[93479]: DEBUG cotyledon.oslo_config_glue [-] oslo_messaging_rabbit.ssl_enforce_hostname_verification = True {{(pid=93479) log_opt_values /opt/stack/data/venv/lib/python3.12/site-packages/oslo_config/cfg.py:3545}}
Aug 07 17:45:32.988962 np0000006740 nova-scheduler[93479]: DEBUG cotyledon.oslo_config_glue [-] oslo_messaging_rabbit.ssl_key_file = {{(pid=93479) log_opt_values /opt/stack/data/venv/lib/python3.12/site-packages/oslo_config/cfg.py:3545}}
Aug 07 17:45:32.989010 np0000006740 nova-scheduler[93479]: DEBUG cotyledon.oslo_config_glue [-] oslo_messaging_rabbit.ssl_version = {{(pid=93479) log_opt_values /opt/stack/data/venv/lib/python3.12/site-packages/oslo_config/cfg.py:3545}}
Aug 07 17:45:32.989259 np0000006740 nova-scheduler[93479]: DEBUG cotyledon.oslo_config_glue [-] oslo_messaging_rabbit.use_queue_manager = False {{(pid=93479) log_opt_values /opt/stack/data/venv/lib/python3.12/site-packages/oslo_config/cfg.py:3545}}
Aug 07 17:45:32.989476 np0000006740 nova-scheduler[93479]: DEBUG cotyledon.oslo_config_glue [-] oslo_messaging_notifications.driver = ['messagingv2'] {{(pid=93479) log_opt_values /opt/stack/data/venv/lib/python3.12/site-packages/oslo_config/cfg.py:3545}}
Aug 07 17:45:32.989602 np0000006740 nova-scheduler[93479]: DEBUG cotyledon.oslo_config_glue [-] oslo_messaging_notifications.retry = -1 {{(pid=93479) log_opt_values /opt/stack/data/venv/lib/python3.12/site-packages/oslo_config/cfg.py:3545}}
Aug 07 17:45:32.989693 np0000006740 nova-scheduler[93479]: DEBUG cotyledon.oslo_config_glue [-] oslo_messaging_notifications.topics = ['notifications'] {{(pid=93479) log_opt_values /opt/stack/data/venv/lib/python3.12/site-packages/oslo_config/cfg.py:3545}}
Aug 07 17:45:32.989771 np0000006740 nova-scheduler[93479]: DEBUG cotyledon.oslo_config_glue [-] oslo_messaging_notifications.transport_url = **** {{(pid=93479) log_opt_values /opt/stack/data/venv/lib/python3.12/site-packages/oslo_config/cfg.py:3545}}
Aug 07 17:45:32.989875 np0000006740 nova-scheduler[93479]: DEBUG cotyledon.oslo_config_glue [-] oslo_limit.auth_section = None {{(pid=93479) log_opt_values /opt/stack/data/venv/lib/python3.12/site-packages/oslo_config/cfg.py:3545}}
Aug 07 17:45:32.989938 np0000006740 nova-scheduler[93479]: DEBUG cotyledon.oslo_config_glue [-] oslo_limit.auth_type = None {{(pid=93479) log_opt_values /opt/stack/data/venv/lib/python3.12/site-packages/oslo_config/cfg.py:3545}}
Aug 07 17:45:32.990010 np0000006740 nova-scheduler[93479]: DEBUG cotyledon.oslo_config_glue [-] oslo_limit.cafile = None {{(pid=93479) log_opt_values /opt/stack/data/venv/lib/python3.12/site-packages/oslo_config/cfg.py:3545}}
Aug 07 17:45:32.990089 np0000006740 nova-scheduler[93479]: DEBUG cotyledon.oslo_config_glue [-] oslo_limit.certfile = None {{(pid=93479) log_opt_values /opt/stack/data/venv/lib/python3.12/site-packages/oslo_config/cfg.py:3545}}
Aug 07 17:45:32.990149 np0000006740 nova-scheduler[93479]: DEBUG cotyledon.oslo_config_glue [-] oslo_limit.collect_timing = False {{(pid=93479) log_opt_values /opt/stack/data/venv/lib/python3.12/site-packages/oslo_config/cfg.py:3545}}
Aug 07 17:45:32.990209 np0000006740 nova-scheduler[93479]: DEBUG cotyledon.oslo_config_glue [-] oslo_limit.connect_retries = None {{(pid=93479) log_opt_values /opt/stack/data/venv/lib/python3.12/site-packages/oslo_config/cfg.py:3545}}
Aug 07 17:45:32.990270 np0000006740 nova-scheduler[93479]: DEBUG cotyledon.oslo_config_glue [-] oslo_limit.connect_retry_delay = None {{(pid=93479) log_opt_values /opt/stack/data/venv/lib/python3.12/site-packages/oslo_config/cfg.py:3545}}
Aug 07 17:45:32.990327 np0000006740 nova-scheduler[93479]: DEBUG cotyledon.oslo_config_glue [-] oslo_limit.endpoint_id = None {{(pid=93479) log_opt_values /opt/stack/data/venv/lib/python3.12/site-packages/oslo_config/cfg.py:3545}}
Aug 07 17:45:32.990384 np0000006740 nova-scheduler[93479]: DEBUG cotyledon.oslo_config_glue [-] oslo_limit.endpoint_interface = public {{(pid=93479) log_opt_values /opt/stack/data/venv/lib/python3.12/site-packages/oslo_config/cfg.py:3545}}
Aug 07 17:45:32.990442 np0000006740 nova-scheduler[93479]: DEBUG cotyledon.oslo_config_glue [-] oslo_limit.endpoint_override = None {{(pid=93479) log_opt_values /opt/stack/data/venv/lib/python3.12/site-packages/oslo_config/cfg.py:3545}}
Aug 07 17:45:32.990496 np0000006740 nova-scheduler[93479]: DEBUG cotyledon.oslo_config_glue [-] oslo_limit.endpoint_region_name = None {{(pid=93479) log_opt_values /opt/stack/data/venv/lib/python3.12/site-packages/oslo_config/cfg.py:3545}}
Aug 07 17:45:32.990551 np0000006740 nova-scheduler[93479]: DEBUG cotyledon.oslo_config_glue [-] oslo_limit.endpoint_service_name = None {{(pid=93479) log_opt_values /opt/stack/data/venv/lib/python3.12/site-packages/oslo_config/cfg.py:3545}}
Aug 07 17:45:32.990608 np0000006740 nova-scheduler[93479]: DEBUG cotyledon.oslo_config_glue [-] oslo_limit.endpoint_service_type = None {{(pid=93479) log_opt_values /opt/stack/data/venv/lib/python3.12/site-packages/oslo_config/cfg.py:3545}}
Aug 07 17:45:32.990669 np0000006740 nova-scheduler[93479]: DEBUG cotyledon.oslo_config_glue [-] oslo_limit.insecure = False {{(pid=93479) log_opt_values /opt/stack/data/venv/lib/python3.12/site-packages/oslo_config/cfg.py:3545}}
Aug 07 17:45:32.990727 np0000006740 nova-scheduler[93479]: DEBUG cotyledon.oslo_config_glue [-] oslo_limit.keyfile = None {{(pid=93479) log_opt_values /opt/stack/data/venv/lib/python3.12/site-packages/oslo_config/cfg.py:3545}}
Aug 07 17:45:32.990792 np0000006740 nova-scheduler[93479]: DEBUG cotyledon.oslo_config_glue [-] oslo_limit.max_version = None {{(pid=93479) log_opt_values /opt/stack/data/venv/lib/python3.12/site-packages/oslo_config/cfg.py:3545}}
Aug 07 17:45:32.990868 np0000006740 nova-scheduler[93479]: DEBUG cotyledon.oslo_config_glue [-] oslo_limit.min_version = None {{(pid=93479) log_opt_values /opt/stack/data/venv/lib/python3.12/site-packages/oslo_config/cfg.py:3545}}
Aug 07 17:45:32.990923 np0000006740 nova-scheduler[93479]: DEBUG cotyledon.oslo_config_glue [-] oslo_limit.region_name = None {{(pid=93479) log_opt_values /opt/stack/data/venv/lib/python3.12/site-packages/oslo_config/cfg.py:3545}}
Aug 07 17:45:32.990979 np0000006740 nova-scheduler[93479]: DEBUG cotyledon.oslo_config_glue [-] oslo_limit.retriable_status_codes = None {{(pid=93479) log_opt_values /opt/stack/data/venv/lib/python3.12/site-packages/oslo_config/cfg.py:3545}}
Aug 07 17:45:32.991054 np0000006740 nova-scheduler[93479]: DEBUG cotyledon.oslo_config_glue [-] oslo_limit.service_name = None {{(pid=93479) log_opt_values /opt/stack/data/venv/lib/python3.12/site-packages/oslo_config/cfg.py:3545}}
Aug 07 17:45:32.991124 np0000006740 nova-scheduler[93479]: DEBUG cotyledon.oslo_config_glue [-] oslo_limit.service_type = None {{(pid=93479) log_opt_values /opt/stack/data/venv/lib/python3.12/site-packages/oslo_config/cfg.py:3545}}
Aug 07 17:45:32.991184 np0000006740 nova-scheduler[93479]: DEBUG cotyledon.oslo_config_glue [-] oslo_limit.split_loggers = False {{(pid=93479) log_opt_values /opt/stack/data/venv/lib/python3.12/site-packages/oslo_config/cfg.py:3545}}
Aug 07 17:45:32.991240 np0000006740 nova-scheduler[93479]: DEBUG cotyledon.oslo_config_glue [-] oslo_limit.status_code_retries = None {{(pid=93479) log_opt_values /opt/stack/data/venv/lib/python3.12/site-packages/oslo_config/cfg.py:3545}}
Aug 07 17:45:32.991297 np0000006740 nova-scheduler[93479]: DEBUG cotyledon.oslo_config_glue [-] oslo_limit.status_code_retry_delay = None {{(pid=93479) log_opt_values /opt/stack/data/venv/lib/python3.12/site-packages/oslo_config/cfg.py:3545}}
Aug 07 17:45:32.991354 np0000006740 nova-scheduler[93479]: DEBUG cotyledon.oslo_config_glue [-] oslo_limit.timeout = None {{(pid=93479) log_opt_values /opt/stack/data/venv/lib/python3.12/site-packages/oslo_config/cfg.py:3545}}
Aug 07 17:45:32.991409 np0000006740 nova-scheduler[93479]: DEBUG cotyledon.oslo_config_glue [-] oslo_limit.valid_interfaces = None {{(pid=93479) log_opt_values /opt/stack/data/venv/lib/python3.12/site-packages/oslo_config/cfg.py:3545}}
Aug 07 17:45:32.991472 np0000006740 nova-scheduler[93479]: DEBUG cotyledon.oslo_config_glue [-] oslo_limit.version = None {{(pid=93479) log_opt_values /opt/stack/data/venv/lib/python3.12/site-packages/oslo_config/cfg.py:3545}}
Aug 07 17:45:32.991550 np0000006740 nova-scheduler[93479]: DEBUG cotyledon.oslo_config_glue [-] oslo_reports.file_event_handler = None {{(pid=93479) log_opt_values /opt/stack/data/venv/lib/python3.12/site-packages/oslo_config/cfg.py:3545}}
Aug 07 17:45:32.991621 np0000006740 nova-scheduler[93479]: DEBUG cotyledon.oslo_config_glue [-] oslo_reports.file_event_handler_interval = 1 {{(pid=93479) log_opt_values /opt/stack/data/venv/lib/python3.12/site-packages/oslo_config/cfg.py:3545}}
Aug 07 17:45:32.991683 np0000006740 nova-scheduler[93479]: DEBUG cotyledon.oslo_config_glue [-] oslo_reports.log_dir = None {{(pid=93479) log_opt_values /opt/stack/data/venv/lib/python3.12/site-packages/oslo_config/cfg.py:3545}}
Aug 07 17:45:32.991742 np0000006740 nova-scheduler[93479]: DEBUG cotyledon.oslo_config_glue [-] ******************************************************************************** {{(pid=93479) log_opt_values /opt/stack/data/venv/lib/python3.12/site-packages/oslo_config/cfg.py:3552}}
Aug 07 17:45:32.991929 np0000006740 nova-scheduler[93479]: DEBUG cotyledon._service_worker [-] Run service ServiceWrapper(2) [93479] {{(pid=93479) wait_forever /opt/stack/data/venv/lib/python3.12/site-packages/cotyledon/_service_worker.py:218}}
Aug 07 17:45:32.993607 np0000006740 nova-scheduler[93479]: INFO nova.service [-] Starting scheduler node (version 33.1.0)
Aug 07 17:45:32.997922 np0000006740 nova-scheduler[93479]: INFO dbcounter [None req-43d2e80d-363d-4b28-9c82-55557aea8dfa None None] Registered counter for database nova_cell0
Aug 07 17:45:33.003240 np0000006740 nova-scheduler[93476]: DEBUG oslo_db.sqlalchemy.engines [None req-9fbe63c6-7286-44fd-88b9-e74e07f815cd None None] MySQL server mode set to STRICT_TRANS_TABLES,STRICT_ALL_TABLES,NO_ZERO_IN_DATE,NO_ZERO_DATE,ERROR_FOR_DIVISION_BY_ZERO,TRADITIONAL,NO_ENGINE_SUBSTITUTION {{(pid=93476) _check_effective_sql_mode /opt/stack/data/venv/lib/python3.12/site-packages/oslo_db/sqlalchemy/engines.py:325}}
Aug 07 17:45:33.009064 np0000006740 nova-scheduler[93471]: DEBUG oslo_db.sqlalchemy.engines [None req-9b2c657e-aca9-413f-bc3a-fa5a4f7db89e None None] MySQL server mode set to STRICT_TRANS_TABLES,STRICT_ALL_TABLES,NO_ZERO_IN_DATE,NO_ZERO_DATE,ERROR_FOR_DIVISION_BY_ZERO,TRADITIONAL,NO_ENGINE_SUBSTITUTION {{(pid=93471) _check_effective_sql_mode /opt/stack/data/venv/lib/python3.12/site-packages/oslo_db/sqlalchemy/engines.py:325}}
Aug 07 17:45:33.012865 np0000006740 nova-scheduler[93476]: DEBUG dbcounter [-] [93476] Writer thread running {{(pid=93476) stat_writer /opt/stack/data/venv/lib/python3.12/site-packages/dbcounter.py:102}}
Aug 07 17:45:33.016254 np0000006740 nova-scheduler[93471]: DEBUG dbcounter [-] [93471] Writer thread running {{(pid=93471) stat_writer /opt/stack/data/venv/lib/python3.12/site-packages/dbcounter.py:102}}
Aug 07 17:45:33.026984 np0000006740 nova-scheduler[93476]: DEBUG nova.service [None req-9fbe63c6-7286-44fd-88b9-e74e07f815cd None None] Creating RPC server for service: nova-scheduler on topic: scheduler {{(pid=93476) start /opt/stack/nova/nova/service.py:196}}
Aug 07 17:45:33.031113 np0000006740 nova-scheduler[93471]: DEBUG nova.service [None req-9b2c657e-aca9-413f-bc3a-fa5a4f7db89e None None] Creating RPC server for service: nova-scheduler on topic: scheduler {{(pid=93471) start /opt/stack/nova/nova/service.py:196}}
Aug 07 17:45:33.035705 np0000006740 nova-scheduler[93479]: DEBUG oslo_db.sqlalchemy.engines [None req-43d2e80d-363d-4b28-9c82-55557aea8dfa None None] MySQL server mode set to STRICT_TRANS_TABLES,STRICT_ALL_TABLES,NO_ZERO_IN_DATE,NO_ZERO_DATE,ERROR_FOR_DIVISION_BY_ZERO,TRADITIONAL,NO_ENGINE_SUBSTITUTION {{(pid=93479) _check_effective_sql_mode /opt/stack/data/venv/lib/python3.12/site-packages/oslo_db/sqlalchemy/engines.py:325}}
Aug 07 17:45:33.047300 np0000006740 nova-scheduler[93471]: DEBUG nova.service [None req-9b2c657e-aca9-413f-bc3a-fa5a4f7db89e None None] Join ServiceGroup membership for this service scheduler {{(pid=93471) start /opt/stack/nova/nova/service.py:222}}
Aug 07 17:45:33.047418 np0000006740 nova-scheduler[93479]: DEBUG dbcounter [-] [93479] Writer thread running {{(pid=93479) stat_writer /opt/stack/data/venv/lib/python3.12/site-packages/dbcounter.py:102}}
Aug 07 17:45:33.047513 np0000006740 nova-scheduler[93471]: DEBUG nova.servicegroup.drivers.db [None req-9b2c657e-aca9-413f-bc3a-fa5a4f7db89e None None] DB_Driver: join new ServiceGroup member np0000006740 to the scheduler group, service = {{(pid=93471) join /opt/stack/nova/nova/servicegroup/drivers/db.py:44}}
Aug 07 17:45:33.050818 np0000006740 nova-scheduler[93479]: DEBUG nova.service [None req-43d2e80d-363d-4b28-9c82-55557aea8dfa None None] Creating RPC server for service: nova-scheduler on topic: scheduler {{(pid=93479) start /opt/stack/nova/nova/service.py:196}}
Aug 07 17:45:33.055912 np0000006740 nova-scheduler[93476]: DEBUG nova.service [None req-9fbe63c6-7286-44fd-88b9-e74e07f815cd None None] Join ServiceGroup membership for this service scheduler {{(pid=93476) start /opt/stack/nova/nova/service.py:222}}
Aug 07 17:45:33.056168 np0000006740 nova-scheduler[93476]: DEBUG nova.servicegroup.drivers.db [None req-9fbe63c6-7286-44fd-88b9-e74e07f815cd None None] DB_Driver: join new ServiceGroup member np0000006740 to the scheduler group, service = {{(pid=93476) join /opt/stack/nova/nova/servicegroup/drivers/db.py:44}}
Aug 07 17:45:33.070445 np0000006740 nova-scheduler[93479]: DEBUG nova.service [None req-43d2e80d-363d-4b28-9c82-55557aea8dfa None None] Join ServiceGroup membership for this service scheduler {{(pid=93479) start /opt/stack/nova/nova/service.py:222}}
Aug 07 17:45:33.070837 np0000006740 nova-scheduler[93479]: DEBUG nova.servicegroup.drivers.db [None req-43d2e80d-363d-4b28-9c82-55557aea8dfa None None] DB_Driver: join new ServiceGroup member np0000006740 to the scheduler group, service = {{(pid=93479) join /opt/stack/nova/nova/servicegroup/drivers/db.py:44}}
Aug 07 17:45:38.065243 np0000006740 nova-scheduler[93471]: DEBUG oslo.service.backend._threading.loopingcall [-] Fixed interval looping call 'nova.servicegroup.drivers.db.DbDriver._report_state' sleeping for 119.98 seconds {{(pid=93471) _run_loop /opt/stack/data/venv/lib/python3.12/site-packages/oslo_service/backend/_threading/loopingcall.py:125}}
Aug 07 17:45:38.071523 np0000006740 nova-scheduler[93476]: DEBUG oslo.service.backend._threading.loopingcall [-] Fixed interval looping call 'nova.servicegroup.drivers.db.DbDriver._report_state' sleeping for 119.99 seconds {{(pid=93476) _run_loop /opt/stack/data/venv/lib/python3.12/site-packages/oslo_service/backend/_threading/loopingcall.py:125}}
Aug 07 17:45:38.089024 np0000006740 nova-scheduler[93479]: DEBUG oslo.service.backend._threading.loopingcall [-] Fixed interval looping call 'nova.servicegroup.drivers.db.DbDriver._report_state' sleeping for 119.99 seconds {{(pid=93479) _run_loop /opt/stack/data/venv/lib/python3.12/site-packages/oslo_service/backend/_threading/loopingcall.py:125}}
Aug 07 17:45:41.051441 np0000006740 nova-scheduler[93471]: DEBUG oslo.service.backend._threading.loopingcall [None req-75a02960-626b-4d9b-bd8d-708f0505869c None None] Dynamic interval looping call 'nova.service.Service.periodic_tasks' sleeping for 60.00 seconds {{(pid=93471) _run_loop /opt/stack/data/venv/lib/python3.12/site-packages/oslo_service/backend/_threading/loopingcall.py:125}}
Aug 07 17:45:41.648161 np0000006740 nova-scheduler[92261]: DEBUG dbcounter [-] [92261] Writing DB stats nova_api:SELECT=3 {{(pid=92261) stat_writer /opt/stack/data/venv/lib/python3.12/site-packages/dbcounter.py:115}}
Aug 07 17:45:41.763929 np0000006740 nova-scheduler[92261]: DEBUG dbcounter [-] [92261] Writing DB stats nova_cell0:SELECT=1 {{(pid=92261) stat_writer /opt/stack/data/venv/lib/python3.12/site-packages/dbcounter.py:115}}
Aug 07 17:45:41.775422 np0000006740 nova-scheduler[92261]: DEBUG dbcounter [-] [92261] Writing DB stats nova_cell1:SELECT=1 {{(pid=92261) stat_writer /opt/stack/data/venv/lib/python3.12/site-packages/dbcounter.py:115}}
Aug 07 17:45:48.060389 np0000006740 nova-scheduler[93471]: DEBUG dbcounter [-] [93471] Writing DB stats nova_cell0:SELECT=5,nova_cell0:INSERT=1,nova_cell0:UPDATE=1 {{(pid=93471) stat_writer /opt/stack/data/venv/lib/python3.12/site-packages/dbcounter.py:115}}
Aug 07 17:45:48.067401 np0000006740 nova-scheduler[93476]: DEBUG dbcounter [-] [93476] Writing DB stats nova_cell0:SELECT=4,nova_cell0:INSERT=1 {{(pid=93476) stat_writer /opt/stack/data/venv/lib/python3.12/site-packages/dbcounter.py:115}}
Aug 07 17:45:48.083912 np0000006740 nova-scheduler[93479]: DEBUG dbcounter [-] [93479] Writing DB stats nova_cell0:SELECT=3 {{(pid=93479) stat_writer /opt/stack/data/venv/lib/python3.12/site-packages/dbcounter.py:115}}
Aug 07 17:45:49.059202 np0000006740 nova-scheduler[93476]: DEBUG oslo.service.backend._threading.loopingcall [None req-7f87dece-11d9-40f7-8760-8b3b385e9585 None None] Dynamic interval looping call 'nova.service.Service.periodic_tasks' sleeping for 60.00 seconds {{(pid=93476) _run_loop /opt/stack/data/venv/lib/python3.12/site-packages/oslo_service/backend/_threading/loopingcall.py:125}}
Aug 07 17:45:59.072752 np0000006740 nova-scheduler[93479]: DEBUG oslo.service.backend._threading.loopingcall [None req-1d179f74-3c9c-4414-979b-da455f5ed706 None None] Dynamic interval looping call 'nova.service.Service.periodic_tasks' sleeping for 60.00 seconds {{(pid=93479) _run_loop /opt/stack/data/venv/lib/python3.12/site-packages/oslo_service/backend/_threading/loopingcall.py:125}}
Aug 07 17:46:41.051933 np0000006740 nova-scheduler[93471]: DEBUG oslo.service.backend._threading.loopingcall [None req-75a02960-626b-4d9b-bd8d-708f0505869c None None] Dynamic interval looping call 'nova.service.Service.periodic_tasks' sleeping for 60.00 seconds {{(pid=93471) _run_loop /opt/stack/data/venv/lib/python3.12/site-packages/oslo_service/backend/_threading/loopingcall.py:125}}
Aug 07 17:46:49.059680 np0000006740 nova-scheduler[93476]: DEBUG oslo.service.backend._threading.loopingcall [None req-7f87dece-11d9-40f7-8760-8b3b385e9585 None None] Dynamic interval looping call 'nova.service.Service.periodic_tasks' sleeping for 60.00 seconds {{(pid=93476) _run_loop /opt/stack/data/venv/lib/python3.12/site-packages/oslo_service/backend/_threading/loopingcall.py:125}}
Aug 07 17:46:59.073260 np0000006740 nova-scheduler[93479]: DEBUG oslo.service.backend._threading.loopingcall [None req-1d179f74-3c9c-4414-979b-da455f5ed706 None None] Dynamic interval looping call 'nova.service.Service.periodic_tasks' sleeping for 60.00 seconds {{(pid=93479) _run_loop /opt/stack/data/venv/lib/python3.12/site-packages/oslo_service/backend/_threading/loopingcall.py:125}}
Aug 07 17:47:38.050824 np0000006740 nova-scheduler[93471]: DEBUG oslo.service.backend._threading.loopingcall [-] Fixed interval looping call 'nova.servicegroup.drivers.db.DbDriver._report_state' sleeping for 119.99 seconds {{(pid=93471) _run_loop /opt/stack/data/venv/lib/python3.12/site-packages/oslo_service/backend/_threading/loopingcall.py:125}}
Aug 07 17:47:38.067789 np0000006740 nova-scheduler[93476]: DEBUG oslo.service.backend._threading.loopingcall [-] Fixed interval looping call 'nova.servicegroup.drivers.db.DbDriver._report_state' sleeping for 119.99 seconds {{(pid=93476) _run_loop /opt/stack/data/venv/lib/python3.12/site-packages/oslo_service/backend/_threading/loopingcall.py:125}}
Aug 07 17:47:38.086871 np0000006740 nova-scheduler[93479]: DEBUG oslo.service.backend._threading.loopingcall [-] Fixed interval looping call 'nova.servicegroup.drivers.db.DbDriver._report_state' sleeping for 119.99 seconds {{(pid=93479) _run_loop /opt/stack/data/venv/lib/python3.12/site-packages/oslo_service/backend/_threading/loopingcall.py:125}}
Aug 07 17:47:41.052411 np0000006740 nova-scheduler[93471]: DEBUG oslo.service.backend._threading.loopingcall [None req-75a02960-626b-4d9b-bd8d-708f0505869c None None] Dynamic interval looping call 'nova.service.Service.periodic_tasks' sleeping for 60.00 seconds {{(pid=93471) _run_loop /opt/stack/data/venv/lib/python3.12/site-packages/oslo_service/backend/_threading/loopingcall.py:125}}
Aug 07 17:47:48.048317 np0000006740 nova-scheduler[93471]: DEBUG dbcounter [-] [93471] Writing DB stats nova_cell0:SELECT=1,nova_cell0:UPDATE=1 {{(pid=93471) stat_writer /opt/stack/data/venv/lib/python3.12/site-packages/dbcounter.py:115}}
Aug 07 17:47:48.066404 np0000006740 nova-scheduler[93476]: DEBUG dbcounter [-] [93476] Writing DB stats nova_cell0:SELECT=1 {{(pid=93476) stat_writer /opt/stack/data/venv/lib/python3.12/site-packages/dbcounter.py:115}}
Aug 07 17:47:48.082617 np0000006740 nova-scheduler[93479]: DEBUG dbcounter [-] [93479] Writing DB stats nova_cell0:SELECT=1 {{(pid=93479) stat_writer /opt/stack/data/venv/lib/python3.12/site-packages/dbcounter.py:115}}
Aug 07 17:47:49.060270 np0000006740 nova-scheduler[93476]: DEBUG oslo.service.backend._threading.loopingcall [None req-7f87dece-11d9-40f7-8760-8b3b385e9585 None None] Dynamic interval looping call 'nova.service.Service.periodic_tasks' sleeping for 60.00 seconds {{(pid=93476) _run_loop /opt/stack/data/venv/lib/python3.12/site-packages/oslo_service/backend/_threading/loopingcall.py:125}}
Aug 07 17:47:53.891930 np0000006740 nova-scheduler[93471]: DEBUG nova.scheduler.manager [None req-d294d67d-7b72-431e-91d4-62c0fbc7bce4 tempest-DeleteServersTestJSON-549394618 tempest-DeleteServersTestJSON-549394618-project-member] Starting to schedule for instances: ['2e80755c-5086-4772-b7dc-00f3ece4040a'] {{(pid=93471) select_destinations /opt/stack/nova/nova/scheduler/manager.py:209}}
Aug 07 17:47:53.892506 np0000006740 nova-scheduler[93471]: DEBUG nova.scheduler.request_filter [None req-d294d67d-7b72-431e-91d4-62c0fbc7bce4 tempest-DeleteServersTestJSON-549394618 tempest-DeleteServersTestJSON-549394618-project-member] compute_status_filter request filter added forbidden trait COMPUTE_STATUS_DISABLED {{(pid=93471) compute_status_filter /opt/stack/nova/nova/scheduler/request_filter.py:253}}
Aug 07 17:47:53.892566 np0000006740 nova-scheduler[93471]: DEBUG nova.scheduler.request_filter [None req-d294d67d-7b72-431e-91d4-62c0fbc7bce4 tempest-DeleteServersTestJSON-549394618 tempest-DeleteServersTestJSON-549394618-project-member] Request filter 'compute_status_filter' took 0.0 seconds {{(pid=93471) wrapper /opt/stack/nova/nova/scheduler/request_filter.py:46}}
Aug 07 17:47:53.895064 np0000006740 nova-scheduler[93471]: DEBUG nova.scheduler.request_filter [None req-d294d67d-7b72-431e-91d4-62c0fbc7bce4 tempest-DeleteServersTestJSON-549394618 tempest-DeleteServersTestJSON-549394618-project-member] Request filter 'accelerators_filter' took 0.0 seconds {{(pid=93471) wrapper /opt/stack/nova/nova/scheduler/request_filter.py:46}}
Aug 07 17:47:53.895064 np0000006740 nova-scheduler[93471]: DEBUG nova.scheduler.request_filter [None req-d294d67d-7b72-431e-91d4-62c0fbc7bce4 tempest-DeleteServersTestJSON-549394618 tempest-DeleteServersTestJSON-549394618-project-member] Request filter 'packed_virtqueue_filter' took 0.0 seconds {{(pid=93471) wrapper /opt/stack/nova/nova/scheduler/request_filter.py:46}}
Aug 07 17:47:53.895064 np0000006740 nova-scheduler[93471]: DEBUG nova.scheduler.request_filter [None req-d294d67d-7b72-431e-91d4-62c0fbc7bce4 tempest-DeleteServersTestJSON-549394618 tempest-DeleteServersTestJSON-549394618-project-member] Request filter 'remote_managed_ports_filter' took 0.0 seconds {{(pid=93471) wrapper /opt/stack/nova/nova/scheduler/request_filter.py:46}}
Aug 07 17:47:53.895064 np0000006740 nova-scheduler[93471]: DEBUG nova.scheduler.request_filter [None req-d294d67d-7b72-431e-91d4-62c0fbc7bce4 tempest-DeleteServersTestJSON-549394618 tempest-DeleteServersTestJSON-549394618-project-member] ephemeral_encryption_filter skipped {{(pid=93471) ephemeral_encryption_filter /opt/stack/nova/nova/scheduler/request_filter.py:426}}
Aug 07 17:47:53.895064 np0000006740 nova-scheduler[93471]: DEBUG nova.scheduler.request_filter [None req-d294d67d-7b72-431e-91d4-62c0fbc7bce4 tempest-DeleteServersTestJSON-549394618 tempest-DeleteServersTestJSON-549394618-project-member] virtio_sound_filter skipped {{(pid=93471) virtio_sound_filter /opt/stack/nova/nova/scheduler/request_filter.py:460}}
Aug 07 17:47:53.895274 np0000006740 nova-scheduler[93471]: DEBUG nova.scheduler.request_filter [None req-d294d67d-7b72-431e-91d4-62c0fbc7bce4 tempest-DeleteServersTestJSON-549394618 tempest-DeleteServersTestJSON-549394618-project-member] tpm_secret_security_filter skipped {{(pid=93471) tpm_secret_security_filter /opt/stack/nova/nova/scheduler/request_filter.py:477}}
Aug 07 17:47:53.896715 np0000006740 nova-scheduler[93476]: DEBUG nova.scheduler.manager [None req-7bc97cf0-b9c3-4a93-ade9-3dcd2d360227 tempest-ServerRescueNegativeTestJSON-538692414 tempest-ServerRescueNegativeTestJSON-538692414-project-member] Starting to schedule for instances: ['0751a7fe-0b07-4565-a439-274c1e96b4bc'] {{(pid=93476) select_destinations /opt/stack/nova/nova/scheduler/manager.py:209}}
Aug 07 17:47:53.898422 np0000006740 nova-scheduler[93476]: DEBUG nova.scheduler.request_filter [None req-7bc97cf0-b9c3-4a93-ade9-3dcd2d360227 tempest-ServerRescueNegativeTestJSON-538692414 tempest-ServerRescueNegativeTestJSON-538692414-project-member] compute_status_filter request filter added forbidden trait COMPUTE_STATUS_DISABLED {{(pid=93476) compute_status_filter /opt/stack/nova/nova/scheduler/request_filter.py:253}}
Aug 07 17:47:53.898618 np0000006740 nova-scheduler[93476]: DEBUG nova.scheduler.request_filter [None req-7bc97cf0-b9c3-4a93-ade9-3dcd2d360227 tempest-ServerRescueNegativeTestJSON-538692414 tempest-ServerRescueNegativeTestJSON-538692414-project-member] Request filter 'compute_status_filter' took 0.0 seconds {{(pid=93476) wrapper /opt/stack/nova/nova/scheduler/request_filter.py:46}}
Aug 07 17:47:53.898942 np0000006740 nova-scheduler[93476]: DEBUG nova.scheduler.request_filter [None req-7bc97cf0-b9c3-4a93-ade9-3dcd2d360227 tempest-ServerRescueNegativeTestJSON-538692414 tempest-ServerRescueNegativeTestJSON-538692414-project-member] Request filter 'accelerators_filter' took 0.0 seconds {{(pid=93476) wrapper /opt/stack/nova/nova/scheduler/request_filter.py:46}}
Aug 07 17:47:53.899224 np0000006740 nova-scheduler[93476]: DEBUG nova.scheduler.request_filter [None req-7bc97cf0-b9c3-4a93-ade9-3dcd2d360227 tempest-ServerRescueNegativeTestJSON-538692414 tempest-ServerRescueNegativeTestJSON-538692414-project-member] Request filter 'packed_virtqueue_filter' took 0.0 seconds {{(pid=93476) wrapper /opt/stack/nova/nova/scheduler/request_filter.py:46}}
Aug 07 17:47:53.899579 np0000006740 nova-scheduler[93476]: DEBUG nova.scheduler.request_filter [None req-7bc97cf0-b9c3-4a93-ade9-3dcd2d360227 tempest-ServerRescueNegativeTestJSON-538692414 tempest-ServerRescueNegativeTestJSON-538692414-project-member] Request filter 'remote_managed_ports_filter' took 0.0 seconds {{(pid=93476) wrapper /opt/stack/nova/nova/scheduler/request_filter.py:46}}
Aug 07 17:47:53.899801 np0000006740 nova-scheduler[93476]: DEBUG nova.scheduler.request_filter [None req-7bc97cf0-b9c3-4a93-ade9-3dcd2d360227 tempest-ServerRescueNegativeTestJSON-538692414 tempest-ServerRescueNegativeTestJSON-538692414-project-member] ephemeral_encryption_filter skipped {{(pid=93476) ephemeral_encryption_filter /opt/stack/nova/nova/scheduler/request_filter.py:426}}
Aug 07 17:47:53.900339 np0000006740 nova-scheduler[93476]: DEBUG nova.scheduler.request_filter [None req-7bc97cf0-b9c3-4a93-ade9-3dcd2d360227 tempest-ServerRescueNegativeTestJSON-538692414 tempest-ServerRescueNegativeTestJSON-538692414-project-member] virtio_sound_filter skipped {{(pid=93476) virtio_sound_filter /opt/stack/nova/nova/scheduler/request_filter.py:460}}
Aug 07 17:47:53.900588 np0000006740 nova-scheduler[93476]: DEBUG nova.scheduler.request_filter [None req-7bc97cf0-b9c3-4a93-ade9-3dcd2d360227 tempest-ServerRescueNegativeTestJSON-538692414 tempest-ServerRescueNegativeTestJSON-538692414-project-member] tpm_secret_security_filter skipped {{(pid=93476) tpm_secret_security_filter /opt/stack/nova/nova/scheduler/request_filter.py:477}}
Aug 07 17:47:54.325101 np0000006740 nova-scheduler[93476]: INFO nova.utils [None req-7bc97cf0-b9c3-4a93-ade9-3dcd2d360227 tempest-ServerRescueNegativeTestJSON-538692414 tempest-ServerRescueNegativeTestJSON-538692414-project-member] The cell worker thread pool ForkProcess-2.cell_worker is initialized
Aug 07 17:47:54.325544 np0000006740 nova-scheduler[93476]: DEBUG oslo_concurrency.lockutils [None req-7bc97cf0-b9c3-4a93-ade9-3dcd2d360227 tempest-ServerRescueNegativeTestJSON-538692414 tempest-ServerRescueNegativeTestJSON-538692414-project-member] Acquiring lock "094be013-8471-4d9c-ba2c-8f1dbbb40422" by "nova.context.set_target_cell..get_or_set_cached_cell_and_set_connections" {{(pid=93476) inner /opt/stack/data/venv/lib/python3.12/site-packages/oslo_concurrency/lockutils.py:512}}
Aug 07 17:47:54.325788 np0000006740 nova-scheduler[93476]: DEBUG oslo_concurrency.lockutils [None req-7bc97cf0-b9c3-4a93-ade9-3dcd2d360227 tempest-ServerRescueNegativeTestJSON-538692414 tempest-ServerRescueNegativeTestJSON-538692414-project-member] Lock "094be013-8471-4d9c-ba2c-8f1dbbb40422" acquired by "nova.context.set_target_cell..get_or_set_cached_cell_and_set_connections" :: waited 0.000s {{(pid=93476) inner /opt/stack/data/venv/lib/python3.12/site-packages/oslo_concurrency/lockutils.py:525}}
Aug 07 17:47:54.327053 np0000006740 nova-scheduler[93476]: DEBUG oslo_concurrency.lockutils [None req-7bc97cf0-b9c3-4a93-ade9-3dcd2d360227 tempest-ServerRescueNegativeTestJSON-538692414 tempest-ServerRescueNegativeTestJSON-538692414-project-member] Lock "094be013-8471-4d9c-ba2c-8f1dbbb40422" "released" by "nova.context.set_target_cell..get_or_set_cached_cell_and_set_connections" :: held 0.001s {{(pid=93476) inner /opt/stack/data/venv/lib/python3.12/site-packages/oslo_concurrency/lockutils.py:544}}
Aug 07 17:47:54.328952 np0000006740 nova-scheduler[93476]: INFO dbcounter [None req-7bc97cf0-b9c3-4a93-ade9-3dcd2d360227 tempest-ServerRescueNegativeTestJSON-538692414 tempest-ServerRescueNegativeTestJSON-538692414-project-member] Registered counter for database nova_cell1
Aug 07 17:47:54.375463 np0000006740 nova-scheduler[93476]: DEBUG oslo_db.sqlalchemy.engines [None req-7bc97cf0-b9c3-4a93-ade9-3dcd2d360227 tempest-ServerRescueNegativeTestJSON-538692414 tempest-ServerRescueNegativeTestJSON-538692414-project-member] MySQL server mode set to STRICT_TRANS_TABLES,STRICT_ALL_TABLES,NO_ZERO_IN_DATE,NO_ZERO_DATE,ERROR_FOR_DIVISION_BY_ZERO,TRADITIONAL,NO_ENGINE_SUBSTITUTION {{(pid=93476) _check_effective_sql_mode /opt/stack/data/venv/lib/python3.12/site-packages/oslo_db/sqlalchemy/engines.py:325}}
Aug 07 17:47:54.381319 np0000006740 nova-scheduler[93476]: DEBUG dbcounter [-] [93476] Writer thread running {{(pid=93476) stat_writer /opt/stack/data/venv/lib/python3.12/site-packages/dbcounter.py:102}}
Aug 07 17:47:54.394423 np0000006740 nova-scheduler[93476]: DEBUG oslo_db.sqlalchemy.engines [None req-7bc97cf0-b9c3-4a93-ade9-3dcd2d360227 tempest-ServerRescueNegativeTestJSON-538692414 tempest-ServerRescueNegativeTestJSON-538692414-project-member] Parent process 92261 forked (93476) with an open database connection, which is being discarded and recreated. {{(pid=93476) checkout /opt/stack/data/venv/lib/python3.12/site-packages/oslo_db/sqlalchemy/engines.py:402}}
Aug 07 17:47:54.429077 np0000006740 nova-scheduler[93476]: DEBUG dbcounter [-] [93476] Writer thread running {{(pid=93476) stat_writer /opt/stack/data/venv/lib/python3.12/site-packages/dbcounter.py:102}}
Aug 07 17:47:54.431397 np0000006740 nova-scheduler[93476]: DEBUG oslo_concurrency.lockutils [None req-7bc97cf0-b9c3-4a93-ade9-3dcd2d360227 tempest-ServerRescueNegativeTestJSON-538692414 tempest-ServerRescueNegativeTestJSON-538692414-project-member] Acquiring lock "094be013-8471-4d9c-ba2c-8f1dbbb40422" by "nova.context.set_target_cell..get_or_set_cached_cell_and_set_connections" {{(pid=93476) inner /opt/stack/data/venv/lib/python3.12/site-packages/oslo_concurrency/lockutils.py:512}}
Aug 07 17:47:54.431547 np0000006740 nova-scheduler[93476]: DEBUG oslo_concurrency.lockutils [None req-7bc97cf0-b9c3-4a93-ade9-3dcd2d360227 tempest-ServerRescueNegativeTestJSON-538692414 tempest-ServerRescueNegativeTestJSON-538692414-project-member] Lock "094be013-8471-4d9c-ba2c-8f1dbbb40422" acquired by "nova.context.set_target_cell..get_or_set_cached_cell_and_set_connections" :: waited 0.000s {{(pid=93476) inner /opt/stack/data/venv/lib/python3.12/site-packages/oslo_concurrency/lockutils.py:525}}
Aug 07 17:47:54.431684 np0000006740 nova-scheduler[93476]: DEBUG oslo_concurrency.lockutils [None req-7bc97cf0-b9c3-4a93-ade9-3dcd2d360227 tempest-ServerRescueNegativeTestJSON-538692414 tempest-ServerRescueNegativeTestJSON-538692414-project-member] Lock "094be013-8471-4d9c-ba2c-8f1dbbb40422" "released" by "nova.context.set_target_cell..get_or_set_cached_cell_and_set_connections" :: held 0.000s {{(pid=93476) inner /opt/stack/data/venv/lib/python3.12/site-packages/oslo_concurrency/lockutils.py:544}}
Aug 07 17:47:54.436804 np0000006740 nova-scheduler[93476]: DEBUG oslo_concurrency.lockutils [None req-7bc97cf0-b9c3-4a93-ade9-3dcd2d360227 tempest-ServerRescueNegativeTestJSON-538692414 tempest-ServerRescueNegativeTestJSON-538692414-project-member] Acquiring lock "np0000006740-np0000006740" by "nova.scheduler.host_manager.HostState.update.._locked_update" {{(pid=93476) inner /opt/stack/data/venv/lib/python3.12/site-packages/oslo_concurrency/lockutils.py:512}}
Aug 07 17:47:54.437202 np0000006740 nova-scheduler[93476]: DEBUG oslo_concurrency.lockutils [None req-7bc97cf0-b9c3-4a93-ade9-3dcd2d360227 tempest-ServerRescueNegativeTestJSON-538692414 tempest-ServerRescueNegativeTestJSON-538692414-project-member] Lock "np0000006740-np0000006740" acquired by "nova.scheduler.host_manager.HostState.update.._locked_update" :: waited 0.000s {{(pid=93476) inner /opt/stack/data/venv/lib/python3.12/site-packages/oslo_concurrency/lockutils.py:525}}
Aug 07 17:47:54.438148 np0000006740 nova-scheduler[93476]: DEBUG nova.scheduler.host_manager [None req-7bc97cf0-b9c3-4a93-ade9-3dcd2d360227 tempest-ServerRescueNegativeTestJSON-538692414 tempest-ServerRescueNegativeTestJSON-538692414-project-member] Update host state from compute node: ComputeNode(cpu_allocation_ratio=4.0,cpu_info='{"arch": "x86_64", "model": "EPYC-Milan", "vendor": "AMD", "topology": {"cells": 1, "sockets": 16, "cores": 1, "threads": 1}, "maxphysaddr": {"mode": "emulate", "bits": 40}, "features": ["arch-capabilities", "mtrr", "xsave", "cx16", "perfctr_core", "nrip-save", "mce", "ssbd", "tsc", "rdtscp", "syscall", "smep", "fxsr", "xsaves", "hypervisor", "wbnoinvd", "nx", "pku", "flushbyasid", "npt", "pause-filter", "pae", "pcid", "clzero", "svme-addr-chk", "mmx", "vpclmulqdq", "xgetbv1", "fpu", "bmi2", "sep", "clflushopt", "cmp_legacy", "no-nested-data-bp", "svm", "pge", "rdctl-no", "de", "sse4.2", "avx", "cmov", "sse4.1", "ibpb", "pschange-mc-no", "avx2", "lm", "xsaveopt", "f16c", "stibp", "ibrs", "fsrm", "cr8legacy", "abm", "tsc_adjust", "fma", "gds-no", "fxsr_opt", "xsaveerptr", "x2apic", "pni", "pat", "popcnt", "v-vmsave-vmload", "vgif", "amd-stibp", "msr", "misalignsse", "sha-ni", "clwb", "lfence-always-serializing", "rdrand", "virt-ssbd", "rdseed", "lahf_lm", "arat", "skip-l1dfl-vmentry", "pclmuldq", "ssse3", "lbrv", "mmxext", "umip", "pse", "cx8", "pfthreshold", "aes", "vmcb-clean", "apic", "erms", "topoext", "vaes", "mca", "stibp-always-on", "xsavec", "smap", "null-sel-clr-base", "adx", "tsc-scale", "bmi1", "invpcid", "vme", "clflush", "sse4a", "fsgsbase", "pdpe1gb", "rdpid", "movbe", "pse36", "amd-psfd", "amd-ssbd", "spec-ctrl", "tsc-deadline", "osvw", "3dnowprefetch", "sse2", "sse", "mds-no"]}',created_at=2026-08-07T17:45:54Z,current_workload=0,deleted=False,deleted_at=None,disk_allocation_ratio=1.0,disk_available_least=73,free_disk_gb=95,free_ram_mb=62765,host='np0000006740',host_ip=10.4.3.131,hypervisor_hostname='np0000006740',hypervisor_type='QEMU',hypervisor_version=8002002,id=1,local_gb=95,local_gb_used=0,mapped=1,memory_mb=63277,memory_mb_used=512,metrics='[]',numa_topology='{"nova_object.name": "NUMATopology", "nova_object.namespace": "nova", "nova_object.version": "1.2", "nova_object.data": {"cells": [{"nova_object.name": "NUMACell", "nova_object.namespace": "nova", "nova_object.version": "1.5", "nova_object.data": {"id": 0, "cpuset": [0, 1, 2, 3, 4, 5, 6, 7, 8, 9, 10, 11, 12, 13, 14, 15], "pcpuset": [0, 1, 2, 3, 4, 5, 6, 7, 8, 9, 10, 11, 12, 13, 14, 15], "memory": 63277, "cpu_usage": 0, "memory_usage": 0, "pinned_cpus": [], "siblings": [[6], [12], [2], [15], [5], [11], [8], [14], [4], [1], [7], [10], [0], [13], [3], [9]], "mempages": [{"nova_object.name": "NUMAPagesTopology", "nova_object.namespace": "nova", "nova_object.version": "1.1", "nova_object.data": {"size_kb": 4, "total": 16177930, "used": 0, "reserved": 0}, "nova_object.changes": ["size_kb", "reserved", "used", "total"]}, {"nova_object.name": "NUMAPagesTopology", "nova_object.namespace": "nova", "nova_object.version": "1.1", "nova_object.data": {"size_kb": 2048, "total": 41, "used": 0, "reserved": 0}, "nova_object.changes": ["size_kb", "reserved", "used", "total"]}, {"nova_object.name": "NUMAPagesTopology", "nova_object.namespace": "nova", "nova_object.version": "1.1", "nova_object.data": {"size_kb": 1048576, "total": 0, "used": 0, "reserved": 0}, "nova_object.changes": ["size_kb", "reserved", "used", "total"]}], "network_metadata": {"nova_object.name": "NetworkMetadata", "nova_object.namespace": "nova", "nova_object.version": "1.0", "nova_object.data": {"physnets": [], "tunneled": false}, "nova_object.changes": ["physnets", "tunneled"]}, "socket": null}, "nova_object.changes": ["socket", "memory", "pcpuset", "memory_usage", "siblings", "network_metadata", "pinned_cpus", "cpu_usage", "cpuset", "id", "mempages"]}]}, "nova_object.changes": ["cells"]}',pci_device_pools=PciDevicePoolList,ram_allocation_ratio=1.0,running_vms=0,service_id=3,stats={failed_builds='0',uptime=' 17:47:42 up 14 min, 2 users, load average: 1.62, 1.42, 0.81
Aug 07 17:47:54.438148 np0000006740 nova-scheduler[93476]: '},supported_hv_specs=[HVSpec,HVSpec,HVSpec,HVSpec,HVSpec,HVSpec,HVSpec,HVSpec,HVSpec,HVSpec,HVSpec,HVSpec,HVSpec,HVSpec,HVSpec,HVSpec,HVSpec,HVSpec,HVSpec,HVSpec,HVSpec,HVSpec,HVSpec,HVSpec,HVSpec],updated_at=2026-08-07T17:47:43Z,uuid=325fec1d-a747-43ba-b8e6-7734b819e55a,vcpus=16,vcpus_used=0) {{(pid=93476) _locked_update /opt/stack/nova/nova/scheduler/host_manager.py:168}}
Aug 07 17:47:54.439252 np0000006740 nova-scheduler[93476]: DEBUG nova.scheduler.host_manager [None req-7bc97cf0-b9c3-4a93-ade9-3dcd2d360227 tempest-ServerRescueNegativeTestJSON-538692414 tempest-ServerRescueNegativeTestJSON-538692414-project-member] Update host state with aggregates: [] {{(pid=93476) _locked_update /opt/stack/nova/nova/scheduler/host_manager.py:171}}
Aug 07 17:47:54.439419 np0000006740 nova-scheduler[93476]: DEBUG nova.scheduler.host_manager [None req-7bc97cf0-b9c3-4a93-ade9-3dcd2d360227 tempest-ServerRescueNegativeTestJSON-538692414 tempest-ServerRescueNegativeTestJSON-538692414-project-member] Update host state with service dict: {'id': 3, 'uuid': '94c3fc97-75e1-4a5c-a35a-c85b5d1f75ad', 'host': 'np0000006740', 'binary': 'nova-compute', 'topic': 'compute', 'report_count': 1, 'disabled': False, 'disabled_reason': None, 'last_seen_up': datetime.datetime(2026, 8, 7, 17, 46, tzinfo=datetime.timezone.utc), 'forced_down': False, 'version': 72, 'created_at': datetime.datetime(2026, 8, 7, 17, 45, 54, tzinfo=datetime.timezone.utc), 'updated_at': datetime.datetime(2026, 8, 7, 17, 46, tzinfo=datetime.timezone.utc), 'deleted_at': None, 'deleted': False} {{(pid=93476) _locked_update /opt/stack/nova/nova/scheduler/host_manager.py:174}}
Aug 07 17:47:54.439582 np0000006740 nova-scheduler[93476]: DEBUG nova.scheduler.host_manager [None req-7bc97cf0-b9c3-4a93-ade9-3dcd2d360227 tempest-ServerRescueNegativeTestJSON-538692414 tempest-ServerRescueNegativeTestJSON-538692414-project-member] Update host state with instances: [] {{(pid=93476) _locked_update /opt/stack/nova/nova/scheduler/host_manager.py:177}}
Aug 07 17:47:54.439730 np0000006740 nova-scheduler[93476]: DEBUG oslo_concurrency.lockutils [None req-7bc97cf0-b9c3-4a93-ade9-3dcd2d360227 tempest-ServerRescueNegativeTestJSON-538692414 tempest-ServerRescueNegativeTestJSON-538692414-project-member] Lock "np0000006740-np0000006740" "released" by "nova.scheduler.host_manager.HostState.update.._locked_update" :: held 0.003s {{(pid=93476) inner /opt/stack/data/venv/lib/python3.12/site-packages/oslo_concurrency/lockutils.py:544}}
Aug 07 17:47:54.440330 np0000006740 nova-scheduler[93476]: DEBUG nova.filters [None req-7bc97cf0-b9c3-4a93-ade9-3dcd2d360227 tempest-ServerRescueNegativeTestJSON-538692414 tempest-ServerRescueNegativeTestJSON-538692414-project-member] Starting with 1 host(s) {{(pid=93476) get_filtered_objects /opt/stack/nova/nova/filters.py:70}}
Aug 07 17:47:54.440576 np0000006740 nova-scheduler[93476]: DEBUG nova.filters [None req-7bc97cf0-b9c3-4a93-ade9-3dcd2d360227 tempest-ServerRescueNegativeTestJSON-538692414 tempest-ServerRescueNegativeTestJSON-538692414-project-member] Filter ComputeFilter returned 1 host(s) {{(pid=93476) get_filtered_objects /opt/stack/nova/nova/filters.py:102}}
Aug 07 17:47:54.441052 np0000006740 nova-scheduler[93476]: DEBUG nova.filters [None req-7bc97cf0-b9c3-4a93-ade9-3dcd2d360227 tempest-ServerRescueNegativeTestJSON-538692414 tempest-ServerRescueNegativeTestJSON-538692414-project-member] Filter ComputeCapabilitiesFilter returned 1 host(s) {{(pid=93476) get_filtered_objects /opt/stack/nova/nova/filters.py:102}}
Aug 07 17:47:54.441314 np0000006740 nova-scheduler[93476]: DEBUG nova.filters [None req-7bc97cf0-b9c3-4a93-ade9-3dcd2d360227 tempest-ServerRescueNegativeTestJSON-538692414 tempest-ServerRescueNegativeTestJSON-538692414-project-member] Filter ImagePropertiesFilter returned 1 host(s) {{(pid=93476) get_filtered_objects /opt/stack/nova/nova/filters.py:102}}
Aug 07 17:47:54.441453 np0000006740 nova-scheduler[93476]: DEBUG nova.filters [None req-7bc97cf0-b9c3-4a93-ade9-3dcd2d360227 tempest-ServerRescueNegativeTestJSON-538692414 tempest-ServerRescueNegativeTestJSON-538692414-project-member] Filter ServerGroupAntiAffinityFilter returned 1 host(s) {{(pid=93476) get_filtered_objects /opt/stack/nova/nova/filters.py:102}}
Aug 07 17:47:54.441600 np0000006740 nova-scheduler[93476]: DEBUG nova.filters [None req-7bc97cf0-b9c3-4a93-ade9-3dcd2d360227 tempest-ServerRescueNegativeTestJSON-538692414 tempest-ServerRescueNegativeTestJSON-538692414-project-member] Filter ServerGroupAffinityFilter returned 1 host(s) {{(pid=93476) get_filtered_objects /opt/stack/nova/nova/filters.py:102}}
Aug 07 17:47:54.441816 np0000006740 nova-scheduler[93476]: DEBUG nova.filters [None req-7bc97cf0-b9c3-4a93-ade9-3dcd2d360227 tempest-ServerRescueNegativeTestJSON-538692414 tempest-ServerRescueNegativeTestJSON-538692414-project-member] Filter SameHostFilter returned 1 host(s) {{(pid=93476) get_filtered_objects /opt/stack/nova/nova/filters.py:102}}
Aug 07 17:47:54.442061 np0000006740 nova-scheduler[93476]: DEBUG nova.filters [None req-7bc97cf0-b9c3-4a93-ade9-3dcd2d360227 tempest-ServerRescueNegativeTestJSON-538692414 tempest-ServerRescueNegativeTestJSON-538692414-project-member] Filter DifferentHostFilter returned 1 host(s) {{(pid=93476) get_filtered_objects /opt/stack/nova/nova/filters.py:102}}
Aug 07 17:47:54.442229 np0000006740 nova-scheduler[93476]: DEBUG nova.scheduler.manager [None req-7bc97cf0-b9c3-4a93-ade9-3dcd2d360227 tempest-ServerRescueNegativeTestJSON-538692414 tempest-ServerRescueNegativeTestJSON-538692414-project-member] Filtered [(np0000006740, np0000006740) ram: 62765MB disk: 74752MB io_ops: 0 instances: 0, allocation_candidates: 1] {{(pid=93476) _get_sorted_hosts /opt/stack/nova/nova/scheduler/manager.py:742}}
Aug 07 17:47:54.442443 np0000006740 nova-scheduler[93476]: DEBUG nova.scheduler.manager [None req-7bc97cf0-b9c3-4a93-ade9-3dcd2d360227 tempest-ServerRescueNegativeTestJSON-538692414 tempest-ServerRescueNegativeTestJSON-538692414-project-member] Weighed [WeighedHost [host: (np0000006740, np0000006740) ram: 62765MB disk: 74752MB io_ops: 0 instances: 0, allocation_candidates: 1, weight: 0.0]] {{(pid=93476) _get_sorted_hosts /opt/stack/nova/nova/scheduler/manager.py:764}}
Aug 07 17:47:54.442704 np0000006740 nova-scheduler[93476]: DEBUG nova.scheduler.utils [None req-7bc97cf0-b9c3-4a93-ade9-3dcd2d360227 tempest-ServerRescueNegativeTestJSON-538692414 tempest-ServerRescueNegativeTestJSON-538692414-project-member] Attempting to claim resources in the placement API for instance 0751a7fe-0b07-4565-a439-274c1e96b4bc {{(pid=93476) claim_resources /opt/stack/nova/nova/scheduler/utils.py:1345}}
Aug 07 17:47:54.537054 np0000006740 nova-scheduler[93471]: INFO nova.utils [None req-d294d67d-7b72-431e-91d4-62c0fbc7bce4 tempest-DeleteServersTestJSON-549394618 tempest-DeleteServersTestJSON-549394618-project-member] The cell worker thread pool ForkProcess-1.cell_worker is initialized
Aug 07 17:47:54.537054 np0000006740 nova-scheduler[93471]: DEBUG oslo_concurrency.lockutils [None req-d294d67d-7b72-431e-91d4-62c0fbc7bce4 tempest-DeleteServersTestJSON-549394618 tempest-DeleteServersTestJSON-549394618-project-member] Acquiring lock "094be013-8471-4d9c-ba2c-8f1dbbb40422" by "nova.context.set_target_cell..get_or_set_cached_cell_and_set_connections" {{(pid=93471) inner /opt/stack/data/venv/lib/python3.12/site-packages/oslo_concurrency/lockutils.py:512}}
Aug 07 17:47:54.537054 np0000006740 nova-scheduler[93471]: DEBUG oslo_concurrency.lockutils [None req-d294d67d-7b72-431e-91d4-62c0fbc7bce4 tempest-DeleteServersTestJSON-549394618 tempest-DeleteServersTestJSON-549394618-project-member] Lock "094be013-8471-4d9c-ba2c-8f1dbbb40422" acquired by "nova.context.set_target_cell..get_or_set_cached_cell_and_set_connections" :: waited 0.000s {{(pid=93471) inner /opt/stack/data/venv/lib/python3.12/site-packages/oslo_concurrency/lockutils.py:525}}
