Aug 17 06:58:16.256891 np0000007460 nova-conductor[95793]: DEBUG cotyledon.oslo_config_glue [-] oslo_messaging_rabbit.rabbit_login_method = AMQPLAIN {{(pid=95793) log_opt_values /opt/stack/data/venv/lib/python3.12/site-packages/oslo_config/cfg.py:3560}}
Aug 17 06:58:16.256891 np0000007460 nova-conductor[95793]: DEBUG cotyledon.oslo_config_glue [-] oslo_messaging_rabbit.rabbit_qos_prefetch_count = 0 {{(pid=95793) log_opt_values /opt/stack/data/venv/lib/python3.12/site-packages/oslo_config/cfg.py:3560}}
Aug 17 06:58:16.256891 np0000007460 nova-conductor[95793]: DEBUG cotyledon.oslo_config_glue [-] oslo_messaging_rabbit.rabbit_quorum_delivery_limit = 0 {{(pid=95793) log_opt_values /opt/stack/data/venv/lib/python3.12/site-packages/oslo_config/cfg.py:3560}}
Aug 17 06:58:16.256891 np0000007460 nova-conductor[95793]: DEBUG cotyledon.oslo_config_glue [-] oslo_messaging_rabbit.rabbit_quorum_max_memory_bytes = 0 {{(pid=95793) log_opt_values /opt/stack/data/venv/lib/python3.12/site-packages/oslo_config/cfg.py:3560}}
Aug 17 06:58:16.256891 np0000007460 nova-conductor[95793]: DEBUG cotyledon.oslo_config_glue [-] oslo_messaging_rabbit.rabbit_quorum_max_memory_length = 0 {{(pid=95793) log_opt_values /opt/stack/data/venv/lib/python3.12/site-packages/oslo_config/cfg.py:3560}}
Aug 17 06:58:16.256891 np0000007460 nova-conductor[95793]: DEBUG cotyledon.oslo_config_glue [-] oslo_messaging_rabbit.rabbit_quorum_queue = False {{(pid=95793) log_opt_values /opt/stack/data/venv/lib/python3.12/site-packages/oslo_config/cfg.py:3560}}
Aug 17 06:58:16.257180 np0000007460 nova-conductor[95793]: DEBUG cotyledon.oslo_config_glue [-] oslo_messaging_rabbit.rabbit_retry_backoff = 2 {{(pid=95793) log_opt_values /opt/stack/data/venv/lib/python3.12/site-packages/oslo_config/cfg.py:3560}}
Aug 17 06:58:16.257180 np0000007460 nova-conductor[95793]: DEBUG cotyledon.oslo_config_glue [-] oslo_messaging_rabbit.rabbit_retry_interval = 1 {{(pid=95793) log_opt_values /opt/stack/data/venv/lib/python3.12/site-packages/oslo_config/cfg.py:3560}}
Aug 17 06:58:16.257180 np0000007460 nova-conductor[95793]: DEBUG cotyledon.oslo_config_glue [-] oslo_messaging_rabbit.rabbit_stream_fanout = False {{(pid=95793) log_opt_values /opt/stack/data/venv/lib/python3.12/site-packages/oslo_config/cfg.py:3560}}
Aug 17 06:58:16.257180 np0000007460 nova-conductor[95793]: DEBUG cotyledon.oslo_config_glue [-] oslo_messaging_rabbit.rabbit_transient_queues_ttl = 1800 {{(pid=95793) log_opt_values /opt/stack/data/venv/lib/python3.12/site-packages/oslo_config/cfg.py:3560}}
Aug 17 06:58:16.257180 np0000007460 nova-conductor[95793]: DEBUG cotyledon.oslo_config_glue [-] oslo_messaging_rabbit.rabbit_transient_quorum_queue = False {{(pid=95793) log_opt_values /opt/stack/data/venv/lib/python3.12/site-packages/oslo_config/cfg.py:3560}}
Aug 17 06:58:16.257180 np0000007460 nova-conductor[95793]: DEBUG cotyledon.oslo_config_glue [-] oslo_messaging_rabbit.rpc_conn_pool_size = 30 {{(pid=95793) log_opt_values /opt/stack/data/venv/lib/python3.12/site-packages/oslo_config/cfg.py:3560}}
Aug 17 06:58:16.257180 np0000007460 nova-conductor[95793]: DEBUG cotyledon.oslo_config_glue [-] oslo_messaging_rabbit.ssl = False {{(pid=95793) log_opt_values /opt/stack/data/venv/lib/python3.12/site-packages/oslo_config/cfg.py:3560}}
Aug 17 06:58:16.257180 np0000007460 nova-conductor[95793]: DEBUG cotyledon.oslo_config_glue [-] oslo_messaging_rabbit.ssl_ca_file = {{(pid=95793) log_opt_values /opt/stack/data/venv/lib/python3.12/site-packages/oslo_config/cfg.py:3560}}
Aug 17 06:58:16.257180 np0000007460 nova-conductor[95793]: DEBUG cotyledon.oslo_config_glue [-] oslo_messaging_rabbit.ssl_cert_file = {{(pid=95793) log_opt_values /opt/stack/data/venv/lib/python3.12/site-packages/oslo_config/cfg.py:3560}}
Aug 17 06:58:16.257475 np0000007460 nova-conductor[95793]: DEBUG cotyledon.oslo_config_glue [-] oslo_messaging_rabbit.ssl_enforce_fips_mode = False {{(pid=95793) log_opt_values /opt/stack/data/venv/lib/python3.12/site-packages/oslo_config/cfg.py:3560}}
Aug 17 06:58:16.257475 np0000007460 nova-conductor[95793]: DEBUG cotyledon.oslo_config_glue [-] oslo_messaging_rabbit.ssl_enforce_hostname_verification = True {{(pid=95793) log_opt_values /opt/stack/data/venv/lib/python3.12/site-packages/oslo_config/cfg.py:3560}}
Aug 17 06:58:16.257475 np0000007460 nova-conductor[95793]: DEBUG cotyledon.oslo_config_glue [-] oslo_messaging_rabbit.ssl_key_file = {{(pid=95793) log_opt_values /opt/stack/data/venv/lib/python3.12/site-packages/oslo_config/cfg.py:3560}}
Aug 17 06:58:16.257475 np0000007460 nova-conductor[95793]: DEBUG cotyledon.oslo_config_glue [-] oslo_messaging_rabbit.ssl_version = {{(pid=95793) log_opt_values /opt/stack/data/venv/lib/python3.12/site-packages/oslo_config/cfg.py:3560}}
Aug 17 06:58:16.257475 np0000007460 nova-conductor[95793]: DEBUG cotyledon.oslo_config_glue [-] oslo_messaging_rabbit.use_queue_manager = False {{(pid=95793) log_opt_values /opt/stack/data/venv/lib/python3.12/site-packages/oslo_config/cfg.py:3560}}
Aug 17 06:58:16.257475 np0000007460 nova-conductor[95793]: DEBUG cotyledon.oslo_config_glue [-] oslo_messaging_notifications.driver = ['messagingv2'] {{(pid=95793) log_opt_values /opt/stack/data/venv/lib/python3.12/site-packages/oslo_config/cfg.py:3560}}
Aug 17 06:58:16.257475 np0000007460 nova-conductor[95793]: DEBUG cotyledon.oslo_config_glue [-] oslo_messaging_notifications.retry = -1 {{(pid=95793) log_opt_values /opt/stack/data/venv/lib/python3.12/site-packages/oslo_config/cfg.py:3560}}
Aug 17 06:58:16.257475 np0000007460 nova-conductor[95793]: DEBUG cotyledon.oslo_config_glue [-] oslo_messaging_notifications.topics = ['notifications'] {{(pid=95793) log_opt_values /opt/stack/data/venv/lib/python3.12/site-packages/oslo_config/cfg.py:3560}}
Aug 17 06:58:16.257475 np0000007460 nova-conductor[95793]: DEBUG cotyledon.oslo_config_glue [-] oslo_messaging_notifications.transport_url = **** {{(pid=95793) log_opt_values /opt/stack/data/venv/lib/python3.12/site-packages/oslo_config/cfg.py:3560}}
Aug 17 06:58:16.257752 np0000007460 nova-conductor[95793]: DEBUG cotyledon.oslo_config_glue [-] oslo_limit.auth_section = None {{(pid=95793) log_opt_values /opt/stack/data/venv/lib/python3.12/site-packages/oslo_config/cfg.py:3560}}
Aug 17 06:58:16.257752 np0000007460 nova-conductor[95793]: DEBUG cotyledon.oslo_config_glue [-] oslo_limit.auth_type = None {{(pid=95793) log_opt_values /opt/stack/data/venv/lib/python3.12/site-packages/oslo_config/cfg.py:3560}}
Aug 17 06:58:16.257752 np0000007460 nova-conductor[95793]: DEBUG cotyledon.oslo_config_glue [-] oslo_limit.cafile = None {{(pid=95793) log_opt_values /opt/stack/data/venv/lib/python3.12/site-packages/oslo_config/cfg.py:3560}}
Aug 17 06:58:16.257752 np0000007460 nova-conductor[95793]: DEBUG cotyledon.oslo_config_glue [-] oslo_limit.certfile = None {{(pid=95793) log_opt_values /opt/stack/data/venv/lib/python3.12/site-packages/oslo_config/cfg.py:3560}}
Aug 17 06:58:16.257752 np0000007460 nova-conductor[95793]: DEBUG cotyledon.oslo_config_glue [-] oslo_limit.collect_timing = False {{(pid=95793) log_opt_values /opt/stack/data/venv/lib/python3.12/site-packages/oslo_config/cfg.py:3560}}
Aug 17 06:58:16.257752 np0000007460 nova-conductor[95793]: DEBUG cotyledon.oslo_config_glue [-] oslo_limit.connect_retries = None {{(pid=95793) log_opt_values /opt/stack/data/venv/lib/python3.12/site-packages/oslo_config/cfg.py:3560}}
Aug 17 06:58:16.257752 np0000007460 nova-conductor[95793]: DEBUG cotyledon.oslo_config_glue [-] oslo_limit.connect_retry_delay = None {{(pid=95793) log_opt_values /opt/stack/data/venv/lib/python3.12/site-packages/oslo_config/cfg.py:3560}}
Aug 17 06:58:16.257752 np0000007460 nova-conductor[95793]: DEBUG cotyledon.oslo_config_glue [-] oslo_limit.endpoint_id = None {{(pid=95793) log_opt_values /opt/stack/data/venv/lib/python3.12/site-packages/oslo_config/cfg.py:3560}}
Aug 17 06:58:16.257752 np0000007460 nova-conductor[95793]: DEBUG cotyledon.oslo_config_glue [-] oslo_limit.endpoint_interface = public {{(pid=95793) log_opt_values /opt/stack/data/venv/lib/python3.12/site-packages/oslo_config/cfg.py:3560}}
Aug 17 06:58:16.258064 np0000007460 nova-conductor[95793]: DEBUG cotyledon.oslo_config_glue [-] oslo_limit.endpoint_override = None {{(pid=95793) log_opt_values /opt/stack/data/venv/lib/python3.12/site-packages/oslo_config/cfg.py:3560}}
Aug 17 06:58:16.258064 np0000007460 nova-conductor[95793]: DEBUG cotyledon.oslo_config_glue [-] oslo_limit.endpoint_region_name = None {{(pid=95793) log_opt_values /opt/stack/data/venv/lib/python3.12/site-packages/oslo_config/cfg.py:3560}}
Aug 17 06:58:16.258064 np0000007460 nova-conductor[95793]: DEBUG cotyledon.oslo_config_glue [-] oslo_limit.endpoint_service_name = None {{(pid=95793) log_opt_values /opt/stack/data/venv/lib/python3.12/site-packages/oslo_config/cfg.py:3560}}
Aug 17 06:58:16.258064 np0000007460 nova-conductor[95793]: DEBUG cotyledon.oslo_config_glue [-] oslo_limit.endpoint_service_type = None {{(pid=95793) log_opt_values /opt/stack/data/venv/lib/python3.12/site-packages/oslo_config/cfg.py:3560}}
Aug 17 06:58:16.258064 np0000007460 nova-conductor[95793]: DEBUG cotyledon.oslo_config_glue [-] oslo_limit.insecure = False {{(pid=95793) log_opt_values /opt/stack/data/venv/lib/python3.12/site-packages/oslo_config/cfg.py:3560}}
Aug 17 06:58:16.258064 np0000007460 nova-conductor[95793]: DEBUG cotyledon.oslo_config_glue [-] oslo_limit.keyfile = None {{(pid=95793) log_opt_values /opt/stack/data/venv/lib/python3.12/site-packages/oslo_config/cfg.py:3560}}
Aug 17 06:58:16.258064 np0000007460 nova-conductor[95793]: DEBUG cotyledon.oslo_config_glue [-] oslo_limit.max_version = None {{(pid=95793) log_opt_values /opt/stack/data/venv/lib/python3.12/site-packages/oslo_config/cfg.py:3560}}
Aug 17 06:58:16.258064 np0000007460 nova-conductor[95793]: DEBUG cotyledon.oslo_config_glue [-] oslo_limit.min_version = None {{(pid=95793) log_opt_values /opt/stack/data/venv/lib/python3.12/site-packages/oslo_config/cfg.py:3560}}
Aug 17 06:58:16.258064 np0000007460 nova-conductor[95793]: DEBUG cotyledon.oslo_config_glue [-] oslo_limit.region_name = None {{(pid=95793) log_opt_values /opt/stack/data/venv/lib/python3.12/site-packages/oslo_config/cfg.py:3560}}
Aug 17 06:58:16.258358 np0000007460 nova-conductor[95793]: DEBUG cotyledon.oslo_config_glue [-] oslo_limit.retriable_status_codes = None {{(pid=95793) log_opt_values /opt/stack/data/venv/lib/python3.12/site-packages/oslo_config/cfg.py:3560}}
Aug 17 06:58:16.258358 np0000007460 nova-conductor[95793]: DEBUG cotyledon.oslo_config_glue [-] oslo_limit.service_name = None {{(pid=95793) log_opt_values /opt/stack/data/venv/lib/python3.12/site-packages/oslo_config/cfg.py:3560}}
Aug 17 06:58:16.258358 np0000007460 nova-conductor[95793]: DEBUG cotyledon.oslo_config_glue [-] oslo_limit.service_type = None {{(pid=95793) log_opt_values /opt/stack/data/venv/lib/python3.12/site-packages/oslo_config/cfg.py:3560}}
Aug 17 06:58:16.258358 np0000007460 nova-conductor[95793]: DEBUG cotyledon.oslo_config_glue [-] oslo_limit.split_loggers = False {{(pid=95793) log_opt_values /opt/stack/data/venv/lib/python3.12/site-packages/oslo_config/cfg.py:3560}}
Aug 17 06:58:16.258358 np0000007460 nova-conductor[95793]: DEBUG cotyledon.oslo_config_glue [-] oslo_limit.status_code_retries = None {{(pid=95793) log_opt_values /opt/stack/data/venv/lib/python3.12/site-packages/oslo_config/cfg.py:3560}}
Aug 17 06:58:16.258358 np0000007460 nova-conductor[95793]: DEBUG cotyledon.oslo_config_glue [-] oslo_limit.status_code_retry_delay = None {{(pid=95793) log_opt_values /opt/stack/data/venv/lib/python3.12/site-packages/oslo_config/cfg.py:3560}}
Aug 17 06:58:16.258358 np0000007460 nova-conductor[95793]: DEBUG cotyledon.oslo_config_glue [-] oslo_limit.timeout = None {{(pid=95793) log_opt_values /opt/stack/data/venv/lib/python3.12/site-packages/oslo_config/cfg.py:3560}}
Aug 17 06:58:16.258358 np0000007460 nova-conductor[95793]: DEBUG cotyledon.oslo_config_glue [-] oslo_limit.valid_interfaces = None {{(pid=95793) log_opt_values /opt/stack/data/venv/lib/python3.12/site-packages/oslo_config/cfg.py:3560}}
Aug 17 06:58:16.258358 np0000007460 nova-conductor[95793]: DEBUG cotyledon.oslo_config_glue [-] oslo_limit.version = None {{(pid=95793) log_opt_values /opt/stack/data/venv/lib/python3.12/site-packages/oslo_config/cfg.py:3560}}
Aug 17 06:58:16.258651 np0000007460 nova-conductor[95793]: DEBUG cotyledon.oslo_config_glue [-] oslo_reports.file_event_handler = None {{(pid=95793) log_opt_values /opt/stack/data/venv/lib/python3.12/site-packages/oslo_config/cfg.py:3560}}
Aug 17 06:58:16.258651 np0000007460 nova-conductor[95793]: DEBUG cotyledon.oslo_config_glue [-] oslo_reports.file_event_handler_interval = 1 {{(pid=95793) log_opt_values /opt/stack/data/venv/lib/python3.12/site-packages/oslo_config/cfg.py:3560}}
Aug 17 06:58:16.258651 np0000007460 nova-conductor[95793]: DEBUG cotyledon.oslo_config_glue [-] oslo_reports.log_dir = None {{(pid=95793) log_opt_values /opt/stack/data/venv/lib/python3.12/site-packages/oslo_config/cfg.py:3560}}
Aug 17 06:58:16.258651 np0000007460 nova-conductor[95793]: DEBUG cotyledon.oslo_config_glue [-] ******************************************************************************** {{(pid=95793) log_opt_values /opt/stack/data/venv/lib/python3.12/site-packages/oslo_config/cfg.py:3567}}
Aug 17 06:58:16.258651 np0000007460 nova-conductor[95793]: DEBUG cotyledon._service_worker [-] Run service ServiceWrapper(2) [95793] {{(pid=95793) wait_forever /opt/stack/data/venv/lib/python3.12/site-packages/cotyledon/_service_worker.py:218}}
Aug 17 06:58:16.258651 np0000007460 nova-conductor[95793]: INFO nova.service [-] Starting conductor node (version 33.1.0)
Aug 17 06:58:16.258651 np0000007460 nova-conductor[95793]: INFO dbcounter [None req-2082a38b-168e-4eee-9420-9b666369f0c0 None None] Registered counter for database nova_cell0
Aug 17 06:58:16.258902 np0000007460 nova-conductor[95784]: DEBUG oslo_db.sqlalchemy.engines [None req-0cfdcd0e-fbef-47c5-b2a5-c068cef48ff4 None None] MySQL server mode set to STRICT_TRANS_TABLES,STRICT_ALL_TABLES,NO_ZERO_IN_DATE,NO_ZERO_DATE,ERROR_FOR_DIVISION_BY_ZERO,TRADITIONAL,NO_ENGINE_SUBSTITUTION {{(pid=95784) _check_effective_sql_mode /opt/stack/data/venv/lib/python3.12/site-packages/oslo_db/sqlalchemy/engines.py:325}}
Aug 17 06:58:16.258949 np0000007460 nova-conductor[95771]: DEBUG oslo_db.sqlalchemy.engines [None req-aa7d66f5-a6f6-41c9-8355-e4615bcec7a3 None None] MySQL server mode set to STRICT_TRANS_TABLES,STRICT_ALL_TABLES,NO_ZERO_IN_DATE,NO_ZERO_DATE,ERROR_FOR_DIVISION_BY_ZERO,TRADITIONAL,NO_ENGINE_SUBSTITUTION {{(pid=95771) _check_effective_sql_mode /opt/stack/data/venv/lib/python3.12/site-packages/oslo_db/sqlalchemy/engines.py:325}}
Aug 17 06:58:16.258996 np0000007460 nova-conductor[95784]: DEBUG dbcounter [-] [95784] Writer thread running {{(pid=95784) stat_writer /opt/stack/data/venv/lib/python3.12/site-packages/dbcounter.py:102}}
Aug 17 06:58:16.259039 np0000007460 nova-conductor[95771]: DEBUG dbcounter [-] [95771] Writer thread running {{(pid=95771) stat_writer /opt/stack/data/venv/lib/python3.12/site-packages/dbcounter.py:102}}
Aug 17 06:58:16.259968 np0000007460 nova-conductor[95793]: DEBUG oslo_db.sqlalchemy.engines [None req-2082a38b-168e-4eee-9420-9b666369f0c0 None None] MySQL server mode set to STRICT_TRANS_TABLES,STRICT_ALL_TABLES,NO_ZERO_IN_DATE,NO_ZERO_DATE,ERROR_FOR_DIVISION_BY_ZERO,TRADITIONAL,NO_ENGINE_SUBSTITUTION {{(pid=95793) _check_effective_sql_mode /opt/stack/data/venv/lib/python3.12/site-packages/oslo_db/sqlalchemy/engines.py:325}}
Aug 17 06:58:16.270362 np0000007460 nova-conductor[95793]: DEBUG dbcounter [-] [95793] Writer thread running {{(pid=95793) stat_writer /opt/stack/data/venv/lib/python3.12/site-packages/dbcounter.py:102}}
Aug 17 06:58:16.270953 np0000007460 nova-conductor[95784]: DEBUG nova.service [None req-0cfdcd0e-fbef-47c5-b2a5-c068cef48ff4 None None] Creating RPC server for service: nova-conductor on topic: conductor {{(pid=95784) start /opt/stack/nova/nova/service.py:262}}
Aug 17 06:58:16.273388 np0000007460 nova-conductor[95793]: DEBUG nova.service [None req-2082a38b-168e-4eee-9420-9b666369f0c0 None None] Creating RPC server for service: nova-conductor on topic: conductor {{(pid=95793) start /opt/stack/nova/nova/service.py:262}}
Aug 17 06:58:16.277101 np0000007460 nova-conductor[95771]: DEBUG nova.service [None req-aa7d66f5-a6f6-41c9-8355-e4615bcec7a3 None None] Creating RPC server for service: nova-conductor on topic: conductor {{(pid=95771) start /opt/stack/nova/nova/service.py:262}}
Aug 17 06:58:16.293753 np0000007460 nova-conductor[95771]: DEBUG nova.service [None req-aa7d66f5-a6f6-41c9-8355-e4615bcec7a3 None None] Join ServiceGroup membership for this service conductor {{(pid=95771) start /opt/stack/nova/nova/service.py:288}}
Aug 17 06:58:16.293994 np0000007460 nova-conductor[95771]: DEBUG nova.servicegroup.drivers.db [None req-aa7d66f5-a6f6-41c9-8355-e4615bcec7a3 None None] DB_Driver: join new ServiceGroup member np0000007460 to the conductor group, service = {{(pid=95771) join /opt/stack/nova/nova/servicegroup/drivers/db.py:44}}
Aug 17 06:58:16.294927 np0000007460 nova-conductor[95784]: DEBUG nova.service [None req-0cfdcd0e-fbef-47c5-b2a5-c068cef48ff4 None None] Join ServiceGroup membership for this service conductor {{(pid=95784) start /opt/stack/nova/nova/service.py:288}}
Aug 17 06:58:16.295315 np0000007460 nova-conductor[95784]: DEBUG nova.servicegroup.drivers.db [None req-0cfdcd0e-fbef-47c5-b2a5-c068cef48ff4 None None] DB_Driver: join new ServiceGroup member np0000007460 to the conductor group, service = {{(pid=95784) join /opt/stack/nova/nova/servicegroup/drivers/db.py:44}}
Aug 17 06:58:16.298607 np0000007460 nova-conductor[95793]: DEBUG nova.service [None req-2082a38b-168e-4eee-9420-9b666369f0c0 None None] Join ServiceGroup membership for this service conductor {{(pid=95793) start /opt/stack/nova/nova/service.py:288}}
Aug 17 06:58:16.298796 np0000007460 nova-conductor[95793]: DEBUG nova.servicegroup.drivers.db [None req-2082a38b-168e-4eee-9420-9b666369f0c0 None None] DB_Driver: join new ServiceGroup member np0000007460 to the conductor group, service = {{(pid=95793) join /opt/stack/nova/nova/servicegroup/drivers/db.py:44}}
Aug 17 06:58:20.297357 np0000007460 nova-conductor[95771]: DEBUG oslo.service.backend._threading.loopingcall [None req-ea34d26a-0926-41d1-9635-c3d9b7045b5b None None] Dynamic interval looping call 'nova.service.Service.periodic_tasks' sleeping for 60.00 seconds {{(pid=95771) _run_loop /opt/stack/data/venv/lib/python3.12/site-packages/oslo_service/backend/_threading/loopingcall.py:125}}
Aug 17 06:58:21.305567 np0000007460 nova-conductor[95771]: DEBUG oslo.service.backend._threading.loopingcall [-] Fixed interval looping call 'nova.servicegroup.drivers.db.DbDriver._report_state' sleeping for 119.99 seconds {{(pid=95771) _run_loop /opt/stack/data/venv/lib/python3.12/site-packages/oslo_service/backend/_threading/loopingcall.py:125}}
Aug 17 06:58:21.306179 np0000007460 nova-conductor[95784]: DEBUG oslo.service.backend._threading.loopingcall [-] Fixed interval looping call 'nova.servicegroup.drivers.db.DbDriver._report_state' sleeping for 119.99 seconds {{(pid=95784) _run_loop /opt/stack/data/venv/lib/python3.12/site-packages/oslo_service/backend/_threading/loopingcall.py:125}}
Aug 17 06:58:21.313490 np0000007460 nova-conductor[95793]: DEBUG oslo.service.backend._threading.loopingcall [-] Fixed interval looping call 'nova.servicegroup.drivers.db.DbDriver._report_state' sleeping for 119.99 seconds {{(pid=95793) _run_loop /opt/stack/data/venv/lib/python3.12/site-packages/oslo_service/backend/_threading/loopingcall.py:125}}
Aug 17 06:58:24.895550 np0000007460 nova-conductor[94280]: DEBUG dbcounter [-] [94280] Writing DB stats nova_api:SELECT=1 {{(pid=94280) stat_writer /opt/stack/data/venv/lib/python3.12/site-packages/dbcounter.py:115}}
Aug 17 06:58:25.026409 np0000007460 nova-conductor[94280]: DEBUG dbcounter [-] [94280] Writing DB stats nova_cell1:SELECT=1 {{(pid=94280) stat_writer /opt/stack/data/venv/lib/python3.12/site-packages/dbcounter.py:115}}
Aug 17 06:58:25.031617 np0000007460 nova-conductor[94280]: DEBUG dbcounter [-] [94280] Writing DB stats nova_cell0:SELECT=1 {{(pid=94280) stat_writer /opt/stack/data/venv/lib/python3.12/site-packages/dbcounter.py:115}}
Aug 17 06:58:27.297720 np0000007460 nova-conductor[95784]: DEBUG oslo.service.backend._threading.loopingcall [None req-40f70c60-7f61-4b36-8d69-e4179db1cb09 None None] Dynamic interval looping call 'nova.service.Service.periodic_tasks' sleeping for 60.00 seconds {{(pid=95784) _run_loop /opt/stack/data/venv/lib/python3.12/site-packages/oslo_service/backend/_threading/loopingcall.py:125}}
Aug 17 06:58:31.302377 np0000007460 nova-conductor[95771]: DEBUG dbcounter [-] [95771] Writing DB stats nova_cell0:SELECT=5,nova_cell0:INSERT=1,nova_cell0:UPDATE=1 {{(pid=95771) stat_writer /opt/stack/data/venv/lib/python3.12/site-packages/dbcounter.py:115}}
Aug 17 06:58:31.305180 np0000007460 nova-conductor[95784]: DEBUG dbcounter [-] [95784] Writing DB stats nova_cell0:SELECT=4,nova_cell0:INSERT=1,nova_cell0:UPDATE=1 {{(pid=95784) stat_writer /opt/stack/data/venv/lib/python3.12/site-packages/dbcounter.py:115}}
Aug 17 06:58:31.309988 np0000007460 nova-conductor[95793]: DEBUG dbcounter [-] [95793] Writing DB stats nova_cell0:SELECT=3 {{(pid=95793) stat_writer /opt/stack/data/venv/lib/python3.12/site-packages/dbcounter.py:115}}
Aug 17 06:59:10.300954 np0000007460 nova-conductor[95793]: DEBUG oslo.service.backend._threading.loopingcall [None req-a2f696f8-c8a1-4360-b66f-32c316b60a3e None None] Dynamic interval looping call 'nova.service.Service.periodic_tasks' sleeping for 60.00 seconds {{(pid=95793) _run_loop /opt/stack/data/venv/lib/python3.12/site-packages/oslo_service/backend/_threading/loopingcall.py:125}}
Aug 17 06:59:20.296869 np0000007460 nova-conductor[95771]: DEBUG oslo.service.backend._threading.loopingcall [None req-ea34d26a-0926-41d1-9635-c3d9b7045b5b None None] Dynamic interval looping call 'nova.service.Service.periodic_tasks' sleeping for 60.00 seconds {{(pid=95771) _run_loop /opt/stack/data/venv/lib/python3.12/site-packages/oslo_service/backend/_threading/loopingcall.py:125}}
Aug 17 06:59:27.298376 np0000007460 nova-conductor[95784]: DEBUG oslo.service.backend._threading.loopingcall [None req-40f70c60-7f61-4b36-8d69-e4179db1cb09 None None] Dynamic interval looping call 'nova.service.Service.periodic_tasks' sleeping for 60.00 seconds {{(pid=95784) _run_loop /opt/stack/data/venv/lib/python3.12/site-packages/oslo_service/backend/_threading/loopingcall.py:125}}
Aug 17 07:00:10.301651 np0000007460 nova-conductor[95793]: DEBUG oslo.service.backend._threading.loopingcall [None req-a2f696f8-c8a1-4360-b66f-32c316b60a3e None None] Dynamic interval looping call 'nova.service.Service.periodic_tasks' sleeping for 60.00 seconds {{(pid=95793) _run_loop /opt/stack/data/venv/lib/python3.12/site-packages/oslo_service/backend/_threading/loopingcall.py:125}}
Aug 17 07:00:20.297421 np0000007460 nova-conductor[95771]: DEBUG oslo.service.backend._threading.loopingcall [None req-ea34d26a-0926-41d1-9635-c3d9b7045b5b None None] Dynamic interval looping call 'nova.service.Service.periodic_tasks' sleeping for 60.00 seconds {{(pid=95771) _run_loop /opt/stack/data/venv/lib/python3.12/site-packages/oslo_service/backend/_threading/loopingcall.py:125}}
Aug 17 07:00:21.310779 np0000007460 nova-conductor[95771]: DEBUG oslo.service.backend._threading.loopingcall [-] Fixed interval looping call 'nova.servicegroup.drivers.db.DbDriver._report_state' sleeping for 119.99 seconds {{(pid=95771) _run_loop /opt/stack/data/venv/lib/python3.12/site-packages/oslo_service/backend/_threading/loopingcall.py:125}}
Aug 17 07:00:21.312469 np0000007460 nova-conductor[95784]: DEBUG oslo.service.backend._threading.loopingcall [-] Fixed interval looping call 'nova.servicegroup.drivers.db.DbDriver._report_state' sleeping for 119.98 seconds {{(pid=95784) _run_loop /opt/stack/data/venv/lib/python3.12/site-packages/oslo_service/backend/_threading/loopingcall.py:125}}
Aug 17 07:00:21.315395 np0000007460 nova-conductor[95793]: DEBUG oslo.service.backend._threading.loopingcall [-] Fixed interval looping call 'nova.servicegroup.drivers.db.DbDriver._report_state' sleeping for 119.99 seconds {{(pid=95793) _run_loop /opt/stack/data/venv/lib/python3.12/site-packages/oslo_service/backend/_threading/loopingcall.py:125}}
Aug 17 07:00:27.299276 np0000007460 nova-conductor[95784]: DEBUG oslo.service.backend._threading.loopingcall [None req-40f70c60-7f61-4b36-8d69-e4179db1cb09 None None] Dynamic interval looping call 'nova.service.Service.periodic_tasks' sleeping for 60.00 seconds {{(pid=95784) _run_loop /opt/stack/data/venv/lib/python3.12/site-packages/oslo_service/backend/_threading/loopingcall.py:125}}
Aug 17 07:00:31.306098 np0000007460 nova-conductor[95771]: DEBUG dbcounter [-] [95771] Writing DB stats nova_cell0:SELECT=1,nova_cell0:UPDATE=1 {{(pid=95771) stat_writer /opt/stack/data/venv/lib/python3.12/site-packages/dbcounter.py:115}}
Aug 17 07:00:31.306639 np0000007460 nova-conductor[95784]: DEBUG dbcounter [-] [95784] Writing DB stats nova_cell0:SELECT=1,nova_cell0:UPDATE=1 {{(pid=95784) stat_writer /opt/stack/data/venv/lib/python3.12/site-packages/dbcounter.py:115}}
Aug 17 07:00:31.309984 np0000007460 nova-conductor[95793]: DEBUG dbcounter [-] [95793] Writing DB stats nova_cell0:SELECT=1,nova_cell0:UPDATE=1 {{(pid=95793) stat_writer /opt/stack/data/venv/lib/python3.12/site-packages/dbcounter.py:115}}
Aug 17 07:00:34.768974 np0000007460 nova-conductor[95771]: DEBUG oslo_db.sqlalchemy.engines [None req-b7a1e42f-8ce4-4882-b28c-081777af402e tempest-ImageDependencyTests-283765234 tempest-ImageDependencyTests-283765234-project-member] Parent process 94280 forked (95771) with an open database connection, which is being discarded and recreated. {{(pid=95771) checkout /opt/stack/data/venv/lib/python3.12/site-packages/oslo_db/sqlalchemy/engines.py:402}}
Aug 17 07:00:34.806416 np0000007460 nova-conductor[95771]: DEBUG dbcounter [-] [95771] Writer thread running {{(pid=95771) stat_writer /opt/stack/data/venv/lib/python3.12/site-packages/dbcounter.py:102}}
Aug 17 07:00:35.617687 np0000007460 nova-conductor[95771]: DEBUG nova.conductor.manager [None req-b7a1e42f-8ce4-4882-b28c-081777af402e tempest-ImageDependencyTests-283765234 tempest-ImageDependencyTests-283765234-project-member] Took 0.81 seconds to select destinations for 1 instance(s). {{(pid=95771) _schedule_instances /opt/stack/nova/nova/conductor/manager.py:956}}
Aug 17 07:00:35.649194 np0000007460 nova-conductor[95771]: DEBUG oslo_concurrency.lockutils [None req-b7a1e42f-8ce4-4882-b28c-081777af402e tempest-ImageDependencyTests-283765234 tempest-ImageDependencyTests-283765234-project-member] Acquiring lock "bf84f6bf-0e9b-4de8-83da-42d82a9068f5" by "nova.context.set_target_cell..get_or_set_cached_cell_and_set_connections" {{(pid=95771) inner /opt/stack/data/venv/lib/python3.12/site-packages/oslo_concurrency/lockutils.py:512}}
Aug 17 07:00:35.649468 np0000007460 nova-conductor[95771]: DEBUG oslo_concurrency.lockutils [None req-b7a1e42f-8ce4-4882-b28c-081777af402e tempest-ImageDependencyTests-283765234 tempest-ImageDependencyTests-283765234-project-member] Lock "bf84f6bf-0e9b-4de8-83da-42d82a9068f5" acquired by "nova.context.set_target_cell..get_or_set_cached_cell_and_set_connections" :: waited 0.000s {{(pid=95771) inner /opt/stack/data/venv/lib/python3.12/site-packages/oslo_concurrency/lockutils.py:525}}
Aug 17 07:00:35.651001 np0000007460 nova-conductor[95771]: DEBUG oslo_concurrency.lockutils [None req-b7a1e42f-8ce4-4882-b28c-081777af402e tempest-ImageDependencyTests-283765234 tempest-ImageDependencyTests-283765234-project-member] Lock "bf84f6bf-0e9b-4de8-83da-42d82a9068f5" "released" by "nova.context.set_target_cell..get_or_set_cached_cell_and_set_connections" :: held 0.001s {{(pid=95771) inner /opt/stack/data/venv/lib/python3.12/site-packages/oslo_concurrency/lockutils.py:544}}
Aug 17 07:00:35.652706 np0000007460 nova-conductor[95771]: INFO dbcounter [None req-b7a1e42f-8ce4-4882-b28c-081777af402e tempest-ImageDependencyTests-283765234 tempest-ImageDependencyTests-283765234-project-member] Registered counter for database nova_cell1
Aug 17 07:00:35.682862 np0000007460 nova-conductor[95771]: DEBUG oslo_db.sqlalchemy.engines [None req-b7a1e42f-8ce4-4882-b28c-081777af402e tempest-ImageDependencyTests-283765234 tempest-ImageDependencyTests-283765234-project-member] MySQL server mode set to STRICT_TRANS_TABLES,STRICT_ALL_TABLES,NO_ZERO_IN_DATE,NO_ZERO_DATE,ERROR_FOR_DIVISION_BY_ZERO,TRADITIONAL,NO_ENGINE_SUBSTITUTION {{(pid=95771) _check_effective_sql_mode /opt/stack/data/venv/lib/python3.12/site-packages/oslo_db/sqlalchemy/engines.py:325}}
Aug 17 07:00:35.689297 np0000007460 nova-conductor[95771]: DEBUG dbcounter [-] [95771] Writer thread running {{(pid=95771) stat_writer /opt/stack/data/venv/lib/python3.12/site-packages/dbcounter.py:102}}
Aug 17 07:00:35.727194 np0000007460 nova-conductor[95771]: INFO nova.utils [None req-b7a1e42f-8ce4-4882-b28c-081777af402e tempest-ImageDependencyTests-283765234 tempest-ImageDependencyTests-283765234-project-member] The cell worker thread pool ForkProcess-1.cell_worker is initialized
Aug 17 07:00:35.727463 np0000007460 nova-conductor[95771]: DEBUG oslo_concurrency.lockutils [None req-b7a1e42f-8ce4-4882-b28c-081777af402e tempest-ImageDependencyTests-283765234 tempest-ImageDependencyTests-283765234-project-member] Acquiring lock "00000000-0000-0000-0000-000000000000" by "nova.context.set_target_cell..get_or_set_cached_cell_and_set_connections" {{(pid=95771) inner /opt/stack/data/venv/lib/python3.12/site-packages/oslo_concurrency/lockutils.py:512}}
Aug 17 07:00:35.727635 np0000007460 nova-conductor[95771]: DEBUG oslo_concurrency.lockutils [None req-b7a1e42f-8ce4-4882-b28c-081777af402e tempest-ImageDependencyTests-283765234 tempest-ImageDependencyTests-283765234-project-member] Lock "00000000-0000-0000-0000-000000000000" acquired by "nova.context.set_target_cell..get_or_set_cached_cell_and_set_connections" :: waited 0.000s {{(pid=95771) inner /opt/stack/data/venv/lib/python3.12/site-packages/oslo_concurrency/lockutils.py:525}}
Aug 17 07:00:35.727970 np0000007460 nova-conductor[95771]: DEBUG oslo_concurrency.lockutils [None req-b7a1e42f-8ce4-4882-b28c-081777af402e tempest-ImageDependencyTests-283765234 tempest-ImageDependencyTests-283765234-project-member] Lock "00000000-0000-0000-0000-000000000000" "released" by "nova.context.set_target_cell..get_or_set_cached_cell_and_set_connections" :: held 0.000s {{(pid=95771) inner /opt/stack/data/venv/lib/python3.12/site-packages/oslo_concurrency/lockutils.py:544}}
Aug 17 07:00:35.728606 np0000007460 nova-conductor[95771]: DEBUG oslo_concurrency.lockutils [None req-b7a1e42f-8ce4-4882-b28c-081777af402e tempest-ImageDependencyTests-283765234 tempest-ImageDependencyTests-283765234-project-member] Acquiring lock "bf84f6bf-0e9b-4de8-83da-42d82a9068f5" by "nova.context.set_target_cell..get_or_set_cached_cell_and_set_connections" {{(pid=95771) inner /opt/stack/data/venv/lib/python3.12/site-packages/oslo_concurrency/lockutils.py:512}}
Aug 17 07:00:35.730022 np0000007460 nova-conductor[95771]: INFO dbcounter [None req-b7a1e42f-8ce4-4882-b28c-081777af402e tempest-ImageDependencyTests-283765234 tempest-ImageDependencyTests-283765234-project-member] Registered counter for database nova_cell0
Aug 17 07:00:35.731333 np0000007460 nova-conductor[95771]: DEBUG oslo_concurrency.lockutils [None req-b7a1e42f-8ce4-4882-b28c-081777af402e tempest-ImageDependencyTests-283765234 tempest-ImageDependencyTests-283765234-project-member] Lock "bf84f6bf-0e9b-4de8-83da-42d82a9068f5" acquired by "nova.context.set_target_cell..get_or_set_cached_cell_and_set_connections" :: waited 0.001s {{(pid=95771) inner /opt/stack/data/venv/lib/python3.12/site-packages/oslo_concurrency/lockutils.py:525}}
Aug 17 07:00:35.731480 np0000007460 nova-conductor[95771]: DEBUG oslo_concurrency.lockutils [None req-b7a1e42f-8ce4-4882-b28c-081777af402e tempest-ImageDependencyTests-283765234 tempest-ImageDependencyTests-283765234-project-member] Lock "bf84f6bf-0e9b-4de8-83da-42d82a9068f5" "released" by "nova.context.set_target_cell..get_or_set_cached_cell_and_set_connections" :: held 0.002s {{(pid=95771) inner /opt/stack/data/venv/lib/python3.12/site-packages/oslo_concurrency/lockutils.py:544}}
Aug 17 07:00:35.766086 np0000007460 nova-conductor[95771]: DEBUG oslo_db.sqlalchemy.engines [None req-b7a1e42f-8ce4-4882-b28c-081777af402e tempest-ImageDependencyTests-283765234 tempest-ImageDependencyTests-283765234-project-member] MySQL server mode set to STRICT_TRANS_TABLES,STRICT_ALL_TABLES,NO_ZERO_IN_DATE,NO_ZERO_DATE,ERROR_FOR_DIVISION_BY_ZERO,TRADITIONAL,NO_ENGINE_SUBSTITUTION {{(pid=95771) _check_effective_sql_mode /opt/stack/data/venv/lib/python3.12/site-packages/oslo_db/sqlalchemy/engines.py:325}}
Aug 17 07:00:35.772403 np0000007460 nova-conductor[95771]: DEBUG dbcounter [-] [95771] Writer thread running {{(pid=95771) stat_writer /opt/stack/data/venv/lib/python3.12/site-packages/dbcounter.py:102}}
Aug 17 07:00:35.783229 np0000007460 nova-conductor[95771]: DEBUG nova.quota [None req-b7a1e42f-8ce4-4882-b28c-081777af402e tempest-ImageDependencyTests-283765234 tempest-ImageDependencyTests-283765234-project-member] Getting quotas for project 52d2cbda872f4f7caaf40223f2e3078f. Resources: {'ram', 'cores', 'instances'} {{(pid=95771) _get_quotas /opt/stack/nova/nova/quota.py:389}}
Aug 17 07:00:35.786397 np0000007460 nova-conductor[95771]: DEBUG nova.quota [None req-b7a1e42f-8ce4-4882-b28c-081777af402e tempest-ImageDependencyTests-283765234 tempest-ImageDependencyTests-283765234-project-member] Getting quotas for user 0cd2d9e63f8342bb84b59e5d475ea187 and project 52d2cbda872f4f7caaf40223f2e3078f. Resources: {'ram', 'cores', 'instances'} {{(pid=95771) _get_quotas /opt/stack/nova/nova/quota.py:379}}
Aug 17 07:00:35.791159 np0000007460 nova-conductor[95771]: DEBUG nova.conductor.manager [None req-b7a1e42f-8ce4-4882-b28c-081777af402e tempest-ImageDependencyTests-283765234 tempest-ImageDependencyTests-283765234-project-member] [instance: bf89404f-1ea9-470e-9c48-9f57d005b3f1] Selected host: np0000007460; Selected node: np0000007460; Alternates: [] {{(pid=95771) schedule_and_build_instances /opt/stack/nova/nova/conductor/manager.py:1772}}
Aug 17 07:00:35.791450 np0000007460 nova-conductor[95771]: DEBUG oslo_concurrency.lockutils [None req-b7a1e42f-8ce4-4882-b28c-081777af402e tempest-ImageDependencyTests-283765234 tempest-ImageDependencyTests-283765234-project-member] Acquiring lock "bf84f6bf-0e9b-4de8-83da-42d82a9068f5" by "nova.context.set_target_cell..get_or_set_cached_cell_and_set_connections" {{(pid=95771) inner /opt/stack/data/venv/lib/python3.12/site-packages/oslo_concurrency/lockutils.py:512}}
Aug 17 07:00:35.791594 np0000007460 nova-conductor[95771]: DEBUG oslo_concurrency.lockutils [None req-b7a1e42f-8ce4-4882-b28c-081777af402e tempest-ImageDependencyTests-283765234 tempest-ImageDependencyTests-283765234-project-member] Lock "bf84f6bf-0e9b-4de8-83da-42d82a9068f5" acquired by "nova.context.set_target_cell..get_or_set_cached_cell_and_set_connections" :: waited 0.000s {{(pid=95771) inner /opt/stack/data/venv/lib/python3.12/site-packages/oslo_concurrency/lockutils.py:525}}
Aug 17 07:00:35.791692 np0000007460 nova-conductor[95771]: DEBUG oslo_concurrency.lockutils [None req-b7a1e42f-8ce4-4882-b28c-081777af402e tempest-ImageDependencyTests-283765234 tempest-ImageDependencyTests-283765234-project-member] Lock "bf84f6bf-0e9b-4de8-83da-42d82a9068f5" "released" by "nova.context.set_target_cell..get_or_set_cached_cell_and_set_connections" :: held 0.000s {{(pid=95771) inner /opt/stack/data/venv/lib/python3.12/site-packages/oslo_concurrency/lockutils.py:544}}
Aug 17 07:00:35.798106 np0000007460 nova-conductor[95771]: DEBUG nova.conductor.manager [None req-b7a1e42f-8ce4-4882-b28c-081777af402e tempest-ImageDependencyTests-283765234 tempest-ImageDependencyTests-283765234-project-member] [instance: bf89404f-1ea9-470e-9c48-9f57d005b3f1] block_device_mapping [BlockDeviceMapping(attachment_id=8907b6c0-71cb-4ddd-92d2-d6673457df3b,boot_index=0,connection_info=None,created_at=,delete_on_termination=True,deleted=,deleted_at=,destination_type='volume',device_name=None,device_type=None,disk_bus=None,encrypted=False,encryption_format=None,encryption_options=None,encryption_secret_uuid=None,guest_format=None,id=,image_id=None,instance=,instance_uuid=,no_device=False,snapshot_id=None,source_type='volume',tag=None,updated_at=,uuid=,volume_id='9e29ebf4-c4ea-4d93-8d73-601e83efa871',volume_size=1,volume_type=None)] {{(pid=95771) _create_block_device_mapping /opt/stack/nova/nova/conductor/manager.py:1517}}
Aug 17 07:00:35.799340 np0000007460 nova-conductor[95771]: DEBUG oslo_concurrency.lockutils [None req-b7a1e42f-8ce4-4882-b28c-081777af402e tempest-ImageDependencyTests-283765234 tempest-ImageDependencyTests-283765234-project-member] Acquiring lock "bf84f6bf-0e9b-4de8-83da-42d82a9068f5" by "nova.context.set_target_cell..get_or_set_cached_cell_and_set_connections" {{(pid=95771) inner /opt/stack/data/venv/lib/python3.12/site-packages/oslo_concurrency/lockutils.py:512}}
Aug 17 07:00:35.799463 np0000007460 nova-conductor[95771]: DEBUG oslo_concurrency.lockutils [None req-b7a1e42f-8ce4-4882-b28c-081777af402e tempest-ImageDependencyTests-283765234 tempest-ImageDependencyTests-283765234-project-member] Lock "bf84f6bf-0e9b-4de8-83da-42d82a9068f5" acquired by "nova.context.set_target_cell..get_or_set_cached_cell_and_set_connections" :: waited 0.000s {{(pid=95771) inner /opt/stack/data/venv/lib/python3.12/site-packages/oslo_concurrency/lockutils.py:525}}
Aug 17 07:00:35.799553 np0000007460 nova-conductor[95771]: DEBUG oslo_concurrency.lockutils [None req-b7a1e42f-8ce4-4882-b28c-081777af402e tempest-ImageDependencyTests-283765234 tempest-ImageDependencyTests-283765234-project-member] Lock "bf84f6bf-0e9b-4de8-83da-42d82a9068f5" "released" by "nova.context.set_target_cell..get_or_set_cached_cell_and_set_connections" :: held 0.000s {{(pid=95771) inner /opt/stack/data/venv/lib/python3.12/site-packages/oslo_concurrency/lockutils.py:544}}
Aug 17 07:00:35.835626 np0000007460 nova-conductor[95771]: DEBUG oslo_concurrency.lockutils [None req-b7a1e42f-8ce4-4882-b28c-081777af402e tempest-ImageDependencyTests-283765234 tempest-ImageDependencyTests-283765234-project-member] Acquiring lock "bf84f6bf-0e9b-4de8-83da-42d82a9068f5" by "nova.context.set_target_cell..get_or_set_cached_cell_and_set_connections" {{(pid=95771) inner /opt/stack/data/venv/lib/python3.12/site-packages/oslo_concurrency/lockutils.py:512}}
Aug 17 07:00:35.835831 np0000007460 nova-conductor[95771]: DEBUG oslo_concurrency.lockutils [None req-b7a1e42f-8ce4-4882-b28c-081777af402e tempest-ImageDependencyTests-283765234 tempest-ImageDependencyTests-283765234-project-member] Lock "bf84f6bf-0e9b-4de8-83da-42d82a9068f5" acquired by "nova.context.set_target_cell..get_or_set_cached_cell_and_set_connections" :: waited 0.000s {{(pid=95771) inner /opt/stack/data/venv/lib/python3.12/site-packages/oslo_concurrency/lockutils.py:525}}
Aug 17 07:00:35.836033 np0000007460 nova-conductor[95771]: DEBUG oslo_concurrency.lockutils [None req-b7a1e42f-8ce4-4882-b28c-081777af402e tempest-ImageDependencyTests-283765234 tempest-ImageDependencyTests-283765234-project-member] Lock "bf84f6bf-0e9b-4de8-83da-42d82a9068f5" "released" by "nova.context.set_target_cell..get_or_set_cached_cell_and_set_connections" :: held 0.000s {{(pid=95771) inner /opt/stack/data/venv/lib/python3.12/site-packages/oslo_concurrency/lockutils.py:544}}
Aug 17 07:00:35.836306 np0000007460 nova-conductor[95771]: DEBUG oslo_concurrency.lockutils [None req-b7a1e42f-8ce4-4882-b28c-081777af402e tempest-ImageDependencyTests-283765234 tempest-ImageDependencyTests-283765234-project-member] Acquiring lock "compute-rpcapi-router" {{(pid=95771) lock /opt/stack/data/venv/lib/python3.12/site-packages/oslo_concurrency/lockutils.py:396}}
Aug 17 07:00:35.836440 np0000007460 nova-conductor[95771]: DEBUG oslo_concurrency.lockutils [None req-b7a1e42f-8ce4-4882-b28c-081777af402e tempest-ImageDependencyTests-283765234 tempest-ImageDependencyTests-283765234-project-member] Acquired lock "compute-rpcapi-router" {{(pid=95771) lock /opt/stack/data/venv/lib/python3.12/site-packages/oslo_concurrency/lockutils.py:399}}
Aug 17 07:00:35.836896 np0000007460 nova-conductor[95771]: DEBUG oslo_concurrency.lockutils [None req-d956506e-94a9-4ea2-b143-628c1f66d894 None None] Acquiring lock "00000000-0000-0000-0000-000000000000" by "nova.context.set_target_cell..get_or_set_cached_cell_and_set_connections" {{(pid=95771) inner /opt/stack/data/venv/lib/python3.12/site-packages/oslo_concurrency/lockutils.py:512}}
Aug 17 07:00:35.837034 np0000007460 nova-conductor[95771]: DEBUG oslo_concurrency.lockutils [None req-d956506e-94a9-4ea2-b143-628c1f66d894 None None] Lock "00000000-0000-0000-0000-000000000000" acquired by "nova.context.set_target_cell..get_or_set_cached_cell_and_set_connections" :: waited 0.000s {{(pid=95771) inner /opt/stack/data/venv/lib/python3.12/site-packages/oslo_concurrency/lockutils.py:525}}
Aug 17 07:00:35.837197 np0000007460 nova-conductor[95771]: DEBUG oslo_concurrency.lockutils [None req-d956506e-94a9-4ea2-b143-628c1f66d894 None None] Lock "00000000-0000-0000-0000-000000000000" "released" by "nova.context.set_target_cell..get_or_set_cached_cell_and_set_connections" :: held 0.000s {{(pid=95771) inner /opt/stack/data/venv/lib/python3.12/site-packages/oslo_concurrency/lockutils.py:544}}
Aug 17 07:00:35.837941 np0000007460 nova-conductor[95771]: DEBUG oslo_concurrency.lockutils [None req-d956506e-94a9-4ea2-b143-628c1f66d894 None None] Acquiring lock "bf84f6bf-0e9b-4de8-83da-42d82a9068f5" by "nova.context.set_target_cell..get_or_set_cached_cell_and_set_connections" {{(pid=95771) inner /opt/stack/data/venv/lib/python3.12/site-packages/oslo_concurrency/lockutils.py:512}}
Aug 17 07:00:35.839040 np0000007460 nova-conductor[95771]: DEBUG oslo_concurrency.lockutils [None req-d956506e-94a9-4ea2-b143-628c1f66d894 None None] Lock "bf84f6bf-0e9b-4de8-83da-42d82a9068f5" acquired by "nova.context.set_target_cell..get_or_set_cached_cell_and_set_connections" :: waited 0.000s {{(pid=95771) inner /opt/stack/data/venv/lib/python3.12/site-packages/oslo_concurrency/lockutils.py:525}}
Aug 17 07:00:35.839194 np0000007460 nova-conductor[95771]: DEBUG oslo_concurrency.lockutils [None req-d956506e-94a9-4ea2-b143-628c1f66d894 None None] Lock "bf84f6bf-0e9b-4de8-83da-42d82a9068f5" "released" by "nova.context.set_target_cell..get_or_set_cached_cell_and_set_connections" :: held 0.001s {{(pid=95771) inner /opt/stack/data/venv/lib/python3.12/site-packages/oslo_concurrency/lockutils.py:544}}
Aug 17 07:00:35.846318 np0000007460 nova-conductor[95771]: INFO nova.compute.rpcapi [None req-d956506e-94a9-4ea2-b143-628c1f66d894 None None] Automatically selected compute RPC version 6.5 from minimum service version 72
Aug 17 07:00:35.846451 np0000007460 nova-conductor[95771]: DEBUG oslo_concurrency.lockutils [None req-d956506e-94a9-4ea2-b143-628c1f66d894 None None] Releasing lock "compute-rpcapi-router" {{(pid=95771) lock /opt/stack/data/venv/lib/python3.12/site-packages/oslo_concurrency/lockutils.py:419}}
Aug 17 07:00:42.051526 np0000007460 nova-conductor[95784]: DEBUG dbcounter [-] [95784] Writer thread running {{(pid=95784) stat_writer /opt/stack/data/venv/lib/python3.12/site-packages/dbcounter.py:102}}
Aug 17 07:00:42.482926 np0000007460 nova-conductor[95784]: DEBUG nova.conductor.manager [None req-b627e676-bca8-4d98-9dd6-51f0c3be39bf tempest-ServerActionsTestOtherA-1276739658 tempest-ServerActionsTestOtherA-1276739658-project-member] Took 0.43 seconds to select destinations for 1 instance(s). {{(pid=95784) _schedule_instances /opt/stack/nova/nova/conductor/manager.py:956}}
Aug 17 07:00:42.515452 np0000007460 nova-conductor[95784]: DEBUG oslo_concurrency.lockutils [None req-b627e676-bca8-4d98-9dd6-51f0c3be39bf tempest-ServerActionsTestOtherA-1276739658 tempest-ServerActionsTestOtherA-1276739658-project-member] Acquiring lock "bf84f6bf-0e9b-4de8-83da-42d82a9068f5" by "nova.context.set_target_cell..get_or_set_cached_cell_and_set_connections" {{(pid=95784) inner /opt/stack/data/venv/lib/python3.12/site-packages/oslo_concurrency/lockutils.py:512}}
Aug 17 07:00:42.515715 np0000007460 nova-conductor[95784]: DEBUG oslo_concurrency.lockutils [None req-b627e676-bca8-4d98-9dd6-51f0c3be39bf tempest-ServerActionsTestOtherA-1276739658 tempest-ServerActionsTestOtherA-1276739658-project-member] Lock "bf84f6bf-0e9b-4de8-83da-42d82a9068f5" acquired by "nova.context.set_target_cell..get_or_set_cached_cell_and_set_connections" :: waited 0.000s {{(pid=95784) inner /opt/stack/data/venv/lib/python3.12/site-packages/oslo_concurrency/lockutils.py:525}}
Aug 17 07:00:42.517444 np0000007460 nova-conductor[95784]: DEBUG oslo_concurrency.lockutils [None req-b627e676-bca8-4d98-9dd6-51f0c3be39bf tempest-ServerActionsTestOtherA-1276739658 tempest-ServerActionsTestOtherA-1276739658-project-member] Lock "bf84f6bf-0e9b-4de8-83da-42d82a9068f5" "released" by "nova.context.set_target_cell..get_or_set_cached_cell_and_set_connections" :: held 0.002s {{(pid=95784) inner /opt/stack/data/venv/lib/python3.12/site-packages/oslo_concurrency/lockutils.py:544}}
Aug 17 07:00:42.519801 np0000007460 nova-conductor[95784]: INFO dbcounter [None req-b627e676-bca8-4d98-9dd6-51f0c3be39bf tempest-ServerActionsTestOtherA-1276739658 tempest-ServerActionsTestOtherA-1276739658-project-member] Registered counter for database nova_cell1
Aug 17 07:00:42.568431 np0000007460 nova-conductor[95784]: DEBUG oslo_db.sqlalchemy.engines [None req-b627e676-bca8-4d98-9dd6-51f0c3be39bf tempest-ServerActionsTestOtherA-1276739658 tempest-ServerActionsTestOtherA-1276739658-project-member] MySQL server mode set to STRICT_TRANS_TABLES,STRICT_ALL_TABLES,NO_ZERO_IN_DATE,NO_ZERO_DATE,ERROR_FOR_DIVISION_BY_ZERO,TRADITIONAL,NO_ENGINE_SUBSTITUTION {{(pid=95784) _check_effective_sql_mode /opt/stack/data/venv/lib/python3.12/site-packages/oslo_db/sqlalchemy/engines.py:325}}
Aug 17 07:00:42.573608 np0000007460 nova-conductor[95784]: DEBUG dbcounter [-] [95784] Writer thread running {{(pid=95784) stat_writer /opt/stack/data/venv/lib/python3.12/site-packages/dbcounter.py:102}}
Aug 17 07:00:42.629403 np0000007460 nova-conductor[95784]: INFO nova.utils [None req-b627e676-bca8-4d98-9dd6-51f0c3be39bf tempest-ServerActionsTestOtherA-1276739658 tempest-ServerActionsTestOtherA-1276739658-project-member] The cell worker thread pool ForkProcess-2.cell_worker is initialized
Aug 17 07:00:42.629786 np0000007460 nova-conductor[95784]: DEBUG oslo_concurrency.lockutils [None req-b627e676-bca8-4d98-9dd6-51f0c3be39bf tempest-ServerActionsTestOtherA-1276739658 tempest-ServerActionsTestOtherA-1276739658-project-member] Acquiring lock "00000000-0000-0000-0000-000000000000" by "nova.context.set_target_cell..get_or_set_cached_cell_and_set_connections" {{(pid=95784) inner /opt/stack/data/venv/lib/python3.12/site-packages/oslo_concurrency/lockutils.py:512}}
Aug 17 07:00:42.630011 np0000007460 nova-conductor[95784]: DEBUG oslo_concurrency.lockutils [None req-b627e676-bca8-4d98-9dd6-51f0c3be39bf tempest-ServerActionsTestOtherA-1276739658 tempest-ServerActionsTestOtherA-1276739658-project-member] Lock "00000000-0000-0000-0000-000000000000" acquired by "nova.context.set_target_cell..get_or_set_cached_cell_and_set_connections" :: waited 0.000s {{(pid=95784) inner /opt/stack/data/venv/lib/python3.12/site-packages/oslo_concurrency/lockutils.py:525}}
Aug 17 07:00:42.630483 np0000007460 nova-conductor[95784]: DEBUG oslo_concurrency.lockutils [None req-b627e676-bca8-4d98-9dd6-51f0c3be39bf tempest-ServerActionsTestOtherA-1276739658 tempest-ServerActionsTestOtherA-1276739658-project-member] Lock "00000000-0000-0000-0000-000000000000" "released" by "nova.context.set_target_cell..get_or_set_cached_cell_and_set_connections" :: held 0.000s {{(pid=95784) inner /opt/stack/data/venv/lib/python3.12/site-packages/oslo_concurrency/lockutils.py:544}}
Aug 17 07:00:42.631303 np0000007460 nova-conductor[95784]: DEBUG oslo_concurrency.lockutils [None req-b627e676-bca8-4d98-9dd6-51f0c3be39bf tempest-ServerActionsTestOtherA-1276739658 tempest-ServerActionsTestOtherA-1276739658-project-member] Acquiring lock "bf84f6bf-0e9b-4de8-83da-42d82a9068f5" by "nova.context.set_target_cell..get_or_set_cached_cell_and_set_connections" {{(pid=95784) inner /opt/stack/data/venv/lib/python3.12/site-packages/oslo_concurrency/lockutils.py:512}}
Aug 17 07:00:42.631436 np0000007460 nova-conductor[95784]: DEBUG oslo_concurrency.lockutils [None req-b627e676-bca8-4d98-9dd6-51f0c3be39bf tempest-ServerActionsTestOtherA-1276739658 tempest-ServerActionsTestOtherA-1276739658-project-member] Lock "bf84f6bf-0e9b-4de8-83da-42d82a9068f5" acquired by "nova.context.set_target_cell..get_or_set_cached_cell_and_set_connections" :: waited 0.000s {{(pid=95784) inner /opt/stack/data/venv/lib/python3.12/site-packages/oslo_concurrency/lockutils.py:525}}
Aug 17 07:00:42.633273 np0000007460 nova-conductor[95784]: INFO dbcounter [None req-b627e676-bca8-4d98-9dd6-51f0c3be39bf tempest-ServerActionsTestOtherA-1276739658 tempest-ServerActionsTestOtherA-1276739658-project-member] Registered counter for database nova_cell0
Aug 17 07:00:42.635573 np0000007460 nova-conductor[95784]: DEBUG oslo_concurrency.lockutils [None req-b627e676-bca8-4d98-9dd6-51f0c3be39bf tempest-ServerActionsTestOtherA-1276739658 tempest-ServerActionsTestOtherA-1276739658-project-member] Lock "bf84f6bf-0e9b-4de8-83da-42d82a9068f5" "released" by "nova.context.set_target_cell..get_or_set_cached_cell_and_set_connections" :: held 0.001s {{(pid=95784) inner /opt/stack/data/venv/lib/python3.12/site-packages/oslo_concurrency/lockutils.py:544}}
