Jun 05 15:36:00.299850 np0000002225 devstack@g-api.service[98892]: DEBUG glance.common.config [None req-f5a39de6-7548-4f52-bc81-4982ca581480 None None] database.sqlite_synchronous = True {{(pid=98892) log_opt_values /opt/stack/data/venv/lib/python3.12/site-packages/oslo_config/cfg.py:3256}}
Jun 05 15:36:00.299891 np0000002225 devstack@g-api.service[98893]: DEBUG glance.common.config [None req-196b0b50-19f9-4437-9b71-f0060ee3eb6e None None] database.backend = sqlalchemy {{(pid=98893) log_opt_values /opt/stack/data/venv/lib/python3.12/site-packages/oslo_config/cfg.py:3256}}
Jun 05 15:36:00.299938 np0000002225 devstack@g-api.service[98892]: DEBUG glance.common.config [None req-f5a39de6-7548-4f52-bc81-4982ca581480 None None] database.synchronous_reader = True {{(pid=98892) log_opt_values /opt/stack/data/venv/lib/python3.12/site-packages/oslo_config/cfg.py:3256}}
Jun 05 15:36:00.299966 np0000002225 devstack@g-api.service[98893]: DEBUG glance.common.config [None req-196b0b50-19f9-4437-9b71-f0060ee3eb6e None None] database.connection = **** {{(pid=98893) log_opt_values /opt/stack/data/venv/lib/python3.12/site-packages/oslo_config/cfg.py:3256}}
Jun 05 15:36:00.300022 np0000002225 devstack@g-api.service[98892]: DEBUG glance.common.config [None req-f5a39de6-7548-4f52-bc81-4982ca581480 None None] database.use_db_reconnect = False {{(pid=98892) log_opt_values /opt/stack/data/venv/lib/python3.12/site-packages/oslo_config/cfg.py:3256}}
Jun 05 15:36:00.300052 np0000002225 devstack@g-api.service[98893]: DEBUG glance.common.config [None req-196b0b50-19f9-4437-9b71-f0060ee3eb6e None None] database.connection_debug = 0 {{(pid=98893) log_opt_values /opt/stack/data/venv/lib/python3.12/site-packages/oslo_config/cfg.py:3256}}
Jun 05 15:36:00.300120 np0000002225 devstack@g-api.service[98892]: DEBUG glance.common.config [None req-f5a39de6-7548-4f52-bc81-4982ca581480 None None] healthcheck.allowed_source_ranges = [] {{(pid=98892) log_opt_values /opt/stack/data/venv/lib/python3.12/site-packages/oslo_config/cfg.py:3256}}
Jun 05 15:36:00.300149 np0000002225 devstack@g-api.service[98893]: DEBUG glance.common.config [None req-196b0b50-19f9-4437-9b71-f0060ee3eb6e None None] database.connection_parameters = {{(pid=98893) log_opt_values /opt/stack/data/venv/lib/python3.12/site-packages/oslo_config/cfg.py:3256}}
Jun 05 15:36:00.300202 np0000002225 devstack@g-api.service[98893]: DEBUG glance.common.config [None req-196b0b50-19f9-4437-9b71-f0060ee3eb6e None None] database.connection_recycle_time = 3600 {{(pid=98893) log_opt_values /opt/stack/data/venv/lib/python3.12/site-packages/oslo_config/cfg.py:3256}}
Jun 05 15:36:00.300233 np0000002225 devstack@g-api.service[98892]: DEBUG glance.common.config [None req-f5a39de6-7548-4f52-bc81-4982ca581480 None None] healthcheck.backends = ['disable_by_file'] {{(pid=98892) log_opt_values /opt/stack/data/venv/lib/python3.12/site-packages/oslo_config/cfg.py:3256}}
Jun 05 15:36:00.300288 np0000002225 devstack@g-api.service[98893]: DEBUG glance.common.config [None req-196b0b50-19f9-4437-9b71-f0060ee3eb6e None None] database.connection_trace = False {{(pid=98893) log_opt_values /opt/stack/data/venv/lib/python3.12/site-packages/oslo_config/cfg.py:3256}}
Jun 05 15:36:00.300343 np0000002225 devstack@g-api.service[98892]: DEBUG glance.common.config [None req-f5a39de6-7548-4f52-bc81-4982ca581480 None None] healthcheck.detailed = False {{(pid=98892) log_opt_values /opt/stack/data/venv/lib/python3.12/site-packages/oslo_config/cfg.py:3256}}
Jun 05 15:36:00.300378 np0000002225 devstack@g-api.service[98893]: DEBUG glance.common.config [None req-196b0b50-19f9-4437-9b71-f0060ee3eb6e None None] database.db_inc_retry_interval = True {{(pid=98893) log_opt_values /opt/stack/data/venv/lib/python3.12/site-packages/oslo_config/cfg.py:3256}}
Jun 05 15:36:00.300404 np0000002225 devstack@g-api.service[98892]: DEBUG glance.common.config [None req-f5a39de6-7548-4f52-bc81-4982ca581480 None None] healthcheck.disable_by_file_path = None {{(pid=98892) log_opt_values /opt/stack/data/venv/lib/python3.12/site-packages/oslo_config/cfg.py:3256}}
Jun 05 15:36:00.300445 np0000002225 devstack@g-api.service[98893]: DEBUG glance.common.config [None req-196b0b50-19f9-4437-9b71-f0060ee3eb6e None None] database.db_max_retries = 20 {{(pid=98893) log_opt_values /opt/stack/data/venv/lib/python3.12/site-packages/oslo_config/cfg.py:3256}}
Jun 05 15:36:00.300474 np0000002225 devstack@g-api.service[98892]: DEBUG glance.common.config [None req-f5a39de6-7548-4f52-bc81-4982ca581480 None None] healthcheck.ignore_proxied_requests = False {{(pid=98892) log_opt_values /opt/stack/data/venv/lib/python3.12/site-packages/oslo_config/cfg.py:3256}}
Jun 05 15:36:00.300524 np0000002225 devstack@g-api.service[98893]: DEBUG glance.common.config [None req-196b0b50-19f9-4437-9b71-f0060ee3eb6e None None] database.db_max_retry_interval = 10 {{(pid=98893) log_opt_values /opt/stack/data/venv/lib/python3.12/site-packages/oslo_config/cfg.py:3256}}
Jun 05 15:36:00.300552 np0000002225 devstack@g-api.service[98892]: DEBUG glance.common.config [None req-f5a39de6-7548-4f52-bc81-4982ca581480 None None] ******************************************************************************** {{(pid=98892) log_opt_values /opt/stack/data/venv/lib/python3.12/site-packages/oslo_config/cfg.py:3263}}
Jun 05 15:36:00.300612 np0000002225 devstack@g-api.service[98893]: DEBUG glance.common.config [None req-196b0b50-19f9-4437-9b71-f0060ee3eb6e None None] database.db_retry_interval = 1 {{(pid=98893) log_opt_values /opt/stack/data/venv/lib/python3.12/site-packages/oslo_config/cfg.py:3256}}
Jun 05 15:36:00.300653 np0000002225 devstack@g-api.service[98892]: WSGI app 0 (mountpoint='') ready in 3 seconds on interpreter 0x70a3e7aa3668 pid: 98892 (default app)
Jun 05 15:36:00.300681 np0000002225 devstack@g-api.service[98893]: DEBUG glance.common.config [None req-196b0b50-19f9-4437-9b71-f0060ee3eb6e None None] database.max_overflow = 50 {{(pid=98893) log_opt_values /opt/stack/data/venv/lib/python3.12/site-packages/oslo_config/cfg.py:3256}}
Jun 05 15:36:00.300784 np0000002225 devstack@g-api.service[98893]: DEBUG glance.common.config [None req-196b0b50-19f9-4437-9b71-f0060ee3eb6e None None] database.max_pool_size = 5 {{(pid=98893) log_opt_values /opt/stack/data/venv/lib/python3.12/site-packages/oslo_config/cfg.py:3256}}
Jun 05 15:36:00.300901 np0000002225 devstack@g-api.service[98893]: DEBUG glance.common.config [None req-196b0b50-19f9-4437-9b71-f0060ee3eb6e None None] database.max_retries = 10 {{(pid=98893) log_opt_values /opt/stack/data/venv/lib/python3.12/site-packages/oslo_config/cfg.py:3256}}
Jun 05 15:36:00.300996 np0000002225 devstack@g-api.service[98893]: DEBUG glance.common.config [None req-196b0b50-19f9-4437-9b71-f0060ee3eb6e None None] database.mysql_sql_mode = TRADITIONAL {{(pid=98893) log_opt_values /opt/stack/data/venv/lib/python3.12/site-packages/oslo_config/cfg.py:3256}}
Jun 05 15:36:00.301078 np0000002225 devstack@g-api.service[98893]: DEBUG glance.common.config [None req-196b0b50-19f9-4437-9b71-f0060ee3eb6e None None] database.mysql_wsrep_sync_wait = None {{(pid=98893) log_opt_values /opt/stack/data/venv/lib/python3.12/site-packages/oslo_config/cfg.py:3256}}
Jun 05 15:36:00.301161 np0000002225 devstack@g-api.service[98893]: DEBUG glance.common.config [None req-196b0b50-19f9-4437-9b71-f0060ee3eb6e None None] database.pool_timeout = None {{(pid=98893) log_opt_values /opt/stack/data/venv/lib/python3.12/site-packages/oslo_config/cfg.py:3256}}
Jun 05 15:36:00.301242 np0000002225 devstack@g-api.service[98893]: DEBUG glance.common.config [None req-196b0b50-19f9-4437-9b71-f0060ee3eb6e None None] database.retry_interval = 10 {{(pid=98893) log_opt_values /opt/stack/data/venv/lib/python3.12/site-packages/oslo_config/cfg.py:3256}}
Jun 05 15:36:00.301270 np0000002225 devstack@g-api.service[98892]: DEBUG glance.api.middleware.version_negotiation [None req-f5a39de6-7548-4f52-bc81-4982ca581480 None None] Determining version of request: GET / Accept: */* {{(pid=98892) process_request /opt/stack/glance/glance/api/middleware/version_negotiation.py:44}}
Jun 05 15:36:00.301322 np0000002225 devstack@g-api.service[98893]: DEBUG glance.common.config [None req-196b0b50-19f9-4437-9b71-f0060ee3eb6e None None] database.slave_connection = **** {{(pid=98893) log_opt_values /opt/stack/data/venv/lib/python3.12/site-packages/oslo_config/cfg.py:3256}}
Jun 05 15:36:00.301375 np0000002225 devstack@g-api.service[98892]: DEBUG glance.api.middleware.version_negotiation [None req-f5a39de6-7548-4f52-bc81-4982ca581480 None None] Using url versioning {{(pid=98892) process_request /opt/stack/glance/glance/api/middleware/version_negotiation.py:57}}
Jun 05 15:36:00.301412 np0000002225 devstack@g-api.service[98893]: DEBUG glance.common.config [None req-196b0b50-19f9-4437-9b71-f0060ee3eb6e None None] database.sqlite_synchronous = True {{(pid=98893) log_opt_values /opt/stack/data/venv/lib/python3.12/site-packages/oslo_config/cfg.py:3256}}
Jun 05 15:36:00.301479 np0000002225 devstack@g-api.service[98893]: DEBUG glance.common.config [None req-196b0b50-19f9-4437-9b71-f0060ee3eb6e None None] database.synchronous_reader = True {{(pid=98893) log_opt_values /opt/stack/data/venv/lib/python3.12/site-packages/oslo_config/cfg.py:3256}}
Jun 05 15:36:00.301533 np0000002225 devstack@g-api.service[98892]: DEBUG glance.api.middleware.version_negotiation [None req-f5a39de6-7548-4f52-bc81-4982ca581480 None None] Unknown version. Returning version choices. {{(pid=98892) process_request /opt/stack/glance/glance/api/middleware/version_negotiation.py:64}}
Jun 05 15:36:00.301562 np0000002225 devstack@g-api.service[98893]: DEBUG glance.common.config [None req-196b0b50-19f9-4437-9b71-f0060ee3eb6e None None] database.use_db_reconnect = False {{(pid=98893) log_opt_values /opt/stack/data/venv/lib/python3.12/site-packages/oslo_config/cfg.py:3256}}
Jun 05 15:36:00.301648 np0000002225 devstack@g-api.service[98893]: DEBUG glance.common.config [None req-196b0b50-19f9-4437-9b71-f0060ee3eb6e None None] healthcheck.allowed_source_ranges = [] {{(pid=98893) log_opt_values /opt/stack/data/venv/lib/python3.12/site-packages/oslo_config/cfg.py:3256}}
Jun 05 15:36:00.301733 np0000002225 devstack@g-api.service[98893]: DEBUG glance.common.config [None req-196b0b50-19f9-4437-9b71-f0060ee3eb6e None None] healthcheck.backends = ['disable_by_file'] {{(pid=98893) log_opt_values /opt/stack/data/venv/lib/python3.12/site-packages/oslo_config/cfg.py:3256}}
Jun 05 15:36:00.301841 np0000002225 devstack@g-api.service[98893]: DEBUG glance.common.config [None req-196b0b50-19f9-4437-9b71-f0060ee3eb6e None None] healthcheck.detailed = False {{(pid=98893) log_opt_values /opt/stack/data/venv/lib/python3.12/site-packages/oslo_config/cfg.py:3256}}
Jun 05 15:36:00.301939 np0000002225 devstack@g-api.service[98893]: DEBUG glance.common.config [None req-196b0b50-19f9-4437-9b71-f0060ee3eb6e None None] healthcheck.disable_by_file_path = None {{(pid=98893) log_opt_values /opt/stack/data/venv/lib/python3.12/site-packages/oslo_config/cfg.py:3256}}
Jun 05 15:36:00.302025 np0000002225 devstack@g-api.service[98893]: DEBUG glance.common.config [None req-196b0b50-19f9-4437-9b71-f0060ee3eb6e None None] healthcheck.ignore_proxied_requests = False {{(pid=98893) log_opt_values /opt/stack/data/venv/lib/python3.12/site-packages/oslo_config/cfg.py:3256}}
Jun 05 15:36:00.302087 np0000002225 devstack@g-api.service[98893]: DEBUG glance.common.config [None req-196b0b50-19f9-4437-9b71-f0060ee3eb6e None None] ******************************************************************************** {{(pid=98893) log_opt_values /opt/stack/data/venv/lib/python3.12/site-packages/oslo_config/cfg.py:3263}}
Jun 05 15:36:00.302197 np0000002225 devstack@g-api.service[98893]: WSGI app 0 (mountpoint='') ready in 2 seconds on interpreter 0x70a3e7aa3668 pid: 98893 (default app)
Jun 05 15:36:00.302241 np0000002225 devstack@g-api.service[98892]: [pid: 98892|app: 0|req: 1/1] 127.0.0.1 () {34 vars in 451 bytes} [Fri Jun 5 15:36:00 2026] GET / => generated 1394 bytes in 1 msecs (HTTP/1.1 300) 3 headers in 106 bytes (1 switches on core 0)
Jun 05 15:36:02.255958 np0000002225 devstack@g-api.service[98893]: DEBUG glance.api.middleware.version_negotiation [None req-196b0b50-19f9-4437-9b71-f0060ee3eb6e None None] Determining version of request: GET / Accept: application/json {{(pid=98893) process_request /opt/stack/glance/glance/api/middleware/version_negotiation.py:44}}
Jun 05 15:36:02.256358 np0000002225 devstack@g-api.service[98893]: DEBUG glance.api.middleware.version_negotiation [None req-196b0b50-19f9-4437-9b71-f0060ee3eb6e None None] Using url versioning {{(pid=98893) process_request /opt/stack/glance/glance/api/middleware/version_negotiation.py:57}}
Jun 05 15:36:02.256358 np0000002225 devstack@g-api.service[98893]: DEBUG glance.api.middleware.version_negotiation [None req-196b0b50-19f9-4437-9b71-f0060ee3eb6e None None] Unknown version. Returning version choices. {{(pid=98893) process_request /opt/stack/glance/glance/api/middleware/version_negotiation.py:64}}
Jun 05 15:36:02.257045 np0000002225 devstack@g-api.service[98893]: [pid: 98893|app: 0|req: 1/2] 127.0.0.1 () {36 vars in 569 bytes} [Fri Jun 5 15:36:02 2026] GET / => generated 1394 bytes in 1 msecs (HTTP/1.1 300) 3 headers in 106 bytes (1 switches on core 0)
Jun 05 15:36:02.267087 np0000002225 devstack@g-api.service[98892]: DEBUG glance.api.middleware.version_negotiation [None req-f5a39de6-7548-4f52-bc81-4982ca581480 None None] Determining version of request: POST /v2/images Accept: */* {{(pid=98892) process_request /opt/stack/glance/glance/api/middleware/version_negotiation.py:44}}
Jun 05 15:36:02.267445 np0000002225 devstack@g-api.service[98892]: DEBUG glance.api.middleware.version_negotiation [None req-f5a39de6-7548-4f52-bc81-4982ca581480 None None] Using url versioning {{(pid=98892) process_request /opt/stack/glance/glance/api/middleware/version_negotiation.py:57}}
Jun 05 15:36:02.267585 np0000002225 devstack@g-api.service[98892]: DEBUG glance.api.middleware.version_negotiation [None req-f5a39de6-7548-4f52-bc81-4982ca581480 None None] Matched version: v2 {{(pid=98892) process_request /opt/stack/glance/glance/api/middleware/version_negotiation.py:69}}
Jun 05 15:36:02.267713 np0000002225 devstack@g-api.service[98892]: DEBUG glance.api.middleware.version_negotiation [None req-f5a39de6-7548-4f52-bc81-4982ca581480 None None] new path /v2/images {{(pid=98892) process_request /opt/stack/glance/glance/api/middleware/version_negotiation.py:70}}
Jun 05 15:36:03.235161 np0000002225 devstack@g-api.service[98892]: [pid: 98892|app: 0|req: 2/3] 127.0.0.1 () {42 vars in 832 bytes} [Fri Jun 5 15:36:02 2026] POST /v2/images => generated 807 bytes in 968 msecs (HTTP/1.1 201) 6 headers in 315 bytes (1 switches on core 0)
Jun 05 15:36:03.245404 np0000002225 devstack@g-api.service[98893]: DEBUG glance.api.middleware.version_negotiation [None req-196b0b50-19f9-4437-9b71-f0060ee3eb6e None None] Determining version of request: PUT /v2/images/dc6f977a-ed66-4e0e-bf06-98c3a5d4c6d5/stage Accept: {{(pid=98893) process_request /opt/stack/glance/glance/api/middleware/version_negotiation.py:44}}
Jun 05 15:36:03.245404 np0000002225 devstack@g-api.service[98893]: DEBUG glance.api.middleware.version_negotiation [None req-196b0b50-19f9-4437-9b71-f0060ee3eb6e None None] Using url versioning {{(pid=98893) process_request /opt/stack/glance/glance/api/middleware/version_negotiation.py:57}}
Jun 05 15:36:03.245404 np0000002225 devstack@g-api.service[98893]: DEBUG glance.api.middleware.version_negotiation [None req-196b0b50-19f9-4437-9b71-f0060ee3eb6e None None] Matched version: v2 {{(pid=98893) process_request /opt/stack/glance/glance/api/middleware/version_negotiation.py:69}}
Jun 05 15:36:03.245404 np0000002225 devstack@g-api.service[98893]: DEBUG glance.api.middleware.version_negotiation [None req-196b0b50-19f9-4437-9b71-f0060ee3eb6e None None] new path /v2/images/dc6f977a-ed66-4e0e-bf06-98c3a5d4c6d5/stage {{(pid=98893) process_request /opt/stack/glance/glance/api/middleware/version_negotiation.py:70}}
Jun 05 15:36:03.830517 np0000002225 devstack@g-api.service[98893]: DEBUG glance_store.backend [None req-7b1ef58a-e2da-42a7-b387-acf063dafb81 admin admin] Attempting to import store cinder {{(pid=98893) _load_store /opt/stack/data/venv/lib/python3.12/site-packages/glance_store/backend.py:215}}
Jun 05 15:36:03.831053 np0000002225 devstack@g-api.service[98893]: DEBUG glance_store.backend [None req-7b1ef58a-e2da-42a7-b387-acf063dafb81 admin admin] Attempting to import store file {{(pid=98893) _load_store /opt/stack/data/venv/lib/python3.12/site-packages/glance_store/backend.py:215}}
Jun 05 15:36:03.831053 np0000002225 devstack@g-api.service[98893]: DEBUG glance_store.backend [None req-7b1ef58a-e2da-42a7-b387-acf063dafb81 admin admin] Attempting to import store glance.store.cinder.Store {{(pid=98893) _load_store /opt/stack/data/venv/lib/python3.12/site-packages/glance_store/backend.py:215}}
Jun 05 15:36:03.831053 np0000002225 devstack@g-api.service[98893]: DEBUG glance_store.backend [None req-7b1ef58a-e2da-42a7-b387-acf063dafb81 admin admin] Attempting to import store glance.store.filesystem.Store {{(pid=98893) _load_store /opt/stack/data/venv/lib/python3.12/site-packages/glance_store/backend.py:215}}
Jun 05 15:36:03.831053 np0000002225 devstack@g-api.service[98893]: DEBUG glance_store.backend [None req-7b1ef58a-e2da-42a7-b387-acf063dafb81 admin admin] Attempting to import store glance.store.http.Store {{(pid=98893) _load_store /opt/stack/data/venv/lib/python3.12/site-packages/glance_store/backend.py:215}}
Jun 05 15:36:03.831053 np0000002225 devstack@g-api.service[98893]: DEBUG glance_store.backend [None req-7b1ef58a-e2da-42a7-b387-acf063dafb81 admin admin] Attempting to import store glance.store.rbd.Store {{(pid=98893) _load_store /opt/stack/data/venv/lib/python3.12/site-packages/glance_store/backend.py:215}}
Jun 05 15:36:03.831221 np0000002225 devstack@g-api.service[98893]: DEBUG glance_store.backend [None req-7b1ef58a-e2da-42a7-b387-acf063dafb81 admin admin] Attempting to import store glance.store.s3.Store {{(pid=98893) _load_store /opt/stack/data/venv/lib/python3.12/site-packages/glance_store/backend.py:215}}
Jun 05 15:36:03.831256 np0000002225 devstack@g-api.service[98893]: DEBUG glance_store.backend [None req-7b1ef58a-e2da-42a7-b387-acf063dafb81 admin admin] Attempting to import store glance.store.swift.Store {{(pid=98893) _load_store /opt/stack/data/venv/lib/python3.12/site-packages/glance_store/backend.py:215}}
Jun 05 15:36:03.831366 np0000002225 devstack@g-api.service[98893]: DEBUG glance_store.backend [None req-7b1ef58a-e2da-42a7-b387-acf063dafb81 admin admin] Attempting to import store glance.store.vmware_datastore.Store {{(pid=98893) _load_store /opt/stack/data/venv/lib/python3.12/site-packages/glance_store/backend.py:215}}
Jun 05 15:36:03.831456 np0000002225 devstack@g-api.service[98893]: DEBUG glance_store.backend [None req-7b1ef58a-e2da-42a7-b387-acf063dafb81 admin admin] Attempting to import store http {{(pid=98893) _load_store /opt/stack/data/venv/lib/python3.12/site-packages/glance_store/backend.py:215}}
Jun 05 15:36:03.831545 np0000002225 devstack@g-api.service[98893]: DEBUG glance_store.backend [None req-7b1ef58a-e2da-42a7-b387-acf063dafb81 admin admin] Attempting to import store no_conf {{(pid=98893) _load_store /opt/stack/data/venv/lib/python3.12/site-packages/glance_store/backend.py:215}}
Jun 05 15:36:03.831636 np0000002225 devstack@g-api.service[98893]: DEBUG glance_store.backend [None req-7b1ef58a-e2da-42a7-b387-acf063dafb81 admin admin] Attempting to import store rbd {{(pid=98893) _load_store /opt/stack/data/venv/lib/python3.12/site-packages/glance_store/backend.py:215}}
Jun 05 15:36:03.831727 np0000002225 devstack@g-api.service[98893]: DEBUG glance_store.backend [None req-7b1ef58a-e2da-42a7-b387-acf063dafb81 admin admin] Attempting to import store s3 {{(pid=98893) _load_store /opt/stack/data/venv/lib/python3.12/site-packages/glance_store/backend.py:215}}
Jun 05 15:36:03.831833 np0000002225 devstack@g-api.service[98893]: DEBUG glance_store.backend [None req-7b1ef58a-e2da-42a7-b387-acf063dafb81 admin admin] Attempting to import store swift {{(pid=98893) _load_store /opt/stack/data/venv/lib/python3.12/site-packages/glance_store/backend.py:215}}
Jun 05 15:36:03.831922 np0000002225 devstack@g-api.service[98893]: DEBUG glance_store.backend [None req-7b1ef58a-e2da-42a7-b387-acf063dafb81 admin admin] Attempting to import store vmware {{(pid=98893) _load_store /opt/stack/data/venv/lib/python3.12/site-packages/glance_store/backend.py:215}}
Jun 05 15:36:03.832006 np0000002225 devstack@g-api.service[98893]: DEBUG glance_store.backend [None req-7b1ef58a-e2da-42a7-b387-acf063dafb81 admin admin] Registering options for group glance_store {{(pid=98893) register_opts /opt/stack/data/venv/lib/python3.12/site-packages/glance_store/backend.py:144}}
Jun 05 15:36:03.832124 np0000002225 devstack@g-api.service[98893]: DEBUG glance_store.backend [None req-7b1ef58a-e2da-42a7-b387-acf063dafb81 admin admin] Registering options for group glance_store {{(pid=98893) register_opts /opt/stack/data/venv/lib/python3.12/site-packages/glance_store/backend.py:144}}
Jun 05 15:36:03.832443 np0000002225 devstack@g-api.service[98893]: DEBUG glance_store.backend [None req-7b1ef58a-e2da-42a7-b387-acf063dafb81 admin admin] Attempting to import store file {{(pid=98893) _load_store /opt/stack/data/venv/lib/python3.12/site-packages/glance_store/backend.py:215}}
Jun 05 15:36:03.832766 np0000002225 devstack@g-api.service[98893]: INFO glance_store._drivers.filesystem [None req-7b1ef58a-e2da-42a7-b387-acf063dafb81 admin admin] Directory to write image files does not exist (/tmp/staging/). Creating.
Jun 05 15:36:03.833001 np0000002225 devstack@g-api.service[98893]: DEBUG glance_store.capabilities [None req-7b1ef58a-e2da-42a7-b387-acf063dafb81 admin admin] Store glance_store._drivers.filesystem.Store doesn't support updating dynamic storage capabilities. Please overwrite 'update_capabilities' method of the store to implement updating logics if needed. {{(pid=98893) update_capabilities /opt/stack/data/venv/lib/python3.12/site-packages/glance_store/capabilities.py:91}}
Jun 05 15:36:04.395122 np0000002225 devstack@g-api.service[98893]: DEBUG glance_store._drivers.filesystem [None req-7b1ef58a-e2da-42a7-b387-acf063dafb81 admin admin] Wrote 21430272 bytes to /tmp/staging/dc6f977a-ed66-4e0e-bf06-98c3a5d4c6d5 with checksum c8fc807773e5354afe61636071771906 and multihash c8fc807773e5354afe61636071771906 {{(pid=98893) add /opt/stack/data/venv/lib/python3.12/site-packages/glance_store/_drivers/filesystem.py:899}}
Jun 05 15:36:04.414140 np0000002225 devstack@g-api.service[98893]: [pid: 98893|app: 0|req: 2/4] 127.0.0.1 () {42 vars in 927 bytes} [Fri Jun 5 15:36:03 2026] PUT /v2/images/dc6f977a-ed66-4e0e-bf06-98c3a5d4c6d5/stage => generated 0 bytes in 1170 msecs (HTTP/1.1 204) 4 headers in 171 bytes (1 switches on core 0)
Jun 05 15:36:04.423172 np0000002225 devstack@g-api.service[98892]: DEBUG glance.api.middleware.version_negotiation [None req-4bfc13b7-5cd6-4da4-a979-a909ef4276bd admin admin] Determining version of request: POST /v2/images/dc6f977a-ed66-4e0e-bf06-98c3a5d4c6d5/import Accept: */* {{(pid=98892) process_request /opt/stack/glance/glance/api/middleware/version_negotiation.py:44}}
Jun 05 15:36:04.423583 np0000002225 devstack@g-api.service[98892]: DEBUG glance.api.middleware.version_negotiation [None req-4bfc13b7-5cd6-4da4-a979-a909ef4276bd admin admin] Using url versioning {{(pid=98892) process_request /opt/stack/glance/glance/api/middleware/version_negotiation.py:57}}
Jun 05 15:36:04.423583 np0000002225 devstack@g-api.service[98892]: DEBUG glance.api.middleware.version_negotiation [None req-4bfc13b7-5cd6-4da4-a979-a909ef4276bd admin admin] Matched version: v2 {{(pid=98892) process_request /opt/stack/glance/glance/api/middleware/version_negotiation.py:69}}
Jun 05 15:36:04.423583 np0000002225 devstack@g-api.service[98892]: DEBUG glance.api.middleware.version_negotiation [None req-4bfc13b7-5cd6-4da4-a979-a909ef4276bd admin admin] new path /v2/images/dc6f977a-ed66-4e0e-bf06-98c3a5d4c6d5/import {{(pid=98892) process_request /opt/stack/glance/glance/api/middleware/version_negotiation.py:70}}
Jun 05 15:36:04.938459 np0000002225 devstack@g-api.service[98892]: DEBUG glance.domain [None req-01ebb12d-8b4a-4008-96e0-bd649e443bd4 admin admin] Loading taskflow executor {{(pid=98892) new_task_executor /opt/stack/glance/glance/domain/__init__.py:530}}
Jun 05 15:36:05.114294 np0000002225 devstack@g-api.service[98892]: DEBUG oslo_concurrency.lockutils [None req-01ebb12d-8b4a-4008-96e0-bd649e443bd4 admin admin] Acquiring lock "tasks_pool" by "glance.api.common.memoize..memoizer_wrapper..memoizer" {{(pid=98892) inner /opt/stack/data/venv/lib/python3.12/site-packages/oslo_concurrency/lockutils.py:511}}
Jun 05 15:36:05.114433 np0000002225 devstack@g-api.service[98892]: DEBUG oslo_concurrency.lockutils [None req-01ebb12d-8b4a-4008-96e0-bd649e443bd4 admin admin] Lock "tasks_pool" acquired by "glance.api.common.memoize..memoizer_wrapper..memoizer" :: waited 0.000s {{(pid=98892) inner /opt/stack/data/venv/lib/python3.12/site-packages/oslo_concurrency/lockutils.py:524}}
Jun 05 15:36:05.114849 np0000002225 devstack@g-api.service[98892]: DEBUG glance.api.common [None req-01ebb12d-8b4a-4008-96e0-bd649e443bd4 admin admin] Initializing named threadpool 'tasks_pool' {{(pid=98892) _get_thread_pool /opt/stack/glance/glance/api/common.py:242}}
Jun 05 15:36:05.114978 np0000002225 devstack@g-api.service[98892]: DEBUG glance.async_ [None req-01ebb12d-8b4a-4008-96e0-bd649e443bd4 admin admin] Creating threadpool model 'ThreadPoolExecutor' with size 16 {{(pid=98892) __init__ /opt/stack/glance/glance/async_/__init__.py:100}}
Jun 05 15:36:05.115143 np0000002225 devstack@g-api.service[98892]: DEBUG oslo_concurrency.lockutils [None req-01ebb12d-8b4a-4008-96e0-bd649e443bd4 admin admin] Lock "tasks_pool" "released" by "glance.api.common.memoize..memoizer_wrapper..memoizer" :: held 0.001s {{(pid=98892) inner /opt/stack/data/venv/lib/python3.12/site-packages/oslo_concurrency/lockutils.py:543}}
Jun 05 15:36:05.115283 np0000002225 devstack@g-api.service[98892]: DEBUG glance.async_ [None req-01ebb12d-8b4a-4008-96e0-bd649e443bd4 admin admin] Spawning with ThreadPoolExecutor: >((,), {}) {{(pid=98892) spawn /opt/stack/glance/glance/async_/__init__.py:106}}
Jun 05 15:36:05.116879 np0000002225 devstack@g-api.service[98892]: [pid: 98892|app: 0|req: 3/5] 127.0.0.1 () {42 vars in 919 bytes} [Fri Jun 5 15:36:04 2026] POST /v2/images/dc6f977a-ed66-4e0e-bf06-98c3a5d4c6d5/import => generated 0 bytes in 694 msecs (HTTP/1.1 202) 4 headers in 169 bytes (1 switches on core 0)
Jun 05 15:36:05.119103 np0000002225 devstack@g-api.service[98892]: INFO glance.domain [-] Task [6955e94e-079c-438f-bb72-455bacc5b072] status changing from pending to processing
Jun 05 15:36:05.124985 np0000002225 devstack@g-api.service[98893]: DEBUG glance.api.middleware.version_negotiation [None req-7b1ef58a-e2da-42a7-b387-acf063dafb81 admin admin] Determining version of request: GET /v2/images/dc6f977a-ed66-4e0e-bf06-98c3a5d4c6d5 Accept: */* {{(pid=98893) process_request /opt/stack/glance/glance/api/middleware/version_negotiation.py:44}}
Jun 05 15:36:05.125425 np0000002225 devstack@g-api.service[98893]: DEBUG glance.api.middleware.version_negotiation [None req-7b1ef58a-e2da-42a7-b387-acf063dafb81 admin admin] Using url versioning {{(pid=98893) process_request /opt/stack/glance/glance/api/middleware/version_negotiation.py:57}}
Jun 05 15:36:05.125425 np0000002225 devstack@g-api.service[98893]: DEBUG glance.api.middleware.version_negotiation [None req-7b1ef58a-e2da-42a7-b387-acf063dafb81 admin admin] Matched version: v2 {{(pid=98893) process_request /opt/stack/glance/glance/api/middleware/version_negotiation.py:69}}
Jun 05 15:36:05.125425 np0000002225 devstack@g-api.service[98893]: DEBUG glance.api.middleware.version_negotiation [None req-7b1ef58a-e2da-42a7-b387-acf063dafb81 admin admin] new path /v2/images/dc6f977a-ed66-4e0e-bf06-98c3a5d4c6d5 {{(pid=98893) process_request /opt/stack/glance/glance/api/middleware/version_negotiation.py:70}}
Jun 05 15:36:05.133213 np0000002225 devstack@g-api.service[98893]: [pid: 98893|app: 0|req: 3/6] 127.0.0.1 () {38 vars in 852 bytes} [Fri Jun 5 15:36:05 2026] GET /v2/images/dc6f977a-ed66-4e0e-bf06-98c3a5d4c6d5 => generated 879 bytes in 8 msecs (HTTP/1.1 200) 4 headers in 157 bytes (1 switches on core 0)
Jun 05 15:36:05.133770 np0000002225 devstack@g-api.service[98892]: DEBUG glance.async_.taskflow_executor [-] Taskflow executor picked up the execution of task ID 6955e94e-079c-438f-bb72-455bacc5b072 of task type api_image_import {{(pid=98892) _run /opt/stack/glance/glance/async_/taskflow_executor.py:163}}
Jun 05 15:36:05.149747 np0000002225 devstack@g-api.service[98892]: DEBUG glance_store.backend [-] Attempting to import store cinder {{(pid=98892) _load_store /opt/stack/data/venv/lib/python3.12/site-packages/glance_store/backend.py:215}}
Jun 05 15:36:05.149913 np0000002225 devstack@g-api.service[98892]: DEBUG glance_store.backend [-] Attempting to import store file {{(pid=98892) _load_store /opt/stack/data/venv/lib/python3.12/site-packages/glance_store/backend.py:215}}
Jun 05 15:36:05.149975 np0000002225 devstack@g-api.service[98892]: DEBUG glance_store.backend [-] Attempting to import store glance.store.cinder.Store {{(pid=98892) _load_store /opt/stack/data/venv/lib/python3.12/site-packages/glance_store/backend.py:215}}
Jun 05 15:36:05.150075 np0000002225 devstack@g-api.service[98892]: DEBUG glance_store.backend [-] Attempting to import store glance.store.filesystem.Store {{(pid=98892) _load_store /opt/stack/data/venv/lib/python3.12/site-packages/glance_store/backend.py:215}}
Jun 05 15:36:05.150127 np0000002225 devstack@g-api.service[98892]: DEBUG glance_store.backend [-] Attempting to import store glance.store.http.Store {{(pid=98892) _load_store /opt/stack/data/venv/lib/python3.12/site-packages/glance_store/backend.py:215}}
Jun 05 15:36:05.150249 np0000002225 devstack@g-api.service[98892]: DEBUG glance_store.backend [-] Attempting to import store glance.store.rbd.Store {{(pid=98892) _load_store /opt/stack/data/venv/lib/python3.12/site-packages/glance_store/backend.py:215}}
Jun 05 15:36:05.150300 np0000002225 devstack@g-api.service[98892]: DEBUG glance_store.backend [-] Attempting to import store glance.store.s3.Store {{(pid=98892) _load_store /opt/stack/data/venv/lib/python3.12/site-packages/glance_store/backend.py:215}}
Jun 05 15:36:05.150366 np0000002225 devstack@g-api.service[98892]: DEBUG glance_store.backend [-] Attempting to import store glance.store.swift.Store {{(pid=98892) _load_store /opt/stack/data/venv/lib/python3.12/site-packages/glance_store/backend.py:215}}
Jun 05 15:36:05.150438 np0000002225 devstack@g-api.service[98892]: DEBUG glance_store.backend [-] Attempting to import store glance.store.vmware_datastore.Store {{(pid=98892) _load_store /opt/stack/data/venv/lib/python3.12/site-packages/glance_store/backend.py:215}}
Jun 05 15:36:05.150525 np0000002225 devstack@g-api.service[98892]: DEBUG glance_store.backend [-] Attempting to import store http {{(pid=98892) _load_store /opt/stack/data/venv/lib/python3.12/site-packages/glance_store/backend.py:215}}
Jun 05 15:36:05.150576 np0000002225 devstack@g-api.service[98892]: DEBUG glance_store.backend [-] Attempting to import store no_conf {{(pid=98892) _load_store /opt/stack/data/venv/lib/python3.12/site-packages/glance_store/backend.py:215}}
Jun 05 15:36:05.150646 np0000002225 devstack@g-api.service[98892]: DEBUG glance_store.backend [-] Attempting to import store rbd {{(pid=98892) _load_store /opt/stack/data/venv/lib/python3.12/site-packages/glance_store/backend.py:215}}
Jun 05 15:36:05.150723 np0000002225 devstack@g-api.service[98892]: DEBUG glance_store.backend [-] Attempting to import store s3 {{(pid=98892) _load_store /opt/stack/data/venv/lib/python3.12/site-packages/glance_store/backend.py:215}}
Jun 05 15:36:05.150793 np0000002225 devstack@g-api.service[98892]: DEBUG glance_store.backend [-] Attempting to import store swift {{(pid=98892) _load_store /opt/stack/data/venv/lib/python3.12/site-packages/glance_store/backend.py:215}}
Jun 05 15:36:05.150877 np0000002225 devstack@g-api.service[98892]: DEBUG glance_store.backend [-] Attempting to import store vmware {{(pid=98892) _load_store /opt/stack/data/venv/lib/python3.12/site-packages/glance_store/backend.py:215}}
Jun 05 15:36:05.150952 np0000002225 devstack@g-api.service[98892]: DEBUG glance_store.backend [-] Registering options for group glance_store {{(pid=98892) register_opts /opt/stack/data/venv/lib/python3.12/site-packages/glance_store/backend.py:144}}
Jun 05 15:36:05.151025 np0000002225 devstack@g-api.service[98892]: DEBUG glance_store.backend [-] Registering options for group glance_store {{(pid=98892) register_opts /opt/stack/data/venv/lib/python3.12/site-packages/glance_store/backend.py:144}}
Jun 05 15:36:05.151291 np0000002225 devstack@g-api.service[98892]: DEBUG glance_store.backend [-] Attempting to import store file {{(pid=98892) _load_store /opt/stack/data/venv/lib/python3.12/site-packages/glance_store/backend.py:215}}
Jun 05 15:36:05.151599 np0000002225 devstack@g-api.service[98892]: DEBUG glance_store.capabilities [-] Store glance_store._drivers.filesystem.Store doesn't support updating dynamic storage capabilities. Please overwrite 'update_capabilities' method of the store to implement updating logics if needed. {{(pid=98892) update_capabilities /opt/stack/data/venv/lib/python3.12/site-packages/glance_store/capabilities.py:91}}
Jun 05 15:36:05.157615 np0000002225 devstack@g-api.service[98892]: DEBUG glance.async_.flows.api_image_import [-] Image dc6f977a-ed66-4e0e-bf06-98c3a5d4c6d5 os_glance_importing_to_stores= {{(pid=98892) merge_store_list /opt/stack/glance/glance/async_/flows/api_image_import.py:277}}
Jun 05 15:36:05.157722 np0000002225 devstack@g-api.service[98892]: DEBUG glance.async_.flows.api_image_import [-] Image dc6f977a-ed66-4e0e-bf06-98c3a5d4c6d5 os_glance_failed_import= {{(pid=98892) merge_store_list /opt/stack/glance/glance/async_/flows/api_image_import.py:277}}
Jun 05 15:36:05.161495 np0000002225 devstack@g-api.service[98892]: DEBUG glance.async_.flows.api_image_import [-] Image dc6f977a-ed66-4e0e-bf06-98c3a5d4c6d5 status changing from uploading to importing {{(pid=98892) __exit__ /opt/stack/glance/glance/async_/flows/api_image_import.py:166}}
Jun 05 15:36:05.691096 np0000002225 devstack@g-api.service[98892]: DEBUG glance.async_ [-] Creating threadpool model 'ThreadPoolExecutor' with size 10 {{(pid=98892) __init__ /opt/stack/glance/glance/async_/__init__.py:100}}
Jun 05 15:36:05.710823 np0000002225 devstack@g-api.service[98892]: DEBUG glance.async_.taskflow_executor [-] Flow 'api_image_import' (a2e19cd3-5e78-437a-8378-cb72c3bc4ce3) transitioned into state 'RUNNING' from state 'PENDING' {{(pid=98892) _flow_receiver /opt/stack/data/venv/lib/python3.12/site-packages/taskflow/listeners/logging.py:160}}
Jun 05 15:36:05.713435 np0000002225 devstack@g-api.service[98892]: DEBUG glance.async_.taskflow_executor [-] Task 'api_image_import-ImageLock-6955e94e-079c-438f-bb72-455bacc5b072' (5cc9c08a-ca13-4669-9cb9-55362333a45c) transitioned into state 'RUNNING' from state 'PENDING' {{(pid=98892) _task_receiver /opt/stack/data/venv/lib/python3.12/site-packages/taskflow/listeners/logging.py:242}}
Jun 05 15:36:05.720873 np0000002225 devstack@g-api.service[98892]: DEBUG glance.async_.flows.api_image_import [-] Image dc6f977a-ed66-4e0e-bf06-98c3a5d4c6d5 import task 6955e94e-079c-438f-bb72-455bacc5b072 lock confirmed {{(pid=98892) execute /opt/stack/glance/glance/async_/flows/api_image_import.py:477}}
Jun 05 15:36:05.721580 np0000002225 devstack@g-api.service[98892]: DEBUG glance.async_.taskflow_executor [-] Task 'api_image_import-ImageLock-6955e94e-079c-438f-bb72-455bacc5b072' (5cc9c08a-ca13-4669-9cb9-55362333a45c) transitioned into state 'SUCCESS' from state 'RUNNING' with result 'None' {{(pid=98892) _task_receiver /opt/stack/data/venv/lib/python3.12/site-packages/taskflow/listeners/logging.py:218}}
Jun 05 15:36:05.722273 np0000002225 devstack@g-api.service[98892]: DEBUG glance.async_.taskflow_executor [-] Task 'api_image_import-ConfigureStaging-6955e94e-079c-438f-bb72-455bacc5b072' (9af61623-848f-43b5-8b03-b947c5a5c9e5) transitioned into state 'RUNNING' from state 'PENDING' {{(pid=98892) _task_receiver /opt/stack/data/venv/lib/python3.12/site-packages/taskflow/listeners/logging.py:242}}
Jun 05 15:36:05.723632 np0000002225 devstack@g-api.service[98892]: DEBUG glance.async_.taskflow_executor [-] Task 'api_image_import-ConfigureStaging-6955e94e-079c-438f-bb72-455bacc5b072' (9af61623-848f-43b5-8b03-b947c5a5c9e5) transitioned into state 'SUCCESS' from state 'RUNNING' with result 'file:///tmp/staging/dc6f977a-ed66-4e0e-bf06-98c3a5d4c6d5' {{(pid=98892) _task_receiver /opt/stack/data/venv/lib/python3.12/site-packages/taskflow/listeners/logging.py:218}}
Jun 05 15:36:05.724665 np0000002225 devstack@g-api.service[98892]: DEBUG glance.async_.taskflow_executor [-] Task 'api_image_import--ImportToStore-6955e94e-079c-438f-bb72-455bacc5b072' (91c86856-2001-4eb8-8600-e54aabaaf99a) transitioned into state 'RUNNING' from state 'PENDING' {{(pid=98892) _task_receiver /opt/stack/data/venv/lib/python3.12/site-packages/taskflow/listeners/logging.py:242}}
Jun 05 15:36:05.732017 np0000002225 devstack@g-api.service[98892]: INFO glance.common.scripts.image_import.main [-] Task 6955e94e-079c-438f-bb72-455bacc5b072: Got image data uri file:///tmp/staging/dc6f977a-ed66-4e0e-bf06-98c3a5d4c6d5 to be imported
Jun 05 15:36:05.733556 np0000002225 devstack@g-api.service[98892]: DEBUG glance.location [-] Enabling in-flight format inspection for qcow2 {{(pid=98892) set_data /opt/stack/glance/glance/location.py:616}}
Jun 05 15:36:05.733988 np0000002225 devstack@g-api.service[98892]: DEBUG glance_store.backend [-] Attempting to import store swift {{(pid=98892) _load_store /opt/stack/data/venv/lib/python3.12/site-packages/glance_store/backend.py:215}}
Jun 05 15:36:05.735334 np0000002225 devstack@g-api.service[98892]: DEBUG glance_store.capabilities [-] Store glance_store._drivers.swift.store.SingleTenantStore doesn't support updating dynamic storage capabilities. Please overwrite 'update_capabilities' method of the store to implement updating logics if needed. {{(pid=98892) update_capabilities /opt/stack/data/venv/lib/python3.12/site-packages/glance_store/capabilities.py:91}}
Jun 05 15:36:05.735406 np0000002225 devstack@g-api.service[98892]: DEBUG glance_store.driver [-] Late loading location class glance_store._drivers.swift.store.StoreLocation {{(pid=98892) get_store_location_class /opt/stack/data/venv/lib/python3.12/site-packages/glance_store/driver.py:134}}
Jun 05 15:36:05.735490 np0000002225 devstack@g-api.service[98892]: DEBUG glance_store.location [-] Registering scheme swift+https with {'store': , 'location_class': , 'store_entry': 'swift'} {{(pid=98892) register_scheme_map /opt/stack/data/venv/lib/python3.12/site-packages/glance_store/location.py:146}}
Jun 05 15:36:05.735539 np0000002225 devstack@g-api.service[98892]: DEBUG glance_store.location [-] Registering scheme swift+https with {'store': , 'location_class': , 'store_entry': 'swift'} {{(pid=98892) register_scheme_map /opt/stack/data/venv/lib/python3.12/site-packages/glance_store/location.py:146}}
Jun 05 15:36:05.735580 np0000002225 devstack@g-api.service[98892]: DEBUG glance_store.location [-] Registering scheme swift with {'store': , 'location_class': , 'store_entry': 'swift'} {{(pid=98892) register_scheme_map /opt/stack/data/venv/lib/python3.12/site-packages/glance_store/location.py:146}}
Jun 05 15:36:05.735627 np0000002225 devstack@g-api.service[98892]: DEBUG glance_store.location [-] Registering scheme swift+https with {'store': , 'location_class': , 'store_entry': 'swift'} {{(pid=98892) register_scheme_map /opt/stack/data/venv/lib/python3.12/site-packages/glance_store/location.py:146}}
Jun 05 15:36:05.735673 np0000002225 devstack@g-api.service[98892]: DEBUG glance_store.location [-] Registering scheme swift with {'store': , 'location_class': , 'store_entry': 'swift'} {{(pid=98892) register_scheme_map /opt/stack/data/venv/lib/python3.12/site-packages/glance_store/location.py:146}}
Jun 05 15:36:05.735726 np0000002225 devstack@g-api.service[98892]: DEBUG glance_store.location [-] Registering scheme swift+http with {'store': , 'location_class': , 'store_entry': 'swift'} {{(pid=98892) register_scheme_map /opt/stack/data/venv/lib/python3.12/site-packages/glance_store/location.py:146}}
Jun 05 15:36:05.735770 np0000002225 devstack@g-api.service[98892]: DEBUG glance_store.location [-] Registering scheme swift+https with {'store': , 'location_class': , 'store_entry': 'swift'} {{(pid=98892) register_scheme_map /opt/stack/data/venv/lib/python3.12/site-packages/glance_store/location.py:146}}
Jun 05 15:36:05.735838 np0000002225 devstack@g-api.service[98892]: DEBUG glance_store.location [-] Registering scheme swift with {'store': , 'location_class': , 'store_entry': 'swift'} {{(pid=98892) register_scheme_map /opt/stack/data/venv/lib/python3.12/site-packages/glance_store/location.py:146}}
Jun 05 15:36:05.735893 np0000002225 devstack@g-api.service[98892]: DEBUG glance_store.location [-] Registering scheme swift+http with {'store': , 'location_class': , 'store_entry': 'swift'} {{(pid=98892) register_scheme_map /opt/stack/data/venv/lib/python3.12/site-packages/glance_store/location.py:146}}
Jun 05 15:36:05.735966 np0000002225 devstack@g-api.service[98892]: DEBUG glance_store.location [-] Registering scheme swift+config with {'store': , 'location_class': , 'store_entry': 'swift'} {{(pid=98892) register_scheme_map /opt/stack/data/venv/lib/python3.12/site-packages/glance_store/location.py:146}}
Jun 05 15:36:06.130665 np0000002225 devstack@g-api.service[98892]: INFO swiftclient [-] REQ: curl -i https://10.4.3.17:8080/v1/AUTH_02624956b5214c2595e983e880c42e5b/glance -I -H "X-Auth-Token: gAAAAABqIuzlSNui..."
Jun 05 15:36:06.130767 np0000002225 devstack@g-api.service[98892]: INFO swiftclient [-] RESP STATUS: 404 Not Found
Jun 05 15:36:06.130906 np0000002225 devstack@g-api.service[98892]: INFO swiftclient [-] RESP HEADERS: {'Date': 'Fri, 05 Jun 2026 15:36:06 GMT', 'Server': 'Apache/2.4.58 (Ubuntu)', 'Content-Type': 'text/html; charset=UTF-8', 'X-Trans-Id': 'tx39f0747571c14f81b9096-006a22ece5', 'X-Openstack-Request-Id': 'tx39f0747571c14f81b9096-006a22ece5', 'Connection': 'close'}
Jun 05 15:36:06.131109 np0000002225 devstack@g-api.service[98892]: INFO glance_store._drivers.swift.store [-] Creating swift container glance
Jun 05 15:36:06.183260 np0000002225 devstack@g-api.service[98892]: DEBUG swiftclient [-] REQ: curl -i https://10.4.3.17:8080/v1/AUTH_02624956b5214c2595e983e880c42e5b/glance -X PUT -H "X-Auth-Token: gAAAAABqIuzlSNui..." -H "Content-Length: 0" {{(pid=98892) http_log /opt/stack/data/venv/lib/python3.12/site-packages/swiftclient/client.py:160}}
Jun 05 15:36:06.183336 np0000002225 devstack@g-api.service[98892]: DEBUG swiftclient [-] RESP STATUS: 201 Created {{(pid=98892) http_log /opt/stack/data/venv/lib/python3.12/site-packages/swiftclient/client.py:161}}
Jun 05 15:36:06.183432 np0000002225 devstack@g-api.service[98892]: DEBUG swiftclient [-] RESP HEADERS: {'Date': 'Fri, 05 Jun 2026 15:36:06 GMT', 'Server': 'Apache/2.4.58 (Ubuntu)', 'Content-Type': 'text/html; charset=UTF-8', 'Content-Length': '0', 'X-Trans-Id': 'tx1be721e6573848138aed6-006a22ece6', 'X-Openstack-Request-Id': 'tx1be721e6573848138aed6-006a22ece6', 'Connection': 'close'} {{(pid=98892) http_log /opt/stack/data/venv/lib/python3.12/site-packages/swiftclient/client.py:162}}
Jun 05 15:36:06.183526 np0000002225 devstack@g-api.service[98892]: DEBUG glance_store._drivers.swift.store [-] Adding image object 'dc6f977a-ed66-4e0e-bf06-98c3a5d4c6d5' to Swift {{(pid=98892) add /opt/stack/data/venv/lib/python3.12/site-packages/glance_store/_drivers/swift/store.py:970}}
Jun 05 15:36:06.189178 np0000002225 devstack@g-api.service[98892]: DEBUG oslo_utils.imageutils.format_inspector [-] Format inspector for vmdk does not match, excluding from consideration (Signature KDMV not found: b'QFI\xfb') {{(pid=98892) _process_chunk /opt/stack/data/venv/lib/python3.12/site-packages/oslo_utils/imageutils/format_inspector.py:1758}}
Jun 05 15:36:06.194825 np0000002225 devstack@g-api.service[98892]: DEBUG oslo_utils.imageutils.format_inspector [-] Format inspector for vhdx does not match, excluding from consideration (Region signature not found at 30000) {{(pid=98892) _process_chunk /opt/stack/data/venv/lib/python3.12/site-packages/oslo_utils/imageutils/format_inspector.py:1758}}
Jun 05 15:36:06.483429 np0000002225 devstack@g-api.service[98892]: DEBUG swiftclient [-] REQ: curl -i https://10.4.3.17:8080/v1/AUTH_02624956b5214c2595e983e880c42e5b/glance/dc6f977a-ed66-4e0e-bf06-98c3a5d4c6d5 -X PUT -H "X-Auth-Token: gAAAAABqIuzlSNui..." -H "Content-Length: 21430272" {{(pid=98892) http_log /opt/stack/data/venv/lib/python3.12/site-packages/swiftclient/client.py:160}}
Jun 05 15:36:06.483536 np0000002225 devstack@g-api.service[98892]: DEBUG swiftclient [-] RESP STATUS: 201 Created {{(pid=98892) http_log /opt/stack/data/venv/lib/python3.12/site-packages/swiftclient/client.py:161}}
Jun 05 15:36:06.483702 np0000002225 devstack@g-api.service[98892]: DEBUG swiftclient [-] RESP HEADERS: {'Date': 'Fri, 05 Jun 2026 15:36:06 GMT', 'Server': 'Apache/2.4.58 (Ubuntu)', 'Content-Type': 'text/html; charset=UTF-8', 'Content-Length': '0', 'Etag': 'c8fc807773e5354afe61636071771906', 'Last-Modified': 'Fri, 05 Jun 2026 15:36:07 GMT', 'X-Trans-Id': 'txdf935c403f744c9b9a037-006a22ece6', 'X-Openstack-Request-Id': 'txdf935c403f744c9b9a037-006a22ece6', 'Connection': 'close'} {{(pid=98892) http_log /opt/stack/data/venv/lib/python3.12/site-packages/swiftclient/client.py:162}}
Jun 05 15:36:06.497317 np0000002225 devstack@g-api.service[98892]: INFO glance.location [-] Image format matched and virtual size computed: 117440512
Jun 05 15:36:06.503428 np0000002225 devstack@g-api.service[98892]: DEBUG glance.async_.flows.api_image_import [-] Image dc6f977a-ed66-4e0e-bf06-98c3a5d4c6d5 status changing from importing to active {{(pid=98892) __exit__ /opt/stack/glance/glance/async_/flows/api_image_import.py:166}}
Jun 05 15:36:06.523069 np0000002225 devstack@g-api.service[98892]: DEBUG glance_store.backend [-] Attempting to import store swift {{(pid=98892) _load_store /opt/stack/data/venv/lib/python3.12/site-packages/glance_store/backend.py:215}}
Jun 05 15:36:06.524152 np0000002225 devstack@g-api.service[98892]: DEBUG glance_store.capabilities [-] Store glance_store._drivers.swift.store.SingleTenantStore doesn't support updating dynamic storage capabilities. Please overwrite 'update_capabilities' method of the store to implement updating logics if needed. {{(pid=98892) update_capabilities /opt/stack/data/venv/lib/python3.12/site-packages/glance_store/capabilities.py:91}}
Jun 05 15:36:06.524216 np0000002225 devstack@g-api.service[98892]: DEBUG glance_store.driver [-] Late loading location class glance_store._drivers.swift.store.StoreLocation {{(pid=98892) get_store_location_class /opt/stack/data/venv/lib/python3.12/site-packages/glance_store/driver.py:134}}
Jun 05 15:36:06.524279 np0000002225 devstack@g-api.service[98892]: DEBUG glance_store.location [-] Registering scheme swift+https with {'store': , 'location_class': , 'store_entry': 'swift'} {{(pid=98892) register_scheme_map /opt/stack/data/venv/lib/python3.12/site-packages/glance_store/location.py:146}}
Jun 05 15:36:06.524322 np0000002225 devstack@g-api.service[98892]: DEBUG glance_store.location [-] Registering scheme swift+https with {'store': , 'location_class': , 'store_entry': 'swift'} {{(pid=98892) register_scheme_map /opt/stack/data/venv/lib/python3.12/site-packages/glance_store/location.py:146}}
Jun 05 15:36:06.524382 np0000002225 devstack@g-api.service[98892]: DEBUG glance_store.location [-] Registering scheme swift with {'store': , 'location_class': , 'store_entry': 'swift'} {{(pid=98892) register_scheme_map /opt/stack/data/venv/lib/python3.12/site-packages/glance_store/location.py:146}}
Jun 05 15:36:06.524422 np0000002225 devstack@g-api.service[98892]: DEBUG glance_store.location [-] Registering scheme swift+https with {'store': , 'location_class': , 'store_entry': 'swift'} {{(pid=98892) register_scheme_map /opt/stack/data/venv/lib/python3.12/site-packages/glance_store/location.py:146}}
Jun 05 15:36:06.524472 np0000002225 devstack@g-api.service[98892]: DEBUG glance_store.location [-] Registering scheme swift with {'store': , 'location_class': , 'store_entry': 'swift'} {{(pid=98892) register_scheme_map /opt/stack/data/venv/lib/python3.12/site-packages/glance_store/location.py:146}}
Jun 05 15:36:06.524519 np0000002225 devstack@g-api.service[98892]: DEBUG glance_store.location [-] Registering scheme swift+http with {'store': , 'location_class': , 'store_entry': 'swift'} {{(pid=98892) register_scheme_map /opt/stack/data/venv/lib/python3.12/site-packages/glance_store/location.py:146}}
Jun 05 15:36:06.524567 np0000002225 devstack@g-api.service[98892]: DEBUG glance_store.location [-] Registering scheme swift+https with {'store': , 'location_class': , 'store_entry': 'swift'} {{(pid=98892) register_scheme_map /opt/stack/data/venv/lib/python3.12/site-packages/glance_store/location.py:146}}
Jun 05 15:36:06.524616 np0000002225 devstack@g-api.service[98892]: DEBUG glance_store.location [-] Registering scheme swift with {'store': , 'location_class': , 'store_entry': 'swift'} {{(pid=98892) register_scheme_map /opt/stack/data/venv/lib/python3.12/site-packages/glance_store/location.py:146}}
