Aug 03 09:23:10.625636 np0000006329 devstack@g-api.service[99793]: DEBUG glance_store.location [None req-9a78bd43-da80-46e4-8d3e-f2bc84e5cc01 tempest-AttachSCSIVolumeTestJSON-1159155267 tempest-AttachSCSIVolumeTestJSON-1159155267-project-admin] Registering scheme swift with {'store': , 'location_class': , 'store_entry': 'swift'} {{(pid=99793) register_scheme_map /opt/stack/data/venv/lib/python3.12/site-packages/glance_store/location.py:146}}
Aug 03 09:23:10.625826 np0000006329 devstack@g-api.service[99793]: DEBUG glance_store.location [None req-9a78bd43-da80-46e4-8d3e-f2bc84e5cc01 tempest-AttachSCSIVolumeTestJSON-1159155267 tempest-AttachSCSIVolumeTestJSON-1159155267-project-admin] Registering scheme swift+https with {'store': , 'location_class': , 'store_entry': 'swift'} {{(pid=99793) register_scheme_map /opt/stack/data/venv/lib/python3.12/site-packages/glance_store/location.py:146}}
Aug 03 09:23:10.625995 np0000006329 devstack@g-api.service[99793]: DEBUG glance_store.location [None req-9a78bd43-da80-46e4-8d3e-f2bc84e5cc01 tempest-AttachSCSIVolumeTestJSON-1159155267 tempest-AttachSCSIVolumeTestJSON-1159155267-project-admin] Registering scheme swift with {'store': , 'location_class': , 'store_entry': 'swift'} {{(pid=99793) register_scheme_map /opt/stack/data/venv/lib/python3.12/site-packages/glance_store/location.py:146}}
Aug 03 09:23:10.626190 np0000006329 devstack@g-api.service[99793]: DEBUG glance_store.location [None req-9a78bd43-da80-46e4-8d3e-f2bc84e5cc01 tempest-AttachSCSIVolumeTestJSON-1159155267 tempest-AttachSCSIVolumeTestJSON-1159155267-project-admin] Registering scheme swift+http with {'store': , 'location_class': , 'store_entry': 'swift'} {{(pid=99793) register_scheme_map /opt/stack/data/venv/lib/python3.12/site-packages/glance_store/location.py:146}}
Aug 03 09:23:10.626338 np0000006329 devstack@g-api.service[99793]: DEBUG glance_store.location [None req-9a78bd43-da80-46e4-8d3e-f2bc84e5cc01 tempest-AttachSCSIVolumeTestJSON-1159155267 tempest-AttachSCSIVolumeTestJSON-1159155267-project-admin] Registering scheme swift+https with {'store': , 'location_class': , 'store_entry': 'swift'} {{(pid=99793) register_scheme_map /opt/stack/data/venv/lib/python3.12/site-packages/glance_store/location.py:146}}
Aug 03 09:23:10.626524 np0000006329 devstack@g-api.service[99793]: DEBUG glance_store.location [None req-9a78bd43-da80-46e4-8d3e-f2bc84e5cc01 tempest-AttachSCSIVolumeTestJSON-1159155267 tempest-AttachSCSIVolumeTestJSON-1159155267-project-admin] Registering scheme swift with {'store': , 'location_class': , 'store_entry': 'swift'} {{(pid=99793) register_scheme_map /opt/stack/data/venv/lib/python3.12/site-packages/glance_store/location.py:146}}
Aug 03 09:23:10.626691 np0000006329 devstack@g-api.service[99793]: DEBUG glance_store.location [None req-9a78bd43-da80-46e4-8d3e-f2bc84e5cc01 tempest-AttachSCSIVolumeTestJSON-1159155267 tempest-AttachSCSIVolumeTestJSON-1159155267-project-admin] Registering scheme swift+http with {'store': , 'location_class': , 'store_entry': 'swift'} {{(pid=99793) register_scheme_map /opt/stack/data/venv/lib/python3.12/site-packages/glance_store/location.py:146}}
Aug 03 09:23:10.626889 np0000006329 devstack@g-api.service[99793]: DEBUG glance_store.location [None req-9a78bd43-da80-46e4-8d3e-f2bc84e5cc01 tempest-AttachSCSIVolumeTestJSON-1159155267 tempest-AttachSCSIVolumeTestJSON-1159155267-project-admin] Registering scheme swift+config with {'store': , 'location_class': , 'store_entry': 'swift'} {{(pid=99793) register_scheme_map /opt/stack/data/venv/lib/python3.12/site-packages/glance_store/location.py:146}}
Aug 03 09:23:11.200118 np0000006329 devstack@g-api.service[99793]: DEBUG swiftclient [None req-9a78bd43-da80-46e4-8d3e-f2bc84e5cc01 tempest-AttachSCSIVolumeTestJSON-1159155267 tempest-AttachSCSIVolumeTestJSON-1159155267-project-admin] REQ: curl -i https://10.4.3.219:8080/v1/AUTH_8b520d9d72da47769b6569f896e24e49/glance -I -H "X-Auth-Token: gAAAAABqcF3-w6CW..." {{(pid=99793) http_log /opt/stack/data/venv/lib/python3.12/site-packages/swiftclient/client.py:160}}
Aug 03 09:23:11.200601 np0000006329 devstack@g-api.service[99793]: DEBUG swiftclient [None req-9a78bd43-da80-46e4-8d3e-f2bc84e5cc01 tempest-AttachSCSIVolumeTestJSON-1159155267 tempest-AttachSCSIVolumeTestJSON-1159155267-project-admin] RESP STATUS: 204 No Content {{(pid=99793) http_log /opt/stack/data/venv/lib/python3.12/site-packages/swiftclient/client.py:161}}
Aug 03 09:23:11.200601 np0000006329 devstack@g-api.service[99793]: DEBUG swiftclient [None req-9a78bd43-da80-46e4-8d3e-f2bc84e5cc01 tempest-AttachSCSIVolumeTestJSON-1159155267 tempest-AttachSCSIVolumeTestJSON-1159155267-project-admin] RESP HEADERS: {'Date': 'Mon, 03 Aug 2026 09:23:11 GMT', 'Server': 'Apache/2.4.58 (Ubuntu)', 'Content-Type': 'text/plain; charset=utf-8', 'X-Container-Object-Count': '3', 'X-Container-Bytes-Used': '64356352', 'X-Timestamp': '1785748873.40782', 'Last-Modified': 'Mon, 03 Aug 2026 09:21:14 GMT', 'Accept-Ranges': 'bytes', 'X-Storage-Policy': 'Policy-0', 'X-Container-Sharding': 'False', 'Vary': 'Accept', 'X-Trans-Id': 'txa7be71bffacc40e49747b-006a705dfe', 'X-Openstack-Request-Id': 'txa7be71bffacc40e49747b-006a705dfe', 'Connection': 'close'} {{(pid=99793) http_log /opt/stack/data/venv/lib/python3.12/site-packages/swiftclient/client.py:162}}
Aug 03 09:23:11.201041 np0000006329 devstack@g-api.service[99793]: DEBUG glance_store._drivers.swift.store [None req-9a78bd43-da80-46e4-8d3e-f2bc84e5cc01 tempest-AttachSCSIVolumeTestJSON-1159155267 tempest-AttachSCSIVolumeTestJSON-1159155267-project-admin] Adding image object 'fc19194b-318e-4f5a-aa22-0a9d74bfc742' to Swift {{(pid=99793) add /opt/stack/data/venv/lib/python3.12/site-packages/glance_store/_drivers/swift/store.py:970}}
Aug 03 09:23:11.201041 np0000006329 devstack@g-api.service[99793]: DEBUG glance_store._drivers.swift.store [None req-9a78bd43-da80-46e4-8d3e-f2bc84e5cc01 tempest-AttachSCSIVolumeTestJSON-1159155267 tempest-AttachSCSIVolumeTestJSON-1159155267-project-admin] Cannot determine image size because it is either not provided in the request or chunked-transfer encoding is used. Adding image as a segmented object to Swift. {{(pid=99793) add /opt/stack/data/venv/lib/python3.12/site-packages/glance_store/_drivers/swift/store.py:994}}
Aug 03 09:23:11.209810 np0000006329 devstack@g-api.service[99793]: DEBUG oslo_utils.imageutils.format_inspector [None req-9a78bd43-da80-46e4-8d3e-f2bc84e5cc01 tempest-AttachSCSIVolumeTestJSON-1159155267 tempest-AttachSCSIVolumeTestJSON-1159155267-project-admin] Format inspector for vmdk does not match, excluding from consideration (Signature KDMV not found: b'QFI\xfb') {{(pid=99793) _process_chunk /opt/stack/data/venv/lib/python3.12/site-packages/oslo_utils/imageutils/format_inspector.py:1758}}
Aug 03 09:23:11.212867 np0000006329 devstack@g-api.service[99793]: DEBUG oslo_utils.imageutils.format_inspector [None req-9a78bd43-da80-46e4-8d3e-f2bc84e5cc01 tempest-AttachSCSIVolumeTestJSON-1159155267 tempest-AttachSCSIVolumeTestJSON-1159155267-project-admin] Format inspector for vhdx does not match, excluding from consideration (Region signature not found at 30000) {{(pid=99793) _process_chunk /opt/stack/data/venv/lib/python3.12/site-packages/oslo_utils/imageutils/format_inspector.py:1758}}
Aug 03 09:23:11.343672 np0000006329 devstack@g-api.service[99791]: DEBUG glance.api.middleware.version_negotiation [None req-dc5ef269-a17a-42f8-a215-925c2703632c tempest-TaggedBootDevicesTest_v242-1704102994 tempest-TaggedBootDevicesTest_v242-1704102994-project-member] Determining version of request: GET /versions Accept: */* {{(pid=99791) process_request /opt/stack/glance/glance/api/middleware/version_negotiation.py:44}}
Aug 03 09:23:11.344454 np0000006329 devstack@g-api.service[99791]: [pid: 99791|app: 0|req: 18/51] 127.0.0.1 () {44 vars in 1039 bytes} [Mon Aug 3 09:23:11 2026] GET /versions => generated 1515 bytes in 1 msecs (HTTP/1.1 200) 3 headers in 92 bytes (1 switches on core 0)
Aug 03 09:23:11.355082 np0000006329 devstack@g-api.service[99792]: DEBUG glance.api.middleware.version_negotiation [None req-dc5ef269-a17a-42f8-a215-925c2703632c tempest-TaggedBootDevicesTest_v242-1704102994 tempest-TaggedBootDevicesTest_v242-1704102994-project-member] Determining version of request: GET /v2/images/51227f11-87d5-4f20-b61b-7d2d3c54d23e/locations Accept: */* {{(pid=99792) process_request /opt/stack/glance/glance/api/middleware/version_negotiation.py:44}}
Aug 03 09:23:11.355236 np0000006329 devstack@g-api.service[99792]: DEBUG glance.api.middleware.version_negotiation [None req-dc5ef269-a17a-42f8-a215-925c2703632c tempest-TaggedBootDevicesTest_v242-1704102994 tempest-TaggedBootDevicesTest_v242-1704102994-project-member] Using url versioning {{(pid=99792) process_request /opt/stack/glance/glance/api/middleware/version_negotiation.py:57}}
Aug 03 09:23:11.355367 np0000006329 devstack@g-api.service[99792]: DEBUG glance.api.middleware.version_negotiation [None req-dc5ef269-a17a-42f8-a215-925c2703632c tempest-TaggedBootDevicesTest_v242-1704102994 tempest-TaggedBootDevicesTest_v242-1704102994-project-member] Matched version: v2 {{(pid=99792) process_request /opt/stack/glance/glance/api/middleware/version_negotiation.py:69}}
Aug 03 09:23:11.355475 np0000006329 devstack@g-api.service[99792]: DEBUG glance.api.middleware.version_negotiation [None req-dc5ef269-a17a-42f8-a215-925c2703632c tempest-TaggedBootDevicesTest_v242-1704102994 tempest-TaggedBootDevicesTest_v242-1704102994-project-member] new path /v2/images/51227f11-87d5-4f20-b61b-7d2d3c54d23e/locations {{(pid=99792) process_request /opt/stack/glance/glance/api/middleware/version_negotiation.py:70}}
Aug 03 09:23:11.533773 np0000006329 devstack@g-api.service[99793]: DEBUG swiftclient [None req-9a78bd43-da80-46e4-8d3e-f2bc84e5cc01 tempest-AttachSCSIVolumeTestJSON-1159155267 tempest-AttachSCSIVolumeTestJSON-1159155267-project-admin] REQ: curl -i https://10.4.3.219:8080/v1/AUTH_8b520d9d72da47769b6569f896e24e49/glance/fc19194b-318e-4f5a-aa22-0a9d74bfc742-00001 -X PUT -H "X-Auth-Token: gAAAAABqcF3-w6CW..." {{(pid=99793) http_log /opt/stack/data/venv/lib/python3.12/site-packages/swiftclient/client.py:160}}
Aug 03 09:23:11.534040 np0000006329 devstack@g-api.service[99793]: DEBUG swiftclient [None req-9a78bd43-da80-46e4-8d3e-f2bc84e5cc01 tempest-AttachSCSIVolumeTestJSON-1159155267 tempest-AttachSCSIVolumeTestJSON-1159155267-project-admin] RESP STATUS: 201 Created {{(pid=99793) http_log /opt/stack/data/venv/lib/python3.12/site-packages/swiftclient/client.py:161}}
Aug 03 09:23:11.535223 np0000006329 devstack@g-api.service[99793]: DEBUG swiftclient [None req-9a78bd43-da80-46e4-8d3e-f2bc84e5cc01 tempest-AttachSCSIVolumeTestJSON-1159155267 tempest-AttachSCSIVolumeTestJSON-1159155267-project-admin] RESP HEADERS: {'Date': 'Mon, 03 Aug 2026 09:23:11 GMT', 'Server': 'Apache/2.4.58 (Ubuntu)', 'Content-Type': 'text/html; charset=UTF-8', 'Content-Length': '0', 'Etag': '87617e24a5e30cb3b87fda8c0764838f', 'Last-Modified': 'Mon, 03 Aug 2026 09:23:12 GMT', 'X-Trans-Id': 'tx8d9771cd513041eb9853a-006a705dff', 'X-Openstack-Request-Id': 'tx8d9771cd513041eb9853a-006a705dff', 'Connection': 'close'} {{(pid=99793) http_log /opt/stack/data/venv/lib/python3.12/site-packages/swiftclient/client.py:162}}
Aug 03 09:23:11.535223 np0000006329 devstack@g-api.service[99793]: DEBUG glance_store._drivers.swift.store [None req-9a78bd43-da80-46e4-8d3e-f2bc84e5cc01 tempest-AttachSCSIVolumeTestJSON-1159155267 tempest-AttachSCSIVolumeTestJSON-1159155267-project-admin] Wrote chunk fc19194b-318e-4f5a-aa22-0a9d74bfc742-00001 (1/?) of length 21692416 to Swift returning MD5 of content: 87617e24a5e30cb3b87fda8c0764838f {{(pid=99793) add /opt/stack/data/venv/lib/python3.12/site-packages/glance_store/_drivers/swift/store.py:1059}}
Aug 03 09:23:11.535223 np0000006329 devstack@g-api.service[99793]: DEBUG glance_store._drivers.swift.store [None req-9a78bd43-da80-46e4-8d3e-f2bc84e5cc01 tempest-AttachSCSIVolumeTestJSON-1159155267 tempest-AttachSCSIVolumeTestJSON-1159155267-project-admin] Not writing zero-length chunk. {{(pid=99793) add /opt/stack/data/venv/lib/python3.12/site-packages/glance_store/_drivers/swift/store.py:1028}}
Aug 03 09:23:11.572801 np0000006329 devstack@g-api.service[99793]: DEBUG swiftclient [None req-9a78bd43-da80-46e4-8d3e-f2bc84e5cc01 tempest-AttachSCSIVolumeTestJSON-1159155267 tempest-AttachSCSIVolumeTestJSON-1159155267-project-admin] REQ: curl -i https://10.4.3.219:8080/v1/AUTH_8b520d9d72da47769b6569f896e24e49/glance/fc19194b-318e-4f5a-aa22-0a9d74bfc742 -X PUT -H "X-Object-Manifest: glance/fc19194b-318e-4f5a-aa22-0a9d74bfc742-" -H "X-Auth-Token: gAAAAABqcF3-w6CW..." -H "Content-Length: 0" {{(pid=99793) http_log /opt/stack/data/venv/lib/python3.12/site-packages/swiftclient/client.py:160}}
Aug 03 09:23:11.572943 np0000006329 devstack@g-api.service[99793]: DEBUG swiftclient [None req-9a78bd43-da80-46e4-8d3e-f2bc84e5cc01 tempest-AttachSCSIVolumeTestJSON-1159155267 tempest-AttachSCSIVolumeTestJSON-1159155267-project-admin] RESP STATUS: 201 Created {{(pid=99793) http_log /opt/stack/data/venv/lib/python3.12/site-packages/swiftclient/client.py:161}}
Aug 03 09:23:11.573207 np0000006329 devstack@g-api.service[99793]: DEBUG swiftclient [None req-9a78bd43-da80-46e4-8d3e-f2bc84e5cc01 tempest-AttachSCSIVolumeTestJSON-1159155267 tempest-AttachSCSIVolumeTestJSON-1159155267-project-admin] RESP HEADERS: {'Date': 'Mon, 03 Aug 2026 09:23:11 GMT', 'Server': 'Apache/2.4.58 (Ubuntu)', 'Content-Type': 'text/html; charset=UTF-8', 'Content-Length': '0', 'Etag': 'd41d8cd98f00b204e9800998ecf8427e', 'Last-Modified': 'Mon, 03 Aug 2026 09:23:12 GMT', 'X-Trans-Id': 'txcf67896943f241bbbd5b4-006a705dff', 'X-Openstack-Request-Id': 'txcf67896943f241bbbd5b4-006a705dff', 'Connection': 'close'} {{(pid=99793) http_log /opt/stack/data/venv/lib/python3.12/site-packages/swiftclient/client.py:162}}
Aug 03 09:23:11.573766 np0000006329 devstack@g-api.service[99793]: INFO glance.location [None req-9a78bd43-da80-46e4-8d3e-f2bc84e5cc01 tempest-AttachSCSIVolumeTestJSON-1159155267 tempest-AttachSCSIVolumeTestJSON-1159155267-project-admin] Image format matched and virtual size computed: 117440512
Aug 03 09:23:11.590617 np0000006329 devstack@g-api.service[99791]: DEBUG glance.api.middleware.version_negotiation [None req-dc5ef269-a17a-42f8-a215-925c2703632c tempest-TaggedBootDevicesTest_v242-1704102994 tempest-TaggedBootDevicesTest_v242-1704102994-project-member] Determining version of request: GET /v2/images/51227f11-87d5-4f20-b61b-7d2d3c54d23e Accept: */* {{(pid=99791) process_request /opt/stack/glance/glance/api/middleware/version_negotiation.py:44}}
Aug 03 09:23:11.591711 np0000006329 devstack@g-api.service[99791]: DEBUG glance.api.middleware.version_negotiation [None req-dc5ef269-a17a-42f8-a215-925c2703632c tempest-TaggedBootDevicesTest_v242-1704102994 tempest-TaggedBootDevicesTest_v242-1704102994-project-member] Using url versioning {{(pid=99791) process_request /opt/stack/glance/glance/api/middleware/version_negotiation.py:57}}
Aug 03 09:23:11.591894 np0000006329 devstack@g-api.service[99791]: DEBUG glance.api.middleware.version_negotiation [None req-dc5ef269-a17a-42f8-a215-925c2703632c tempest-TaggedBootDevicesTest_v242-1704102994 tempest-TaggedBootDevicesTest_v242-1704102994-project-member] Matched version: v2 {{(pid=99791) process_request /opt/stack/glance/glance/api/middleware/version_negotiation.py:69}}
Aug 03 09:23:11.592078 np0000006329 devstack@g-api.service[99791]: DEBUG glance.api.middleware.version_negotiation [None req-dc5ef269-a17a-42f8-a215-925c2703632c tempest-TaggedBootDevicesTest_v242-1704102994 tempest-TaggedBootDevicesTest_v242-1704102994-project-member] new path /v2/images/51227f11-87d5-4f20-b61b-7d2d3c54d23e {{(pid=99791) process_request /opt/stack/glance/glance/api/middleware/version_negotiation.py:70}}
Aug 03 09:23:11.607143 np0000006329 devstack@g-api.service[99791]: [pid: 99791|app: 0|req: 19/52] 127.0.0.1 () {44 vars in 1115 bytes} [Mon Aug 3 09:23:11 2026] GET /v2/images/51227f11-87d5-4f20-b61b-7d2d3c54d23e => generated 1044 bytes in 17 msecs (HTTP/1.1 200) 4 headers in 158 bytes (1 switches on core 0)
Aug 03 09:23:11.616096 np0000006329 devstack@g-api.service[99793]: DEBUG glance_store.backend [None req-9a78bd43-da80-46e4-8d3e-f2bc84e5cc01 tempest-AttachSCSIVolumeTestJSON-1159155267 tempest-AttachSCSIVolumeTestJSON-1159155267-project-admin] Attempting to import store swift {{(pid=99793) _load_store /opt/stack/data/venv/lib/python3.12/site-packages/glance_store/backend.py:215}}
Aug 03 09:23:11.617820 np0000006329 devstack@g-api.service[99793]: DEBUG glance_store.capabilities [None req-9a78bd43-da80-46e4-8d3e-f2bc84e5cc01 tempest-AttachSCSIVolumeTestJSON-1159155267 tempest-AttachSCSIVolumeTestJSON-1159155267-project-admin] Store glance_store._drivers.swift.store.SingleTenantStore doesn't support updating dynamic storage capabilities. Please overwrite 'update_capabilities' method of the store to implement updating logics if needed. {{(pid=99793) update_capabilities /opt/stack/data/venv/lib/python3.12/site-packages/glance_store/capabilities.py:91}}
Aug 03 09:23:11.618255 np0000006329 devstack@g-api.service[99793]: DEBUG glance_store.driver [None req-9a78bd43-da80-46e4-8d3e-f2bc84e5cc01 tempest-AttachSCSIVolumeTestJSON-1159155267 tempest-AttachSCSIVolumeTestJSON-1159155267-project-admin] Late loading location class glance_store._drivers.swift.store.StoreLocation {{(pid=99793) get_store_location_class /opt/stack/data/venv/lib/python3.12/site-packages/glance_store/driver.py:134}}
Aug 03 09:23:11.618428 np0000006329 devstack@g-api.service[99793]: DEBUG glance_store.location [None req-9a78bd43-da80-46e4-8d3e-f2bc84e5cc01 tempest-AttachSCSIVolumeTestJSON-1159155267 tempest-AttachSCSIVolumeTestJSON-1159155267-project-admin] Registering scheme swift+https with {'store': , 'location_class': , 'store_entry': 'swift'} {{(pid=99793) register_scheme_map /opt/stack/data/venv/lib/python3.12/site-packages/glance_store/location.py:146}}
Aug 03 09:23:11.618732 np0000006329 devstack@g-api.service[99793]: DEBUG glance_store.location [None req-9a78bd43-da80-46e4-8d3e-f2bc84e5cc01 tempest-AttachSCSIVolumeTestJSON-1159155267 tempest-AttachSCSIVolumeTestJSON-1159155267-project-admin] Registering scheme swift+https with {'store': , 'location_class': , 'store_entry': 'swift'} {{(pid=99793) register_scheme_map /opt/stack/data/venv/lib/python3.12/site-packages/glance_store/location.py:146}}
Aug 03 09:23:11.618732 np0000006329 devstack@g-api.service[99793]: DEBUG glance_store.location [None req-9a78bd43-da80-46e4-8d3e-f2bc84e5cc01 tempest-AttachSCSIVolumeTestJSON-1159155267 tempest-AttachSCSIVolumeTestJSON-1159155267-project-admin] Registering scheme swift with {'store': , 'location_class': , 'store_entry': 'swift'} {{(pid=99793) register_scheme_map /opt/stack/data/venv/lib/python3.12/site-packages/glance_store/location.py:146}}
Aug 03 09:23:11.618941 np0000006329 devstack@g-api.service[99793]: DEBUG glance_store.location [None req-9a78bd43-da80-46e4-8d3e-f2bc84e5cc01 tempest-AttachSCSIVolumeTestJSON-1159155267 tempest-AttachSCSIVolumeTestJSON-1159155267-project-admin] Registering scheme swift+https with {'store': , 'location_class': , 'store_entry': 'swift'} {{(pid=99793) register_scheme_map /opt/stack/data/venv/lib/python3.12/site-packages/glance_store/location.py:146}}
Aug 03 09:23:11.619108 np0000006329 devstack@g-api.service[99793]: DEBUG glance_store.location [None req-9a78bd43-da80-46e4-8d3e-f2bc84e5cc01 tempest-AttachSCSIVolumeTestJSON-1159155267 tempest-AttachSCSIVolumeTestJSON-1159155267-project-admin] Registering scheme swift with {'store': , 'location_class': , 'store_entry': 'swift'} {{(pid=99793) register_scheme_map /opt/stack/data/venv/lib/python3.12/site-packages/glance_store/location.py:146}}
Aug 03 09:23:11.619108 np0000006329 devstack@g-api.service[99793]: DEBUG glance_store.location [None req-9a78bd43-da80-46e4-8d3e-f2bc84e5cc01 tempest-AttachSCSIVolumeTestJSON-1159155267 tempest-AttachSCSIVolumeTestJSON-1159155267-project-admin] Registering scheme swift+http with {'store': , 'location_class': , 'store_entry': 'swift'} {{(pid=99793) register_scheme_map /opt/stack/data/venv/lib/python3.12/site-packages/glance_store/location.py:146}}
Aug 03 09:23:11.619330 np0000006329 devstack@g-api.service[99793]: DEBUG glance_store.location [None req-9a78bd43-da80-46e4-8d3e-f2bc84e5cc01 tempest-AttachSCSIVolumeTestJSON-1159155267 tempest-AttachSCSIVolumeTestJSON-1159155267-project-admin] Registering scheme swift+https with {'store': , 'location_class': , 'store_entry': 'swift'} {{(pid=99793) register_scheme_map /opt/stack/data/venv/lib/python3.12/site-packages/glance_store/location.py:146}}
Aug 03 09:23:11.619464 np0000006329 devstack@g-api.service[99793]: DEBUG glance_store.location [None req-9a78bd43-da80-46e4-8d3e-f2bc84e5cc01 tempest-AttachSCSIVolumeTestJSON-1159155267 tempest-AttachSCSIVolumeTestJSON-1159155267-project-admin] Registering scheme swift with {'store': , 'location_class': , 'store_entry': 'swift'} {{(pid=99793) register_scheme_map /opt/stack/data/venv/lib/python3.12/site-packages/glance_store/location.py:146}}
Aug 03 09:23:11.620148 np0000006329 devstack@g-api.service[99791]: DEBUG glance.api.middleware.version_negotiation [None req-427fee54-06f9-48db-99ab-c8155c52b0fe tempest-TaggedBootDevicesTest-2112443551 tempest-TaggedBootDevicesTest-2112443551-project-member] Determining version of request: GET /v2/schemas/image Accept: */* {{(pid=99791) process_request /opt/stack/glance/glance/api/middleware/version_negotiation.py:44}}
Aug 03 09:23:11.620216 np0000006329 devstack@g-api.service[99793]: DEBUG glance_store.location [None req-9a78bd43-da80-46e4-8d3e-f2bc84e5cc01 tempest-AttachSCSIVolumeTestJSON-1159155267 tempest-AttachSCSIVolumeTestJSON-1159155267-project-admin] Registering scheme swift+http with {'store': , 'location_class': , 'store_entry': 'swift'} {{(pid=99793) register_scheme_map /opt/stack/data/venv/lib/python3.12/site-packages/glance_store/location.py:146}}
Aug 03 09:23:11.620270 np0000006329 devstack@g-api.service[99791]: DEBUG glance.api.middleware.version_negotiation [None req-427fee54-06f9-48db-99ab-c8155c52b0fe tempest-TaggedBootDevicesTest-2112443551 tempest-TaggedBootDevicesTest-2112443551-project-member] Using url versioning {{(pid=99791) process_request /opt/stack/glance/glance/api/middleware/version_negotiation.py:57}}
Aug 03 09:23:11.620325 np0000006329 devstack@g-api.service[99793]: DEBUG glance_store.location [None req-9a78bd43-da80-46e4-8d3e-f2bc84e5cc01 tempest-AttachSCSIVolumeTestJSON-1159155267 tempest-AttachSCSIVolumeTestJSON-1159155267-project-admin] Registering scheme swift+config with {'store': , 'location_class': , 'store_entry': 'swift'} {{(pid=99793) register_scheme_map /opt/stack/data/venv/lib/python3.12/site-packages/glance_store/location.py:146}}
Aug 03 09:23:11.620422 np0000006329 devstack@g-api.service[99791]: DEBUG glance.api.middleware.version_negotiation [None req-427fee54-06f9-48db-99ab-c8155c52b0fe tempest-TaggedBootDevicesTest-2112443551 tempest-TaggedBootDevicesTest-2112443551-project-member] Matched version: v2 {{(pid=99791) process_request /opt/stack/glance/glance/api/middleware/version_negotiation.py:69}}
Aug 03 09:23:11.620474 np0000006329 devstack@g-api.service[99793]: DEBUG glance_store.backend [None req-9a78bd43-da80-46e4-8d3e-f2bc84e5cc01 tempest-AttachSCSIVolumeTestJSON-1159155267 tempest-AttachSCSIVolumeTestJSON-1159155267-project-admin] Skipping store.set_acls... not implemented. {{(pid=99793) set_acls /opt/stack/data/venv/lib/python3.12/site-packages/glance_store/backend.py:507}}
Aug 03 09:23:11.620539 np0000006329 devstack@g-api.service[99791]: DEBUG glance.api.middleware.version_negotiation [None req-427fee54-06f9-48db-99ab-c8155c52b0fe tempest-TaggedBootDevicesTest-2112443551 tempest-TaggedBootDevicesTest-2112443551-project-member] new path /v2/schemas/image {{(pid=99791) process_request /opt/stack/glance/glance/api/middleware/version_negotiation.py:70}}
Aug 03 09:23:11.622223 np0000006329 devstack@g-api.service[99793]: [pid: 99793|app: 0|req: 17/53] 127.0.0.1 () {40 vars in 858 bytes} [Mon Aug 3 09:23:08 2026] PUT /v2/images/fc19194b-318e-4f5a-aa22-0a9d74bfc742/file => generated 0 bytes in 2661 msecs (HTTP/1.1 204) 4 headers in 171 bytes (1 switches on core 0)
Aug 03 09:23:11.622731 np0000006329 devstack@g-api.service[99791]: [pid: 99791|app: 0|req: 20/54] 127.0.0.1 () {44 vars in 1055 bytes} [Mon Aug 3 09:23:11 2026] GET /v2/schemas/image => generated 6083 bytes in 3 msecs (HTTP/1.1 200) 4 headers in 158 bytes (1 switches on core 0)
Aug 03 09:23:11.669708 np0000006329 devstack@g-api.service[99793]: DEBUG glance.api.middleware.version_negotiation [None req-9a78bd43-da80-46e4-8d3e-f2bc84e5cc01 tempest-AttachSCSIVolumeTestJSON-1159155267 tempest-AttachSCSIVolumeTestJSON-1159155267-project-admin] Determining version of request: GET /v2/images/51227f11-87d5-4f20-b61b-7d2d3c54d23e Accept: */* {{(pid=99793) process_request /opt/stack/glance/glance/api/middleware/version_negotiation.py:44}}
Aug 03 09:23:11.669708 np0000006329 devstack@g-api.service[99793]: DEBUG glance.api.middleware.version_negotiation [None req-9a78bd43-da80-46e4-8d3e-f2bc84e5cc01 tempest-AttachSCSIVolumeTestJSON-1159155267 tempest-AttachSCSIVolumeTestJSON-1159155267-project-admin] Using url versioning {{(pid=99793) process_request /opt/stack/glance/glance/api/middleware/version_negotiation.py:57}}
Aug 03 09:23:11.669708 np0000006329 devstack@g-api.service[99793]: DEBUG glance.api.middleware.version_negotiation [None req-9a78bd43-da80-46e4-8d3e-f2bc84e5cc01 tempest-AttachSCSIVolumeTestJSON-1159155267 tempest-AttachSCSIVolumeTestJSON-1159155267-project-admin] Matched version: v2 {{(pid=99793) process_request /opt/stack/glance/glance/api/middleware/version_negotiation.py:69}}
Aug 03 09:23:11.669708 np0000006329 devstack@g-api.service[99793]: DEBUG glance.api.middleware.version_negotiation [None req-9a78bd43-da80-46e4-8d3e-f2bc84e5cc01 tempest-AttachSCSIVolumeTestJSON-1159155267 tempest-AttachSCSIVolumeTestJSON-1159155267-project-admin] new path /v2/images/51227f11-87d5-4f20-b61b-7d2d3c54d23e {{(pid=99793) process_request /opt/stack/glance/glance/api/middleware/version_negotiation.py:70}}
Aug 03 09:23:11.681450 np0000006329 devstack@g-api.service[99792]: [pid: 99792|app: 0|req: 18/55] 127.0.0.1 () {44 vars in 1135 bytes} [Mon Aug 3 09:23:11 2026] GET /v2/images/51227f11-87d5-4f20-b61b-7d2d3c54d23e/locations => generated 92 bytes in 326 msecs (HTTP/1.1 200) 4 headers in 156 bytes (1 switches on core 0)
Aug 03 09:23:11.696020 np0000006329 devstack@g-api.service[99791]: DEBUG glance.api.middleware.version_negotiation [None req-427fee54-06f9-48db-99ab-c8155c52b0fe tempest-TaggedBootDevicesTest-2112443551 tempest-TaggedBootDevicesTest-2112443551-project-member] Determining version of request: GET /v2/images/51227f11-87d5-4f20-b61b-7d2d3c54d23e Accept: */* {{(pid=99791) process_request /opt/stack/glance/glance/api/middleware/version_negotiation.py:44}}
Aug 03 09:23:11.696206 np0000006329 devstack@g-api.service[99791]: DEBUG glance.api.middleware.version_negotiation [None req-427fee54-06f9-48db-99ab-c8155c52b0fe tempest-TaggedBootDevicesTest-2112443551 tempest-TaggedBootDevicesTest-2112443551-project-member] Using url versioning {{(pid=99791) process_request /opt/stack/glance/glance/api/middleware/version_negotiation.py:57}}
Aug 03 09:23:11.696337 np0000006329 devstack@g-api.service[99791]: DEBUG glance.api.middleware.version_negotiation [None req-427fee54-06f9-48db-99ab-c8155c52b0fe tempest-TaggedBootDevicesTest-2112443551 tempest-TaggedBootDevicesTest-2112443551-project-member] Matched version: v2 {{(pid=99791) process_request /opt/stack/glance/glance/api/middleware/version_negotiation.py:69}}
Aug 03 09:23:11.696458 np0000006329 devstack@g-api.service[99791]: DEBUG glance.api.middleware.version_negotiation [None req-427fee54-06f9-48db-99ab-c8155c52b0fe tempest-TaggedBootDevicesTest-2112443551 tempest-TaggedBootDevicesTest-2112443551-project-member] new path /v2/images/51227f11-87d5-4f20-b61b-7d2d3c54d23e {{(pid=99791) process_request /opt/stack/glance/glance/api/middleware/version_negotiation.py:70}}
Aug 03 09:23:11.708968 np0000006329 devstack@g-api.service[99791]: [pid: 99791|app: 0|req: 21/56] 127.0.0.1 () {44 vars in 1115 bytes} [Mon Aug 3 09:23:11 2026] GET /v2/images/51227f11-87d5-4f20-b61b-7d2d3c54d23e => generated 1044 bytes in 13 msecs (HTTP/1.1 200) 4 headers in 158 bytes (1 switches on core 0)
Aug 03 09:23:11.720644 np0000006329 devstack@g-api.service[99792]: DEBUG glance.api.middleware.version_negotiation [None req-dc5ef269-a17a-42f8-a215-925c2703632c service glance] Determining version of request: GET /v2/schemas/image Accept: */* {{(pid=99792) process_request /opt/stack/glance/glance/api/middleware/version_negotiation.py:44}}
Aug 03 09:23:11.720848 np0000006329 devstack@g-api.service[99792]: DEBUG glance.api.middleware.version_negotiation [None req-dc5ef269-a17a-42f8-a215-925c2703632c service glance] Using url versioning {{(pid=99792) process_request /opt/stack/glance/glance/api/middleware/version_negotiation.py:57}}
Aug 03 09:23:11.721114 np0000006329 devstack@g-api.service[99792]: DEBUG glance.api.middleware.version_negotiation [None req-dc5ef269-a17a-42f8-a215-925c2703632c service glance] Matched version: v2 {{(pid=99792) process_request /opt/stack/glance/glance/api/middleware/version_negotiation.py:69}}
Aug 03 09:23:11.721452 np0000006329 devstack@g-api.service[99792]: DEBUG glance.api.middleware.version_negotiation [None req-dc5ef269-a17a-42f8-a215-925c2703632c service glance] new path /v2/schemas/image {{(pid=99792) process_request /opt/stack/glance/glance/api/middleware/version_negotiation.py:70}}
Aug 03 09:23:11.724822 np0000006329 devstack@g-api.service[99792]: [pid: 99792|app: 0|req: 19/57] 127.0.0.1 () {44 vars in 1055 bytes} [Mon Aug 3 09:23:11 2026] GET /v2/schemas/image => generated 6083 bytes in 4 msecs (HTTP/1.1 200) 4 headers in 158 bytes (1 switches on core 0)
Aug 03 09:23:11.732989 np0000006329 devstack@g-api.service[99791]: DEBUG glance.api.middleware.version_negotiation [None req-dc5ef269-a17a-42f8-a215-925c2703632c tempest-TaggedBootDevicesTest_v242-1704102994 tempest-TaggedBootDevicesTest_v242-1704102994-project-member] Determining version of request: GET /v2/schemas/image Accept: */* {{(pid=99791) process_request /opt/stack/glance/glance/api/middleware/version_negotiation.py:44}}
Aug 03 09:23:11.732989 np0000006329 devstack@g-api.service[99791]: DEBUG glance.api.middleware.version_negotiation [None req-dc5ef269-a17a-42f8-a215-925c2703632c tempest-TaggedBootDevicesTest_v242-1704102994 tempest-TaggedBootDevicesTest_v242-1704102994-project-member] Using url versioning {{(pid=99791) process_request /opt/stack/glance/glance/api/middleware/version_negotiation.py:57}}
Aug 03 09:23:11.733230 np0000006329 devstack@g-api.service[99791]: DEBUG glance.api.middleware.version_negotiation [None req-dc5ef269-a17a-42f8-a215-925c2703632c tempest-TaggedBootDevicesTest_v242-1704102994 tempest-TaggedBootDevicesTest_v242-1704102994-project-member] Matched version: v2 {{(pid=99791) process_request /opt/stack/glance/glance/api/middleware/version_negotiation.py:69}}
Aug 03 09:23:11.733318 np0000006329 devstack@g-api.service[99791]: DEBUG glance.api.middleware.version_negotiation [None req-dc5ef269-a17a-42f8-a215-925c2703632c tempest-TaggedBootDevicesTest_v242-1704102994 tempest-TaggedBootDevicesTest_v242-1704102994-project-member] new path /v2/schemas/image {{(pid=99791) process_request /opt/stack/glance/glance/api/middleware/version_negotiation.py:70}}
Aug 03 09:23:11.735342 np0000006329 devstack@g-api.service[99791]: [pid: 99791|app: 0|req: 22/58] 127.0.0.1 () {44 vars in 1055 bytes} [Mon Aug 3 09:23:11 2026] GET /v2/schemas/image => generated 6083 bytes in 2 msecs (HTTP/1.1 200) 4 headers in 158 bytes (1 switches on core 0)
Aug 03 09:23:12.021909 np0000006329 devstack@g-api.service[99793]: [pid: 99793|app: 0|req: 18/59] 127.0.0.1 () {44 vars in 1115 bytes} [Mon Aug 3 09:23:11 2026] GET /v2/images/51227f11-87d5-4f20-b61b-7d2d3c54d23e => generated 1044 bytes in 355 msecs (HTTP/1.1 200) 4 headers in 158 bytes (1 switches on core 0)
Aug 03 09:23:12.075769 np0000006329 devstack@g-api.service[99792]: DEBUG glance.api.middleware.version_negotiation [None req-dc5ef269-a17a-42f8-a215-925c2703632c tempest-TaggedBootDevicesTest_v242-1704102994 tempest-TaggedBootDevicesTest_v242-1704102994-project-member] Determining version of request: GET /v2/images/51227f11-87d5-4f20-b61b-7d2d3c54d23e/file Accept: */* {{(pid=99792) process_request /opt/stack/glance/glance/api/middleware/version_negotiation.py:44}}
Aug 03 09:23:12.075769 np0000006329 devstack@g-api.service[99792]: DEBUG glance.api.middleware.version_negotiation [None req-dc5ef269-a17a-42f8-a215-925c2703632c tempest-TaggedBootDevicesTest_v242-1704102994 tempest-TaggedBootDevicesTest_v242-1704102994-project-member] Using url versioning {{(pid=99792) process_request /opt/stack/glance/glance/api/middleware/version_negotiation.py:57}}
Aug 03 09:23:12.075769 np0000006329 devstack@g-api.service[99792]: DEBUG glance.api.middleware.version_negotiation [None req-dc5ef269-a17a-42f8-a215-925c2703632c tempest-TaggedBootDevicesTest_v242-1704102994 tempest-TaggedBootDevicesTest_v242-1704102994-project-member] Matched version: v2 {{(pid=99792) process_request /opt/stack/glance/glance/api/middleware/version_negotiation.py:69}}
Aug 03 09:23:12.075769 np0000006329 devstack@g-api.service[99792]: DEBUG glance.api.middleware.version_negotiation [None req-dc5ef269-a17a-42f8-a215-925c2703632c tempest-TaggedBootDevicesTest_v242-1704102994 tempest-TaggedBootDevicesTest_v242-1704102994-project-member] new path /v2/images/51227f11-87d5-4f20-b61b-7d2d3c54d23e/file {{(pid=99792) process_request /opt/stack/glance/glance/api/middleware/version_negotiation.py:70}}
Aug 03 09:23:12.089561 np0000006329 devstack@g-api.service[99792]: DEBUG glance.api.middleware.cache [None req-77cd1a3a-7fea-4d4b-8dc3-e0324065b74c tempest-DeleteServersTestJSON-724613765 tempest-DeleteServersTestJSON-724613765-project-member] Cache hit for image '51227f11-87d5-4f20-b61b-7d2d3c54d23e' {{(pid=99792) process_request /opt/stack/glance/glance/api/middleware/cache.py:160}}
Aug 03 09:23:12.158503 np0000006329 devstack@g-api.service[99792]: [pid: 99792|app: 0|req: 20/60] 127.0.0.1 () {44 vars in 1125 bytes} [Mon Aug 3 09:23:12 2026] GET /v2/images/51227f11-87d5-4f20-b61b-7d2d3c54d23e/file => generated 21692416 bytes in 83 msecs (HTTP/1.1 200) 5 headers in 217 bytes (337 switches on core 0)
Aug 03 09:23:12.293456 np0000006329 devstack@g-api.service[99791]: DEBUG glance.api.middleware.version_negotiation [None req-dc5ef269-a17a-42f8-a215-925c2703632c tempest-TaggedBootDevicesTest_v242-1704102994 tempest-TaggedBootDevicesTest_v242-1704102994-project-member] Determining version of request: GET /v2/images/51227f11-87d5-4f20-b61b-7d2d3c54d23e Accept: */* {{(pid=99791) process_request /opt/stack/glance/glance/api/middleware/version_negotiation.py:44}}
Aug 03 09:23:12.293456 np0000006329 devstack@g-api.service[99791]: DEBUG glance.api.middleware.version_negotiation [None req-dc5ef269-a17a-42f8-a215-925c2703632c tempest-TaggedBootDevicesTest_v242-1704102994 tempest-TaggedBootDevicesTest_v242-1704102994-project-member] Using url versioning {{(pid=99791) process_request /opt/stack/glance/glance/api/middleware/version_negotiation.py:57}}
Aug 03 09:23:12.293456 np0000006329 devstack@g-api.service[99791]: DEBUG glance.api.middleware.version_negotiation [None req-dc5ef269-a17a-42f8-a215-925c2703632c tempest-TaggedBootDevicesTest_v242-1704102994 tempest-TaggedBootDevicesTest_v242-1704102994-project-member] Matched version: v2 {{(pid=99791) process_request /opt/stack/glance/glance/api/middleware/version_negotiation.py:69}}
Aug 03 09:23:12.293456 np0000006329 devstack@g-api.service[99791]: DEBUG glance.api.middleware.version_negotiation [None req-dc5ef269-a17a-42f8-a215-925c2703632c tempest-TaggedBootDevicesTest_v242-1704102994 tempest-TaggedBootDevicesTest_v242-1704102994-project-member] new path /v2/images/51227f11-87d5-4f20-b61b-7d2d3c54d23e {{(pid=99791) process_request /opt/stack/glance/glance/api/middleware/version_negotiation.py:70}}
Aug 03 09:23:12.306880 np0000006329 devstack@g-api.service[99791]: [pid: 99791|app: 0|req: 23/61] 127.0.0.1 () {44 vars in 1115 bytes} [Mon Aug 3 09:23:12 2026] GET /v2/images/51227f11-87d5-4f20-b61b-7d2d3c54d23e => generated 1044 bytes in 15 msecs (HTTP/1.1 200) 4 headers in 158 bytes (1 switches on core 0)
Aug 03 09:23:12.345021 np0000006329 devstack@g-api.service[99793]: DEBUG glance.api.middleware.version_negotiation [None req-77cd1a3a-7fea-4d4b-8dc3-e0324065b74c tempest-DeleteServersTestJSON-724613765 tempest-DeleteServersTestJSON-724613765-project-member] Determining version of request: GET /v2/schemas/image Accept: */* {{(pid=99793) process_request /opt/stack/glance/glance/api/middleware/version_negotiation.py:44}}
Aug 03 09:23:12.345694 np0000006329 devstack@g-api.service[99793]: DEBUG glance.api.middleware.version_negotiation [None req-77cd1a3a-7fea-4d4b-8dc3-e0324065b74c tempest-DeleteServersTestJSON-724613765 tempest-DeleteServersTestJSON-724613765-project-member] Using url versioning {{(pid=99793) process_request /opt/stack/glance/glance/api/middleware/version_negotiation.py:57}}
Aug 03 09:23:12.345694 np0000006329 devstack@g-api.service[99793]: DEBUG glance.api.middleware.version_negotiation [None req-77cd1a3a-7fea-4d4b-8dc3-e0324065b74c tempest-DeleteServersTestJSON-724613765 tempest-DeleteServersTestJSON-724613765-project-member] Matched version: v2 {{(pid=99793) process_request /opt/stack/glance/glance/api/middleware/version_negotiation.py:69}}
Aug 03 09:23:12.345694 np0000006329 devstack@g-api.service[99793]: DEBUG glance.api.middleware.version_negotiation [None req-77cd1a3a-7fea-4d4b-8dc3-e0324065b74c tempest-DeleteServersTestJSON-724613765 tempest-DeleteServersTestJSON-724613765-project-member] new path /v2/schemas/image {{(pid=99793) process_request /opt/stack/glance/glance/api/middleware/version_negotiation.py:70}}
Aug 03 09:23:12.353333 np0000006329 devstack@g-api.service[99793]: [pid: 99793|app: 0|req: 19/62] 127.0.0.1 () {44 vars in 1055 bytes} [Mon Aug 3 09:23:12 2026] GET /v2/schemas/image => generated 6083 bytes in 8 msecs (HTTP/1.1 200) 4 headers in 158 bytes (1 switches on core 0)
Aug 03 09:23:12.893270 np0000006329 devstack@g-api.service[99792]: DEBUG glance.api.middleware.version_negotiation [None req-77cd1a3a-7fea-4d4b-8dc3-e0324065b74c tempest-DeleteServersTestJSON-724613765 tempest-DeleteServersTestJSON-724613765-project-member] Determining version of request: GET /v2/images/51227f11-87d5-4f20-b61b-7d2d3c54d23e Accept: */* {{(pid=99792) process_request /opt/stack/glance/glance/api/middleware/version_negotiation.py:44}}
Aug 03 09:23:12.893735 np0000006329 devstack@g-api.service[99792]: DEBUG glance.api.middleware.version_negotiation [None req-77cd1a3a-7fea-4d4b-8dc3-e0324065b74c tempest-DeleteServersTestJSON-724613765 tempest-DeleteServersTestJSON-724613765-project-member] Using url versioning {{(pid=99792) process_request /opt/stack/glance/glance/api/middleware/version_negotiation.py:57}}
Aug 03 09:23:12.893735 np0000006329 devstack@g-api.service[99792]: DEBUG glance.api.middleware.version_negotiation [None req-77cd1a3a-7fea-4d4b-8dc3-e0324065b74c tempest-DeleteServersTestJSON-724613765 tempest-DeleteServersTestJSON-724613765-project-member] Matched version: v2 {{(pid=99792) process_request /opt/stack/glance/glance/api/middleware/version_negotiation.py:69}}
Aug 03 09:23:12.893842 np0000006329 devstack@g-api.service[99792]: DEBUG glance.api.middleware.version_negotiation [None req-77cd1a3a-7fea-4d4b-8dc3-e0324065b74c tempest-DeleteServersTestJSON-724613765 tempest-DeleteServersTestJSON-724613765-project-member] new path /v2/images/51227f11-87d5-4f20-b61b-7d2d3c54d23e {{(pid=99792) process_request /opt/stack/glance/glance/api/middleware/version_negotiation.py:70}}
Aug 03 09:23:12.906509 np0000006329 devstack@g-api.service[99792]: [pid: 99792|app: 0|req: 21/63] 127.0.0.1 () {44 vars in 1115 bytes} [Mon Aug 3 09:23:12 2026] GET /v2/images/51227f11-87d5-4f20-b61b-7d2d3c54d23e => generated 1044 bytes in 14 msecs (HTTP/1.1 200) 4 headers in 158 bytes (1 switches on core 0)
Aug 03 09:23:12.915235 np0000006329 devstack@g-api.service[99791]: DEBUG glance.api.middleware.version_negotiation [None req-77cd1a3a-7fea-4d4b-8dc3-e0324065b74c tempest-DeleteServersTestJSON-724613765 tempest-DeleteServersTestJSON-724613765-project-member] Determining version of request: GET /v2/schemas/image Accept: */* {{(pid=99791) process_request /opt/stack/glance/glance/api/middleware/version_negotiation.py:44}}
Aug 03 09:23:12.915657 np0000006329 devstack@g-api.service[99791]: DEBUG glance.api.middleware.version_negotiation [None req-77cd1a3a-7fea-4d4b-8dc3-e0324065b74c tempest-DeleteServersTestJSON-724613765 tempest-DeleteServersTestJSON-724613765-project-member] Using url versioning {{(pid=99791) process_request /opt/stack/glance/glance/api/middleware/version_negotiation.py:57}}
Aug 03 09:23:12.915657 np0000006329 devstack@g-api.service[99791]: DEBUG glance.api.middleware.version_negotiation [None req-77cd1a3a-7fea-4d4b-8dc3-e0324065b74c tempest-DeleteServersTestJSON-724613765 tempest-DeleteServersTestJSON-724613765-project-member] Matched version: v2 {{(pid=99791) process_request /opt/stack/glance/glance/api/middleware/version_negotiation.py:69}}
Aug 03 09:23:12.915657 np0000006329 devstack@g-api.service[99791]: DEBUG glance.api.middleware.version_negotiation [None req-77cd1a3a-7fea-4d4b-8dc3-e0324065b74c tempest-DeleteServersTestJSON-724613765 tempest-DeleteServersTestJSON-724613765-project-member] new path /v2/schemas/image {{(pid=99791) process_request /opt/stack/glance/glance/api/middleware/version_negotiation.py:70}}
Aug 03 09:23:12.917852 np0000006329 devstack@g-api.service[99791]: [pid: 99791|app: 0|req: 24/64] 127.0.0.1 () {44 vars in 1055 bytes} [Mon Aug 3 09:23:12 2026] GET /v2/schemas/image => generated 6083 bytes in 3 msecs (HTTP/1.1 200) 4 headers in 158 bytes (1 switches on core 0)
Aug 03 09:23:16.289833 np0000006329 devstack@g-api.service[99793]: DEBUG glance.api.middleware.version_negotiation [None req-77cd1a3a-7fea-4d4b-8dc3-e0324065b74c tempest-DeleteServersTestJSON-724613765 tempest-DeleteServersTestJSON-724613765-project-member] Determining version of request: GET /v2/images/fc19194b-318e-4f5a-aa22-0a9d74bfc742 Accept: */* {{(pid=99793) process_request /opt/stack/glance/glance/api/middleware/version_negotiation.py:44}}
Aug 03 09:23:16.289833 np0000006329 devstack@g-api.service[99793]: DEBUG glance.api.middleware.version_negotiation [None req-77cd1a3a-7fea-4d4b-8dc3-e0324065b74c tempest-DeleteServersTestJSON-724613765 tempest-DeleteServersTestJSON-724613765-project-member] Using url versioning {{(pid=99793) process_request /opt/stack/glance/glance/api/middleware/version_negotiation.py:57}}
Aug 03 09:23:16.289833 np0000006329 devstack@g-api.service[99793]: DEBUG glance.api.middleware.version_negotiation [None req-77cd1a3a-7fea-4d4b-8dc3-e0324065b74c tempest-DeleteServersTestJSON-724613765 tempest-DeleteServersTestJSON-724613765-project-member] Matched version: v2 {{(pid=99793) process_request /opt/stack/glance/glance/api/middleware/version_negotiation.py:69}}
Aug 03 09:23:16.289833 np0000006329 devstack@g-api.service[99793]: DEBUG glance.api.middleware.version_negotiation [None req-77cd1a3a-7fea-4d4b-8dc3-e0324065b74c tempest-DeleteServersTestJSON-724613765 tempest-DeleteServersTestJSON-724613765-project-member] new path /v2/images/fc19194b-318e-4f5a-aa22-0a9d74bfc742 {{(pid=99793) process_request /opt/stack/glance/glance/api/middleware/version_negotiation.py:70}}
Aug 03 09:23:16.303296 np0000006329 devstack@g-api.service[99793]: [pid: 99793|app: 0|req: 20/65] 127.0.0.1 () {44 vars in 1115 bytes} [Mon Aug 3 09:23:16 2026] GET /v2/images/fc19194b-318e-4f5a-aa22-0a9d74bfc742 => generated 859 bytes in 15 msecs (HTTP/1.1 200) 4 headers in 157 bytes (1 switches on core 0)
Aug 03 09:23:16.330967 np0000006329 devstack@g-api.service[99792]: DEBUG glance.api.middleware.version_negotiation [None req-427fee54-06f9-48db-99ab-c8155c52b0fe tempest-TaggedBootDevicesTest-2112443551 tempest-TaggedBootDevicesTest-2112443551-project-member] Determining version of request: GET /v2/schemas/image Accept: */* {{(pid=99792) process_request /opt/stack/glance/glance/api/middleware/version_negotiation.py:44}}
Aug 03 09:23:16.331491 np0000006329 devstack@g-api.service[99792]: DEBUG glance.api.middleware.version_negotiation [None req-427fee54-06f9-48db-99ab-c8155c52b0fe tempest-TaggedBootDevicesTest-2112443551 tempest-TaggedBootDevicesTest-2112443551-project-member] Using url versioning {{(pid=99792) process_request /opt/stack/glance/glance/api/middleware/version_negotiation.py:57}}
Aug 03 09:23:16.331491 np0000006329 devstack@g-api.service[99792]: DEBUG glance.api.middleware.version_negotiation [None req-427fee54-06f9-48db-99ab-c8155c52b0fe tempest-TaggedBootDevicesTest-2112443551 tempest-TaggedBootDevicesTest-2112443551-project-member] Matched version: v2 {{(pid=99792) process_request /opt/stack/glance/glance/api/middleware/version_negotiation.py:69}}
Aug 03 09:23:16.331491 np0000006329 devstack@g-api.service[99792]: DEBUG glance.api.middleware.version_negotiation [None req-427fee54-06f9-48db-99ab-c8155c52b0fe tempest-TaggedBootDevicesTest-2112443551 tempest-TaggedBootDevicesTest-2112443551-project-member] new path /v2/schemas/image {{(pid=99792) process_request /opt/stack/glance/glance/api/middleware/version_negotiation.py:70}}
Aug 03 09:23:16.333767 np0000006329 devstack@g-api.service[99792]: [pid: 99792|app: 0|req: 22/66] 127.0.0.1 () {44 vars in 1055 bytes} [Mon Aug 3 09:23:16 2026] GET /v2/schemas/image => generated 6083 bytes in 3 msecs (HTTP/1.1 200) 4 headers in 158 bytes (1 switches on core 0)
Aug 03 09:23:18.761233 np0000006329 devstack@g-api.service[99791]: DEBUG glance.api.middleware.version_negotiation [None req-427fee54-06f9-48db-99ab-c8155c52b0fe tempest-TaggedBootDevicesTest-2112443551 tempest-TaggedBootDevicesTest-2112443551-project-member] Determining version of request: GET / Accept: application/json {{(pid=99791) process_request /opt/stack/glance/glance/api/middleware/version_negotiation.py:44}}
Aug 03 09:23:18.761694 np0000006329 devstack@g-api.service[99791]: DEBUG glance.api.middleware.version_negotiation [None req-427fee54-06f9-48db-99ab-c8155c52b0fe tempest-TaggedBootDevicesTest-2112443551 tempest-TaggedBootDevicesTest-2112443551-project-member] Using url versioning {{(pid=99791) process_request /opt/stack/glance/glance/api/middleware/version_negotiation.py:57}}
Aug 03 09:23:18.761694 np0000006329 devstack@g-api.service[99791]: DEBUG glance.api.middleware.version_negotiation [None req-427fee54-06f9-48db-99ab-c8155c52b0fe tempest-TaggedBootDevicesTest-2112443551 tempest-TaggedBootDevicesTest-2112443551-project-member] Unknown version. Returning version choices. {{(pid=99791) process_request /opt/stack/glance/glance/api/middleware/version_negotiation.py:64}}
Aug 03 09:23:18.762619 np0000006329 devstack@g-api.service[99791]: [pid: 99791|app: 0|req: 25/67] 127.0.0.1 () {36 vars in 559 bytes} [Mon Aug 3 09:23:18 2026] GET / => generated 1515 bytes in 2 msecs (HTTP/1.1 300) 3 headers in 106 bytes (1 switches on core 0)
Aug 03 09:23:18.801816 np0000006329 devstack@g-api.service[99793]: DEBUG glance.api.middleware.version_negotiation [None req-b673ce1f-c6d0-4314-a279-5596c95693b1 tempest-AttachSCSIVolumeTestJSON-1268396031 tempest-AttachSCSIVolumeTestJSON-1268396031-project-member] Determining version of request: GET /v2/images/51227f11-87d5-4f20-b61b-7d2d3c54d23e Accept: */* {{(pid=99793) process_request /opt/stack/glance/glance/api/middleware/version_negotiation.py:44}}
Aug 03 09:23:18.802262 np0000006329 devstack@g-api.service[99793]: DEBUG glance.api.middleware.version_negotiation [None req-b673ce1f-c6d0-4314-a279-5596c95693b1 tempest-AttachSCSIVolumeTestJSON-1268396031 tempest-AttachSCSIVolumeTestJSON-1268396031-project-member] Using url versioning {{(pid=99793) process_request /opt/stack/glance/glance/api/middleware/version_negotiation.py:57}}
Aug 03 09:23:18.802262 np0000006329 devstack@g-api.service[99793]: DEBUG glance.api.middleware.version_negotiation [None req-b673ce1f-c6d0-4314-a279-5596c95693b1 tempest-AttachSCSIVolumeTestJSON-1268396031 tempest-AttachSCSIVolumeTestJSON-1268396031-project-member] Matched version: v2 {{(pid=99793) process_request /opt/stack/glance/glance/api/middleware/version_negotiation.py:69}}
Aug 03 09:23:18.802262 np0000006329 devstack@g-api.service[99793]: DEBUG glance.api.middleware.version_negotiation [None req-b673ce1f-c6d0-4314-a279-5596c95693b1 tempest-AttachSCSIVolumeTestJSON-1268396031 tempest-AttachSCSIVolumeTestJSON-1268396031-project-member] new path /v2/images/51227f11-87d5-4f20-b61b-7d2d3c54d23e {{(pid=99793) process_request /opt/stack/glance/glance/api/middleware/version_negotiation.py:70}}
Aug 03 09:23:18.818691 np0000006329 devstack@g-api.service[99793]: [pid: 99793|app: 0|req: 21/68] 127.0.0.1 () {44 vars in 1115 bytes} [Mon Aug 3 09:23:18 2026] GET /v2/images/51227f11-87d5-4f20-b61b-7d2d3c54d23e => generated 1044 bytes in 17 msecs (HTTP/1.1 200) 4 headers in 158 bytes (1 switches on core 0)
Aug 03 09:23:18.853186 np0000006329 devstack@g-api.service[99792]: DEBUG glance.api.middleware.version_negotiation [None req-b673ce1f-c6d0-4314-a279-5596c95693b1 tempest-AttachSCSIVolumeTestJSON-1268396031 tempest-AttachSCSIVolumeTestJSON-1268396031-project-member] Determining version of request: GET /v2/schemas/image Accept: */* {{(pid=99792) process_request /opt/stack/glance/glance/api/middleware/version_negotiation.py:44}}
