Aug 03 09:23:45.583490 np0000006329 devstack@n-api.service[84286]: INFO nova.api.openstack.requestlog [None req-42ae3659-d29a-427a-bac9-84f8d70b09d6 tempest-TaggedBootDevicesTest_v242-1704102994 tempest-TaggedBootDevicesTest_v242-1704102994-project-member] 10.4.3.219 "GET /compute/v2.1/servers/a26e19e2-14f7-4935-8e5f-4ca3c6005db1" status: 200 len: 1877 microversion: 2.42 time: 0.518467
Aug 03 09:23:45.583490 np0000006329 devstack@n-api.service[84286]: [pid: 84286|app: 0|req: 56/136] 10.4.3.219 () {68 vars in 1395 bytes} [Mon Aug 3 09:23:45 2026] GET /compute/v2.1/servers/a26e19e2-14f7-4935-8e5f-4ca3c6005db1 => generated 1877 bytes in 519 msecs (HTTP/1.1 200) 9 headers in 360 bytes (1 switches on core 0)
Aug 03 09:23:45.588551 np0000006329 devstack@n-api.service[84286]: DEBUG nova.api.openstack.wsgi [None req-9ed593d1-a41e-4bc6-90f8-7aab48dd92a6 tempest-TaggedBootDevicesTest-2112443551 tempest-TaggedBootDevicesTest-2112443551-project-member] Calling method '>' {{(pid=84286) _process_stack /opt/stack/nova/nova/api/openstack/wsgi.py:551}}
Aug 03 09:23:45.593633 np0000006329 devstack@n-api.service[84286]: DEBUG nova.compute.api [None req-9ed593d1-a41e-4bc6-90f8-7aab48dd92a6 tempest-TaggedBootDevicesTest-2112443551 tempest-TaggedBootDevicesTest-2112443551-project-member] [instance: c5c3d634-ebbb-4abd-a95c-30ba98bf817a] Fetching instance by UUID {{(pid=84286) get /opt/stack/nova/nova/compute/api.py:3068}}
Aug 03 09:23:45.603640 np0000006329 devstack@n-api.service[84286]: DEBUG oslo_concurrency.lockutils [None req-9ed593d1-a41e-4bc6-90f8-7aab48dd92a6 tempest-TaggedBootDevicesTest-2112443551 tempest-TaggedBootDevicesTest-2112443551-project-member] Acquiring lock "a9d28995-4bc5-4fbe-b2d4-6ea97b6e4f17" by "nova.context.set_target_cell..get_or_set_cached_cell_and_set_connections" {{(pid=84286) inner /opt/stack/data/venv/lib/python3.12/site-packages/oslo_concurrency/lockutils.py:512}}
Aug 03 09:23:45.604464 np0000006329 devstack@n-api.service[84286]: DEBUG oslo_concurrency.lockutils [None req-9ed593d1-a41e-4bc6-90f8-7aab48dd92a6 tempest-TaggedBootDevicesTest-2112443551 tempest-TaggedBootDevicesTest-2112443551-project-member] Lock "a9d28995-4bc5-4fbe-b2d4-6ea97b6e4f17" acquired by "nova.context.set_target_cell..get_or_set_cached_cell_and_set_connections" :: waited 0.000s {{(pid=84286) inner /opt/stack/data/venv/lib/python3.12/site-packages/oslo_concurrency/lockutils.py:525}}
Aug 03 09:23:45.604739 np0000006329 devstack@n-api.service[84286]: DEBUG oslo_concurrency.lockutils [None req-9ed593d1-a41e-4bc6-90f8-7aab48dd92a6 tempest-TaggedBootDevicesTest-2112443551 tempest-TaggedBootDevicesTest-2112443551-project-member] Lock "a9d28995-4bc5-4fbe-b2d4-6ea97b6e4f17" "released" by "nova.context.set_target_cell..get_or_set_cached_cell_and_set_connections" :: held 0.002s {{(pid=84286) inner /opt/stack/data/venv/lib/python3.12/site-packages/oslo_concurrency/lockutils.py:544}}
Aug 03 09:23:45.605792 np0000006329 devstack@n-api.service[84286]: DEBUG oslo_concurrency.lockutils [None req-9ed593d1-a41e-4bc6-90f8-7aab48dd92a6 tempest-TaggedBootDevicesTest-2112443551 tempest-TaggedBootDevicesTest-2112443551-project-member] Acquiring lock "a9d28995-4bc5-4fbe-b2d4-6ea97b6e4f17" by "nova.context.set_target_cell..get_or_set_cached_cell_and_set_connections" {{(pid=84286) inner /opt/stack/data/venv/lib/python3.12/site-packages/oslo_concurrency/lockutils.py:512}}
Aug 03 09:23:45.606569 np0000006329 devstack@n-api.service[84286]: DEBUG oslo_concurrency.lockutils [None req-9ed593d1-a41e-4bc6-90f8-7aab48dd92a6 tempest-TaggedBootDevicesTest-2112443551 tempest-TaggedBootDevicesTest-2112443551-project-member] Lock "a9d28995-4bc5-4fbe-b2d4-6ea97b6e4f17" acquired by "nova.context.set_target_cell..get_or_set_cached_cell_and_set_connections" :: waited 0.001s {{(pid=84286) inner /opt/stack/data/venv/lib/python3.12/site-packages/oslo_concurrency/lockutils.py:525}}
Aug 03 09:23:45.606569 np0000006329 devstack@n-api.service[84286]: DEBUG oslo_concurrency.lockutils [None req-9ed593d1-a41e-4bc6-90f8-7aab48dd92a6 tempest-TaggedBootDevicesTest-2112443551 tempest-TaggedBootDevicesTest-2112443551-project-member] Lock "a9d28995-4bc5-4fbe-b2d4-6ea97b6e4f17" "released" by "nova.context.set_target_cell..get_or_set_cached_cell_and_set_connections" :: held 0.001s {{(pid=84286) inner /opt/stack/data/venv/lib/python3.12/site-packages/oslo_concurrency/lockutils.py:544}}
Aug 03 09:23:45.609265 np0000006329 devstack@n-api.service[84287]: INFO nova.api.openstack.requestlog [None req-169465e1-933a-401b-9c25-0547e8088d5a tempest-VolumesTestJSON-153384036 tempest-VolumesTestJSON-153384036-project-reader] 10.4.3.219 "GET /compute/v2.1/os-volumes" status: 200 len: 1027 microversion: 2.1 time: 0.527912
Aug 03 09:23:45.610848 np0000006329 devstack@n-api.service[84287]: [pid: 84287|app: 0|req: 46/137] 10.4.3.219 () {66 vars in 1252 bytes} [Mon Aug 3 09:23:45 2026] GET /compute/v2.1/os-volumes => generated 1027 bytes in 529 msecs (HTTP/1.1 200) 9 headers in 358 bytes (1 switches on core 0)
Aug 03 09:23:45.612637 np0000006329 devstack@n-api.service[84287]: DEBUG nova.api.openstack.wsgi [req-a73f2c8a-80ce-42c3-a32c-5dc9e58e66f3 req-51dc140b-13e3-449b-877e-f7f594158a30 service nova] Action: 'create', calling method: >, body: {"events": [{"name": "network-changed", "server_uuid": "a26e19e2-14f7-4935-8e5f-4ca3c6005db1", "tag": "29863f1b-4db2-4970-b1fb-9dc238ad0f30"}]} {{(pid=84287) _process_stack /opt/stack/nova/nova/api/openstack/wsgi.py:549}}
Aug 03 09:23:45.626793 np0000006329 devstack@n-api.service[84287]: DEBUG oslo_concurrency.lockutils [req-a73f2c8a-80ce-42c3-a32c-5dc9e58e66f3 req-51dc140b-13e3-449b-877e-f7f594158a30 service nova] Acquiring lock "a9d28995-4bc5-4fbe-b2d4-6ea97b6e4f17" by "nova.context.set_target_cell..get_or_set_cached_cell_and_set_connections" {{(pid=84287) inner /opt/stack/data/venv/lib/python3.12/site-packages/oslo_concurrency/lockutils.py:512}}
Aug 03 09:23:45.626793 np0000006329 devstack@n-api.service[84287]: DEBUG oslo_concurrency.lockutils [req-a73f2c8a-80ce-42c3-a32c-5dc9e58e66f3 req-51dc140b-13e3-449b-877e-f7f594158a30 service nova] Lock "a9d28995-4bc5-4fbe-b2d4-6ea97b6e4f17" acquired by "nova.context.set_target_cell..get_or_set_cached_cell_and_set_connections" :: waited 0.000s {{(pid=84287) inner /opt/stack/data/venv/lib/python3.12/site-packages/oslo_concurrency/lockutils.py:525}}
Aug 03 09:23:45.626793 np0000006329 devstack@n-api.service[84287]: DEBUG oslo_concurrency.lockutils [req-a73f2c8a-80ce-42c3-a32c-5dc9e58e66f3 req-51dc140b-13e3-449b-877e-f7f594158a30 service nova] Lock "a9d28995-4bc5-4fbe-b2d4-6ea97b6e4f17" "released" by "nova.context.set_target_cell..get_or_set_cached_cell_and_set_connections" :: held 0.000s {{(pid=84287) inner /opt/stack/data/venv/lib/python3.12/site-packages/oslo_concurrency/lockutils.py:544}}
Aug 03 09:23:45.642075 np0000006329 devstack@n-api.service[84285]: DEBUG nova.policy [None req-1f5c8246-80e5-49bd-84b6-a56dff8ebe88 tempest-VolumesActionsTest-1046420533 tempest-VolumesActionsTest-1046420533-project-member] Policy check for os_compute_api:os-extended-server-attributes failed with credentials {'is_admin': False, 'user_id': 'b0525d8fe72742c18f0aa7919aa9284c', 'user_domain_id': 'default', 'system_scope': None, 'domain_id': None, 'project_id': 'b55eb6942b1b47b7adf2c6a5aed48e04', 'project_domain_id': 'default', 'roles': ['reader', 'member'], 'is_admin_project': True, 'service_user_id': None, 'service_user_domain_id': None, 'service_project_id': None, 'service_project_domain_id': None, 'service_roles': []} {{(pid=84285) authorize /opt/stack/nova/nova/policy.py:202}}
Aug 03 09:23:45.644716 np0000006329 devstack@n-api.service[84286]: WARNING neutronclient.v2_0.client [None req-9ed593d1-a41e-4bc6-90f8-7aab48dd92a6 tempest-TaggedBootDevicesTest-2112443551 tempest-TaggedBootDevicesTest-2112443551-project-member] The python binding code in neutronclient is deprecated in favor of OpenstackSDK, please use that as this will be removed in a future release.
Aug 03 09:23:45.647186 np0000006329 devstack@n-api.service[84287]: INFO nova.api.openstack.compute.server_external_events [req-a73f2c8a-80ce-42c3-a32c-5dc9e58e66f3 req-51dc140b-13e3-449b-877e-f7f594158a30 service nova] Creating event network-changed:29863f1b-4db2-4970-b1fb-9dc238ad0f30 for instance a26e19e2-14f7-4935-8e5f-4ca3c6005db1 on np0000006329
Aug 03 09:23:45.647592 np0000006329 devstack@n-api.service[84287]: DEBUG nova.compute.rpcapi [req-a73f2c8a-80ce-42c3-a32c-5dc9e58e66f3 req-51dc140b-13e3-449b-877e-f7f594158a30 service nova] RPC: Sending the message to topic: compute-alt {{(pid=84287) prepare_for_alt_rpcserver /opt/stack/nova/nova/compute/rpcapi.py:595}}
Aug 03 09:23:45.653396 np0000006329 devstack@n-api.service[84285]: INFO nova.api.openstack.requestlog [None req-1f5c8246-80e5-49bd-84b6-a56dff8ebe88 tempest-VolumesActionsTest-1046420533 tempest-VolumesActionsTest-1046420533-project-member] 10.4.3.219 "GET /compute/v2.1/servers/aaa32484-4736-4408-89cf-66b62fed1e9b" status: 200 len: 1212 microversion: 2.1 time: 0.280775
Aug 03 09:23:45.653759 np0000006329 devstack@n-api.service[84285]: [pid: 84285|app: 0|req: 36/138] 10.4.3.219 () {66 vars in 1354 bytes} [Mon Aug 3 09:23:45 2026] GET /compute/v2.1/servers/aaa32484-4736-4408-89cf-66b62fed1e9b => generated 1212 bytes in 281 msecs (HTTP/1.1 200) 9 headers in 358 bytes (1 switches on core 0)
Aug 03 09:23:45.656769 np0000006329 devstack@n-api.service[84287]: INFO nova.api.openstack.requestlog [req-a73f2c8a-80ce-42c3-a32c-5dc9e58e66f3 req-51dc140b-13e3-449b-877e-f7f594158a30 service nova] 10.4.3.219 "POST /compute/v2.1/os-server-external-events" status: 200 len: 179 microversion: 2.1 time: 0.046425
Aug 03 09:23:45.657385 np0000006329 devstack@n-api.service[84287]: [pid: 84287|app: 0|req: 47/139] 10.4.3.219 () {72 vars in 1432 bytes} [Mon Aug 3 09:23:45 2026] POST /compute/v2.1/os-server-external-events => generated 179 bytes in 47 msecs (HTTP/1.1 200) 9 headers in 357 bytes (1 switches on core 0)
Aug 03 09:23:45.660500 np0000006329 devstack@n-api.service[84285]: DEBUG nova.api.openstack.wsgi [None req-f88ac1e4-094e-42e1-9889-76fa40c60839 tempest-VolumesTestJSON-153384036 tempest-VolumesTestJSON-153384036-project-reader] Calling method '>' {{(pid=84285) _process_stack /opt/stack/nova/nova/api/openstack/wsgi.py:551}}
Aug 03 09:23:45.750232 np0000006329 devstack@n-api.service[84285]: INFO nova.api.openstack.requestlog [None req-f88ac1e4-094e-42e1-9889-76fa40c60839 tempest-VolumesTestJSON-153384036 tempest-VolumesTestJSON-153384036-project-reader] 10.4.3.219 "GET /compute/v2.1/os-volumes?limit=2" status: 200 len: 689 microversion: 2.1 time: 0.094822
Aug 03 09:23:45.750822 np0000006329 devstack@n-api.service[84285]: [pid: 84285|app: 0|req: 37/140] 10.4.3.219 () {66 vars in 1267 bytes} [Mon Aug 3 09:23:45 2026] GET /compute/v2.1/os-volumes?limit=2 => generated 689 bytes in 96 msecs (HTTP/1.1 200) 9 headers in 357 bytes (1 switches on core 0)
Aug 03 09:23:45.767960 np0000006329 devstack@n-api.service[84287]: DEBUG nova.api.openstack.wsgi [None req-de141d76-1b2f-4822-9fcc-7d396f0fe3cb tempest-VolumesTestJSON-153384036 tempest-VolumesTestJSON-153384036-project-reader] Calling method '>' {{(pid=84287) _process_stack /opt/stack/nova/nova/api/openstack/wsgi.py:551}}
Aug 03 09:23:45.824502 np0000006329 devstack@n-api.service[84287]: INFO nova.api.openstack.requestlog [None req-de141d76-1b2f-4822-9fcc-7d396f0fe3cb tempest-VolumesTestJSON-153384036 tempest-VolumesTestJSON-153384036-project-reader] 10.4.3.219 "GET /compute/v2.1/os-volumes" status: 200 len: 1027 microversion: 2.1 time: 0.059434
Aug 03 09:23:45.825155 np0000006329 devstack@n-api.service[84287]: [pid: 84287|app: 0|req: 48/141] 10.4.3.219 () {66 vars in 1252 bytes} [Mon Aug 3 09:23:45 2026] GET /compute/v2.1/os-volumes => generated 1027 bytes in 60 msecs (HTTP/1.1 200) 9 headers in 358 bytes (1 switches on core 0)
Aug 03 09:23:45.845883 np0000006329 devstack@n-api.service[84285]: DEBUG nova.api.openstack.wsgi [None req-d2e75066-68ab-4a79-9fe4-3b6d30f7f28f tempest-VolumesTestJSON-153384036 tempest-VolumesTestJSON-153384036-project-reader] Calling method '>' {{(pid=84285) _process_stack /opt/stack/nova/nova/api/openstack/wsgi.py:551}}
Aug 03 09:23:45.905855 np0000006329 devstack@n-api.service[84285]: INFO nova.api.openstack.requestlog [None req-d2e75066-68ab-4a79-9fe4-3b6d30f7f28f tempest-VolumesTestJSON-153384036 tempest-VolumesTestJSON-153384036-project-reader] 10.4.3.219 "GET /compute/v2.1/os-volumes?offset=1&limit=1" status: 200 len: 351 microversion: 2.1 time: 0.063019
Aug 03 09:23:45.906334 np0000006329 devstack@n-api.service[84285]: [pid: 84285|app: 0|req: 38/142] 10.4.3.219 () {66 vars in 1285 bytes} [Mon Aug 3 09:23:45 2026] GET /compute/v2.1/os-volumes?offset=1&limit=1 => generated 351 bytes in 67 msecs (HTTP/1.1 200) 9 headers in 357 bytes (1 switches on core 0)
Aug 03 09:23:45.925628 np0000006329 devstack@n-api.service[84287]: DEBUG nova.api.openstack.wsgi [None req-c4c94cca-adb4-4177-aeb7-839d759ce477 tempest-VolumesTestJSON-153384036 tempest-VolumesTestJSON-153384036-project-reader] Calling method '>' {{(pid=84287) _process_stack /opt/stack/nova/nova/api/openstack/wsgi.py:551}}
Aug 03 09:23:45.972453 np0000006329 devstack@n-api.service[84287]: INFO nova.api.openstack.requestlog [None req-c4c94cca-adb4-4177-aeb7-839d759ce477 tempest-VolumesTestJSON-153384036 tempest-VolumesTestJSON-153384036-project-reader] 10.4.3.219 "GET /compute/v2.1/os-volumes/detail?limit=2" status: 200 len: 689 microversion: 2.1 time: 0.048827
Aug 03 09:23:45.972746 np0000006329 devstack@n-api.service[84287]: [pid: 84287|app: 0|req: 49/143] 10.4.3.219 () {66 vars in 1288 bytes} [Mon Aug 3 09:23:45 2026] GET /compute/v2.1/os-volumes/detail?limit=2 => generated 689 bytes in 50 msecs (HTTP/1.1 200) 9 headers in 357 bytes (1 switches on core 0)
Aug 03 09:23:45.991331 np0000006329 devstack@n-api.service[84285]: DEBUG nova.api.openstack.wsgi [None req-b3f42a4d-855d-4c7e-9bdb-04926a224eef tempest-VolumesTestJSON-153384036 tempest-VolumesTestJSON-153384036-project-reader] Calling method '>' {{(pid=84285) _process_stack /opt/stack/nova/nova/api/openstack/wsgi.py:551}}
Aug 03 09:23:46.044114 np0000006329 devstack@n-api.service[84285]: INFO nova.api.openstack.requestlog [None req-b3f42a4d-855d-4c7e-9bdb-04926a224eef tempest-VolumesTestJSON-153384036 tempest-VolumesTestJSON-153384036-project-reader] 10.4.3.219 "GET /compute/v2.1/os-volumes/detail" status: 200 len: 1027 microversion: 2.1 time: 0.055290
Aug 03 09:23:46.044114 np0000006329 devstack@n-api.service[84285]: [pid: 84285|app: 0|req: 39/144] 10.4.3.219 () {66 vars in 1273 bytes} [Mon Aug 3 09:23:45 2026] GET /compute/v2.1/os-volumes/detail => generated 1027 bytes in 56 msecs (HTTP/1.1 200) 9 headers in 358 bytes (1 switches on core 0)
Aug 03 09:23:46.068538 np0000006329 devstack@n-api.service[84287]: DEBUG nova.api.openstack.wsgi [None req-99f2d41c-109f-473b-9246-c45aa60c4f14 tempest-VolumesTestJSON-153384036 tempest-VolumesTestJSON-153384036-project-reader] Calling method '>' {{(pid=84287) _process_stack /opt/stack/nova/nova/api/openstack/wsgi.py:551}}
Aug 03 09:23:46.129013 np0000006329 devstack@n-api.service[84287]: INFO nova.api.openstack.requestlog [None req-99f2d41c-109f-473b-9246-c45aa60c4f14 tempest-VolumesTestJSON-153384036 tempest-VolumesTestJSON-153384036-project-reader] 10.4.3.219 "GET /compute/v2.1/os-volumes/detail?offset=1&limit=1" status: 200 len: 351 microversion: 2.1 time: 0.064755
Aug 03 09:23:46.129603 np0000006329 devstack@n-api.service[84287]: [pid: 84287|app: 0|req: 50/145] 10.4.3.219 () {66 vars in 1306 bytes} [Mon Aug 3 09:23:46 2026] GET /compute/v2.1/os-volumes/detail?offset=1&limit=1 => generated 351 bytes in 65 msecs (HTTP/1.1 200) 9 headers in 357 bytes (1 switches on core 0)
Aug 03 09:23:46.147288 np0000006329 devstack@n-api.service[84285]: DEBUG nova.api.openstack.wsgi [None req-b4e7940f-cf9b-4cab-a70f-828394399a4c tempest-VolumesTestJSON-153384036 tempest-VolumesTestJSON-153384036-project-reader] Calling method '>' {{(pid=84285) _process_stack /opt/stack/nova/nova/api/openstack/wsgi.py:551}}
Aug 03 09:23:46.201925 np0000006329 devstack@n-api.service[84285]: INFO nova.api.openstack.requestlog [None req-b4e7940f-cf9b-4cab-a70f-828394399a4c tempest-VolumesTestJSON-153384036 tempest-VolumesTestJSON-153384036-project-reader] 10.4.3.219 "GET /compute/v2.1/os-volumes/detail" status: 200 len: 1027 microversion: 2.1 time: 0.056851
Aug 03 09:23:46.202518 np0000006329 devstack@n-api.service[84285]: [pid: 84285|app: 0|req: 40/146] 10.4.3.219 () {66 vars in 1273 bytes} [Mon Aug 3 09:23:46 2026] GET /compute/v2.1/os-volumes/detail => generated 1027 bytes in 58 msecs (HTTP/1.1 200) 9 headers in 358 bytes (1 switches on core 0)
Aug 03 09:23:46.618282 np0000006329 devstack@n-api.service[84287]: DEBUG nova.api.openstack.wsgi [None req-4b805b67-8da8-49d1-958a-47415f4d45cc tempest-TaggedBootDevicesTest_v242-1704102994 tempest-TaggedBootDevicesTest_v242-1704102994-project-member] Calling method '>' {{(pid=84287) _process_stack /opt/stack/nova/nova/api/openstack/wsgi.py:551}}
Aug 03 09:23:46.625893 np0000006329 devstack@n-api.service[84287]: DEBUG nova.compute.api [None req-4b805b67-8da8-49d1-958a-47415f4d45cc tempest-TaggedBootDevicesTest_v242-1704102994 tempest-TaggedBootDevicesTest_v242-1704102994-project-member] [instance: a26e19e2-14f7-4935-8e5f-4ca3c6005db1] Fetching instance by UUID {{(pid=84287) get /opt/stack/nova/nova/compute/api.py:3068}}
Aug 03 09:23:46.636633 np0000006329 devstack@n-api.service[84287]: DEBUG oslo_concurrency.lockutils [None req-4b805b67-8da8-49d1-958a-47415f4d45cc tempest-TaggedBootDevicesTest_v242-1704102994 tempest-TaggedBootDevicesTest_v242-1704102994-project-member] Acquiring lock "a9d28995-4bc5-4fbe-b2d4-6ea97b6e4f17" by "nova.context.set_target_cell..get_or_set_cached_cell_and_set_connections" {{(pid=84287) inner /opt/stack/data/venv/lib/python3.12/site-packages/oslo_concurrency/lockutils.py:512}}
Aug 03 09:23:46.637033 np0000006329 devstack@n-api.service[84287]: DEBUG oslo_concurrency.lockutils [None req-4b805b67-8da8-49d1-958a-47415f4d45cc tempest-TaggedBootDevicesTest_v242-1704102994 tempest-TaggedBootDevicesTest_v242-1704102994-project-member] Lock "a9d28995-4bc5-4fbe-b2d4-6ea97b6e4f17" acquired by "nova.context.set_target_cell..get_or_set_cached_cell_and_set_connections" :: waited 0.001s {{(pid=84287) inner /opt/stack/data/venv/lib/python3.12/site-packages/oslo_concurrency/lockutils.py:525}}
Aug 03 09:23:46.637345 np0000006329 devstack@n-api.service[84287]: DEBUG oslo_concurrency.lockutils [None req-4b805b67-8da8-49d1-958a-47415f4d45cc tempest-TaggedBootDevicesTest_v242-1704102994 tempest-TaggedBootDevicesTest_v242-1704102994-project-member] Lock "a9d28995-4bc5-4fbe-b2d4-6ea97b6e4f17" "released" by "nova.context.set_target_cell..get_or_set_cached_cell_and_set_connections" :: held 0.000s {{(pid=84287) inner /opt/stack/data/venv/lib/python3.12/site-packages/oslo_concurrency/lockutils.py:544}}
Aug 03 09:23:46.637979 np0000006329 devstack@n-api.service[84287]: DEBUG oslo_concurrency.lockutils [None req-4b805b67-8da8-49d1-958a-47415f4d45cc tempest-TaggedBootDevicesTest_v242-1704102994 tempest-TaggedBootDevicesTest_v242-1704102994-project-member] Acquiring lock "a9d28995-4bc5-4fbe-b2d4-6ea97b6e4f17" by "nova.context.set_target_cell..get_or_set_cached_cell_and_set_connections" {{(pid=84287) inner /opt/stack/data/venv/lib/python3.12/site-packages/oslo_concurrency/lockutils.py:512}}
Aug 03 09:23:46.638440 np0000006329 devstack@n-api.service[84287]: DEBUG oslo_concurrency.lockutils [None req-4b805b67-8da8-49d1-958a-47415f4d45cc tempest-TaggedBootDevicesTest_v242-1704102994 tempest-TaggedBootDevicesTest_v242-1704102994-project-member] Lock "a9d28995-4bc5-4fbe-b2d4-6ea97b6e4f17" acquired by "nova.context.set_target_cell..get_or_set_cached_cell_and_set_connections" :: waited 0.000s {{(pid=84287) inner /opt/stack/data/venv/lib/python3.12/site-packages/oslo_concurrency/lockutils.py:525}}
Aug 03 09:23:46.638920 np0000006329 devstack@n-api.service[84287]: DEBUG oslo_concurrency.lockutils [None req-4b805b67-8da8-49d1-958a-47415f4d45cc tempest-TaggedBootDevicesTest_v242-1704102994 tempest-TaggedBootDevicesTest_v242-1704102994-project-member] Lock "a9d28995-4bc5-4fbe-b2d4-6ea97b6e4f17" "released" by "nova.context.set_target_cell..get_or_set_cached_cell_and_set_connections" :: held 0.000s {{(pid=84287) inner /opt/stack/data/venv/lib/python3.12/site-packages/oslo_concurrency/lockutils.py:544}}
Aug 03 09:23:46.667800 np0000006329 devstack@n-api.service[84287]: WARNING neutronclient.v2_0.client [None req-4b805b67-8da8-49d1-958a-47415f4d45cc tempest-TaggedBootDevicesTest_v242-1704102994 tempest-TaggedBootDevicesTest_v242-1704102994-project-member] The python binding code in neutronclient is deprecated in favor of OpenstackSDK, please use that as this will be removed in a future release.
Aug 03 09:23:46.683166 np0000006329 devstack@n-api.service[84285]: DEBUG nova.api.openstack.wsgi [None req-7ecf822c-2cac-474f-bafc-e81c9ae7ef27 tempest-VolumesActionsTest-1046420533 tempest-VolumesActionsTest-1046420533-project-member] Calling method '>' {{(pid=84285) _process_stack /opt/stack/nova/nova/api/openstack/wsgi.py:551}}
Aug 03 09:23:46.684823 np0000006329 devstack@n-api.service[84285]: DEBUG nova.compute.api [None req-7ecf822c-2cac-474f-bafc-e81c9ae7ef27 tempest-VolumesActionsTest-1046420533 tempest-VolumesActionsTest-1046420533-project-member] [instance: aaa32484-4736-4408-89cf-66b62fed1e9b] Fetching instance by UUID {{(pid=84285) get /opt/stack/nova/nova/compute/api.py:3068}}
Aug 03 09:23:46.691138 np0000006329 devstack@n-api.service[84285]: DEBUG oslo_concurrency.lockutils [None req-7ecf822c-2cac-474f-bafc-e81c9ae7ef27 tempest-VolumesActionsTest-1046420533 tempest-VolumesActionsTest-1046420533-project-member] Acquiring lock "a9d28995-4bc5-4fbe-b2d4-6ea97b6e4f17" by "nova.context.set_target_cell..get_or_set_cached_cell_and_set_connections" {{(pid=84285) inner /opt/stack/data/venv/lib/python3.12/site-packages/oslo_concurrency/lockutils.py:512}}
Aug 03 09:23:46.691465 np0000006329 devstack@n-api.service[84285]: DEBUG oslo_concurrency.lockutils [None req-7ecf822c-2cac-474f-bafc-e81c9ae7ef27 tempest-VolumesActionsTest-1046420533 tempest-VolumesActionsTest-1046420533-project-member] Lock "a9d28995-4bc5-4fbe-b2d4-6ea97b6e4f17" acquired by "nova.context.set_target_cell..get_or_set_cached_cell_and_set_connections" :: waited 0.001s {{(pid=84285) inner /opt/stack/data/venv/lib/python3.12/site-packages/oslo_concurrency/lockutils.py:525}}
Aug 03 09:23:46.691787 np0000006329 devstack@n-api.service[84285]: DEBUG oslo_concurrency.lockutils [None req-7ecf822c-2cac-474f-bafc-e81c9ae7ef27 tempest-VolumesActionsTest-1046420533 tempest-VolumesActionsTest-1046420533-project-member] Lock "a9d28995-4bc5-4fbe-b2d4-6ea97b6e4f17" "released" by "nova.context.set_target_cell..get_or_set_cached_cell_and_set_connections" :: held 0.000s {{(pid=84285) inner /opt/stack/data/venv/lib/python3.12/site-packages/oslo_concurrency/lockutils.py:544}}
Aug 03 09:23:46.692384 np0000006329 devstack@n-api.service[84285]: DEBUG oslo_concurrency.lockutils [None req-7ecf822c-2cac-474f-bafc-e81c9ae7ef27 tempest-VolumesActionsTest-1046420533 tempest-VolumesActionsTest-1046420533-project-member] Acquiring lock "a9d28995-4bc5-4fbe-b2d4-6ea97b6e4f17" by "nova.context.set_target_cell..get_or_set_cached_cell_and_set_connections" {{(pid=84285) inner /opt/stack/data/venv/lib/python3.12/site-packages/oslo_concurrency/lockutils.py:512}}
Aug 03 09:23:46.692829 np0000006329 devstack@n-api.service[84285]: DEBUG oslo_concurrency.lockutils [None req-7ecf822c-2cac-474f-bafc-e81c9ae7ef27 tempest-VolumesActionsTest-1046420533 tempest-VolumesActionsTest-1046420533-project-member] Lock "a9d28995-4bc5-4fbe-b2d4-6ea97b6e4f17" acquired by "nova.context.set_target_cell..get_or_set_cached_cell_and_set_connections" :: waited 0.000s {{(pid=84285) inner /opt/stack/data/venv/lib/python3.12/site-packages/oslo_concurrency/lockutils.py:525}}
Aug 03 09:23:46.693266 np0000006329 devstack@n-api.service[84285]: DEBUG oslo_concurrency.lockutils [None req-7ecf822c-2cac-474f-bafc-e81c9ae7ef27 tempest-VolumesActionsTest-1046420533 tempest-VolumesActionsTest-1046420533-project-member] Lock "a9d28995-4bc5-4fbe-b2d4-6ea97b6e4f17" "released" by "nova.context.set_target_cell..get_or_set_cached_cell_and_set_connections" :: held 0.000s {{(pid=84285) inner /opt/stack/data/venv/lib/python3.12/site-packages/oslo_concurrency/lockutils.py:544}}
Aug 03 09:23:46.723532 np0000006329 devstack@n-api.service[84285]: WARNING neutronclient.v2_0.client [None req-7ecf822c-2cac-474f-bafc-e81c9ae7ef27 tempest-VolumesActionsTest-1046420533 tempest-VolumesActionsTest-1046420533-project-member] The python binding code in neutronclient is deprecated in favor of OpenstackSDK, please use that as this will be removed in a future release.
Aug 03 09:23:46.883508 np0000006329 devstack@n-api.service[84286]: DEBUG nova.policy [None req-9ed593d1-a41e-4bc6-90f8-7aab48dd92a6 tempest-TaggedBootDevicesTest-2112443551 tempest-TaggedBootDevicesTest-2112443551-project-member] Policy check for os_compute_api:os-extended-server-attributes failed with credentials {'is_admin': False, 'user_id': 'b8658776b4e445cbb52d414a06852d97', 'user_domain_id': 'default', 'system_scope': None, 'domain_id': None, 'project_id': 'dbedc4ed7ccc430b856509781e5b6f4a', 'project_domain_id': 'default', 'roles': ['reader', 'member'], 'is_admin_project': True, 'service_user_id': None, 'service_user_domain_id': None, 'service_project_id': None, 'service_project_domain_id': None, 'service_roles': []} {{(pid=84286) authorize /opt/stack/nova/nova/policy.py:202}}
Aug 03 09:23:46.887154 np0000006329 devstack@n-api.service[84287]: DEBUG dbcounter [-] [84287] Writing DB stats nova_cell0:SELECT=11 {{(pid=84287) stat_writer /opt/stack/data/venv/lib/python3.12/site-packages/dbcounter.py:115}}
Aug 03 09:23:46.892830 np0000006329 devstack@n-api.service[84286]: DEBUG nova.policy [None req-9ed593d1-a41e-4bc6-90f8-7aab48dd92a6 tempest-TaggedBootDevicesTest-2112443551 tempest-TaggedBootDevicesTest-2112443551-project-member] Policy check for os_compute_api:servers:show:host_status failed with credentials {'is_admin': False, 'user_id': 'b8658776b4e445cbb52d414a06852d97', 'user_domain_id': 'default', 'system_scope': None, 'domain_id': None, 'project_id': 'dbedc4ed7ccc430b856509781e5b6f4a', 'project_domain_id': 'default', 'roles': ['reader', 'member'], 'is_admin_project': True, 'service_user_id': None, 'service_user_domain_id': None, 'service_project_id': None, 'service_project_domain_id': None, 'service_roles': []} {{(pid=84286) authorize /opt/stack/nova/nova/policy.py:202}}
Aug 03 09:23:46.893548 np0000006329 devstack@n-api.service[84286]: DEBUG nova.policy [None req-9ed593d1-a41e-4bc6-90f8-7aab48dd92a6 tempest-TaggedBootDevicesTest-2112443551 tempest-TaggedBootDevicesTest-2112443551-project-member] Policy check for os_compute_api:servers:show:host_status:unknown-only failed with credentials {'is_admin': False, 'user_id': 'b8658776b4e445cbb52d414a06852d97', 'user_domain_id': 'default', 'system_scope': None, 'domain_id': None, 'project_id': 'dbedc4ed7ccc430b856509781e5b6f4a', 'project_domain_id': 'default', 'roles': ['reader', 'member'], 'is_admin_project': True, 'service_user_id': None, 'service_user_domain_id': None, 'service_project_id': None, 'service_project_domain_id': None, 'service_roles': []} {{(pid=84286) authorize /opt/stack/nova/nova/policy.py:202}}
Aug 03 09:23:46.901137 np0000006329 devstack@n-api.service[84286]: INFO nova.api.openstack.requestlog [None req-9ed593d1-a41e-4bc6-90f8-7aab48dd92a6 tempest-TaggedBootDevicesTest-2112443551 tempest-TaggedBootDevicesTest-2112443551-project-member] 10.4.3.219 "GET /compute/v2.1/servers/c5c3d634-ebbb-4abd-a95c-30ba98bf817a" status: 200 len: 1857 microversion: 2.32 time: 1.317030
Aug 03 09:23:46.901482 np0000006329 devstack@n-api.service[84286]: [pid: 84286|app: 0|req: 57/147] 10.4.3.219 () {68 vars in 1395 bytes} [Mon Aug 3 09:23:45 2026] GET /compute/v2.1/servers/c5c3d634-ebbb-4abd-a95c-30ba98bf817a => generated 1857 bytes in 1318 msecs (HTTP/1.1 200) 9 headers in 360 bytes (1 switches on core 0)
Aug 03 09:23:47.143706 np0000006329 devstack@n-api.service[84286]: DEBUG dbcounter [-] [84286] Writing DB stats nova_cell0:SELECT=1 {{(pid=84286) stat_writer /opt/stack/data/venv/lib/python3.12/site-packages/dbcounter.py:115}}
Aug 03 09:23:47.206313 np0000006329 devstack@n-api.service[84285]: DEBUG nova.policy [None req-7ecf822c-2cac-474f-bafc-e81c9ae7ef27 tempest-VolumesActionsTest-1046420533 tempest-VolumesActionsTest-1046420533-project-member] Policy check for os_compute_api:os-extended-server-attributes failed with credentials {'is_admin': False, 'user_id': 'b0525d8fe72742c18f0aa7919aa9284c', 'user_domain_id': 'default', 'system_scope': None, 'domain_id': None, 'project_id': 'b55eb6942b1b47b7adf2c6a5aed48e04', 'project_domain_id': 'default', 'roles': ['reader', 'member'], 'is_admin_project': True, 'service_user_id': None, 'service_user_domain_id': None, 'service_project_id': None, 'service_project_domain_id': None, 'service_roles': []} {{(pid=84285) authorize /opt/stack/nova/nova/policy.py:202}}
Aug 03 09:23:47.215374 np0000006329 devstack@n-api.service[84285]: INFO nova.api.openstack.requestlog [None req-7ecf822c-2cac-474f-bafc-e81c9ae7ef27 tempest-VolumesActionsTest-1046420533 tempest-VolumesActionsTest-1046420533-project-member] 10.4.3.219 "GET /compute/v2.1/servers/aaa32484-4736-4408-89cf-66b62fed1e9b" status: 200 len: 1272 microversion: 2.1 time: 0.536234
Aug 03 09:23:47.215712 np0000006329 devstack@n-api.service[84285]: [pid: 84285|app: 0|req: 41/148] 10.4.3.219 () {66 vars in 1354 bytes} [Mon Aug 3 09:23:46 2026] GET /compute/v2.1/servers/aaa32484-4736-4408-89cf-66b62fed1e9b => generated 1272 bytes in 537 msecs (HTTP/1.1 200) 9 headers in 358 bytes (1 switches on core 0)
Aug 03 09:23:47.394688 np0000006329 devstack@n-api.service[84286]: DEBUG nova.api.openstack.wsgi [req-15024103-6e08-4eb0-b5c0-67a67a6b603c req-2055a2d8-0685-40a1-8ab4-cd0f73ebe1c7 service nova] Action: 'create', calling method: >, body: {"events": [{"name": "network-changed", "server_uuid": "c5c3d634-ebbb-4abd-a95c-30ba98bf817a", "tag": "2660e7cb-2110-4330-9956-f6932446923a"}, {"name": "network-changed", "server_uuid": "a26e19e2-14f7-4935-8e5f-4ca3c6005db1", "tag": "2dc9c448-5ede-4ef3-918b-7a031fc2b7f0"}]} {{(pid=84286) _process_stack /opt/stack/nova/nova/api/openstack/wsgi.py:549}}
Aug 03 09:23:47.408923 np0000006329 devstack@n-api.service[84286]: DEBUG oslo_concurrency.lockutils [req-15024103-6e08-4eb0-b5c0-67a67a6b603c req-2055a2d8-0685-40a1-8ab4-cd0f73ebe1c7 service nova] Acquiring lock "a9d28995-4bc5-4fbe-b2d4-6ea97b6e4f17" by "nova.context.set_target_cell..get_or_set_cached_cell_and_set_connections" {{(pid=84286) inner /opt/stack/data/venv/lib/python3.12/site-packages/oslo_concurrency/lockutils.py:512}}
Aug 03 09:23:47.409220 np0000006329 devstack@n-api.service[84286]: DEBUG oslo_concurrency.lockutils [req-15024103-6e08-4eb0-b5c0-67a67a6b603c req-2055a2d8-0685-40a1-8ab4-cd0f73ebe1c7 service nova] Lock "a9d28995-4bc5-4fbe-b2d4-6ea97b6e4f17" acquired by "nova.context.set_target_cell..get_or_set_cached_cell_and_set_connections" :: waited 0.000s {{(pid=84286) inner /opt/stack/data/venv/lib/python3.12/site-packages/oslo_concurrency/lockutils.py:525}}
Aug 03 09:23:47.409636 np0000006329 devstack@n-api.service[84286]: DEBUG oslo_concurrency.lockutils [req-15024103-6e08-4eb0-b5c0-67a67a6b603c req-2055a2d8-0685-40a1-8ab4-cd0f73ebe1c7 service nova] Lock "a9d28995-4bc5-4fbe-b2d4-6ea97b6e4f17" "released" by "nova.context.set_target_cell..get_or_set_cached_cell_and_set_connections" :: held 0.000s {{(pid=84286) inner /opt/stack/data/venv/lib/python3.12/site-packages/oslo_concurrency/lockutils.py:544}}
Aug 03 09:23:47.419963 np0000006329 devstack@n-api.service[84286]: INFO nova.api.openstack.compute.server_external_events [req-15024103-6e08-4eb0-b5c0-67a67a6b603c req-2055a2d8-0685-40a1-8ab4-cd0f73ebe1c7 service nova] Creating event network-changed:2660e7cb-2110-4330-9956-f6932446923a for instance c5c3d634-ebbb-4abd-a95c-30ba98bf817a on np0000006329
Aug 03 09:23:47.419963 np0000006329 devstack@n-api.service[84286]: INFO nova.api.openstack.compute.server_external_events [req-15024103-6e08-4eb0-b5c0-67a67a6b603c req-2055a2d8-0685-40a1-8ab4-cd0f73ebe1c7 service nova] Creating event network-changed:2dc9c448-5ede-4ef3-918b-7a031fc2b7f0 for instance a26e19e2-14f7-4935-8e5f-4ca3c6005db1 on np0000006329
Aug 03 09:23:47.421176 np0000006329 devstack@n-api.service[84286]: DEBUG nova.compute.rpcapi [req-15024103-6e08-4eb0-b5c0-67a67a6b603c req-2055a2d8-0685-40a1-8ab4-cd0f73ebe1c7 service nova] RPC: Sending the message to topic: compute-alt {{(pid=84286) prepare_for_alt_rpcserver /opt/stack/nova/nova/compute/rpcapi.py:595}}
Aug 03 09:23:47.430678 np0000006329 devstack@n-api.service[84286]: INFO nova.api.openstack.requestlog [req-15024103-6e08-4eb0-b5c0-67a67a6b603c req-2055a2d8-0685-40a1-8ab4-cd0f73ebe1c7 service nova] 10.4.3.219 "POST /compute/v2.1/os-server-external-events" status: 200 len: 346 microversion: 2.1 time: 0.038778
Aug 03 09:23:47.431270 np0000006329 devstack@n-api.service[84286]: [pid: 84286|app: 0|req: 58/149] 10.4.3.219 () {72 vars in 1432 bytes} [Mon Aug 3 09:23:47 2026] POST /compute/v2.1/os-server-external-events => generated 346 bytes in 40 msecs (HTTP/1.1 200) 9 headers in 357 bytes (1 switches on core 0)
Aug 03 09:23:47.723740 np0000006329 devstack@n-api.service[84285]: DEBUG nova.api.openstack.wsgi [req-1e26e3bb-7082-4eeb-9c9f-df1f2899caff req-f262636c-68d4-4d36-bbbf-b47be4416a35 service nova] Action: 'create', calling method: >, body: {"events": [{"name": "network-changed", "server_uuid": "a26e19e2-14f7-4935-8e5f-4ca3c6005db1", "tag": "0ef3875e-4c11-403c-957b-0b5adb70e0f6"}, {"name": "network-changed", "server_uuid": "c5c3d634-ebbb-4abd-a95c-30ba98bf817a", "tag": "7996d606-00c5-4b4a-8187-1f97828bab06"}]} {{(pid=84285) _process_stack /opt/stack/nova/nova/api/openstack/wsgi.py:549}}
Aug 03 09:23:47.738656 np0000006329 devstack@n-api.service[84285]: DEBUG oslo_concurrency.lockutils [req-1e26e3bb-7082-4eeb-9c9f-df1f2899caff req-f262636c-68d4-4d36-bbbf-b47be4416a35 service nova] Acquiring lock "a9d28995-4bc5-4fbe-b2d4-6ea97b6e4f17" by "nova.context.set_target_cell..get_or_set_cached_cell_and_set_connections" {{(pid=84285) inner /opt/stack/data/venv/lib/python3.12/site-packages/oslo_concurrency/lockutils.py:512}}
Aug 03 09:23:47.738938 np0000006329 devstack@n-api.service[84285]: DEBUG oslo_concurrency.lockutils [req-1e26e3bb-7082-4eeb-9c9f-df1f2899caff req-f262636c-68d4-4d36-bbbf-b47be4416a35 service nova] Lock "a9d28995-4bc5-4fbe-b2d4-6ea97b6e4f17" acquired by "nova.context.set_target_cell..get_or_set_cached_cell_and_set_connections" :: waited 0.000s {{(pid=84285) inner /opt/stack/data/venv/lib/python3.12/site-packages/oslo_concurrency/lockutils.py:525}}
Aug 03 09:23:47.739557 np0000006329 devstack@n-api.service[84285]: DEBUG oslo_concurrency.lockutils [req-1e26e3bb-7082-4eeb-9c9f-df1f2899caff req-f262636c-68d4-4d36-bbbf-b47be4416a35 service nova] Lock "a9d28995-4bc5-4fbe-b2d4-6ea97b6e4f17" "released" by "nova.context.set_target_cell..get_or_set_cached_cell_and_set_connections" :: held 0.000s {{(pid=84285) inner /opt/stack/data/venv/lib/python3.12/site-packages/oslo_concurrency/lockutils.py:544}}
Aug 03 09:23:47.749121 np0000006329 devstack@n-api.service[84285]: INFO nova.api.openstack.compute.server_external_events [req-1e26e3bb-7082-4eeb-9c9f-df1f2899caff req-f262636c-68d4-4d36-bbbf-b47be4416a35 service nova] Creating event network-changed:0ef3875e-4c11-403c-957b-0b5adb70e0f6 for instance a26e19e2-14f7-4935-8e5f-4ca3c6005db1 on np0000006329
Aug 03 09:23:47.749261 np0000006329 devstack@n-api.service[84285]: INFO nova.api.openstack.compute.server_external_events [req-1e26e3bb-7082-4eeb-9c9f-df1f2899caff req-f262636c-68d4-4d36-bbbf-b47be4416a35 service nova] Creating event network-changed:7996d606-00c5-4b4a-8187-1f97828bab06 for instance c5c3d634-ebbb-4abd-a95c-30ba98bf817a on np0000006329
Aug 03 09:23:47.749860 np0000006329 devstack@n-api.service[84285]: DEBUG nova.compute.rpcapi [req-1e26e3bb-7082-4eeb-9c9f-df1f2899caff req-f262636c-68d4-4d36-bbbf-b47be4416a35 service nova] RPC: Sending the message to topic: compute-alt {{(pid=84285) prepare_for_alt_rpcserver /opt/stack/nova/nova/compute/rpcapi.py:595}}
Aug 03 09:23:47.756543 np0000006329 devstack@n-api.service[84285]: INFO nova.api.openstack.requestlog [req-1e26e3bb-7082-4eeb-9c9f-df1f2899caff req-f262636c-68d4-4d36-bbbf-b47be4416a35 service nova] 10.4.3.219 "POST /compute/v2.1/os-server-external-events" status: 200 len: 346 microversion: 2.1 time: 0.036883
Aug 03 09:23:47.756968 np0000006329 devstack@n-api.service[84285]: [pid: 84285|app: 0|req: 42/150] 10.4.3.219 () {72 vars in 1432 bytes} [Mon Aug 3 09:23:47 2026] POST /compute/v2.1/os-server-external-events => generated 346 bytes in 38 msecs (HTTP/1.1 200) 9 headers in 357 bytes (1 switches on core 0)
Aug 03 09:23:47.925802 np0000006329 devstack@n-api.service[84286]: DEBUG nova.api.openstack.wsgi [None req-92f71af3-2b2e-4e32-8617-551dca99d5a8 tempest-TaggedBootDevicesTest-2112443551 tempest-TaggedBootDevicesTest-2112443551-project-member] Calling method '>' {{(pid=84286) _process_stack /opt/stack/nova/nova/api/openstack/wsgi.py:551}}
Aug 03 09:23:47.938184 np0000006329 devstack@n-api.service[84286]: DEBUG nova.compute.api [None req-92f71af3-2b2e-4e32-8617-551dca99d5a8 tempest-TaggedBootDevicesTest-2112443551 tempest-TaggedBootDevicesTest-2112443551-project-member] [instance: c5c3d634-ebbb-4abd-a95c-30ba98bf817a] Fetching instance by UUID {{(pid=84286) get /opt/stack/nova/nova/compute/api.py:3068}}
Aug 03 09:23:47.945914 np0000006329 devstack@n-api.service[84286]: DEBUG oslo_concurrency.lockutils [None req-92f71af3-2b2e-4e32-8617-551dca99d5a8 tempest-TaggedBootDevicesTest-2112443551 tempest-TaggedBootDevicesTest-2112443551-project-member] Acquiring lock "a9d28995-4bc5-4fbe-b2d4-6ea97b6e4f17" by "nova.context.set_target_cell..get_or_set_cached_cell_and_set_connections" {{(pid=84286) inner /opt/stack/data/venv/lib/python3.12/site-packages/oslo_concurrency/lockutils.py:512}}
Aug 03 09:23:47.946321 np0000006329 devstack@n-api.service[84286]: DEBUG oslo_concurrency.lockutils [None req-92f71af3-2b2e-4e32-8617-551dca99d5a8 tempest-TaggedBootDevicesTest-2112443551 tempest-TaggedBootDevicesTest-2112443551-project-member] Lock "a9d28995-4bc5-4fbe-b2d4-6ea97b6e4f17" acquired by "nova.context.set_target_cell..get_or_set_cached_cell_and_set_connections" :: waited 0.001s {{(pid=84286) inner /opt/stack/data/venv/lib/python3.12/site-packages/oslo_concurrency/lockutils.py:525}}
Aug 03 09:23:47.947033 np0000006329 devstack@n-api.service[84286]: DEBUG oslo_concurrency.lockutils [None req-92f71af3-2b2e-4e32-8617-551dca99d5a8 tempest-TaggedBootDevicesTest-2112443551 tempest-TaggedBootDevicesTest-2112443551-project-member] Lock "a9d28995-4bc5-4fbe-b2d4-6ea97b6e4f17" "released" by "nova.context.set_target_cell..get_or_set_cached_cell_and_set_connections" :: held 0.000s {{(pid=84286) inner /opt/stack/data/venv/lib/python3.12/site-packages/oslo_concurrency/lockutils.py:544}}
Aug 03 09:23:47.953855 np0000006329 devstack@n-api.service[84286]: DEBUG oslo_concurrency.lockutils [None req-92f71af3-2b2e-4e32-8617-551dca99d5a8 tempest-TaggedBootDevicesTest-2112443551 tempest-TaggedBootDevicesTest-2112443551-project-member] Acquiring lock "a9d28995-4bc5-4fbe-b2d4-6ea97b6e4f17" by "nova.context.set_target_cell..get_or_set_cached_cell_and_set_connections" {{(pid=84286) inner /opt/stack/data/venv/lib/python3.12/site-packages/oslo_concurrency/lockutils.py:512}}
Aug 03 09:23:47.956145 np0000006329 devstack@n-api.service[84286]: DEBUG oslo_concurrency.lockutils [None req-92f71af3-2b2e-4e32-8617-551dca99d5a8 tempest-TaggedBootDevicesTest-2112443551 tempest-TaggedBootDevicesTest-2112443551-project-member] Lock "a9d28995-4bc5-4fbe-b2d4-6ea97b6e4f17" acquired by "nova.context.set_target_cell..get_or_set_cached_cell_and_set_connections" :: waited 0.007s {{(pid=84286) inner /opt/stack/data/venv/lib/python3.12/site-packages/oslo_concurrency/lockutils.py:525}}
Aug 03 09:23:47.956662 np0000006329 devstack@n-api.service[84286]: DEBUG oslo_concurrency.lockutils [None req-92f71af3-2b2e-4e32-8617-551dca99d5a8 tempest-TaggedBootDevicesTest-2112443551 tempest-TaggedBootDevicesTest-2112443551-project-member] Lock "a9d28995-4bc5-4fbe-b2d4-6ea97b6e4f17" "released" by "nova.context.set_target_cell..get_or_set_cached_cell_and_set_connections" :: held 0.002s {{(pid=84286) inner /opt/stack/data/venv/lib/python3.12/site-packages/oslo_concurrency/lockutils.py:544}}
Aug 03 09:23:47.983876 np0000006329 devstack@n-api.service[84285]: DEBUG nova.api.openstack.wsgi [req-af6436a1-9418-472b-80f2-2923ac6a0f1a req-5d6cc49f-6d16-4637-8636-19adb48d29bc service nova] Action: 'create', calling method: >, body: {"events": [{"name": "network-changed", "server_uuid": "c5c3d634-ebbb-4abd-a95c-30ba98bf817a", "tag": "08adc8cd-672d-495f-87f2-03a0676ebbf9"}]} {{(pid=84285) _process_stack /opt/stack/nova/nova/api/openstack/wsgi.py:549}}
Aug 03 09:23:47.986303 np0000006329 devstack@n-api.service[84286]: WARNING neutronclient.v2_0.client [None req-92f71af3-2b2e-4e32-8617-551dca99d5a8 tempest-TaggedBootDevicesTest-2112443551 tempest-TaggedBootDevicesTest-2112443551-project-member] The python binding code in neutronclient is deprecated in favor of OpenstackSDK, please use that as this will be removed in a future release.
Aug 03 09:23:47.992330 np0000006329 devstack@n-api.service[84287]: DEBUG nova.policy [None req-4b805b67-8da8-49d1-958a-47415f4d45cc tempest-TaggedBootDevicesTest_v242-1704102994 tempest-TaggedBootDevicesTest_v242-1704102994-project-member] Policy check for os_compute_api:os-extended-server-attributes failed with credentials {'is_admin': False, 'user_id': '0afd2b0c9a354941bf5a0298fd947d2d', 'user_domain_id': 'default', 'system_scope': None, 'domain_id': None, 'project_id': 'e0ee1e1096f24064a6eaf1e908a60218', 'project_domain_id': 'default', 'roles': ['reader', 'member'], 'is_admin_project': True, 'service_user_id': None, 'service_user_domain_id': None, 'service_project_id': None, 'service_project_domain_id': None, 'service_roles': []} {{(pid=84287) authorize /opt/stack/nova/nova/policy.py:202}}
Aug 03 09:23:47.994169 np0000006329 devstack@n-api.service[84285]: DEBUG oslo_concurrency.lockutils [req-af6436a1-9418-472b-80f2-2923ac6a0f1a req-5d6cc49f-6d16-4637-8636-19adb48d29bc service nova] Acquiring lock "a9d28995-4bc5-4fbe-b2d4-6ea97b6e4f17" by "nova.context.set_target_cell..get_or_set_cached_cell_and_set_connections" {{(pid=84285) inner /opt/stack/data/venv/lib/python3.12/site-packages/oslo_concurrency/lockutils.py:512}}
Aug 03 09:23:47.994279 np0000006329 devstack@n-api.service[84285]: DEBUG oslo_concurrency.lockutils [req-af6436a1-9418-472b-80f2-2923ac6a0f1a req-5d6cc49f-6d16-4637-8636-19adb48d29bc service nova] Lock "a9d28995-4bc5-4fbe-b2d4-6ea97b6e4f17" acquired by "nova.context.set_target_cell..get_or_set_cached_cell_and_set_connections" :: waited 0.000s {{(pid=84285) inner /opt/stack/data/venv/lib/python3.12/site-packages/oslo_concurrency/lockutils.py:525}}
Aug 03 09:23:47.994518 np0000006329 devstack@n-api.service[84285]: DEBUG oslo_concurrency.lockutils [req-af6436a1-9418-472b-80f2-2923ac6a0f1a req-5d6cc49f-6d16-4637-8636-19adb48d29bc service nova] Lock "a9d28995-4bc5-4fbe-b2d4-6ea97b6e4f17" "released" by "nova.context.set_target_cell..get_or_set_cached_cell_and_set_connections" :: held 0.000s {{(pid=84285) inner /opt/stack/data/venv/lib/python3.12/site-packages/oslo_concurrency/lockutils.py:544}}
Aug 03 09:23:47.999905 np0000006329 devstack@n-api.service[84287]: DEBUG nova.policy [None req-4b805b67-8da8-49d1-958a-47415f4d45cc tempest-TaggedBootDevicesTest_v242-1704102994 tempest-TaggedBootDevicesTest_v242-1704102994-project-member] Policy check for os_compute_api:servers:show:host_status failed with credentials {'is_admin': False, 'user_id': '0afd2b0c9a354941bf5a0298fd947d2d', 'user_domain_id': 'default', 'system_scope': None, 'domain_id': None, 'project_id': 'e0ee1e1096f24064a6eaf1e908a60218', 'project_domain_id': 'default', 'roles': ['reader', 'member'], 'is_admin_project': True, 'service_user_id': None, 'service_user_domain_id': None, 'service_project_id': None, 'service_project_domain_id': None, 'service_roles': []} {{(pid=84287) authorize /opt/stack/nova/nova/policy.py:202}}
Aug 03 09:23:48.000935 np0000006329 devstack@n-api.service[84287]: DEBUG nova.policy [None req-4b805b67-8da8-49d1-958a-47415f4d45cc tempest-TaggedBootDevicesTest_v242-1704102994 tempest-TaggedBootDevicesTest_v242-1704102994-project-member] Policy check for os_compute_api:servers:show:host_status:unknown-only failed with credentials {'is_admin': False, 'user_id': '0afd2b0c9a354941bf5a0298fd947d2d', 'user_domain_id': 'default', 'system_scope': None, 'domain_id': None, 'project_id': 'e0ee1e1096f24064a6eaf1e908a60218', 'project_domain_id': 'default', 'roles': ['reader', 'member'], 'is_admin_project': True, 'service_user_id': None, 'service_user_domain_id': None, 'service_project_id': None, 'service_project_domain_id': None, 'service_roles': []} {{(pid=84287) authorize /opt/stack/nova/nova/policy.py:202}}
Aug 03 09:23:48.006870 np0000006329 devstack@n-api.service[84285]: INFO nova.api.openstack.compute.server_external_events [req-af6436a1-9418-472b-80f2-2923ac6a0f1a req-5d6cc49f-6d16-4637-8636-19adb48d29bc service nova] Creating event network-changed:08adc8cd-672d-495f-87f2-03a0676ebbf9 for instance c5c3d634-ebbb-4abd-a95c-30ba98bf817a on np0000006329
Aug 03 09:23:48.006870 np0000006329 devstack@n-api.service[84285]: DEBUG nova.compute.rpcapi [req-af6436a1-9418-472b-80f2-2923ac6a0f1a req-5d6cc49f-6d16-4637-8636-19adb48d29bc service nova] RPC: Sending the message to topic: compute-alt {{(pid=84285) prepare_for_alt_rpcserver /opt/stack/nova/nova/compute/rpcapi.py:595}}
Aug 03 09:23:48.008224 np0000006329 devstack@n-api.service[84287]: INFO nova.api.openstack.requestlog [None req-4b805b67-8da8-49d1-958a-47415f4d45cc tempest-TaggedBootDevicesTest_v242-1704102994 tempest-TaggedBootDevicesTest_v242-1704102994-project-member] 10.4.3.219 "GET /compute/v2.1/servers/a26e19e2-14f7-4935-8e5f-4ca3c6005db1" status: 200 len: 1877 microversion: 2.42 time: 1.397105
Aug 03 09:23:48.008224 np0000006329 devstack@n-api.service[84287]: [pid: 84287|app: 0|req: 51/151] 10.4.3.219 () {68 vars in 1395 bytes} [Mon Aug 3 09:23:46 2026] GET /compute/v2.1/servers/a26e19e2-14f7-4935-8e5f-4ca3c6005db1 => generated 1877 bytes in 1398 msecs (HTTP/1.1 200) 9 headers in 360 bytes (1 switches on core 0)
Aug 03 09:23:48.015811 np0000006329 devstack@n-api.service[84285]: INFO nova.api.openstack.requestlog [req-af6436a1-9418-472b-80f2-2923ac6a0f1a req-5d6cc49f-6d16-4637-8636-19adb48d29bc service nova] 10.4.3.219 "POST /compute/v2.1/os-server-external-events" status: 200 len: 179 microversion: 2.1 time: 0.038176
Aug 03 09:23:48.016491 np0000006329 devstack@n-api.service[84285]: [pid: 84285|app: 0|req: 43/152] 10.4.3.219 () {72 vars in 1432 bytes} [Mon Aug 3 09:23:47 2026] POST /compute/v2.1/os-server-external-events => generated 179 bytes in 40 msecs (HTTP/1.1 200) 9 headers in 357 bytes (1 switches on core 0)
Aug 03 09:23:48.238757 np0000006329 devstack@n-api.service[84287]: DEBUG nova.api.openstack.wsgi [None req-192b2d25-6ee3-4cdb-867f-6884b031a6ec tempest-VolumesActionsTest-1046420533 tempest-VolumesActionsTest-1046420533-project-member] Calling method '>' {{(pid=84287) _process_stack /opt/stack/nova/nova/api/openstack/wsgi.py:551}}
Aug 03 09:23:48.241312 np0000006329 devstack@n-api.service[84287]: DEBUG nova.compute.api [None req-192b2d25-6ee3-4cdb-867f-6884b031a6ec tempest-VolumesActionsTest-1046420533 tempest-VolumesActionsTest-1046420533-project-member] [instance: aaa32484-4736-4408-89cf-66b62fed1e9b] Fetching instance by UUID {{(pid=84287) get /opt/stack/nova/nova/compute/api.py:3068}}
Aug 03 09:23:48.246971 np0000006329 devstack@n-api.service[84287]: DEBUG oslo_concurrency.lockutils [None req-192b2d25-6ee3-4cdb-867f-6884b031a6ec tempest-VolumesActionsTest-1046420533 tempest-VolumesActionsTest-1046420533-project-member] Acquiring lock "a9d28995-4bc5-4fbe-b2d4-6ea97b6e4f17" by "nova.context.set_target_cell..get_or_set_cached_cell_and_set_connections" {{(pid=84287) inner /opt/stack/data/venv/lib/python3.12/site-packages/oslo_concurrency/lockutils.py:512}}
Aug 03 09:23:48.247256 np0000006329 devstack@n-api.service[84287]: DEBUG oslo_concurrency.lockutils [None req-192b2d25-6ee3-4cdb-867f-6884b031a6ec tempest-VolumesActionsTest-1046420533 tempest-VolumesActionsTest-1046420533-project-member] Lock "a9d28995-4bc5-4fbe-b2d4-6ea97b6e4f17" acquired by "nova.context.set_target_cell..get_or_set_cached_cell_and_set_connections" :: waited 0.001s {{(pid=84287) inner /opt/stack/data/venv/lib/python3.12/site-packages/oslo_concurrency/lockutils.py:525}}
Aug 03 09:23:48.247629 np0000006329 devstack@n-api.service[84287]: DEBUG oslo_concurrency.lockutils [None req-192b2d25-6ee3-4cdb-867f-6884b031a6ec tempest-VolumesActionsTest-1046420533 tempest-VolumesActionsTest-1046420533-project-member] Lock "a9d28995-4bc5-4fbe-b2d4-6ea97b6e4f17" "released" by "nova.context.set_target_cell..get_or_set_cached_cell_and_set_connections" :: held 0.000s {{(pid=84287) inner /opt/stack/data/venv/lib/python3.12/site-packages/oslo_concurrency/lockutils.py:544}}
Aug 03 09:23:48.248288 np0000006329 devstack@n-api.service[84287]: DEBUG oslo_concurrency.lockutils [None req-192b2d25-6ee3-4cdb-867f-6884b031a6ec tempest-VolumesActionsTest-1046420533 tempest-VolumesActionsTest-1046420533-project-member] Acquiring lock "a9d28995-4bc5-4fbe-b2d4-6ea97b6e4f17" by "nova.context.set_target_cell..get_or_set_cached_cell_and_set_connections" {{(pid=84287) inner /opt/stack/data/venv/lib/python3.12/site-packages/oslo_concurrency/lockutils.py:512}}
