Jul 30 16:37:46.521947 np0000006152 devstack@c-api.service[97089]: DEBUG cinder.api.v3.router [None req-b301fae7-38b1-4081-bc42-350fa237bed5 None None] Extension VolumeMigStatusAttribute extending resource: volumes {{(pid=97089) _setup_extensions /opt/stack/cinder/cinder/api/v3/router.py:155}}
Jul 30 16:37:46.521997 np0000006152 devstack@c-api.service[97088]: DEBUG cinder.api.v3.router [None req-8ead9e4b-3c6f-4551-ba57-5da3e75bfcf1 None None] Extension SnapshotUnmanage extending resource: snapshots {{(pid=97088) _setup_extensions /opt/stack/cinder/cinder/api/v3/router.py:155}}
Jul 30 16:37:46.522045 np0000006152 devstack@c-api.service[97089]: DEBUG cinder.api.v3.router [None req-b301fae7-38b1-4081-bc42-350fa237bed5 None None] Extension VolumeTypeAccess extending resource: types {{(pid=97089) _setup_extensions /opt/stack/cinder/cinder/api/v3/router.py:155}}
Jul 30 16:37:46.522108 np0000006152 devstack@c-api.service[97088]: DEBUG cinder.api.v3.router [None req-8ead9e4b-3c6f-4551-ba57-5da3e75bfcf1 None None] Extension ExtendedSnapshotAttributes extending resource: snapshots {{(pid=97088) _setup_extensions /opt/stack/cinder/cinder/api/v3/router.py:155}}
Jul 30 16:37:46.522108 np0000006152 devstack@c-api.service[97088]: DEBUG cinder.api.v3.router [None req-8ead9e4b-3c6f-4551-ba57-5da3e75bfcf1 None None] Extension VolumeHostAttribute extending resource: volumes {{(pid=97088) _setup_extensions /opt/stack/cinder/cinder/api/v3/router.py:155}}
Jul 30 16:37:46.522202 np0000006152 devstack@c-api.service[97089]: DEBUG cinder.api.v3.router [None req-b301fae7-38b1-4081-bc42-350fa237bed5 None None] Extension AdminActions extending resource: volumes {{(pid=97089) _setup_extensions /opt/stack/cinder/cinder/api/v3/router.py:155}}
Jul 30 16:37:46.522244 np0000006152 devstack@c-api.service[97088]: DEBUG cinder.api.v3.router [None req-8ead9e4b-3c6f-4551-ba57-5da3e75bfcf1 None None] Extension VolumeTypeEncryption extending resource: types {{(pid=97088) _setup_extensions /opt/stack/cinder/cinder/api/v3/router.py:155}}
Jul 30 16:37:46.522293 np0000006152 devstack@c-api.service[97088]: DEBUG cinder.api.v3.router [None req-8ead9e4b-3c6f-4551-ba57-5da3e75bfcf1 None None] Extension VolumeUnmanage extending resource: volumes {{(pid=97088) _setup_extensions /opt/stack/cinder/cinder/api/v3/router.py:155}}
Jul 30 16:37:46.522334 np0000006152 devstack@c-api.service[97089]: DEBUG cinder.api.v3.router [None req-b301fae7-38b1-4081-bc42-350fa237bed5 None None] Extension AdminActions extending resource: snapshots {{(pid=97089) _setup_extensions /opt/stack/cinder/cinder/api/v3/router.py:155}}
Jul 30 16:37:46.522373 np0000006152 devstack@c-api.service[97088]: DEBUG cinder.api.v3.router [None req-8ead9e4b-3c6f-4551-ba57-5da3e75bfcf1 None None] Extension UsedLimits extending resource: limits {{(pid=97088) _setup_extensions /opt/stack/cinder/cinder/api/v3/router.py:155}}
Jul 30 16:37:46.522461 np0000006152 devstack@c-api.service[97088]: DEBUG cinder.api.v3.router [None req-8ead9e4b-3c6f-4551-ba57-5da3e75bfcf1 None None] Extension SnapshotActions extending resource: snapshots {{(pid=97088) _setup_extensions /opt/stack/cinder/cinder/api/v3/router.py:155}}
Jul 30 16:37:46.522507 np0000006152 devstack@c-api.service[97089]: DEBUG cinder.api.v3.router [None req-b301fae7-38b1-4081-bc42-350fa237bed5 None None] Extension AdminActions extending resource: backups {{(pid=97089) _setup_extensions /opt/stack/cinder/cinder/api/v3/router.py:155}}
Jul 30 16:37:46.522547 np0000006152 devstack@c-api.service[97088]: DEBUG cinder.api.v3.router [None req-8ead9e4b-3c6f-4551-ba57-5da3e75bfcf1 None None] Extension VolumeMigStatusAttribute extending resource: volumes {{(pid=97088) _setup_extensions /opt/stack/cinder/cinder/api/v3/router.py:155}}
Jul 30 16:37:46.522631 np0000006152 devstack@c-api.service[97088]: DEBUG cinder.api.v3.router [None req-8ead9e4b-3c6f-4551-ba57-5da3e75bfcf1 None None] Extension VolumeTypeAccess extending resource: types {{(pid=97088) _setup_extensions /opt/stack/cinder/cinder/api/v3/router.py:155}}
Jul 30 16:37:46.522690 np0000006152 devstack@c-api.service[97089]: DEBUG cinder.api.v3.router [None req-b301fae7-38b1-4081-bc42-350fa237bed5 None None] Extension VolumeActions extending resource: volumes {{(pid=97089) _setup_extensions /opt/stack/cinder/cinder/api/v3/router.py:155}}
Jul 30 16:37:46.522756 np0000006152 devstack@c-api.service[97088]: DEBUG cinder.api.v3.router [None req-8ead9e4b-3c6f-4551-ba57-5da3e75bfcf1 None None] Extension AdminActions extending resource: volumes {{(pid=97088) _setup_extensions /opt/stack/cinder/cinder/api/v3/router.py:155}}
Jul 30 16:37:46.522815 np0000006152 devstack@c-api.service[97090]: WARNING stevedore.named [None req-d70d837e-1ced-411c-b602-c3f87915ad6a None None] Could not load cinder.keymgr.conf_key_mgr.ConfKeyManager
Jul 30 16:37:46.522862 np0000006152 devstack@c-api.service[97089]: DEBUG cinder.api.v3.router [None req-b301fae7-38b1-4081-bc42-350fa237bed5 None None] Extension VolumeTenantAttribute extending resource: volumes {{(pid=97089) _setup_extensions /opt/stack/cinder/cinder/api/v3/router.py:155}}
Jul 30 16:37:46.522914 np0000006152 devstack@c-api.service[97088]: DEBUG cinder.api.v3.router [None req-8ead9e4b-3c6f-4551-ba57-5da3e75bfcf1 None None] Extension AdminActions extending resource: snapshots {{(pid=97088) _setup_extensions /opt/stack/cinder/cinder/api/v3/router.py:155}}
Jul 30 16:37:46.522973 np0000006152 devstack@c-api.service[97088]: DEBUG cinder.api.v3.router [None req-8ead9e4b-3c6f-4551-ba57-5da3e75bfcf1 None None] Extension AdminActions extending resource: backups {{(pid=97088) _setup_extensions /opt/stack/cinder/cinder/api/v3/router.py:155}}
Jul 30 16:37:46.523018 np0000006152 devstack@c-api.service[97089]: DEBUG cinder.api.v3.router [None req-b301fae7-38b1-4081-bc42-350fa237bed5 None None] Extension TypesManage extending resource: types {{(pid=97089) _setup_extensions /opt/stack/cinder/cinder/api/v3/router.py:155}}
Jul 30 16:37:46.523091 np0000006152 devstack@c-api.service[97090]: WARNING castellan.key_manager [None req-d70d837e-1ced-411c-b602-c3f87915ad6a None None] Deprecation Warning : cinder.keymgr.conf_key_mgr.ConfKeyManager is not a stevedore based driver, trying to load it as a class: stevedore.exception.NoMatches: No 'castellan.drivers' driver found, looking for 'cinder.keymgr.conf_key_mgr.ConfKeyManager'
Jul 30 16:37:46.523138 np0000006152 devstack@c-api.service[97088]: DEBUG cinder.api.v3.router [None req-8ead9e4b-3c6f-4551-ba57-5da3e75bfcf1 None None] Extension VolumeActions extending resource: volumes {{(pid=97088) _setup_extensions /opt/stack/cinder/cinder/api/v3/router.py:155}}
Jul 30 16:37:46.523191 np0000006152 devstack@c-api.service[97088]: DEBUG cinder.api.v3.router [None req-8ead9e4b-3c6f-4551-ba57-5da3e75bfcf1 None None] Extension VolumeTenantAttribute extending resource: volumes {{(pid=97088) _setup_extensions /opt/stack/cinder/cinder/api/v3/router.py:155}}
Jul 30 16:37:46.523276 np0000006152 devstack@c-api.service[97088]: DEBUG cinder.api.v3.router [None req-8ead9e4b-3c6f-4551-ba57-5da3e75bfcf1 None None] Extension TypesManage extending resource: types {{(pid=97088) _setup_extensions /opt/stack/cinder/cinder/api/v3/router.py:155}}
Jul 30 16:37:46.523914 np0000006152 devstack@c-api.service[97090]: WARNING stevedore.named [None req-d70d837e-1ced-411c-b602-c3f87915ad6a None None] Could not load cinder.keymgr.conf_key_mgr.ConfKeyManager
Jul 30 16:37:46.524055 np0000006152 devstack@c-api.service[97090]: WARNING castellan.key_manager [None req-d70d837e-1ced-411c-b602-c3f87915ad6a None None] Deprecation Warning : cinder.keymgr.conf_key_mgr.ConfKeyManager is not a stevedore based driver, trying to load it as a class: stevedore.exception.NoMatches: No 'castellan.drivers' driver found, looking for 'cinder.keymgr.conf_key_mgr.ConfKeyManager'
Jul 30 16:37:46.524793 np0000006152 devstack@c-api.service[97090]: WARNING stevedore.named [None req-d70d837e-1ced-411c-b602-c3f87915ad6a None None] Could not load cinder.keymgr.conf_key_mgr.ConfKeyManager
Jul 30 16:37:46.524940 np0000006152 devstack@c-api.service[97090]: WARNING castellan.key_manager [None req-d70d837e-1ced-411c-b602-c3f87915ad6a None None] Deprecation Warning : cinder.keymgr.conf_key_mgr.ConfKeyManager is not a stevedore based driver, trying to load it as a class: stevedore.exception.NoMatches: No 'castellan.drivers' driver found, looking for 'cinder.keymgr.conf_key_mgr.ConfKeyManager'
Jul 30 16:37:46.525526 np0000006152 devstack@c-api.service[97090]: DEBUG cinder.api.contrib.snapshot_actions [None req-d70d837e-1ced-411c-b602-c3f87915ad6a None None] SnapshotActionsController initialized {{(pid=97090) __init__ /opt/stack/cinder/cinder/api/contrib/snapshot_actions.py:33}}
Jul 30 16:37:46.525911 np0000006152 devstack@c-api.service[97090]: WARNING stevedore.named [None req-d70d837e-1ced-411c-b602-c3f87915ad6a None None] Could not load cinder.keymgr.conf_key_mgr.ConfKeyManager
Jul 30 16:37:46.526049 np0000006152 devstack@c-api.service[97090]: WARNING castellan.key_manager [None req-d70d837e-1ced-411c-b602-c3f87915ad6a None None] Deprecation Warning : cinder.keymgr.conf_key_mgr.ConfKeyManager is not a stevedore based driver, trying to load it as a class: stevedore.exception.NoMatches: No 'castellan.drivers' driver found, looking for 'cinder.keymgr.conf_key_mgr.ConfKeyManager'
Jul 30 16:37:46.526711 np0000006152 devstack@c-api.service[97090]: WARNING stevedore.named [None req-d70d837e-1ced-411c-b602-c3f87915ad6a None None] Could not load cinder.keymgr.conf_key_mgr.ConfKeyManager
Jul 30 16:37:46.526845 np0000006152 devstack@c-api.service[97090]: WARNING castellan.key_manager [None req-d70d837e-1ced-411c-b602-c3f87915ad6a None None] Deprecation Warning : cinder.keymgr.conf_key_mgr.ConfKeyManager is not a stevedore based driver, trying to load it as a class: stevedore.exception.NoMatches: No 'castellan.drivers' driver found, looking for 'cinder.keymgr.conf_key_mgr.ConfKeyManager'
Jul 30 16:37:46.527542 np0000006152 devstack@c-api.service[97090]: WARNING stevedore.named [None req-d70d837e-1ced-411c-b602-c3f87915ad6a None None] Could not load cinder.keymgr.conf_key_mgr.ConfKeyManager
Jul 30 16:37:46.527662 np0000006152 devstack@c-api.service[97090]: WARNING castellan.key_manager [None req-d70d837e-1ced-411c-b602-c3f87915ad6a None None] Deprecation Warning : cinder.keymgr.conf_key_mgr.ConfKeyManager is not a stevedore based driver, trying to load it as a class: stevedore.exception.NoMatches: No 'castellan.drivers' driver found, looking for 'cinder.keymgr.conf_key_mgr.ConfKeyManager'
Jul 30 16:37:46.528401 np0000006152 devstack@c-api.service[97090]: WARNING stevedore.named [None req-d70d837e-1ced-411c-b602-c3f87915ad6a None None] Could not load cinder.keymgr.conf_key_mgr.ConfKeyManager
Jul 30 16:37:46.528525 np0000006152 devstack@c-api.service[97090]: WARNING castellan.key_manager [None req-d70d837e-1ced-411c-b602-c3f87915ad6a None None] Deprecation Warning : cinder.keymgr.conf_key_mgr.ConfKeyManager is not a stevedore based driver, trying to load it as a class: stevedore.exception.NoMatches: No 'castellan.drivers' driver found, looking for 'cinder.keymgr.conf_key_mgr.ConfKeyManager'
Jul 30 16:37:46.529053 np0000006152 devstack@c-api.service[97090]: DEBUG cinder.api.v3.router [None req-d70d837e-1ced-411c-b602-c3f87915ad6a None None] Extension VolumeImageMetadata extending resource: volumes {{(pid=97090) _setup_extensions /opt/stack/cinder/cinder/api/v3/router.py:155}}
Jul 30 16:37:46.529247 np0000006152 devstack@c-api.service[97090]: DEBUG cinder.api.v3.router [None req-d70d837e-1ced-411c-b602-c3f87915ad6a None None] Extension SnapshotUnmanage extending resource: snapshots {{(pid=97090) _setup_extensions /opt/stack/cinder/cinder/api/v3/router.py:155}}
Jul 30 16:37:46.529392 np0000006152 devstack@c-api.service[97090]: DEBUG cinder.api.v3.router [None req-d70d837e-1ced-411c-b602-c3f87915ad6a None None] Extension ExtendedSnapshotAttributes extending resource: snapshots {{(pid=97090) _setup_extensions /opt/stack/cinder/cinder/api/v3/router.py:155}}
Jul 30 16:37:46.529528 np0000006152 devstack@c-api.service[97090]: DEBUG cinder.api.v3.router [None req-d70d837e-1ced-411c-b602-c3f87915ad6a None None] Extension VolumeHostAttribute extending resource: volumes {{(pid=97090) _setup_extensions /opt/stack/cinder/cinder/api/v3/router.py:155}}
Jul 30 16:37:46.529663 np0000006152 devstack@c-api.service[97090]: DEBUG cinder.api.v3.router [None req-d70d837e-1ced-411c-b602-c3f87915ad6a None None] Extension VolumeTypeEncryption extending resource: types {{(pid=97090) _setup_extensions /opt/stack/cinder/cinder/api/v3/router.py:155}}
Jul 30 16:37:46.529800 np0000006152 devstack@c-api.service[97090]: DEBUG cinder.api.v3.router [None req-d70d837e-1ced-411c-b602-c3f87915ad6a None None] Extension VolumeUnmanage extending resource: volumes {{(pid=97090) _setup_extensions /opt/stack/cinder/cinder/api/v3/router.py:155}}
Jul 30 16:37:46.529933 np0000006152 devstack@c-api.service[97090]: DEBUG cinder.api.v3.router [None req-d70d837e-1ced-411c-b602-c3f87915ad6a None None] Extension UsedLimits extending resource: limits {{(pid=97090) _setup_extensions /opt/stack/cinder/cinder/api/v3/router.py:155}}
Jul 30 16:37:46.530076 np0000006152 devstack@c-api.service[97090]: DEBUG cinder.api.v3.router [None req-d70d837e-1ced-411c-b602-c3f87915ad6a None None] Extension SnapshotActions extending resource: snapshots {{(pid=97090) _setup_extensions /opt/stack/cinder/cinder/api/v3/router.py:155}}
Jul 30 16:37:46.530225 np0000006152 devstack@c-api.service[97090]: DEBUG cinder.api.v3.router [None req-d70d837e-1ced-411c-b602-c3f87915ad6a None None] Extension VolumeMigStatusAttribute extending resource: volumes {{(pid=97090) _setup_extensions /opt/stack/cinder/cinder/api/v3/router.py:155}}
Jul 30 16:37:46.530357 np0000006152 devstack@c-api.service[97090]: DEBUG cinder.api.v3.router [None req-d70d837e-1ced-411c-b602-c3f87915ad6a None None] Extension VolumeTypeAccess extending resource: types {{(pid=97090) _setup_extensions /opt/stack/cinder/cinder/api/v3/router.py:155}}
Jul 30 16:37:46.530535 np0000006152 devstack@c-api.service[97090]: DEBUG cinder.api.v3.router [None req-d70d837e-1ced-411c-b602-c3f87915ad6a None None] Extension AdminActions extending resource: volumes {{(pid=97090) _setup_extensions /opt/stack/cinder/cinder/api/v3/router.py:155}}
Jul 30 16:37:46.530699 np0000006152 devstack@c-api.service[97090]: DEBUG cinder.api.v3.router [None req-d70d837e-1ced-411c-b602-c3f87915ad6a None None] Extension AdminActions extending resource: snapshots {{(pid=97090) _setup_extensions /opt/stack/cinder/cinder/api/v3/router.py:155}}
Jul 30 16:37:46.530830 np0000006152 devstack@c-api.service[97090]: DEBUG cinder.api.v3.router [None req-d70d837e-1ced-411c-b602-c3f87915ad6a None None] Extension AdminActions extending resource: backups {{(pid=97090) _setup_extensions /opt/stack/cinder/cinder/api/v3/router.py:155}}
Jul 30 16:37:46.530962 np0000006152 devstack@c-api.service[97090]: DEBUG cinder.api.v3.router [None req-d70d837e-1ced-411c-b602-c3f87915ad6a None None] Extension VolumeActions extending resource: volumes {{(pid=97090) _setup_extensions /opt/stack/cinder/cinder/api/v3/router.py:155}}
Jul 30 16:37:46.531145 np0000006152 devstack@c-api.service[97090]: DEBUG cinder.api.v3.router [None req-d70d837e-1ced-411c-b602-c3f87915ad6a None None] Extension VolumeTenantAttribute extending resource: volumes {{(pid=97090) _setup_extensions /opt/stack/cinder/cinder/api/v3/router.py:155}}
Jul 30 16:37:46.531210 np0000006152 devstack@c-api.service[97088]: WSGI app 0 (mountpoint='') ready in 2 seconds on interpreter 0x74c7fbea4668 pid: 97088 (default app)
Jul 30 16:37:46.531303 np0000006152 devstack@c-api.service[97090]: DEBUG cinder.api.v3.router [None req-d70d837e-1ced-411c-b602-c3f87915ad6a None None] Extension TypesManage extending resource: types {{(pid=97090) _setup_extensions /opt/stack/cinder/cinder/api/v3/router.py:155}}
Jul 30 16:37:46.532177 np0000006152 devstack@c-api.service[97089]: WSGI app 0 (mountpoint='') ready in 2 seconds on interpreter 0x74c7fbea4668 pid: 97089 (default app)
Jul 30 16:37:46.539059 np0000006152 devstack@c-api.service[97088]: DEBUG cinder.api.middleware.request_id [None req-a9affc7b-f8a8-42d4-8c83-f530402a1a8b None None] RequestId filter calling following filter/app {{(pid=97088) _context_setter /opt/stack/cinder/cinder/api/middleware/request_id.py:62}}
Jul 30 16:37:46.539175 np0000006152 devstack@c-api.service[97090]: WSGI app 0 (mountpoint='') ready in 2 seconds on interpreter 0x74c7fbea4668 pid: 97090 (default app)
Jul 30 16:37:46.541941 np0000006152 devstack@c-api.service[97088]: [pid: 97088|app: 0|req: 1/1] 10.4.3.72 () {60 vars in 918 bytes} [Thu Jul 30 16:37:46 2026] GET /volume/v3/ => generated 114 bytes in 10 msecs (HTTP/1.1 401) 5 headers in 228 bytes (1 switches on core 0)
Jul 30 16:37:51.370305 np0000006152 devstack@c-api.service[97089]: DEBUG cinder.api.middleware.request_id [None req-b07a0310-8682-4086-ab84-40035765f700 None None] RequestId filter calling following filter/app {{(pid=97089) _context_setter /opt/stack/cinder/cinder/api/middleware/request_id.py:62}}
Jul 30 16:37:51.969108 np0000006152 devstack@c-api.service[97089]: INFO cinder.api.openstack.wsgi [None req-b07a0310-8682-4086-ab84-40035765f700 admin admin] POST https://10.4.3.72/volume/v3/types
Jul 30 16:37:51.969837 np0000006152 devstack@c-api.service[97089]: DEBUG cinder.api.openstack.wsgi [None req-b07a0310-8682-4086-ab84-40035765f700 admin admin] Action: 'create', calling method: _create, body: {"volume_type": {"description": null, "name": "storpool"}} {{(pid=97089) _process_stack /opt/stack/cinder/cinder/api/openstack/wsgi.py:876}}
Jul 30 16:37:51.972352 np0000006152 devstack@c-api.service[97089]: /opt/stack/data/venv/lib/python3.12/site-packages/oslo_context/context.py:102: DeprecationWarning: Policy enforcement is depending on the value of is_admin. This key is deprecated. Please update your policy file to use the standard policy values.
Jul 30 16:37:51.972352 np0000006152 devstack@c-api.service[97089]: warnings.warn(
Jul 30 16:37:52.002618 np0000006152 devstack@c-api.service[97089]: DEBUG oslo_db.sqlalchemy.engines [None req-b07a0310-8682-4086-ab84-40035765f700 admin admin] MySQL server mode set to STRICT_TRANS_TABLES,STRICT_ALL_TABLES,NO_ZERO_IN_DATE,NO_ZERO_DATE,ERROR_FOR_DIVISION_BY_ZERO,TRADITIONAL,NO_ENGINE_SUBSTITUTION {{(pid=97089) _check_effective_sql_mode /opt/stack/data/venv/lib/python3.12/site-packages/oslo_db/sqlalchemy/engines.py:325}}
Jul 30 16:37:52.028516 np0000006152 devstack@c-api.service[97089]: INFO cinder.api.openstack.wsgi [None req-b07a0310-8682-4086-ab84-40035765f700 admin admin] https://10.4.3.72/volume/v3/types returned with HTTP 200
Jul 30 16:37:52.028925 np0000006152 devstack@c-api.service[97089]: [pid: 97089|app: 0|req: 1/2] 10.4.3.72 () {68 vars in 1295 bytes} [Thu Jul 30 16:37:51 2026] POST /volume/v3/types => generated 183 bytes in 667 msecs (HTTP/1.1 200) 7 headers in 285 bytes (1 switches on core 0)
Jul 30 16:37:52.045392 np0000006152 devstack@c-api.service[97090]: DEBUG cinder.api.middleware.request_id [None req-cd5bec70-d4f3-4c95-9da0-073298b4e1df None None] RequestId filter calling following filter/app {{(pid=97090) _context_setter /opt/stack/cinder/cinder/api/middleware/request_id.py:62}}
Jul 30 16:37:52.337008 np0000006152 devstack@c-api.service[97090]: INFO cinder.api.openstack.wsgi [None req-cd5bec70-d4f3-4c95-9da0-073298b4e1df admin admin] POST https://10.4.3.72/volume/v3/types/59195ab9-d36f-42df-ad0d-af8b06481932/extra_specs
Jul 30 16:37:52.337568 np0000006152 devstack@c-api.service[97090]: DEBUG cinder.api.openstack.wsgi [None req-cd5bec70-d4f3-4c95-9da0-073298b4e1df admin admin] Action: 'create', calling method: create, body: {"extra_specs": {"volume_backend_name": "storpool"}} {{(pid=97090) _process_stack /opt/stack/cinder/cinder/api/openstack/wsgi.py:876}}
Jul 30 16:37:52.339252 np0000006152 devstack@c-api.service[97090]: /opt/stack/data/venv/lib/python3.12/site-packages/oslo_context/context.py:102: DeprecationWarning: Policy enforcement is depending on the value of is_admin. This key is deprecated. Please update your policy file to use the standard policy values.
Jul 30 16:37:52.339252 np0000006152 devstack@c-api.service[97090]: warnings.warn(
Jul 30 16:37:52.369208 np0000006152 devstack@c-api.service[97090]: DEBUG oslo_db.sqlalchemy.engines [None req-cd5bec70-d4f3-4c95-9da0-073298b4e1df admin admin] MySQL server mode set to STRICT_TRANS_TABLES,STRICT_ALL_TABLES,NO_ZERO_IN_DATE,NO_ZERO_DATE,ERROR_FOR_DIVISION_BY_ZERO,TRADITIONAL,NO_ENGINE_SUBSTITUTION {{(pid=97090) _check_effective_sql_mode /opt/stack/data/venv/lib/python3.12/site-packages/oslo_db/sqlalchemy/engines.py:325}}
Jul 30 16:37:52.436454 np0000006152 devstack@c-api.service[97090]: INFO cinder.api.openstack.wsgi [None req-cd5bec70-d4f3-4c95-9da0-073298b4e1df admin admin] https://10.4.3.72/volume/v3/types/59195ab9-d36f-42df-ad0d-af8b06481932/extra_specs returned with HTTP 200
Jul 30 16:37:52.436972 np0000006152 devstack@c-api.service[97090]: [pid: 97090|app: 0|req: 1/3] 10.4.3.72 () {68 vars in 1442 bytes} [Thu Jul 30 16:37:52 2026] POST /volume/v3/types/59195ab9-d36f-42df-ad0d-af8b06481932/extra_specs => generated 52 bytes in 400 msecs (HTTP/1.1 200) 7 headers in 284 bytes (1 switches on core 0)
Jul 30 16:37:56.436041 np0000006152 devstack@c-api.service[97088]: DEBUG dbcounter [-] [97088] Writing DB stats cinder:SELECT=6 {{(pid=97088) stat_writer /opt/stack/data/venv/lib/python3.12/site-packages/dbcounter.py:115}}
Jul 30 16:38:02.025994 np0000006152 devstack@c-api.service[97089]: DEBUG dbcounter [-] [97089] Writing DB stats cinder:SELECT=9,cinder:INSERT=1 {{(pid=97089) stat_writer /opt/stack/data/venv/lib/python3.12/site-packages/dbcounter.py:115}}
Jul 30 16:38:02.434966 np0000006152 devstack@c-api.service[97090]: DEBUG dbcounter [-] [97090] Writing DB stats cinder:SELECT=11,cinder:INSERT=1 {{(pid=97090) stat_writer /opt/stack/data/venv/lib/python3.12/site-packages/dbcounter.py:115}}
Jul 30 16:38:17.285293 np0000006152 devstack@c-api.service[97088]: DEBUG cinder.api.middleware.request_id [None req-90d04885-a4e7-4363-883b-f3a41ae3be59 None None] RequestId filter calling following filter/app {{(pid=97088) _context_setter /opt/stack/cinder/cinder/api/middleware/request_id.py:62}}
Jul 30 16:38:17.286265 np0000006152 devstack@c-api.service[97088]: INFO cinder.api.openstack.wsgi [None req-90d04885-a4e7-4363-883b-f3a41ae3be59 None None] GET https://10.4.3.72/volume//
Jul 30 16:38:17.286539 np0000006152 devstack@c-api.service[97088]: DEBUG cinder.api.openstack.wsgi [None req-90d04885-a4e7-4363-883b-f3a41ae3be59 None None] Empty body provided in request {{(pid=97088) get_body /opt/stack/cinder/cinder/api/openstack/wsgi.py:725}}
Jul 30 16:38:17.286827 np0000006152 devstack@c-api.service[97088]: DEBUG cinder.api.openstack.wsgi [None req-90d04885-a4e7-4363-883b-f3a41ae3be59 None None] Calling method 'all' {{(pid=97088) _process_stack /opt/stack/cinder/cinder/api/openstack/wsgi.py:878}}
Jul 30 16:38:17.287491 np0000006152 devstack@c-api.service[97088]: INFO cinder.api.openstack.wsgi [None req-90d04885-a4e7-4363-883b-f3a41ae3be59 None None] https://10.4.3.72/volume// returned with HTTP 300
Jul 30 16:38:17.287862 np0000006152 devstack@c-api.service[97088]: [pid: 97088|app: 0|req: 2/4] 10.4.3.72 () {66 vars in 1418 bytes} [Thu Jul 30 16:38:17 2026] GET /volume/ => generated 385 bytes in 3 msecs (HTTP/1.1 300) 7 headers in 299 bytes (1 switches on core 0)
Jul 30 16:38:56.208812 np0000006152 devstack@c-api.service[97089]: DEBUG cinder.api.middleware.request_id [None req-a8fd6f42-e56d-4380-ad2d-afe4602eaa14 None None] RequestId filter calling following filter/app {{(pid=97089) _context_setter /opt/stack/cinder/cinder/api/middleware/request_id.py:62}}
Jul 30 16:38:56.370554 np0000006152 devstack@c-api.service[97089]: INFO cinder.api.openstack.wsgi [None req-a8fd6f42-e56d-4380-ad2d-afe4602eaa14 tempest-verify_tempest_config-745363545 tempest-verify_tempest_config-745363545-project-member] GET https://10.4.3.72/volume/v3/extensions
Jul 30 16:38:56.370791 np0000006152 devstack@c-api.service[97089]: DEBUG cinder.api.openstack.wsgi [None req-a8fd6f42-e56d-4380-ad2d-afe4602eaa14 tempest-verify_tempest_config-745363545 tempest-verify_tempest_config-745363545-project-member] Empty body provided in request {{(pid=97089) get_body /opt/stack/cinder/cinder/api/openstack/wsgi.py:725}}
Jul 30 16:38:56.371038 np0000006152 devstack@c-api.service[97089]: DEBUG cinder.api.openstack.wsgi [None req-a8fd6f42-e56d-4380-ad2d-afe4602eaa14 tempest-verify_tempest_config-745363545 tempest-verify_tempest_config-745363545-project-member] Calling method 'index' {{(pid=97089) _process_stack /opt/stack/cinder/cinder/api/openstack/wsgi.py:878}}
Jul 30 16:38:56.371426 np0000006152 devstack@c-api.service[97089]: INFO cinder.api.openstack.wsgi [None req-a8fd6f42-e56d-4380-ad2d-afe4602eaa14 tempest-verify_tempest_config-745363545 tempest-verify_tempest_config-745363545-project-member] https://10.4.3.72/volume/v3/extensions returned with HTTP 200
Jul 30 16:38:56.371801 np0000006152 devstack@c-api.service[97089]: [pid: 97089|app: 0|req: 2/5] 10.4.3.72 () {66 vars in 1239 bytes} [Thu Jul 30 16:38:56 2026] GET /volume/v3/extensions => generated 5245 bytes in 163 msecs (HTTP/1.1 200) 7 headers in 286 bytes (1 switches on core 0)
Jul 30 16:39:43.215257 np0000006152 devstack@c-api.service[97090]: DEBUG cinder.api.middleware.request_id [None req-81ff341d-dbb6-4196-b662-e0cb423dda31 None None] RequestId filter calling following filter/app {{(pid=97090) _context_setter /opt/stack/cinder/cinder/api/middleware/request_id.py:62}}
Jul 30 16:39:43.599414 np0000006152 devstack@c-api.service[97090]: INFO cinder.api.openstack.wsgi [None req-81ff341d-dbb6-4196-b662-e0cb423dda31 tempest-ServerStableDeviceRescueTest-2047687229 tempest-ServerStableDeviceRescueTest-2047687229-project-member] POST https://10.4.3.72/volume/v3/volumes
Jul 30 16:39:43.599729 np0000006152 devstack@c-api.service[97090]: DEBUG cinder.api.openstack.wsgi [None req-81ff341d-dbb6-4196-b662-e0cb423dda31 tempest-ServerStableDeviceRescueTest-2047687229 tempest-ServerStableDeviceRescueTest-2047687229-project-member] Action: 'create', calling method: create, body: {"volume": {"size": 1, "display_name": "tempest-ServerStableDeviceRescueTest-volume-1887472866"}} {{(pid=97090) _process_stack /opt/stack/cinder/cinder/api/openstack/wsgi.py:876}}
Jul 30 16:39:43.601080 np0000006152 devstack@c-api.service[97090]: DEBUG cinder.api.v3.volumes [None req-81ff341d-dbb6-4196-b662-e0cb423dda31 tempest-ServerStableDeviceRescueTest-2047687229 tempest-ServerStableDeviceRescueTest-2047687229-project-member] Create volume request body: {'volume': {'size': 1, 'display_name': 'tempest-ServerStableDeviceRescueTest-volume-1887472866'}} {{(pid=97090) create /opt/stack/cinder/cinder/api/v3/volumes.py:368}}
Jul 30 16:39:43.601414 np0000006152 devstack@c-api.service[97090]: INFO cinder.api.v3.volumes [None req-81ff341d-dbb6-4196-b662-e0cb423dda31 tempest-ServerStableDeviceRescueTest-2047687229 tempest-ServerStableDeviceRescueTest-2047687229-project-member] Create volume of 1 GB
Jul 30 16:39:43.614809 np0000006152 devstack@c-api.service[97090]: DEBUG cinder.volume.api [None req-81ff341d-dbb6-4196-b662-e0cb423dda31 tempest-ServerStableDeviceRescueTest-2047687229 tempest-ServerStableDeviceRescueTest-2047687229-project-member] Availability zone cache updated, next update will occur around 2026-07-30 17:39:43.614306. {{(pid=97090) list_availability_zones /opt/stack/cinder/cinder/volume/api.py:155}}
Jul 30 16:39:43.614985 np0000006152 devstack@c-api.service[97090]: INFO cinder.volume.api [None req-81ff341d-dbb6-4196-b662-e0cb423dda31 tempest-ServerStableDeviceRescueTest-2047687229 tempest-ServerStableDeviceRescueTest-2047687229-project-member] Availability Zones retrieved successfully.
Jul 30 16:39:43.637237 np0000006152 devstack@c-api.service[97090]: DEBUG cinder.volume.api [None req-81ff341d-dbb6-4196-b662-e0cb423dda31 tempest-ServerStableDeviceRescueTest-2047687229 tempest-ServerStableDeviceRescueTest-2047687229-project-member] Flow 'volume_create_api' (bb5e3bd0-a3f4-4316-bf9f-1589e10de004) transitioned into state 'RUNNING' from state 'PENDING' {{(pid=97090) _flow_receiver /opt/stack/data/venv/lib/python3.12/site-packages/taskflow/listeners/logging.py:160}}
Jul 30 16:39:43.638478 np0000006152 devstack@c-api.service[97090]: DEBUG cinder.volume.api [None req-81ff341d-dbb6-4196-b662-e0cb423dda31 tempest-ServerStableDeviceRescueTest-2047687229 tempest-ServerStableDeviceRescueTest-2047687229-project-member] Task 'cinder.volume.flows.api.create_volume.ExtractVolumeRequestTask;volume:create' (3abff260-113e-4e4d-8b87-a9fe1a561f88) transitioned into state 'RUNNING' from state 'PENDING' {{(pid=97090) _task_receiver /opt/stack/data/venv/lib/python3.12/site-packages/taskflow/listeners/logging.py:242}}
Jul 30 16:39:43.640108 np0000006152 devstack@c-api.service[97090]: DEBUG cinder.volume.flows.api.create_volume [None req-81ff341d-dbb6-4196-b662-e0cb423dda31 tempest-ServerStableDeviceRescueTest-2047687229 tempest-ServerStableDeviceRescueTest-2047687229-project-member] Validating volume size '1' using validate_int {{(pid=97090) _extract_size /opt/stack/cinder/cinder/volume/flows/api/create_volume.py:226}}
Jul 30 16:39:43.694816 np0000006152 devstack@c-api.service[97090]: DEBUG cinder.volume.api [None req-81ff341d-dbb6-4196-b662-e0cb423dda31 tempest-ServerStableDeviceRescueTest-2047687229 tempest-ServerStableDeviceRescueTest-2047687229-project-member] Task 'cinder.volume.flows.api.create_volume.ExtractVolumeRequestTask;volume:create' (3abff260-113e-4e4d-8b87-a9fe1a561f88) transitioned into state 'SUCCESS' from state 'RUNNING' with result '{'size': 1, 'snapshot_id': None, 'source_volid': None, 'volume_type': VolumeType(created_at=2026-07-30T16:37:52Z,deleted=False,deleted_at=None,description=None,extra_specs={volume_backend_name='storpool'},id=59195ab9-d36f-42df-ad0d-af8b06481932,is_public=True,name='storpool',projects=[],qos_specs=,qos_specs_id=None,updated_at=None), 'volume_type_id': '59195ab9-d36f-42df-ad0d-af8b06481932', 'encryption_key_id': None, 'qos_specs': None, 'consistencygroup_id': None, 'cgsnapshot_id': None, 'group_id': None, 'replication_status': 'disabled', 'refresh_az': False, 'backup_id': None, 'multiattach': False, 'availability_zones': ['nova']}' {{(pid=97090) _task_receiver /opt/stack/data/venv/lib/python3.12/site-packages/taskflow/listeners/logging.py:218}}
Jul 30 16:39:43.695703 np0000006152 devstack@c-api.service[97090]: DEBUG cinder.volume.api [None req-81ff341d-dbb6-4196-b662-e0cb423dda31 tempest-ServerStableDeviceRescueTest-2047687229 tempest-ServerStableDeviceRescueTest-2047687229-project-member] Task 'cinder.volume.flows.api.create_volume.QuotaReserveTask;volume:create' (35ccdde2-f291-4dc0-8404-be03d652dc43) transitioned into state 'RUNNING' from state 'PENDING' {{(pid=97090) _task_receiver /opt/stack/data/venv/lib/python3.12/site-packages/taskflow/listeners/logging.py:242}}
Jul 30 16:39:43.738359 np0000006152 devstack@c-api.service[97090]: WARNING cinder.quota [None req-81ff341d-dbb6-4196-b662-e0cb423dda31 tempest-ServerStableDeviceRescueTest-2047687229 tempest-ServerStableDeviceRescueTest-2047687229-project-member] Deprecated: Default quota for resource: volumes_storpool is set by the default quota flag: quota_volumes_storpool, it is now deprecated. Please use the default quota class for default quota.
Jul 30 16:39:43.739454 np0000006152 devstack@c-api.service[97090]: WARNING cinder.quota [None req-81ff341d-dbb6-4196-b662-e0cb423dda31 tempest-ServerStableDeviceRescueTest-2047687229 tempest-ServerStableDeviceRescueTest-2047687229-project-member] Deprecated: Default quota for resource: gigabytes_storpool is set by the default quota flag: quota_gigabytes_storpool, it is now deprecated. Please use the default quota class for default quota.
Jul 30 16:39:43.798172 np0000006152 devstack@c-api.service[97090]: DEBUG cinder.quota [None req-81ff341d-dbb6-4196-b662-e0cb423dda31 tempest-ServerStableDeviceRescueTest-2047687229 tempest-ServerStableDeviceRescueTest-2047687229-project-member] Created reservations ['68ff7c59-6515-4105-8939-feaabd726ea0', '12312180-28f8-4f70-9a91-971a1687a6a5', 'e581bac4-7d3a-45df-aff7-d79f68a2da5a', '3b996bc5-3287-4a80-b3ed-bb9a36d12e6e'] {{(pid=97090) reserve /opt/stack/cinder/cinder/quota.py:752}}
Jul 30 16:39:43.799052 np0000006152 devstack@c-api.service[97090]: DEBUG cinder.volume.api [None req-81ff341d-dbb6-4196-b662-e0cb423dda31 tempest-ServerStableDeviceRescueTest-2047687229 tempest-ServerStableDeviceRescueTest-2047687229-project-member] Task 'cinder.volume.flows.api.create_volume.QuotaReserveTask;volume:create' (35ccdde2-f291-4dc0-8404-be03d652dc43) transitioned into state 'SUCCESS' from state 'RUNNING' with result '{'reservations': ['68ff7c59-6515-4105-8939-feaabd726ea0', '12312180-28f8-4f70-9a91-971a1687a6a5', 'e581bac4-7d3a-45df-aff7-d79f68a2da5a', '3b996bc5-3287-4a80-b3ed-bb9a36d12e6e']}' {{(pid=97090) _task_receiver /opt/stack/data/venv/lib/python3.12/site-packages/taskflow/listeners/logging.py:218}}
Jul 30 16:39:43.800143 np0000006152 devstack@c-api.service[97090]: DEBUG cinder.volume.api [None req-81ff341d-dbb6-4196-b662-e0cb423dda31 tempest-ServerStableDeviceRescueTest-2047687229 tempest-ServerStableDeviceRescueTest-2047687229-project-member] Task 'cinder.volume.flows.api.create_volume.EntryCreateTask;volume:create' (3dc2fa7b-1ad0-4529-bd3c-ddbaa4610c80) transitioned into state 'RUNNING' from state 'PENDING' {{(pid=97090) _task_receiver /opt/stack/data/venv/lib/python3.12/site-packages/taskflow/listeners/logging.py:242}}
Jul 30 16:39:43.853920 np0000006152 devstack@c-api.service[97090]: DEBUG cinder.volume.api [None req-81ff341d-dbb6-4196-b662-e0cb423dda31 tempest-ServerStableDeviceRescueTest-2047687229 tempest-ServerStableDeviceRescueTest-2047687229-project-member] Task 'cinder.volume.flows.api.create_volume.EntryCreateTask;volume:create' (3dc2fa7b-1ad0-4529-bd3c-ddbaa4610c80) transitioned into state 'SUCCESS' from state 'RUNNING' with result '{'volume_id': '949f328b-8372-4a1b-b7da-be281d0c5d45', 'volume_properties': VolumeProperties(attach_status='detached',availability_zone='nova',cgsnapshot_id=None,consistencygroup_id=None,display_description=None,display_name='tempest-ServerStableDeviceRescueTest-volume-1887472866',encryption_key_id=None,group_id=None,group_type_id=,metadata={},multiattach=False,project_id='05522bc7de954885a9a618a48abded03',qos_specs=None,replication_status=,reservations=['68ff7c59-6515-4105-8939-feaabd726ea0','12312180-28f8-4f70-9a91-971a1687a6a5','e581bac4-7d3a-45df-aff7-d79f68a2da5a','3b996bc5-3287-4a80-b3ed-bb9a36d12e6e'],size=1,snapshot_id=None,source_replicaid=,source_volid=None,status='creating',user_id='3ed2ced5484847cebe98b9a444a299cd',volume_type_id=59195ab9-d36f-42df-ad0d-af8b06481932), 'volume': Volume(_name_id=None,admin_metadata=,attach_status='detached',availability_zone='nova',bootable=False,cluster=,cluster_name=None,consistencygroup=,consistencygroup_id=None,created_at=2026-07-30T16:39:43Z,deleted=False,deleted_at=None,display_description=None,display_name='tempest-ServerStableDeviceRescueTest-volume-1887472866',ec2_id=None,encryption_key_id=None,glance_metadata=,group=,group_id=None,host=None,id=949f328b-8372-4a1b-b7da-be281d0c5d45,launched_at=None,metadata={},migration_status=None,multiattach=False,previous_status=None,project_id='05522bc7de954885a9a618a48abded03',provider_auth=None,provider_geometry=None,provider_id=None,provider_location=None,replication_driver_data=None,replication_extended_status=None,replication_status=None,scheduled_at=None,service_uuid=None,shared_targets=True,size=1,snapshot_id=None,snapshots=,source_volid=None,status='creating',terminated_at=None,updated_at=None,use_quota=True,user_id='3ed2ced5484847cebe98b9a444a299cd',volume_attachment=VolumeAttachmentList,volume_type=VolumeType(59195ab9-d36f-42df-ad0d-af8b06481932),volume_type_id=59195ab9-d36f-42df-ad0d-af8b06481932)}' {{(pid=97090) _task_receiver /opt/stack/data/venv/lib/python3.12/site-packages/taskflow/listeners/logging.py:218}}
Jul 30 16:39:43.854718 np0000006152 devstack@c-api.service[97090]: DEBUG cinder.volume.api [None req-81ff341d-dbb6-4196-b662-e0cb423dda31 tempest-ServerStableDeviceRescueTest-2047687229 tempest-ServerStableDeviceRescueTest-2047687229-project-member] Task 'cinder.volume.flows.api.create_volume.QuotaCommitTask;volume:create' (d6014760-e793-4208-92e4-67fac16ed87f) transitioned into state 'RUNNING' from state 'PENDING' {{(pid=97090) _task_receiver /opt/stack/data/venv/lib/python3.12/site-packages/taskflow/listeners/logging.py:242}}
Jul 30 16:39:43.889110 np0000006152 devstack@c-api.service[97090]: DEBUG cinder.volume.api [None req-81ff341d-dbb6-4196-b662-e0cb423dda31 tempest-ServerStableDeviceRescueTest-2047687229 tempest-ServerStableDeviceRescueTest-2047687229-project-member] Task 'cinder.volume.flows.api.create_volume.QuotaCommitTask;volume:create' (d6014760-e793-4208-92e4-67fac16ed87f) transitioned into state 'SUCCESS' from state 'RUNNING' with result '{'volume_properties': VolumeProperties(attach_status='detached',availability_zone='nova',cgsnapshot_id=None,consistencygroup_id=None,display_description=None,display_name='tempest-ServerStableDeviceRescueTest-volume-1887472866',encryption_key_id=None,group_id=None,group_type_id=,metadata={},multiattach=False,project_id='05522bc7de954885a9a618a48abded03',qos_specs=None,replication_status=,reservations=['68ff7c59-6515-4105-8939-feaabd726ea0','12312180-28f8-4f70-9a91-971a1687a6a5','e581bac4-7d3a-45df-aff7-d79f68a2da5a','3b996bc5-3287-4a80-b3ed-bb9a36d12e6e'],size=1,snapshot_id=None,source_replicaid=,source_volid=None,status='creating',user_id='3ed2ced5484847cebe98b9a444a299cd',volume_type_id=59195ab9-d36f-42df-ad0d-af8b06481932)}' {{(pid=97090) _task_receiver /opt/stack/data/venv/lib/python3.12/site-packages/taskflow/listeners/logging.py:218}}
Jul 30 16:39:43.889845 np0000006152 devstack@c-api.service[97090]: DEBUG cinder.volume.api [None req-81ff341d-dbb6-4196-b662-e0cb423dda31 tempest-ServerStableDeviceRescueTest-2047687229 tempest-ServerStableDeviceRescueTest-2047687229-project-member] Task 'cinder.volume.flows.api.create_volume.VolumeCastTask;volume:create' (012ea078-0a4f-419f-aa09-13655b48236b) transitioned into state 'RUNNING' from state 'PENDING' {{(pid=97090) _task_receiver /opt/stack/data/venv/lib/python3.12/site-packages/taskflow/listeners/logging.py:242}}
Jul 30 16:39:43.917298 np0000006152 devstack@c-api.service[97090]: DEBUG cinder.volume.api [None req-81ff341d-dbb6-4196-b662-e0cb423dda31 tempest-ServerStableDeviceRescueTest-2047687229 tempest-ServerStableDeviceRescueTest-2047687229-project-member] Task 'cinder.volume.flows.api.create_volume.VolumeCastTask;volume:create' (012ea078-0a4f-419f-aa09-13655b48236b) transitioned into state 'SUCCESS' from state 'RUNNING' with result 'None' {{(pid=97090) _task_receiver /opt/stack/data/venv/lib/python3.12/site-packages/taskflow/listeners/logging.py:218}}
Jul 30 16:39:43.918606 np0000006152 devstack@c-api.service[97090]: DEBUG cinder.volume.api [None req-81ff341d-dbb6-4196-b662-e0cb423dda31 tempest-ServerStableDeviceRescueTest-2047687229 tempest-ServerStableDeviceRescueTest-2047687229-project-member] Flow 'volume_create_api' (bb5e3bd0-a3f4-4316-bf9f-1589e10de004) transitioned into state 'SUCCESS' from state 'RUNNING' {{(pid=97090) _flow_receiver /opt/stack/data/venv/lib/python3.12/site-packages/taskflow/listeners/logging.py:160}}
Jul 30 16:39:43.918944 np0000006152 devstack@c-api.service[97090]: INFO cinder.volume.api [None req-81ff341d-dbb6-4196-b662-e0cb423dda31 tempest-ServerStableDeviceRescueTest-2047687229 tempest-ServerStableDeviceRescueTest-2047687229-project-member] Create volume request issued successfully.
Jul 30 16:39:43.920079 np0000006152 devstack@c-api.service[97090]: INFO cinder.api.openstack.wsgi [None req-81ff341d-dbb6-4196-b662-e0cb423dda31 tempest-ServerStableDeviceRescueTest-2047687229 tempest-ServerStableDeviceRescueTest-2047687229-project-member] https://10.4.3.72/volume/v3/volumes returned with HTTP 202
Jul 30 16:39:43.920673 np0000006152 devstack@c-api.service[97090]: [pid: 97090|app: 0|req: 2/6] 10.4.3.72 () {68 vars in 1251 bytes} [Thu Jul 30 16:39:43 2026] POST /volume/v3/volumes => generated 757 bytes in 706 msecs (HTTP/1.1 202) 7 headers in 291 bytes (1 switches on core 0)
Jul 30 16:39:53.705909 np0000006152 devstack@c-api.service[97088]: DEBUG cinder.api.middleware.request_id [None req-0df4155b-8e83-4efc-be2c-279c9c7fb4aa None None] RequestId filter calling following filter/app {{(pid=97088) _context_setter /opt/stack/cinder/cinder/api/middleware/request_id.py:62}}
Jul 30 16:39:53.894187 np0000006152 devstack@c-api.service[97090]: DEBUG dbcounter [-] [97090] Writing DB stats cinder:SELECT=28,cinder:INSERT=10,cinder:UPDATE=12 {{(pid=97090) stat_writer /opt/stack/data/venv/lib/python3.12/site-packages/dbcounter.py:115}}
Jul 30 16:39:54.342532 np0000006152 devstack@c-api.service[97088]: INFO cinder.api.openstack.wsgi [None req-0df4155b-8e83-4efc-be2c-279c9c7fb4aa tempest-TaggedBootDevicesTest_v242-1385532633 tempest-TaggedBootDevicesTest_v242-1385532633-project-member] POST https://10.4.3.72/volume/v3/volumes
Jul 30 16:39:54.343172 np0000006152 devstack@c-api.service[97088]: DEBUG cinder.api.openstack.wsgi [None req-0df4155b-8e83-4efc-be2c-279c9c7fb4aa tempest-TaggedBootDevicesTest_v242-1385532633 tempest-TaggedBootDevicesTest_v242-1385532633-project-member] Action: 'create', calling method: create, body: {"volume": {"size": 1, "display_name": "tempest-TaggedBootDevicesTest_v242-volume-182846217", "imageRef": "44184d52-b6f5-4340-a964-8d9202728312"}} {{(pid=97088) _process_stack /opt/stack/cinder/cinder/api/openstack/wsgi.py:876}}
Jul 30 16:39:54.344575 np0000006152 devstack@c-api.service[97088]: DEBUG cinder.api.v3.volumes [None req-0df4155b-8e83-4efc-be2c-279c9c7fb4aa tempest-TaggedBootDevicesTest_v242-1385532633 tempest-TaggedBootDevicesTest_v242-1385532633-project-member] Create volume request body: {'volume': {'size': 1, 'display_name': 'tempest-TaggedBootDevicesTest_v242-volume-182846217', 'imageRef': '44184d52-b6f5-4340-a964-8d9202728312'}} {{(pid=97088) create /opt/stack/cinder/cinder/api/v3/volumes.py:368}}
Jul 30 16:39:55.011159 np0000006152 devstack@c-api.service[97088]: INFO cinder.api.v3.volumes [None req-0df4155b-8e83-4efc-be2c-279c9c7fb4aa tempest-TaggedBootDevicesTest_v242-1385532633 tempest-TaggedBootDevicesTest_v242-1385532633-project-member] Create volume of 1 GB
Jul 30 16:39:55.011882 np0000006152 devstack@c-api.service[97088]: /opt/stack/data/venv/lib/python3.12/site-packages/oslo_context/context.py:102: DeprecationWarning: Policy enforcement is depending on the value of is_admin. This key is deprecated. Please update your policy file to use the standard policy values.
Jul 30 16:39:55.011882 np0000006152 devstack@c-api.service[97088]: warnings.warn(
Jul 30 16:39:55.042365 np0000006152 devstack@c-api.service[97088]: DEBUG oslo_db.sqlalchemy.engines [None req-0df4155b-8e83-4efc-be2c-279c9c7fb4aa tempest-TaggedBootDevicesTest_v242-1385532633 tempest-TaggedBootDevicesTest_v242-1385532633-project-member] MySQL server mode set to STRICT_TRANS_TABLES,STRICT_ALL_TABLES,NO_ZERO_IN_DATE,NO_ZERO_DATE,ERROR_FOR_DIVISION_BY_ZERO,TRADITIONAL,NO_ENGINE_SUBSTITUTION {{(pid=97088) _check_effective_sql_mode /opt/stack/data/venv/lib/python3.12/site-packages/oslo_db/sqlalchemy/engines.py:325}}
Jul 30 16:39:55.058504 np0000006152 devstack@c-api.service[97088]: DEBUG cinder.volume.api [None req-0df4155b-8e83-4efc-be2c-279c9c7fb4aa tempest-TaggedBootDevicesTest_v242-1385532633 tempest-TaggedBootDevicesTest_v242-1385532633-project-member] Availability zone cache updated, next update will occur around 2026-07-30 17:39:55.057835. {{(pid=97088) list_availability_zones /opt/stack/cinder/cinder/volume/api.py:155}}
Jul 30 16:39:55.058830 np0000006152 devstack@c-api.service[97088]: INFO cinder.volume.api [None req-0df4155b-8e83-4efc-be2c-279c9c7fb4aa tempest-TaggedBootDevicesTest_v242-1385532633 tempest-TaggedBootDevicesTest_v242-1385532633-project-member] Availability Zones retrieved successfully.
Jul 30 16:39:55.082637 np0000006152 devstack@c-api.service[97088]: DEBUG cinder.volume.api [None req-0df4155b-8e83-4efc-be2c-279c9c7fb4aa tempest-TaggedBootDevicesTest_v242-1385532633 tempest-TaggedBootDevicesTest_v242-1385532633-project-member] Flow 'volume_create_api' (fc7cfc57-f918-48e2-8d84-8aaeb05c36ec) transitioned into state 'RUNNING' from state 'PENDING' {{(pid=97088) _flow_receiver /opt/stack/data/venv/lib/python3.12/site-packages/taskflow/listeners/logging.py:160}}
Jul 30 16:39:55.083824 np0000006152 devstack@c-api.service[97088]: DEBUG cinder.volume.api [None req-0df4155b-8e83-4efc-be2c-279c9c7fb4aa tempest-TaggedBootDevicesTest_v242-1385532633 tempest-TaggedBootDevicesTest_v242-1385532633-project-member] Task 'cinder.volume.flows.api.create_volume.ExtractVolumeRequestTask;volume:create' (6062c279-ddbf-408b-88fc-f1ec5bdea6dc) transitioned into state 'RUNNING' from state 'PENDING' {{(pid=97088) _task_receiver /opt/stack/data/venv/lib/python3.12/site-packages/taskflow/listeners/logging.py:242}}
Jul 30 16:39:55.084848 np0000006152 devstack@c-api.service[97088]: DEBUG cinder.volume.flows.api.create_volume [None req-0df4155b-8e83-4efc-be2c-279c9c7fb4aa tempest-TaggedBootDevicesTest_v242-1385532633 tempest-TaggedBootDevicesTest_v242-1385532633-project-member] Validating volume size '1' using validate_int {{(pid=97088) _extract_size /opt/stack/cinder/cinder/volume/flows/api/create_volume.py:226}}
Jul 30 16:39:55.195527 np0000006152 devstack@c-api.service[97088]: DEBUG cinder.volume.api [None req-0df4155b-8e83-4efc-be2c-279c9c7fb4aa tempest-TaggedBootDevicesTest_v242-1385532633 tempest-TaggedBootDevicesTest_v242-1385532633-project-member] Task 'cinder.volume.flows.api.create_volume.ExtractVolumeRequestTask;volume:create' (6062c279-ddbf-408b-88fc-f1ec5bdea6dc) transitioned into state 'SUCCESS' from state 'RUNNING' with result '{'size': 1, 'snapshot_id': None, 'source_volid': None, 'volume_type': VolumeType(created_at=2026-07-30T16:37:52Z,deleted=False,deleted_at=None,description=None,extra_specs={volume_backend_name='storpool'},id=59195ab9-d36f-42df-ad0d-af8b06481932,is_public=True,name='storpool',projects=[],qos_specs=,qos_specs_id=None,updated_at=None), 'volume_type_id': '59195ab9-d36f-42df-ad0d-af8b06481932', 'encryption_key_id': None, 'qos_specs': None, 'consistencygroup_id': None, 'cgsnapshot_id': None, 'group_id': None, 'replication_status': 'disabled', 'refresh_az': False, 'backup_id': None, 'multiattach': False, 'availability_zones': ['nova']}' {{(pid=97088) _task_receiver /opt/stack/data/venv/lib/python3.12/site-packages/taskflow/listeners/logging.py:218}}
Jul 30 16:39:55.197356 np0000006152 devstack@c-api.service[97088]: DEBUG cinder.volume.api [None req-0df4155b-8e83-4efc-be2c-279c9c7fb4aa tempest-TaggedBootDevicesTest_v242-1385532633 tempest-TaggedBootDevicesTest_v242-1385532633-project-member] Task 'cinder.volume.flows.api.create_volume.QuotaReserveTask;volume:create' (236f3dee-ea32-4f84-b116-204aa35cbad5) transitioned into state 'RUNNING' from state 'PENDING' {{(pid=97088) _task_receiver /opt/stack/data/venv/lib/python3.12/site-packages/taskflow/listeners/logging.py:242}}
Jul 30 16:39:55.242390 np0000006152 devstack@c-api.service[97088]: WARNING cinder.quota [None req-0df4155b-8e83-4efc-be2c-279c9c7fb4aa tempest-TaggedBootDevicesTest_v242-1385532633 tempest-TaggedBootDevicesTest_v242-1385532633-project-member] Deprecated: Default quota for resource: volumes_storpool is set by the default quota flag: quota_volumes_storpool, it is now deprecated. Please use the default quota class for default quota.
Jul 30 16:39:55.242903 np0000006152 devstack@c-api.service[97088]: WARNING cinder.quota [None req-0df4155b-8e83-4efc-be2c-279c9c7fb4aa tempest-TaggedBootDevicesTest_v242-1385532633 tempest-TaggedBootDevicesTest_v242-1385532633-project-member] Deprecated: Default quota for resource: gigabytes_storpool is set by the default quota flag: quota_gigabytes_storpool, it is now deprecated. Please use the default quota class for default quota.
Jul 30 16:39:55.298770 np0000006152 devstack@c-api.service[97088]: DEBUG cinder.quota [None req-0df4155b-8e83-4efc-be2c-279c9c7fb4aa tempest-TaggedBootDevicesTest_v242-1385532633 tempest-TaggedBootDevicesTest_v242-1385532633-project-member] Created reservations ['8a6ef606-691f-47fd-9638-562a513531b9', 'eba3bfc6-1468-4815-aa51-27a863e2e258', '33768349-2f66-46e5-ae71-117e9fea5abd', 'fc5651da-ab3c-40b9-a2f5-73885587f60c'] {{(pid=97088) reserve /opt/stack/cinder/cinder/quota.py:752}}
Jul 30 16:39:55.299670 np0000006152 devstack@c-api.service[97088]: DEBUG cinder.volume.api [None req-0df4155b-8e83-4efc-be2c-279c9c7fb4aa tempest-TaggedBootDevicesTest_v242-1385532633 tempest-TaggedBootDevicesTest_v242-1385532633-project-member] Task 'cinder.volume.flows.api.create_volume.QuotaReserveTask;volume:create' (236f3dee-ea32-4f84-b116-204aa35cbad5) transitioned into state 'SUCCESS' from state 'RUNNING' with result '{'reservations': ['8a6ef606-691f-47fd-9638-562a513531b9', 'eba3bfc6-1468-4815-aa51-27a863e2e258', '33768349-2f66-46e5-ae71-117e9fea5abd', 'fc5651da-ab3c-40b9-a2f5-73885587f60c']}' {{(pid=97088) _task_receiver /opt/stack/data/venv/lib/python3.12/site-packages/taskflow/listeners/logging.py:218}}
Jul 30 16:39:55.300470 np0000006152 devstack@c-api.service[97088]: DEBUG cinder.volume.api [None req-0df4155b-8e83-4efc-be2c-279c9c7fb4aa tempest-TaggedBootDevicesTest_v242-1385532633 tempest-TaggedBootDevicesTest_v242-1385532633-project-member] Task 'cinder.volume.flows.api.create_volume.EntryCreateTask;volume:create' (0380e457-df68-4b22-b9eb-a5cf9441f63b) transitioned into state 'RUNNING' from state 'PENDING' {{(pid=97088) _task_receiver /opt/stack/data/venv/lib/python3.12/site-packages/taskflow/listeners/logging.py:242}}
