Jul 30 16:37:55.594153 np0000006152 devstack@g-api.service[99884]: DEBUG glance_store.location [-] Registering scheme swift+https with {'store': , 'location_class': , 'store_entry': 'swift'} {{(pid=99884) register_scheme_map /opt/stack/data/venv/lib/python3.12/site-packages/glance_store/location.py:146}}
Jul 30 16:37:55.594153 np0000006152 devstack@g-api.service[99884]: DEBUG glance_store.location [-] Registering scheme swift+https with {'store': , 'location_class': , 'store_entry': 'swift'} {{(pid=99884) register_scheme_map /opt/stack/data/venv/lib/python3.12/site-packages/glance_store/location.py:146}}
Jul 30 16:37:55.594239 np0000006152 devstack@g-api.service[99885]: DEBUG glance_store.backend [-] Attempting to import store swift {{(pid=99885) _load_store /opt/stack/data/venv/lib/python3.12/site-packages/glance_store/backend.py:215}}
Jul 30 16:37:55.594266 np0000006152 devstack@g-api.service[99884]: DEBUG glance_store.location [-] Registering scheme swift with {'store': , 'location_class': , 'store_entry': 'swift'} {{(pid=99884) register_scheme_map /opt/stack/data/venv/lib/python3.12/site-packages/glance_store/location.py:146}}
Jul 30 16:37:55.594266 np0000006152 devstack@g-api.service[99884]: DEBUG glance_store.location [-] Registering scheme swift+https with {'store': , 'location_class': , 'store_entry': 'swift'} {{(pid=99884) register_scheme_map /opt/stack/data/venv/lib/python3.12/site-packages/glance_store/location.py:146}}
Jul 30 16:37:55.594318 np0000006152 devstack@g-api.service[99884]: DEBUG glance_store.location [-] Registering scheme swift with {'store': , 'location_class': , 'store_entry': 'swift'} {{(pid=99884) register_scheme_map /opt/stack/data/venv/lib/python3.12/site-packages/glance_store/location.py:146}}
Jul 30 16:37:55.594350 np0000006152 devstack@g-api.service[99884]: DEBUG glance_store.location [-] Registering scheme swift+http with {'store': , 'location_class': , 'store_entry': 'swift'} {{(pid=99884) register_scheme_map /opt/stack/data/venv/lib/python3.12/site-packages/glance_store/location.py:146}}
Jul 30 16:37:55.594376 np0000006152 devstack@g-api.service[99884]: DEBUG glance_store.location [-] Registering scheme swift+https with {'store': , 'location_class': , 'store_entry': 'swift'} {{(pid=99884) register_scheme_map /opt/stack/data/venv/lib/python3.12/site-packages/glance_store/location.py:146}}
Jul 30 16:37:55.594422 np0000006152 devstack@g-api.service[99884]: DEBUG glance_store.location [-] Registering scheme swift with {'store': , 'location_class': , 'store_entry': 'swift'} {{(pid=99884) register_scheme_map /opt/stack/data/venv/lib/python3.12/site-packages/glance_store/location.py:146}}
Jul 30 16:37:55.594474 np0000006152 devstack@g-api.service[99884]: DEBUG glance_store.location [-] Registering scheme swift+http with {'store': , 'location_class': , 'store_entry': 'swift'} {{(pid=99884) register_scheme_map /opt/stack/data/venv/lib/python3.12/site-packages/glance_store/location.py:146}}
Jul 30 16:37:55.594521 np0000006152 devstack@g-api.service[99884]: DEBUG glance_store.location [-] Registering scheme swift+config with {'store': , 'location_class': , 'store_entry': 'swift'} {{(pid=99884) register_scheme_map /opt/stack/data/venv/lib/python3.12/site-packages/glance_store/location.py:146}}
Jul 30 16:37:55.594753 np0000006152 devstack@g-api.service[99884]: DEBUG glance.sqlite_migration [-] SQLite caching database not located, skipping migration {{(pid=99884) get_db_path /opt/stack/glance/glance/sqlite_migration.py:68}}
Jul 30 16:37:55.594919 np0000006152 devstack@g-api.service[99884]: WARNING glance.common.wsgi_app [-] Import methods are enabled but staging directory /tmp/staging/ does not exist; Imports will fail!
Jul 30 16:37:55.595474 np0000006152 devstack@g-api.service[99885]: DEBUG glance_store.capabilities [-] Store glance_store._drivers.swift.store.SingleTenantStore doesn't support updating dynamic storage capabilities. Please overwrite 'update_capabilities' method of the store to implement updating logics if needed. {{(pid=99885) update_capabilities /opt/stack/data/venv/lib/python3.12/site-packages/glance_store/capabilities.py:91}}
Jul 30 16:37:55.595542 np0000006152 devstack@g-api.service[99885]: DEBUG glance_store.driver [-] Late loading location class glance_store._drivers.swift.store.StoreLocation {{(pid=99885) get_store_location_class /opt/stack/data/venv/lib/python3.12/site-packages/glance_store/driver.py:134}}
Jul 30 16:37:55.595614 np0000006152 devstack@g-api.service[99885]: DEBUG glance_store.location [-] Registering scheme swift+https with {'store': , 'location_class': , 'store_entry': 'swift'} {{(pid=99885) register_scheme_map /opt/stack/data/venv/lib/python3.12/site-packages/glance_store/location.py:146}}
Jul 30 16:37:55.595672 np0000006152 devstack@g-api.service[99885]: DEBUG glance_store.location [-] Registering scheme swift+https with {'store': , 'location_class': , 'store_entry': 'swift'} {{(pid=99885) register_scheme_map /opt/stack/data/venv/lib/python3.12/site-packages/glance_store/location.py:146}}
Jul 30 16:37:55.595743 np0000006152 devstack@g-api.service[99885]: DEBUG glance_store.location [-] Registering scheme swift with {'store': , 'location_class': , 'store_entry': 'swift'} {{(pid=99885) register_scheme_map /opt/stack/data/venv/lib/python3.12/site-packages/glance_store/location.py:146}}
Jul 30 16:37:55.595806 np0000006152 devstack@g-api.service[99885]: DEBUG glance_store.location [-] Registering scheme swift+https with {'store': , 'location_class': , 'store_entry': 'swift'} {{(pid=99885) register_scheme_map /opt/stack/data/venv/lib/python3.12/site-packages/glance_store/location.py:146}}
Jul 30 16:37:55.595864 np0000006152 devstack@g-api.service[99885]: DEBUG glance_store.location [-] Registering scheme swift with {'store': , 'location_class': , 'store_entry': 'swift'} {{(pid=99885) register_scheme_map /opt/stack/data/venv/lib/python3.12/site-packages/glance_store/location.py:146}}
Jul 30 16:37:55.595917 np0000006152 devstack@g-api.service[99885]: DEBUG glance_store.location [-] Registering scheme swift+http with {'store': , 'location_class': , 'store_entry': 'swift'} {{(pid=99885) register_scheme_map /opt/stack/data/venv/lib/python3.12/site-packages/glance_store/location.py:146}}
Jul 30 16:37:55.595977 np0000006152 devstack@g-api.service[99885]: DEBUG glance_store.location [-] Registering scheme swift+https with {'store': , 'location_class': , 'store_entry': 'swift'} {{(pid=99885) register_scheme_map /opt/stack/data/venv/lib/python3.12/site-packages/glance_store/location.py:146}}
Jul 30 16:37:55.596029 np0000006152 devstack@g-api.service[99885]: DEBUG glance_store.location [-] Registering scheme swift with {'store': , 'location_class': , 'store_entry': 'swift'} {{(pid=99885) register_scheme_map /opt/stack/data/venv/lib/python3.12/site-packages/glance_store/location.py:146}}
Jul 30 16:37:55.596100 np0000006152 devstack@g-api.service[99885]: DEBUG glance_store.location [-] Registering scheme swift+http with {'store': , 'location_class': , 'store_entry': 'swift'} {{(pid=99885) register_scheme_map /opt/stack/data/venv/lib/python3.12/site-packages/glance_store/location.py:146}}
Jul 30 16:37:55.596173 np0000006152 devstack@g-api.service[99885]: DEBUG glance_store.location [-] Registering scheme swift+config with {'store': , 'location_class': , 'store_entry': 'swift'} {{(pid=99885) register_scheme_map /opt/stack/data/venv/lib/python3.12/site-packages/glance_store/location.py:146}}
Jul 30 16:37:55.596440 np0000006152 devstack@g-api.service[99885]: DEBUG glance.sqlite_migration [-] SQLite caching database not located, skipping migration {{(pid=99885) get_db_path /opt/stack/glance/glance/sqlite_migration.py:68}}
Jul 30 16:37:55.596628 np0000006152 devstack@g-api.service[99885]: WARNING glance.common.wsgi_app [-] Import methods are enabled but staging directory /tmp/staging/ does not exist; Imports will fail!
Jul 30 16:37:55.638866 np0000006152 devstack@g-api.service[99886]: DEBUG glance.common.config [None req-f16f7bd3-41bc-4f4d-95fe-f3151092e724 None None] Loading glance-api-keystone+cachemanagement from /etc/glance/glance-api-paste.ini {{(pid=99886) load_paste_app /opt/stack/glance/glance/common/config.py:765}}
Jul 30 16:37:55.728589 np0000006152 devstack@g-api.service[99884]: DEBUG glance.common.config [None req-280d5db6-1730-4806-8a6e-d45fe5aa7c66 None None] Loading glance-api-keystone+cachemanagement from /etc/glance/glance-api-paste.ini {{(pid=99884) load_paste_app /opt/stack/glance/glance/common/config.py:765}}
Jul 30 16:37:55.748327 np0000006152 devstack@g-api.service[99885]: DEBUG glance.common.config [None req-6ca5121e-1ae6-436d-942d-8dd5f2d45081 None None] Loading glance-api-keystone+cachemanagement from /etc/glance/glance-api-paste.ini {{(pid=99885) load_paste_app /opt/stack/glance/glance/common/config.py:765}}
Jul 30 16:37:56.274560 np0000006152 devstack@g-api.service[99884]: INFO glance.image_cache [None req-280d5db6-1730-4806-8a6e-d45fe5aa7c66 None None] Image cache loaded driver 'centralized_db'.
Jul 30 16:37:56.285592 np0000006152 devstack@g-api.service[99886]: INFO glance.image_cache [None req-f16f7bd3-41bc-4f4d-95fe-f3151092e724 None None] Image cache loaded driver 'centralized_db'.
Jul 30 16:37:56.322216 np0000006152 devstack@g-api.service[99884]: INFO dbcounter [None req-280d5db6-1730-4806-8a6e-d45fe5aa7c66 None None] Registered counter for database glance
Jul 30 16:37:56.330546 np0000006152 devstack@g-api.service[99885]: INFO glance.image_cache [None req-6ca5121e-1ae6-436d-942d-8dd5f2d45081 None None] Image cache loaded driver 'centralized_db'.
Jul 30 16:37:56.332527 np0000006152 devstack@g-api.service[99886]: INFO dbcounter [None req-f16f7bd3-41bc-4f4d-95fe-f3151092e724 None None] Registered counter for database glance
Jul 30 16:37:56.362488 np0000006152 devstack@g-api.service[99884]: DEBUG oslo_db.sqlalchemy.engines [None req-280d5db6-1730-4806-8a6e-d45fe5aa7c66 None None] MySQL server mode set to STRICT_TRANS_TABLES,STRICT_ALL_TABLES,NO_ZERO_IN_DATE,NO_ZERO_DATE,ERROR_FOR_DIVISION_BY_ZERO,TRADITIONAL,NO_ENGINE_SUBSTITUTION {{(pid=99884) _check_effective_sql_mode /opt/stack/data/venv/lib/python3.12/site-packages/oslo_db/sqlalchemy/engines.py:325}}
Jul 30 16:37:56.372969 np0000006152 devstack@g-api.service[99886]: DEBUG oslo_db.sqlalchemy.engines [None req-f16f7bd3-41bc-4f4d-95fe-f3151092e724 None None] MySQL server mode set to STRICT_TRANS_TABLES,STRICT_ALL_TABLES,NO_ZERO_IN_DATE,NO_ZERO_DATE,ERROR_FOR_DIVISION_BY_ZERO,TRADITIONAL,NO_ENGINE_SUBSTITUTION {{(pid=99886) _check_effective_sql_mode /opt/stack/data/venv/lib/python3.12/site-packages/oslo_db/sqlalchemy/engines.py:325}}
Jul 30 16:37:56.381305 np0000006152 devstack@g-api.service[99885]: INFO dbcounter [None req-6ca5121e-1ae6-436d-942d-8dd5f2d45081 None None] Registered counter for database glance
Jul 30 16:37:56.383373 np0000006152 devstack@g-api.service[99884]: DEBUG dbcounter [-] [99884] Writer thread running {{(pid=99884) stat_writer /opt/stack/data/venv/lib/python3.12/site-packages/dbcounter.py:102}}
Jul 30 16:37:56.394771 np0000006152 devstack@g-api.service[99886]: DEBUG dbcounter [-] [99886] Writer thread running {{(pid=99886) stat_writer /opt/stack/data/venv/lib/python3.12/site-packages/dbcounter.py:102}}
Jul 30 16:37:56.397578 np0000006152 devstack@g-api.service[99886]: DEBUG glance.image_cache.drivers.centralized_db [None req-f16f7bd3-41bc-4f4d-95fe-f3151092e724 None None] Node reference is already recorded, ignoring it {{(pid=99886) configure /opt/stack/glance/glance/image_cache/drivers/centralized_db.py:71}}
Jul 30 16:37:56.404141 np0000006152 devstack@g-api.service[99884]: INFO glance.image_cache [None req-280d5db6-1730-4806-8a6e-d45fe5aa7c66 None None] Image cache loaded driver 'centralized_db'.
Jul 30 16:37:56.427795 np0000006152 devstack@g-api.service[99885]: DEBUG oslo_db.sqlalchemy.engines [None req-6ca5121e-1ae6-436d-942d-8dd5f2d45081 None None] MySQL server mode set to STRICT_TRANS_TABLES,STRICT_ALL_TABLES,NO_ZERO_IN_DATE,NO_ZERO_DATE,ERROR_FOR_DIVISION_BY_ZERO,TRADITIONAL,NO_ENGINE_SUBSTITUTION {{(pid=99885) _check_effective_sql_mode /opt/stack/data/venv/lib/python3.12/site-packages/oslo_db/sqlalchemy/engines.py:325}}
Jul 30 16:37:56.452948 np0000006152 devstack@g-api.service[99885]: DEBUG dbcounter [-] [99885] Writer thread running {{(pid=99885) stat_writer /opt/stack/data/venv/lib/python3.12/site-packages/dbcounter.py:102}}
Jul 30 16:37:56.456264 np0000006152 devstack@g-api.service[99885]: DEBUG glance.image_cache.drivers.centralized_db [None req-6ca5121e-1ae6-436d-942d-8dd5f2d45081 None None] Node reference is already recorded, ignoring it {{(pid=99885) configure /opt/stack/glance/glance/image_cache/drivers/centralized_db.py:71}}
Jul 30 16:37:56.494992 np0000006152 devstack@g-api.service[99886]: INFO glance.image_cache [None req-f16f7bd3-41bc-4f4d-95fe-f3151092e724 None None] Image cache loaded driver 'centralized_db'.
Jul 30 16:37:56.504423 np0000006152 devstack@g-api.service[99886]: DEBUG glance.image_cache.drivers.centralized_db [None req-f16f7bd3-41bc-4f4d-95fe-f3151092e724 None None] Node reference is already recorded, ignoring it {{(pid=99886) configure /opt/stack/glance/glance/image_cache/drivers/centralized_db.py:71}}
Jul 30 16:37:56.510516 np0000006152 devstack@g-api.service[99884]: DEBUG glance.image_cache.drivers.centralized_db [None req-280d5db6-1730-4806-8a6e-d45fe5aa7c66 None None] Node reference is already recorded, ignoring it {{(pid=99884) configure /opt/stack/glance/glance/image_cache/drivers/centralized_db.py:71}}
Jul 30 16:37:56.510619 np0000006152 devstack@g-api.service[99886]: DEBUG glance.api.v2.cached_images [None req-f16f7bd3-41bc-4f4d-95fe-f3151092e724 None None] Started cache worker thread {{(pid=99886) __init__ /opt/stack/glance/glance/api/v2/cached_images.py:71}}
Jul 30 16:37:56.511201 np0000006152 devstack@g-api.service[99886]: INFO glance.image_cache [None req-f16f7bd3-41bc-4f4d-95fe-f3151092e724 None None] Image cache loaded driver 'centralized_db'.
Jul 30 16:37:56.515345 np0000006152 devstack@g-api.service[99884]: DEBUG glance.api.v2.cached_images [None req-280d5db6-1730-4806-8a6e-d45fe5aa7c66 None None] Started cache worker thread {{(pid=99884) __init__ /opt/stack/glance/glance/api/v2/cached_images.py:71}}
Jul 30 16:37:56.515917 np0000006152 devstack@g-api.service[99884]: INFO glance.image_cache [None req-280d5db6-1730-4806-8a6e-d45fe5aa7c66 None None] Image cache loaded driver 'centralized_db'.
Jul 30 16:37:56.519955 np0000006152 devstack@g-api.service[99886]: DEBUG glance.image_cache.drivers.centralized_db [None req-f16f7bd3-41bc-4f4d-95fe-f3151092e724 None None] Node reference is already recorded, ignoring it {{(pid=99886) configure /opt/stack/glance/glance/image_cache/drivers/centralized_db.py:71}}
Jul 30 16:37:56.524265 np0000006152 devstack@g-api.service[99886]: INFO glance.api.middleware.cache_manage [None req-f16f7bd3-41bc-4f4d-95fe-f3151092e724 None None] Initialized image cache management middleware
Jul 30 16:37:56.524392 np0000006152 devstack@g-api.service[99886]: INFO glance.image_cache [None req-f16f7bd3-41bc-4f4d-95fe-f3151092e724 None None] Image cache loaded driver 'centralized_db'.
Jul 30 16:37:56.527015 np0000006152 devstack@g-api.service[99884]: DEBUG glance.image_cache.drivers.centralized_db [None req-280d5db6-1730-4806-8a6e-d45fe5aa7c66 None None] Node reference is already recorded, ignoring it {{(pid=99884) configure /opt/stack/glance/glance/image_cache/drivers/centralized_db.py:71}}
Jul 30 16:37:56.530963 np0000006152 devstack@g-api.service[99886]: DEBUG glance.image_cache.drivers.centralized_db [None req-f16f7bd3-41bc-4f4d-95fe-f3151092e724 None None] Node reference is already recorded, ignoring it {{(pid=99886) configure /opt/stack/glance/glance/image_cache/drivers/centralized_db.py:71}}
Jul 30 16:37:56.532951 np0000006152 devstack@g-api.service[99884]: INFO glance.api.middleware.cache_manage [None req-280d5db6-1730-4806-8a6e-d45fe5aa7c66 None None] Initialized image cache management middleware
Jul 30 16:37:56.533156 np0000006152 devstack@g-api.service[99884]: INFO glance.image_cache [None req-280d5db6-1730-4806-8a6e-d45fe5aa7c66 None None] Image cache loaded driver 'centralized_db'.
Jul 30 16:37:56.535281 np0000006152 devstack@g-api.service[99886]: INFO glance.api.middleware.cache [None req-f16f7bd3-41bc-4f4d-95fe-f3151092e724 None None] Initialized image cache middleware
Jul 30 16:37:56.540082 np0000006152 devstack@g-api.service[99884]: DEBUG glance.image_cache.drivers.centralized_db [None req-280d5db6-1730-4806-8a6e-d45fe5aa7c66 None None] Node reference is already recorded, ignoring it {{(pid=99884) configure /opt/stack/glance/glance/image_cache/drivers/centralized_db.py:71}}
Jul 30 16:37:56.545185 np0000006152 devstack@g-api.service[99884]: INFO glance.api.middleware.cache [None req-280d5db6-1730-4806-8a6e-d45fe5aa7c66 None None] Initialized image cache middleware
Jul 30 16:37:56.545244 np0000006152 devstack@g-api.service[99886]: DEBUG glance.common.config [None req-f16f7bd3-41bc-4f4d-95fe-f3151092e724 None None] ******************************************************************************** {{(pid=99886) log_opt_values /opt/stack/data/venv/lib/python3.12/site-packages/oslo_config/cfg.py:3226}}
Jul 30 16:37:56.545303 np0000006152 devstack@g-api.service[99886]: DEBUG glance.common.config [None req-f16f7bd3-41bc-4f4d-95fe-f3151092e724 None None] Configuration options gathered from: {{(pid=99886) log_opt_values /opt/stack/data/venv/lib/python3.12/site-packages/oslo_config/cfg.py:3227}}
Jul 30 16:37:56.545559 np0000006152 devstack@g-api.service[99886]: DEBUG glance.common.config [None req-f16f7bd3-41bc-4f4d-95fe-f3151092e724 None None] command line args: [] {{(pid=99886) log_opt_values /opt/stack/data/venv/lib/python3.12/site-packages/oslo_config/cfg.py:3228}}
Jul 30 16:37:56.545685 np0000006152 devstack@g-api.service[99886]: DEBUG glance.common.config [None req-f16f7bd3-41bc-4f4d-95fe-f3151092e724 None None] config files: ['/etc/glance/glance-image-import.conf', '/etc/glance/glance-api.conf'] {{(pid=99886) log_opt_values /opt/stack/data/venv/lib/python3.12/site-packages/oslo_config/cfg.py:3229}}
Jul 30 16:37:56.545774 np0000006152 devstack@g-api.service[99886]: DEBUG glance.common.config [None req-f16f7bd3-41bc-4f4d-95fe-f3151092e724 None None] ================================================================================ {{(pid=99886) log_opt_values /opt/stack/data/venv/lib/python3.12/site-packages/oslo_config/cfg.py:3234}}
Jul 30 16:37:56.545897 np0000006152 devstack@g-api.service[99886]: DEBUG glance.common.config [None req-f16f7bd3-41bc-4f4d-95fe-f3151092e724 None None] allow_anonymous_access = False {{(pid=99886) log_opt_values /opt/stack/data/venv/lib/python3.12/site-packages/oslo_config/cfg.py:3242}}
Jul 30 16:37:56.546002 np0000006152 devstack@g-api.service[99886]: DEBUG glance.common.config [None req-f16f7bd3-41bc-4f4d-95fe-f3151092e724 None None] api_limit_max = 1000 {{(pid=99886) log_opt_values /opt/stack/data/venv/lib/python3.12/site-packages/oslo_config/cfg.py:3242}}
Jul 30 16:37:56.546139 np0000006152 devstack@g-api.service[99886]: DEBUG glance.common.config [None req-f16f7bd3-41bc-4f4d-95fe-f3151092e724 None None] config_dir = [] {{(pid=99886) log_opt_values /opt/stack/data/venv/lib/python3.12/site-packages/oslo_config/cfg.py:3242}}
Jul 30 16:37:56.546210 np0000006152 devstack@g-api.service[99886]: DEBUG glance.common.config [None req-f16f7bd3-41bc-4f4d-95fe-f3151092e724 None None] config_file = ['/etc/glance/glance-image-import.conf', '/etc/glance/glance-api.conf'] {{(pid=99886) log_opt_values /opt/stack/data/venv/lib/python3.12/site-packages/oslo_config/cfg.py:3242}}
Jul 30 16:37:56.546307 np0000006152 devstack@g-api.service[99886]: DEBUG glance.common.config [None req-f16f7bd3-41bc-4f4d-95fe-f3151092e724 None None] config_source = [] {{(pid=99886) log_opt_values /opt/stack/data/venv/lib/python3.12/site-packages/oslo_config/cfg.py:3242}}
Jul 30 16:37:56.546414 np0000006152 devstack@g-api.service[99886]: DEBUG glance.common.config [None req-f16f7bd3-41bc-4f4d-95fe-f3151092e724 None None] control_exchange = glance {{(pid=99886) log_opt_values /opt/stack/data/venv/lib/python3.12/site-packages/oslo_config/cfg.py:3242}}
Jul 30 16:37:56.546485 np0000006152 devstack@g-api.service[99886]: DEBUG glance.common.config [None req-f16f7bd3-41bc-4f4d-95fe-f3151092e724 None None] debug = True {{(pid=99886) log_opt_values /opt/stack/data/venv/lib/python3.12/site-packages/oslo_config/cfg.py:3242}}
Jul 30 16:37:56.546652 np0000006152 devstack@g-api.service[99886]: DEBUG glance.common.config [None req-f16f7bd3-41bc-4f4d-95fe-f3151092e724 None None] default_log_levels = ['amqp=WARN', 'boto=WARN', 'sqlalchemy=WARN', 'suds=INFO', 'oslo.messaging=INFO', 'oslo_messaging=INFO', 'iso8601=WARN', 'requests.packages.urllib3.connectionpool=WARN', 'urllib3.connectionpool=WARN', 'websocket=WARN', 'requests.packages.urllib3.util.retry=WARN', 'urllib3.util.retry=WARN', 'keystonemiddleware=WARN', 'routes.middleware=WARN', 'stevedore=WARN', 'taskflow=WARN', 'keystoneauth=WARN', 'oslo.cache=INFO', 'oslo_policy=INFO', 'dogpile.core.dogpile=INFO'] {{(pid=99886) log_opt_values /opt/stack/data/venv/lib/python3.12/site-packages/oslo_config/cfg.py:3242}}
Jul 30 16:37:56.546753 np0000006152 devstack@g-api.service[99886]: DEBUG glance.common.config [None req-f16f7bd3-41bc-4f4d-95fe-f3151092e724 None None] default_publisher_id = image.localhost {{(pid=99886) log_opt_values /opt/stack/data/venv/lib/python3.12/site-packages/oslo_config/cfg.py:3242}}
Jul 30 16:37:56.546845 np0000006152 devstack@g-api.service[99886]: DEBUG glance.common.config [None req-f16f7bd3-41bc-4f4d-95fe-f3151092e724 None None] delayed_delete = False {{(pid=99886) log_opt_values /opt/stack/data/venv/lib/python3.12/site-packages/oslo_config/cfg.py:3242}}
Jul 30 16:37:56.546942 np0000006152 devstack@g-api.service[99886]: DEBUG glance.common.config [None req-f16f7bd3-41bc-4f4d-95fe-f3151092e724 None None] digest_algorithm = sha256 {{(pid=99886) log_opt_values /opt/stack/data/venv/lib/python3.12/site-packages/oslo_config/cfg.py:3242}}
Jul 30 16:37:56.547040 np0000006152 devstack@g-api.service[99886]: DEBUG glance.common.config [None req-f16f7bd3-41bc-4f4d-95fe-f3151092e724 None None] disabled_notifications = [] {{(pid=99886) log_opt_values /opt/stack/data/venv/lib/python3.12/site-packages/oslo_config/cfg.py:3242}}
Jul 30 16:37:56.547166 np0000006152 devstack@g-api.service[99886]: DEBUG glance.common.config [None req-f16f7bd3-41bc-4f4d-95fe-f3151092e724 None None] do_secure_hash = True {{(pid=99886) log_opt_values /opt/stack/data/venv/lib/python3.12/site-packages/oslo_config/cfg.py:3242}}
Jul 30 16:37:56.547263 np0000006152 devstack@g-api.service[99886]: DEBUG glance.common.config [None req-f16f7bd3-41bc-4f4d-95fe-f3151092e724 None None] enabled_backends = None {{(pid=99886) log_opt_values /opt/stack/data/venv/lib/python3.12/site-packages/oslo_config/cfg.py:3242}}
Jul 30 16:37:56.547381 np0000006152 devstack@g-api.service[99886]: DEBUG glance.common.config [None req-f16f7bd3-41bc-4f4d-95fe-f3151092e724 None None] enabled_import_methods = ['glance-direct', 'web-download', 'copy-image'] {{(pid=99886) log_opt_values /opt/stack/data/venv/lib/python3.12/site-packages/oslo_config/cfg.py:3242}}
Jul 30 16:37:56.547477 np0000006152 devstack@g-api.service[99886]: DEBUG glance.common.config [None req-f16f7bd3-41bc-4f4d-95fe-f3151092e724 None None] fatal_deprecations = False {{(pid=99886) log_opt_values /opt/stack/data/venv/lib/python3.12/site-packages/oslo_config/cfg.py:3242}}
Jul 30 16:37:56.547577 np0000006152 devstack@g-api.service[99886]: DEBUG glance.common.config [None req-f16f7bd3-41bc-4f4d-95fe-f3151092e724 None None] hashing_algorithm = sha512 {{(pid=99886) log_opt_values /opt/stack/data/venv/lib/python3.12/site-packages/oslo_config/cfg.py:3242}}
Jul 30 16:37:56.547669 np0000006152 devstack@g-api.service[99886]: DEBUG glance.common.config [None req-f16f7bd3-41bc-4f4d-95fe-f3151092e724 None None] http_retries = 3 {{(pid=99886) log_opt_values /opt/stack/data/venv/lib/python3.12/site-packages/oslo_config/cfg.py:3242}}
Jul 30 16:37:56.547766 np0000006152 devstack@g-api.service[99886]: DEBUG glance.common.config [None req-f16f7bd3-41bc-4f4d-95fe-f3151092e724 None None] image_cache_dir = /opt/stack/data/glance/cache/ {{(pid=99886) log_opt_values /opt/stack/data/venv/lib/python3.12/site-packages/oslo_config/cfg.py:3242}}
Jul 30 16:37:56.547862 np0000006152 devstack@g-api.service[99886]: DEBUG glance.common.config [None req-f16f7bd3-41bc-4f4d-95fe-f3151092e724 None None] image_cache_driver = centralized_db {{(pid=99886) log_opt_values /opt/stack/data/venv/lib/python3.12/site-packages/oslo_config/cfg.py:3242}}
Jul 30 16:37:56.547958 np0000006152 devstack@g-api.service[99886]: DEBUG glance.common.config [None req-f16f7bd3-41bc-4f4d-95fe-f3151092e724 None None] image_cache_max_size = 10737418240 {{(pid=99886) log_opt_values /opt/stack/data/venv/lib/python3.12/site-packages/oslo_config/cfg.py:3242}}
Jul 30 16:37:56.548058 np0000006152 devstack@g-api.service[99886]: DEBUG glance.common.config [None req-f16f7bd3-41bc-4f4d-95fe-f3151092e724 None None] image_cache_sqlite_db = cache.db {{(pid=99886) log_opt_values /opt/stack/data/venv/lib/python3.12/site-packages/oslo_config/cfg.py:3242}}
Jul 30 16:37:56.548177 np0000006152 devstack@g-api.service[99886]: DEBUG glance.common.config [None req-f16f7bd3-41bc-4f4d-95fe-f3151092e724 None None] image_cache_stall_time = 86400 {{(pid=99886) log_opt_values /opt/stack/data/venv/lib/python3.12/site-packages/oslo_config/cfg.py:3242}}
Jul 30 16:37:56.548272 np0000006152 devstack@g-api.service[99886]: DEBUG glance.common.config [None req-f16f7bd3-41bc-4f4d-95fe-f3151092e724 None None] image_location_quota = 10 {{(pid=99886) log_opt_values /opt/stack/data/venv/lib/python3.12/site-packages/oslo_config/cfg.py:3242}}
Jul 30 16:37:56.548366 np0000006152 devstack@g-api.service[99886]: DEBUG glance.common.config [None req-f16f7bd3-41bc-4f4d-95fe-f3151092e724 None None] image_member_quota = 128 {{(pid=99886) log_opt_values /opt/stack/data/venv/lib/python3.12/site-packages/oslo_config/cfg.py:3242}}
Jul 30 16:37:56.548459 np0000006152 devstack@g-api.service[99886]: DEBUG glance.common.config [None req-f16f7bd3-41bc-4f4d-95fe-f3151092e724 None None] image_property_quota = 128 {{(pid=99886) log_opt_values /opt/stack/data/venv/lib/python3.12/site-packages/oslo_config/cfg.py:3242}}
Jul 30 16:37:56.548553 np0000006152 devstack@g-api.service[99886]: DEBUG glance.common.config [None req-f16f7bd3-41bc-4f4d-95fe-f3151092e724 None None] image_size_cap = 1099511627776 {{(pid=99886) log_opt_values /opt/stack/data/venv/lib/python3.12/site-packages/oslo_config/cfg.py:3242}}
Jul 30 16:37:56.548643 np0000006152 devstack@g-api.service[99886]: DEBUG glance.common.config [None req-f16f7bd3-41bc-4f4d-95fe-f3151092e724 None None] image_tag_quota = 128 {{(pid=99886) log_opt_values /opt/stack/data/venv/lib/python3.12/site-packages/oslo_config/cfg.py:3242}}
Jul 30 16:37:56.548740 np0000006152 devstack@g-api.service[99886]: DEBUG glance.common.config [None req-f16f7bd3-41bc-4f4d-95fe-f3151092e724 None None] instance_format = [instance: %(uuid)s] {{(pid=99886) log_opt_values /opt/stack/data/venv/lib/python3.12/site-packages/oslo_config/cfg.py:3242}}
Jul 30 16:37:56.548842 np0000006152 devstack@g-api.service[99886]: DEBUG glance.common.config [None req-f16f7bd3-41bc-4f4d-95fe-f3151092e724 None None] instance_uuid_format = [instance: %(uuid)s] {{(pid=99886) log_opt_values /opt/stack/data/venv/lib/python3.12/site-packages/oslo_config/cfg.py:3242}}
Jul 30 16:37:56.548932 np0000006152 devstack@g-api.service[99886]: DEBUG glance.common.config [None req-f16f7bd3-41bc-4f4d-95fe-f3151092e724 None None] limit_param_default = 25 {{(pid=99886) log_opt_values /opt/stack/data/venv/lib/python3.12/site-packages/oslo_config/cfg.py:3242}}
Jul 30 16:37:56.549029 np0000006152 devstack@g-api.service[99886]: DEBUG glance.common.config [None req-f16f7bd3-41bc-4f4d-95fe-f3151092e724 None None] log_color = False {{(pid=99886) log_opt_values /opt/stack/data/venv/lib/python3.12/site-packages/oslo_config/cfg.py:3242}}
Jul 30 16:37:56.549157 np0000006152 devstack@g-api.service[99886]: DEBUG glance.common.config [None req-f16f7bd3-41bc-4f4d-95fe-f3151092e724 None None] log_config_append = None {{(pid=99886) log_opt_values /opt/stack/data/venv/lib/python3.12/site-packages/oslo_config/cfg.py:3242}}
Jul 30 16:37:56.549255 np0000006152 devstack@g-api.service[99886]: DEBUG glance.common.config [None req-f16f7bd3-41bc-4f4d-95fe-f3151092e724 None None] log_date_format = %Y-%m-%d %H:%M:%S {{(pid=99886) log_opt_values /opt/stack/data/venv/lib/python3.12/site-packages/oslo_config/cfg.py:3242}}
Jul 30 16:37:56.549348 np0000006152 devstack@g-api.service[99886]: DEBUG glance.common.config [None req-f16f7bd3-41bc-4f4d-95fe-f3151092e724 None None] log_dir = None {{(pid=99886) log_opt_values /opt/stack/data/venv/lib/python3.12/site-packages/oslo_config/cfg.py:3242}}
Jul 30 16:37:56.549440 np0000006152 devstack@g-api.service[99886]: DEBUG glance.common.config [None req-f16f7bd3-41bc-4f4d-95fe-f3151092e724 None None] log_file = None {{(pid=99886) log_opt_values /opt/stack/data/venv/lib/python3.12/site-packages/oslo_config/cfg.py:3242}}
Jul 30 16:37:56.549536 np0000006152 devstack@g-api.service[99886]: DEBUG glance.common.config [None req-f16f7bd3-41bc-4f4d-95fe-f3151092e724 None None] log_rotate_interval = 1 {{(pid=99886) log_opt_values /opt/stack/data/venv/lib/python3.12/site-packages/oslo_config/cfg.py:3242}}
Jul 30 16:37:56.549634 np0000006152 devstack@g-api.service[99886]: DEBUG glance.common.config [None req-f16f7bd3-41bc-4f4d-95fe-f3151092e724 None None] log_rotate_interval_type = days {{(pid=99886) log_opt_values /opt/stack/data/venv/lib/python3.12/site-packages/oslo_config/cfg.py:3242}}
Jul 30 16:37:56.549731 np0000006152 devstack@g-api.service[99886]: DEBUG glance.common.config [None req-f16f7bd3-41bc-4f4d-95fe-f3151092e724 None None] log_rotation_type = none {{(pid=99886) log_opt_values /opt/stack/data/venv/lib/python3.12/site-packages/oslo_config/cfg.py:3242}}
Jul 30 16:37:56.549805 np0000006152 devstack@g-api.service[99886]: DEBUG glance.common.config [None req-f16f7bd3-41bc-4f4d-95fe-f3151092e724 None None] logging_context_format_string = %(color)s%(levelname)s %(name)s [%(global_request_id)s %(request_id)s %(project_name)s %(user_name)s%(color)s] %(instance)s%(color)s%(message)s {{(pid=99886) log_opt_values /opt/stack/data/venv/lib/python3.12/site-packages/oslo_config/cfg.py:3242}}
Jul 30 16:37:56.549873 np0000006152 devstack@g-api.service[99886]: DEBUG glance.common.config [None req-f16f7bd3-41bc-4f4d-95fe-f3151092e724 None None] logging_debug_format_suffix = {{(pid=%(process)d) %(funcName)s %(pathname)s:%(lineno)d}} {{(pid=99886) log_opt_values /opt/stack/data/venv/lib/python3.12/site-packages/oslo_config/cfg.py:3242}}
Jul 30 16:37:56.549973 np0000006152 devstack@g-api.service[99886]: DEBUG glance.common.config [None req-f16f7bd3-41bc-4f4d-95fe-f3151092e724 None None] logging_default_format_string = %(color)s%(levelname)s %(name)s [-%(color)s] %(instance)s%(color)s%(message)s {{(pid=99886) log_opt_values /opt/stack/data/venv/lib/python3.12/site-packages/oslo_config/cfg.py:3242}}
Jul 30 16:37:56.550084 np0000006152 devstack@g-api.service[99886]: DEBUG glance.common.config [None req-f16f7bd3-41bc-4f4d-95fe-f3151092e724 None None] logging_exception_prefix = ERROR %(name)s %(instance)s {{(pid=99886) log_opt_values /opt/stack/data/venv/lib/python3.12/site-packages/oslo_config/cfg.py:3242}}
Jul 30 16:37:56.550169 np0000006152 devstack@g-api.service[99886]: DEBUG glance.common.config [None req-f16f7bd3-41bc-4f4d-95fe-f3151092e724 None None] logging_user_identity_format = %(user)s %(project)s %(domain)s %(system_scope)s %(user_domain)s %(project_domain)s {{(pid=99886) log_opt_values /opt/stack/data/venv/lib/python3.12/site-packages/oslo_config/cfg.py:3242}}
Jul 30 16:37:56.550264 np0000006152 devstack@g-api.service[99886]: DEBUG glance.common.config [None req-f16f7bd3-41bc-4f4d-95fe-f3151092e724 None None] max_logfile_count = 30 {{(pid=99886) log_opt_values /opt/stack/data/venv/lib/python3.12/site-packages/oslo_config/cfg.py:3242}}
Jul 30 16:37:56.550354 np0000006152 devstack@g-api.service[99886]: DEBUG glance.common.config [None req-f16f7bd3-41bc-4f4d-95fe-f3151092e724 None None] max_logfile_size_mb = 200 {{(pid=99886) log_opt_values /opt/stack/data/venv/lib/python3.12/site-packages/oslo_config/cfg.py:3242}}
Jul 30 16:37:56.550447 np0000006152 devstack@g-api.service[99886]: DEBUG glance.common.config [None req-f16f7bd3-41bc-4f4d-95fe-f3151092e724 None None] max_request_id_length = 64 {{(pid=99886) log_opt_values /opt/stack/data/venv/lib/python3.12/site-packages/oslo_config/cfg.py:3242}}
Jul 30 16:37:56.550536 np0000006152 devstack@g-api.service[99886]: DEBUG glance.common.config [None req-f16f7bd3-41bc-4f4d-95fe-f3151092e724 None None] metadata_encryption_key = **** {{(pid=99886) log_opt_values /opt/stack/data/venv/lib/python3.12/site-packages/oslo_config/cfg.py:3242}}
Jul 30 16:37:56.550636 np0000006152 devstack@g-api.service[99886]: DEBUG glance.common.config [None req-f16f7bd3-41bc-4f4d-95fe-f3151092e724 None None] node_staging_uri = file:///tmp/staging/ {{(pid=99886) log_opt_values /opt/stack/data/venv/lib/python3.12/site-packages/oslo_config/cfg.py:3242}}
Jul 30 16:37:56.550724 np0000006152 devstack@g-api.service[99886]: DEBUG glance.common.config [None req-f16f7bd3-41bc-4f4d-95fe-f3151092e724 None None] property_protection_file = None {{(pid=99886) log_opt_values /opt/stack/data/venv/lib/python3.12/site-packages/oslo_config/cfg.py:3242}}
Jul 30 16:37:56.550821 np0000006152 devstack@g-api.service[99886]: DEBUG glance.common.config [None req-f16f7bd3-41bc-4f4d-95fe-f3151092e724 None None] property_protection_rule_format = roles {{(pid=99886) log_opt_values /opt/stack/data/venv/lib/python3.12/site-packages/oslo_config/cfg.py:3242}}
Jul 30 16:37:56.550915 np0000006152 devstack@g-api.service[99886]: DEBUG glance.common.config [None req-f16f7bd3-41bc-4f4d-95fe-f3151092e724 None None] public_endpoint = https://10.4.3.72/image {{(pid=99886) log_opt_values /opt/stack/data/venv/lib/python3.12/site-packages/oslo_config/cfg.py:3242}}
Jul 30 16:37:56.551007 np0000006152 devstack@g-api.service[99886]: DEBUG glance.common.config [None req-f16f7bd3-41bc-4f4d-95fe-f3151092e724 None None] publish_errors = False {{(pid=99886) log_opt_values /opt/stack/data/venv/lib/python3.12/site-packages/oslo_config/cfg.py:3242}}
Jul 30 16:37:56.551131 np0000006152 devstack@g-api.service[99886]: DEBUG glance.common.config [None req-f16f7bd3-41bc-4f4d-95fe-f3151092e724 None None] pydev_worker_debug_host = None {{(pid=99886) log_opt_values /opt/stack/data/venv/lib/python3.12/site-packages/oslo_config/cfg.py:3242}}
Jul 30 16:37:56.551231 np0000006152 devstack@g-api.service[99886]: DEBUG glance.common.config [None req-f16f7bd3-41bc-4f4d-95fe-f3151092e724 None None] pydev_worker_debug_port = 5678 {{(pid=99886) log_opt_values /opt/stack/data/venv/lib/python3.12/site-packages/oslo_config/cfg.py:3242}}
Jul 30 16:37:56.551324 np0000006152 devstack@g-api.service[99886]: DEBUG glance.common.config [None req-f16f7bd3-41bc-4f4d-95fe-f3151092e724 None None] rate_limit_burst = 0 {{(pid=99886) log_opt_values /opt/stack/data/venv/lib/python3.12/site-packages/oslo_config/cfg.py:3242}}
Jul 30 16:37:56.551425 np0000006152 devstack@g-api.service[99886]: DEBUG glance.common.config [None req-f16f7bd3-41bc-4f4d-95fe-f3151092e724 None None] rate_limit_except_level = CRITICAL {{(pid=99886) log_opt_values /opt/stack/data/venv/lib/python3.12/site-packages/oslo_config/cfg.py:3242}}
Jul 30 16:37:56.551514 np0000006152 devstack@g-api.service[99886]: DEBUG glance.common.config [None req-f16f7bd3-41bc-4f4d-95fe-f3151092e724 None None] rate_limit_interval = 0 {{(pid=99886) log_opt_values /opt/stack/data/venv/lib/python3.12/site-packages/oslo_config/cfg.py:3242}}
Jul 30 16:37:56.551605 np0000006152 devstack@g-api.service[99886]: DEBUG glance.common.config [None req-f16f7bd3-41bc-4f4d-95fe-f3151092e724 None None] scrub_pool_size = 1 {{(pid=99886) log_opt_values /opt/stack/data/venv/lib/python3.12/site-packages/oslo_config/cfg.py:3242}}
Jul 30 16:37:56.551699 np0000006152 devstack@g-api.service[99886]: DEBUG glance.common.config [None req-f16f7bd3-41bc-4f4d-95fe-f3151092e724 None None] scrub_time = 0 {{(pid=99886) log_opt_values /opt/stack/data/venv/lib/python3.12/site-packages/oslo_config/cfg.py:3242}}
Jul 30 16:37:56.551786 np0000006152 devstack@g-api.service[99886]: DEBUG glance.common.config [None req-f16f7bd3-41bc-4f4d-95fe-f3151092e724 None None] shell_completion = None {{(pid=99886) log_opt_values /opt/stack/data/venv/lib/python3.12/site-packages/oslo_config/cfg.py:3242}}
Jul 30 16:37:56.551884 np0000006152 devstack@g-api.service[99886]: DEBUG glance.common.config [None req-f16f7bd3-41bc-4f4d-95fe-f3151092e724 None None] show_image_direct_url = False {{(pid=99886) log_opt_values /opt/stack/data/venv/lib/python3.12/site-packages/oslo_config/cfg.py:3242}}
Jul 30 16:37:56.552104 np0000006152 devstack@g-api.service[99886]: WARNING oslo_config.cfg [None req-f16f7bd3-41bc-4f4d-95fe-f3151092e724 None None] Deprecated: Option "show_multiple_locations" from group "DEFAULT" is deprecated for removal (Use of this option, deprecated since Newton, is a security risk and will be removed once we figure out a way to satisfy those use cases that currently require it. An earlier announcement that the same functionality can be achieved with greater granularity by using policies is incorrect. You cannot work around this option via policy configuration at the present time, though that is the direction we believe the fix will take. Please keep an eye on the Glance release notes to stay up to date on progress in addressing this issue.). Its value may be silently ignored in the future.
Jul 30 16:37:56.552227 np0000006152 devstack@g-api.service[99886]: DEBUG glance.common.config [None req-f16f7bd3-41bc-4f4d-95fe-f3151092e724 None None] show_multiple_locations = False {{(pid=99886) log_opt_values /opt/stack/data/venv/lib/python3.12/site-packages/oslo_config/cfg.py:3242}}
Jul 30 16:37:56.552330 np0000006152 devstack@g-api.service[99886]: DEBUG glance.common.config [None req-f16f7bd3-41bc-4f4d-95fe-f3151092e724 None None] syslog_log_facility = LOG_USER {{(pid=99886) log_opt_values /opt/stack/data/venv/lib/python3.12/site-packages/oslo_config/cfg.py:3242}}
Jul 30 16:37:56.552428 np0000006152 devstack@g-api.service[99886]: DEBUG glance.common.config [None req-f16f7bd3-41bc-4f4d-95fe-f3151092e724 None None] transport_url = **** {{(pid=99886) log_opt_values /opt/stack/data/venv/lib/python3.12/site-packages/oslo_config/cfg.py:3242}}
Jul 30 16:37:56.552521 np0000006152 devstack@g-api.service[99886]: DEBUG glance.common.config [None req-f16f7bd3-41bc-4f4d-95fe-f3151092e724 None None] use_journal = False {{(pid=99886) log_opt_values /opt/stack/data/venv/lib/python3.12/site-packages/oslo_config/cfg.py:3242}}
Jul 30 16:37:56.552616 np0000006152 devstack@g-api.service[99886]: DEBUG glance.common.config [None req-f16f7bd3-41bc-4f4d-95fe-f3151092e724 None None] use_json = False {{(pid=99886) log_opt_values /opt/stack/data/venv/lib/python3.12/site-packages/oslo_config/cfg.py:3242}}
Jul 30 16:37:56.552714 np0000006152 devstack@g-api.service[99886]: DEBUG glance.common.config [None req-f16f7bd3-41bc-4f4d-95fe-f3151092e724 None None] use_keystone_limits = True {{(pid=99886) log_opt_values /opt/stack/data/venv/lib/python3.12/site-packages/oslo_config/cfg.py:3242}}
Jul 30 16:37:56.552808 np0000006152 devstack@g-api.service[99886]: DEBUG glance.common.config [None req-f16f7bd3-41bc-4f4d-95fe-f3151092e724 None None] use_stderr = False {{(pid=99886) log_opt_values /opt/stack/data/venv/lib/python3.12/site-packages/oslo_config/cfg.py:3242}}
Jul 30 16:37:56.552902 np0000006152 devstack@g-api.service[99886]: DEBUG glance.common.config [None req-f16f7bd3-41bc-4f4d-95fe-f3151092e724 None None] use_syslog = False {{(pid=99886) log_opt_values /opt/stack/data/venv/lib/python3.12/site-packages/oslo_config/cfg.py:3242}}
Jul 30 16:37:56.552999 np0000006152 devstack@g-api.service[99886]: DEBUG glance.common.config [None req-f16f7bd3-41bc-4f4d-95fe-f3151092e724 None None] user_storage_quota = 0 {{(pid=99886) log_opt_values /opt/stack/data/venv/lib/python3.12/site-packages/oslo_config/cfg.py:3242}}
Jul 30 16:37:56.553116 np0000006152 devstack@g-api.service[99886]: DEBUG glance.common.config [None req-f16f7bd3-41bc-4f4d-95fe-f3151092e724 None None] worker_self_reference_url = http://127.0.0.1:60999 {{(pid=99886) log_opt_values /opt/stack/data/venv/lib/python3.12/site-packages/oslo_config/cfg.py:3242}}
Jul 30 16:37:56.553231 np0000006152 devstack@g-api.service[99886]: DEBUG glance.common.config [None req-f16f7bd3-41bc-4f4d-95fe-f3151092e724 None None] oslo_concurrency.disable_process_locking = False {{(pid=99886) log_opt_values /opt/stack/data/venv/lib/python3.12/site-packages/oslo_config/cfg.py:3253}}
Jul 30 16:37:56.553327 np0000006152 devstack@g-api.service[99886]: DEBUG glance.common.config [None req-f16f7bd3-41bc-4f4d-95fe-f3151092e724 None None] oslo_concurrency.lock_path = /opt/stack/data/glance/locks {{(pid=99886) log_opt_values /opt/stack/data/venv/lib/python3.12/site-packages/oslo_config/cfg.py:3253}}
Jul 30 16:37:56.553429 np0000006152 devstack@g-api.service[99886]: DEBUG glance.common.config [None req-f16f7bd3-41bc-4f4d-95fe-f3151092e724 None None] oslo_middleware.enable_proxy_headers_parsing = False {{(pid=99886) log_opt_values /opt/stack/data/venv/lib/python3.12/site-packages/oslo_config/cfg.py:3253}}
Jul 30 16:37:56.553530 np0000006152 devstack@g-api.service[99886]: DEBUG glance.common.config [None req-f16f7bd3-41bc-4f4d-95fe-f3151092e724 None None] oslo_middleware.http_basic_auth_user_file = /etc/htpasswd {{(pid=99886) log_opt_values /opt/stack/data/venv/lib/python3.12/site-packages/oslo_config/cfg.py:3253}}
Jul 30 16:37:56.553626 np0000006152 devstack@g-api.service[99886]: DEBUG glance.common.config [None req-f16f7bd3-41bc-4f4d-95fe-f3151092e724 None None] paste_deploy.config_file = None {{(pid=99886) log_opt_values /opt/stack/data/venv/lib/python3.12/site-packages/oslo_config/cfg.py:3253}}
Jul 30 16:37:56.553723 np0000006152 devstack@g-api.service[99886]: DEBUG glance.common.config [None req-f16f7bd3-41bc-4f4d-95fe-f3151092e724 None None] paste_deploy.flavor = keystone+cachemanagement {{(pid=99886) log_opt_values /opt/stack/data/venv/lib/python3.12/site-packages/oslo_config/cfg.py:3253}}
Jul 30 16:37:56.553852 np0000006152 devstack@g-api.service[99886]: DEBUG glance.common.config [None req-f16f7bd3-41bc-4f4d-95fe-f3151092e724 None None] image_format.container_formats = ['ami', 'ari', 'aki', 'bare', 'ovf', 'ova', 'docker', 'compressed'] {{(pid=99886) log_opt_values /opt/stack/data/venv/lib/python3.12/site-packages/oslo_config/cfg.py:3253}}
Jul 30 16:37:56.553985 np0000006152 devstack@g-api.service[99886]: DEBUG glance.common.config [None req-f16f7bd3-41bc-4f4d-95fe-f3151092e724 None None] image_format.disk_formats = ['ami', 'ari', 'aki', 'vhd', 'vhdx', 'vmdk', 'raw', 'qcow2', 'vdi', 'iso', 'ploop'] {{(pid=99886) log_opt_values /opt/stack/data/venv/lib/python3.12/site-packages/oslo_config/cfg.py:3253}}
Jul 30 16:37:56.554104 np0000006152 devstack@g-api.service[99886]: DEBUG glance.common.config [None req-f16f7bd3-41bc-4f4d-95fe-f3151092e724 None None] image_format.gpt_safety_checks_nonfatal = [] {{(pid=99886) log_opt_values /opt/stack/data/venv/lib/python3.12/site-packages/oslo_config/cfg.py:3253}}
Jul 30 16:37:56.554217 np0000006152 devstack@g-api.service[99886]: DEBUG glance.common.config [None req-f16f7bd3-41bc-4f4d-95fe-f3151092e724 None None] image_format.require_image_format_match = True {{(pid=99886) log_opt_values /opt/stack/data/venv/lib/python3.12/site-packages/oslo_config/cfg.py:3253}}
Jul 30 16:37:56.554324 np0000006152 devstack@g-api.service[99886]: DEBUG glance.common.config [None req-f16f7bd3-41bc-4f4d-95fe-f3151092e724 None None] image_format.vmdk_allowed_types = ['streamOptimized', 'monolithicSparse'] {{(pid=99886) log_opt_values /opt/stack/data/venv/lib/python3.12/site-packages/oslo_config/cfg.py:3253}}
Jul 30 16:37:56.554430 np0000006152 devstack@g-api.service[99886]: DEBUG glance.common.config [None req-f16f7bd3-41bc-4f4d-95fe-f3151092e724 None None] task.task_executor = taskflow {{(pid=99886) log_opt_values /opt/stack/data/venv/lib/python3.12/site-packages/oslo_config/cfg.py:3253}}
Jul 30 16:37:56.554529 np0000006152 devstack@g-api.service[99886]: DEBUG glance.common.config [None req-f16f7bd3-41bc-4f4d-95fe-f3151092e724 None None] task.task_time_to_live = 48 {{(pid=99886) log_opt_values /opt/stack/data/venv/lib/python3.12/site-packages/oslo_config/cfg.py:3253}}
Jul 30 16:37:56.554622 np0000006152 devstack@g-api.service[99886]: DEBUG glance.common.config [None req-f16f7bd3-41bc-4f4d-95fe-f3151092e724 None None] task.work_dir = None {{(pid=99886) log_opt_values /opt/stack/data/venv/lib/python3.12/site-packages/oslo_config/cfg.py:3253}}
Jul 30 16:37:56.554725 np0000006152 devstack@g-api.service[99886]: DEBUG glance.common.config [None req-f16f7bd3-41bc-4f4d-95fe-f3151092e724 None None] wsgi.python_interpreter = /opt/stack/data/venv/bin/python3 {{(pid=99886) log_opt_values /opt/stack/data/venv/lib/python3.12/site-packages/oslo_config/cfg.py:3253}}
Jul 30 16:37:56.554822 np0000006152 devstack@g-api.service[99886]: DEBUG glance.common.config [None req-f16f7bd3-41bc-4f4d-95fe-f3151092e724 None None] wsgi.task_pool_threads = 16 {{(pid=99886) log_opt_values /opt/stack/data/venv/lib/python3.12/site-packages/oslo_config/cfg.py:3253}}
Jul 30 16:37:56.554922 np0000006152 devstack@g-api.service[99886]: DEBUG glance.common.config [None req-f16f7bd3-41bc-4f4d-95fe-f3151092e724 None None] import_filtering_opts.allowed_hosts = [] {{(pid=99886) log_opt_values /opt/stack/data/venv/lib/python3.12/site-packages/oslo_config/cfg.py:3253}}
Jul 30 16:37:56.555020 np0000006152 devstack@g-api.service[99886]: DEBUG glance.common.config [None req-f16f7bd3-41bc-4f4d-95fe-f3151092e724 None None] import_filtering_opts.allowed_ports = [80, 443] {{(pid=99886) log_opt_values /opt/stack/data/venv/lib/python3.12/site-packages/oslo_config/cfg.py:3253}}
Jul 30 16:37:56.555162 np0000006152 devstack@g-api.service[99886]: DEBUG glance.common.config [None req-f16f7bd3-41bc-4f4d-95fe-f3151092e724 None None] import_filtering_opts.allowed_schemes = ['http', 'https'] {{(pid=99886) log_opt_values /opt/stack/data/venv/lib/python3.12/site-packages/oslo_config/cfg.py:3253}}
Jul 30 16:37:56.555257 np0000006152 devstack@g-api.service[99886]: DEBUG glance.common.config [None req-f16f7bd3-41bc-4f4d-95fe-f3151092e724 None None] import_filtering_opts.disallowed_hosts = [] {{(pid=99886) log_opt_values /opt/stack/data/venv/lib/python3.12/site-packages/oslo_config/cfg.py:3253}}
Jul 30 16:37:56.555349 np0000006152 devstack@g-api.service[99886]: DEBUG glance.common.config [None req-f16f7bd3-41bc-4f4d-95fe-f3151092e724 None None] import_filtering_opts.disallowed_ports = [] {{(pid=99886) log_opt_values /opt/stack/data/venv/lib/python3.12/site-packages/oslo_config/cfg.py:3253}}
Jul 30 16:37:56.555444 np0000006152 devstack@g-api.service[99886]: DEBUG glance.common.config [None req-f16f7bd3-41bc-4f4d-95fe-f3151092e724 None None] import_filtering_opts.disallowed_schemes = [] {{(pid=99886) log_opt_values /opt/stack/data/venv/lib/python3.12/site-packages/oslo_config/cfg.py:3253}}
Jul 30 16:37:56.555547 np0000006152 devstack@g-api.service[99886]: DEBUG glance.common.config [None req-f16f7bd3-41bc-4f4d-95fe-f3151092e724 None None] oslo_messaging_metrics.metrics_buffer_size = 1000 {{(pid=99886) log_opt_values /opt/stack/data/venv/lib/python3.12/site-packages/oslo_config/cfg.py:3253}}
Jul 30 16:37:56.555639 np0000006152 devstack@g-api.service[99886]: DEBUG glance.common.config [None req-f16f7bd3-41bc-4f4d-95fe-f3151092e724 None None] oslo_messaging_metrics.metrics_enabled = False {{(pid=99886) log_opt_values /opt/stack/data/venv/lib/python3.12/site-packages/oslo_config/cfg.py:3253}}
Jul 30 16:37:56.555735 np0000006152 devstack@g-api.service[99886]: DEBUG glance.common.config [None req-f16f7bd3-41bc-4f4d-95fe-f3151092e724 None None] oslo_messaging_metrics.metrics_process_name = {{(pid=99886) log_opt_values /opt/stack/data/venv/lib/python3.12/site-packages/oslo_config/cfg.py:3253}}
Jul 30 16:37:56.555835 np0000006152 devstack@g-api.service[99886]: DEBUG glance.common.config [None req-f16f7bd3-41bc-4f4d-95fe-f3151092e724 None None] oslo_messaging_metrics.metrics_socket_file = /var/tmp/metrics_collector.sock {{(pid=99886) log_opt_values /opt/stack/data/venv/lib/python3.12/site-packages/oslo_config/cfg.py:3253}}
Jul 30 16:37:56.555928 np0000006152 devstack@g-api.service[99886]: DEBUG glance.common.config [None req-f16f7bd3-41bc-4f4d-95fe-f3151092e724 None None] oslo_messaging_metrics.metrics_thread_stop_timeout = 10 {{(pid=99886) log_opt_values /opt/stack/data/venv/lib/python3.12/site-packages/oslo_config/cfg.py:3253}}
Jul 30 16:37:56.556034 np0000006152 devstack@g-api.service[99886]: DEBUG glance.common.config [None req-f16f7bd3-41bc-4f4d-95fe-f3151092e724 None None] profiler.connection_string = messaging:// {{(pid=99886) log_opt_values /opt/stack/data/venv/lib/python3.12/site-packages/oslo_config/cfg.py:3253}}
Jul 30 16:37:56.556168 np0000006152 devstack@g-api.service[99886]: DEBUG glance.common.config [None req-f16f7bd3-41bc-4f4d-95fe-f3151092e724 None None] profiler.enabled = False {{(pid=99886) log_opt_values /opt/stack/data/venv/lib/python3.12/site-packages/oslo_config/cfg.py:3253}}
Jul 30 16:37:56.556272 np0000006152 devstack@g-api.service[99886]: DEBUG glance.common.config [None req-f16f7bd3-41bc-4f4d-95fe-f3151092e724 None None] profiler.es_doc_type = notification {{(pid=99886) log_opt_values /opt/stack/data/venv/lib/python3.12/site-packages/oslo_config/cfg.py:3253}}
