Jul 30 16:40:53.359319 np0000006152 devstack@g-api.service[99886]: DEBUG glance.api.middleware.version_negotiation [None req-6fb16482-9431-4bf3-bbf1-764658c4cbb8 tempest-ServerStableDeviceRescueTest-2047687229 tempest-ServerStableDeviceRescueTest-2047687229-project-member] Matched version: v2 {{(pid=99886) process_request /opt/stack/glance/glance/api/middleware/version_negotiation.py:69}}
Jul 30 16:40:53.359463 np0000006152 devstack@g-api.service[99886]: DEBUG glance.api.middleware.version_negotiation [None req-6fb16482-9431-4bf3-bbf1-764658c4cbb8 tempest-ServerStableDeviceRescueTest-2047687229 tempest-ServerStableDeviceRescueTest-2047687229-project-member] new path /v2/schemas/image {{(pid=99886) process_request /opt/stack/glance/glance/api/middleware/version_negotiation.py:70}}
Jul 30 16:40:53.364130 np0000006152 devstack@g-api.service[99886]: [pid: 99886|app: 0|req: 30/86] 127.0.0.1 () {44 vars in 1051 bytes} [Thu Jul 30 16:40:53 2026] GET /v2/schemas/image => generated 6083 bytes in 5 msecs (HTTP/1.1 200) 4 headers in 158 bytes (1 switches on core 0)
Jul 30 16:40:53.398530 np0000006152 devstack@g-api.service[99885]: DEBUG glance.api.middleware.version_negotiation [None req-2f41c454-318f-4d6b-9b66-2434e2749606 tempest-AttachVolumeShelveTestJSON-451684078 tempest-AttachVolumeShelveTestJSON-451684078-project-member] Determining version of request: PATCH /v2/images/c362d6e1-59ef-4abd-adc3-88e2cc7d54ac Accept: */* {{(pid=99885) process_request /opt/stack/glance/glance/api/middleware/version_negotiation.py:44}}
Jul 30 16:40:53.398698 np0000006152 devstack@g-api.service[99885]: DEBUG glance.api.middleware.version_negotiation [None req-2f41c454-318f-4d6b-9b66-2434e2749606 tempest-AttachVolumeShelveTestJSON-451684078 tempest-AttachVolumeShelveTestJSON-451684078-project-member] Using url versioning {{(pid=99885) process_request /opt/stack/glance/glance/api/middleware/version_negotiation.py:57}}
Jul 30 16:40:53.398834 np0000006152 devstack@g-api.service[99885]: DEBUG glance.api.middleware.version_negotiation [None req-2f41c454-318f-4d6b-9b66-2434e2749606 tempest-AttachVolumeShelveTestJSON-451684078 tempest-AttachVolumeShelveTestJSON-451684078-project-member] Matched version: v2 {{(pid=99885) process_request /opt/stack/glance/glance/api/middleware/version_negotiation.py:69}}
Jul 30 16:40:53.398933 np0000006152 devstack@g-api.service[99885]: DEBUG glance.api.middleware.version_negotiation [None req-2f41c454-318f-4d6b-9b66-2434e2749606 tempest-AttachVolumeShelveTestJSON-451684078 tempest-AttachVolumeShelveTestJSON-451684078-project-member] new path /v2/images/c362d6e1-59ef-4abd-adc3-88e2cc7d54ac {{(pid=99885) process_request /opt/stack/glance/glance/api/middleware/version_negotiation.py:70}}
Jul 30 16:40:53.525743 np0000006152 devstack@g-api.service[99885]: [pid: 99885|app: 0|req: 29/87] 127.0.0.1 () {46 vars in 1154 bytes} [Thu Jul 30 16:40:53 2026] PATCH /v2/images/c362d6e1-59ef-4abd-adc3-88e2cc7d54ac => generated 1447 bytes in 127 msecs (HTTP/1.1 200) 4 headers in 158 bytes (1 switches on core 0)
Jul 30 16:40:53.553609 np0000006152 devstack@g-api.service[99884]: DEBUG glance.api.middleware.version_negotiation [None req-6fb16482-9431-4bf3-bbf1-764658c4cbb8 tempest-ServerStableDeviceRescueTest-2047687229 tempest-ServerStableDeviceRescueTest-2047687229-project-member] Determining version of request: GET /v2/images/c362d6e1-59ef-4abd-adc3-88e2cc7d54ac Accept: */* {{(pid=99884) process_request /opt/stack/glance/glance/api/middleware/version_negotiation.py:44}}
Jul 30 16:40:53.553822 np0000006152 devstack@g-api.service[99884]: DEBUG glance.api.middleware.version_negotiation [None req-6fb16482-9431-4bf3-bbf1-764658c4cbb8 tempest-ServerStableDeviceRescueTest-2047687229 tempest-ServerStableDeviceRescueTest-2047687229-project-member] Using url versioning {{(pid=99884) process_request /opt/stack/glance/glance/api/middleware/version_negotiation.py:57}}
Jul 30 16:40:53.553981 np0000006152 devstack@g-api.service[99884]: DEBUG glance.api.middleware.version_negotiation [None req-6fb16482-9431-4bf3-bbf1-764658c4cbb8 tempest-ServerStableDeviceRescueTest-2047687229 tempest-ServerStableDeviceRescueTest-2047687229-project-member] Matched version: v2 {{(pid=99884) process_request /opt/stack/glance/glance/api/middleware/version_negotiation.py:69}}
Jul 30 16:40:53.554103 np0000006152 devstack@g-api.service[99884]: DEBUG glance.api.middleware.version_negotiation [None req-6fb16482-9431-4bf3-bbf1-764658c4cbb8 tempest-ServerStableDeviceRescueTest-2047687229 tempest-ServerStableDeviceRescueTest-2047687229-project-member] new path /v2/images/c362d6e1-59ef-4abd-adc3-88e2cc7d54ac {{(pid=99884) process_request /opt/stack/glance/glance/api/middleware/version_negotiation.py:70}}
Jul 30 16:40:53.566160 np0000006152 devstack@g-api.service[99884]: [pid: 99884|app: 0|req: 29/88] 127.0.0.1 () {44 vars in 1111 bytes} [Thu Jul 30 16:40:53 2026] GET /v2/images/c362d6e1-59ef-4abd-adc3-88e2cc7d54ac => generated 1447 bytes in 11 msecs (HTTP/1.1 200) 4 headers in 158 bytes (1 switches on core 0)
Jul 30 16:40:53.609658 np0000006152 devstack@g-api.service[99886]: DEBUG glance.api.middleware.version_negotiation [None req-6fb16482-9431-4bf3-bbf1-764658c4cbb8 tempest-ServerStableDeviceRescueTest-2047687229 tempest-ServerStableDeviceRescueTest-2047687229-project-member] Determining version of request: PUT /v2/images/c362d6e1-59ef-4abd-adc3-88e2cc7d54ac/file Accept: */* {{(pid=99886) process_request /opt/stack/glance/glance/api/middleware/version_negotiation.py:44}}
Jul 30 16:40:53.610152 np0000006152 devstack@g-api.service[99886]: DEBUG glance.api.middleware.version_negotiation [None req-6fb16482-9431-4bf3-bbf1-764658c4cbb8 tempest-ServerStableDeviceRescueTest-2047687229 tempest-ServerStableDeviceRescueTest-2047687229-project-member] Using url versioning {{(pid=99886) process_request /opt/stack/glance/glance/api/middleware/version_negotiation.py:57}}
Jul 30 16:40:53.610152 np0000006152 devstack@g-api.service[99886]: DEBUG glance.api.middleware.version_negotiation [None req-6fb16482-9431-4bf3-bbf1-764658c4cbb8 tempest-ServerStableDeviceRescueTest-2047687229 tempest-ServerStableDeviceRescueTest-2047687229-project-member] Matched version: v2 {{(pid=99886) process_request /opt/stack/glance/glance/api/middleware/version_negotiation.py:69}}
Jul 30 16:40:53.610152 np0000006152 devstack@g-api.service[99886]: DEBUG glance.api.middleware.version_negotiation [None req-6fb16482-9431-4bf3-bbf1-764658c4cbb8 tempest-ServerStableDeviceRescueTest-2047687229 tempest-ServerStableDeviceRescueTest-2047687229-project-member] new path /v2/images/c362d6e1-59ef-4abd-adc3-88e2cc7d54ac/file {{(pid=99886) process_request /opt/stack/glance/glance/api/middleware/version_negotiation.py:70}}
Jul 30 16:40:53.629246 np0000006152 devstack@g-api.service[99885]: DEBUG glance.api.middleware.version_negotiation [None req-6fb16482-9431-4bf3-bbf1-764658c4cbb8 tempest-ServerStableDeviceRescueTest-2047687229 tempest-ServerStableDeviceRescueTest-2047687229-project-member] Determining version of request: GET /v2/images/c362d6e1-59ef-4abd-adc3-88e2cc7d54ac Accept: */* {{(pid=99885) process_request /opt/stack/glance/glance/api/middleware/version_negotiation.py:44}}
Jul 30 16:40:53.629346 np0000006152 devstack@g-api.service[99885]: DEBUG glance.api.middleware.version_negotiation [None req-6fb16482-9431-4bf3-bbf1-764658c4cbb8 tempest-ServerStableDeviceRescueTest-2047687229 tempest-ServerStableDeviceRescueTest-2047687229-project-member] Using url versioning {{(pid=99885) process_request /opt/stack/glance/glance/api/middleware/version_negotiation.py:57}}
Jul 30 16:40:53.629504 np0000006152 devstack@g-api.service[99885]: DEBUG glance.api.middleware.version_negotiation [None req-6fb16482-9431-4bf3-bbf1-764658c4cbb8 tempest-ServerStableDeviceRescueTest-2047687229 tempest-ServerStableDeviceRescueTest-2047687229-project-member] Matched version: v2 {{(pid=99885) process_request /opt/stack/glance/glance/api/middleware/version_negotiation.py:69}}
Jul 30 16:40:53.629504 np0000006152 devstack@g-api.service[99885]: DEBUG glance.api.middleware.version_negotiation [None req-6fb16482-9431-4bf3-bbf1-764658c4cbb8 tempest-ServerStableDeviceRescueTest-2047687229 tempest-ServerStableDeviceRescueTest-2047687229-project-member] new path /v2/images/c362d6e1-59ef-4abd-adc3-88e2cc7d54ac {{(pid=99885) process_request /opt/stack/glance/glance/api/middleware/version_negotiation.py:70}}
Jul 30 16:40:53.643220 np0000006152 devstack@g-api.service[99885]: [pid: 99885|app: 0|req: 30/89] 127.0.0.1 () {44 vars in 1111 bytes} [Thu Jul 30 16:40:53 2026] GET /v2/images/c362d6e1-59ef-4abd-adc3-88e2cc7d54ac => generated 1447 bytes in 14 msecs (HTTP/1.1 200) 4 headers in 158 bytes (1 switches on core 0)
Jul 30 16:40:53.672409 np0000006152 devstack@g-api.service[99884]: DEBUG glance.api.middleware.version_negotiation [None req-6fb16482-9431-4bf3-bbf1-764658c4cbb8 tempest-ServerStableDeviceRescueTest-2047687229 tempest-ServerStableDeviceRescueTest-2047687229-project-member] Determining version of request: GET /v2/schemas/image Accept: */* {{(pid=99884) process_request /opt/stack/glance/glance/api/middleware/version_negotiation.py:44}}
Jul 30 16:40:53.672746 np0000006152 devstack@g-api.service[99884]: DEBUG glance.api.middleware.version_negotiation [None req-6fb16482-9431-4bf3-bbf1-764658c4cbb8 tempest-ServerStableDeviceRescueTest-2047687229 tempest-ServerStableDeviceRescueTest-2047687229-project-member] Using url versioning {{(pid=99884) process_request /opt/stack/glance/glance/api/middleware/version_negotiation.py:57}}
Jul 30 16:40:53.672746 np0000006152 devstack@g-api.service[99884]: DEBUG glance.api.middleware.version_negotiation [None req-6fb16482-9431-4bf3-bbf1-764658c4cbb8 tempest-ServerStableDeviceRescueTest-2047687229 tempest-ServerStableDeviceRescueTest-2047687229-project-member] Matched version: v2 {{(pid=99884) process_request /opt/stack/glance/glance/api/middleware/version_negotiation.py:69}}
Jul 30 16:40:53.672834 np0000006152 devstack@g-api.service[99884]: DEBUG glance.api.middleware.version_negotiation [None req-6fb16482-9431-4bf3-bbf1-764658c4cbb8 tempest-ServerStableDeviceRescueTest-2047687229 tempest-ServerStableDeviceRescueTest-2047687229-project-member] new path /v2/schemas/image {{(pid=99884) process_request /opt/stack/glance/glance/api/middleware/version_negotiation.py:70}}
Jul 30 16:40:53.675239 np0000006152 devstack@g-api.service[99884]: [pid: 99884|app: 0|req: 30/90] 127.0.0.1 () {44 vars in 1051 bytes} [Thu Jul 30 16:40:53 2026] GET /v2/schemas/image => generated 6083 bytes in 3 msecs (HTTP/1.1 200) 4 headers in 158 bytes (1 switches on core 0)
Jul 30 16:40:53.744252 np0000006152 devstack@g-api.service[99885]: DEBUG glance.api.middleware.version_negotiation [None req-53635c87-1151-43b5-90b7-b09fa586d092 tempest-ServerStableDeviceRescueTest-2047687229 tempest-ServerStableDeviceRescueTest-2047687229-project-member] Determining version of request: GET /v2/images/8793b0a0-36d1-4f7d-81b4-847c4cb28fec Accept: */* {{(pid=99885) process_request /opt/stack/glance/glance/api/middleware/version_negotiation.py:44}}
Jul 30 16:40:53.744353 np0000006152 devstack@g-api.service[99885]: DEBUG glance.api.middleware.version_negotiation [None req-53635c87-1151-43b5-90b7-b09fa586d092 tempest-ServerStableDeviceRescueTest-2047687229 tempest-ServerStableDeviceRescueTest-2047687229-project-member] Using url versioning {{(pid=99885) process_request /opt/stack/glance/glance/api/middleware/version_negotiation.py:57}}
Jul 30 16:40:53.744463 np0000006152 devstack@g-api.service[99885]: DEBUG glance.api.middleware.version_negotiation [None req-53635c87-1151-43b5-90b7-b09fa586d092 tempest-ServerStableDeviceRescueTest-2047687229 tempest-ServerStableDeviceRescueTest-2047687229-project-member] Matched version: v2 {{(pid=99885) process_request /opt/stack/glance/glance/api/middleware/version_negotiation.py:69}}
Jul 30 16:40:53.744546 np0000006152 devstack@g-api.service[99885]: DEBUG glance.api.middleware.version_negotiation [None req-53635c87-1151-43b5-90b7-b09fa586d092 tempest-ServerStableDeviceRescueTest-2047687229 tempest-ServerStableDeviceRescueTest-2047687229-project-member] new path /v2/images/8793b0a0-36d1-4f7d-81b4-847c4cb28fec {{(pid=99885) process_request /opt/stack/glance/glance/api/middleware/version_negotiation.py:70}}
Jul 30 16:40:53.756902 np0000006152 devstack@g-api.service[99885]: [pid: 99885|app: 0|req: 31/91] 127.0.0.1 () {44 vars in 1111 bytes} [Thu Jul 30 16:40:53 2026] GET /v2/images/8793b0a0-36d1-4f7d-81b4-847c4cb28fec => generated 1336 bytes in 13 msecs (HTTP/1.1 200) 4 headers in 158 bytes (1 switches on core 0)
Jul 30 16:40:53.803110 np0000006152 devstack@g-api.service[99884]: DEBUG glance.api.middleware.version_negotiation [None req-53635c87-1151-43b5-90b7-b09fa586d092 tempest-ServerStableDeviceRescueTest-2047687229 tempest-ServerStableDeviceRescueTest-2047687229-project-member] Determining version of request: GET /v2/schemas/image Accept: */* {{(pid=99884) process_request /opt/stack/glance/glance/api/middleware/version_negotiation.py:44}}
Jul 30 16:40:53.803304 np0000006152 devstack@g-api.service[99884]: DEBUG glance.api.middleware.version_negotiation [None req-53635c87-1151-43b5-90b7-b09fa586d092 tempest-ServerStableDeviceRescueTest-2047687229 tempest-ServerStableDeviceRescueTest-2047687229-project-member] Using url versioning {{(pid=99884) process_request /opt/stack/glance/glance/api/middleware/version_negotiation.py:57}}
Jul 30 16:40:53.803463 np0000006152 devstack@g-api.service[99884]: DEBUG glance.api.middleware.version_negotiation [None req-53635c87-1151-43b5-90b7-b09fa586d092 tempest-ServerStableDeviceRescueTest-2047687229 tempest-ServerStableDeviceRescueTest-2047687229-project-member] Matched version: v2 {{(pid=99884) process_request /opt/stack/glance/glance/api/middleware/version_negotiation.py:69}}
Jul 30 16:40:53.803594 np0000006152 devstack@g-api.service[99884]: DEBUG glance.api.middleware.version_negotiation [None req-53635c87-1151-43b5-90b7-b09fa586d092 tempest-ServerStableDeviceRescueTest-2047687229 tempest-ServerStableDeviceRescueTest-2047687229-project-member] new path /v2/schemas/image {{(pid=99884) process_request /opt/stack/glance/glance/api/middleware/version_negotiation.py:70}}
Jul 30 16:40:53.806292 np0000006152 devstack@g-api.service[99884]: [pid: 99884|app: 0|req: 31/92] 127.0.0.1 () {44 vars in 1051 bytes} [Thu Jul 30 16:40:53 2026] GET /v2/schemas/image => generated 6083 bytes in 3 msecs (HTTP/1.1 200) 4 headers in 158 bytes (1 switches on core 0)
Jul 30 16:40:54.343965 np0000006152 devstack@g-api.service[99886]: INFO glance.api.v2.image_data [None req-6fb16482-9431-4bf3-bbf1-764658c4cbb8 tempest-ServerStableDeviceRescueTest-2047687229 tempest-ServerStableDeviceRescueTest-2047687229-project-member] Unable to create trust: no such option collect_timing in group [keystone_authtoken] Use the existing user token.
Jul 30 16:40:54.626212 np0000006152 devstack@g-api.service[99885]: DEBUG glance.api.middleware.version_negotiation [None req-2f41c454-318f-4d6b-9b66-2434e2749606 tempest-AttachVolumeShelveTestJSON-451684078 tempest-AttachVolumeShelveTestJSON-451684078-project-member] Determining version of request: GET /v2/images/8793b0a0-36d1-4f7d-81b4-847c4cb28fec Accept: */* {{(pid=99885) process_request /opt/stack/glance/glance/api/middleware/version_negotiation.py:44}}
Jul 30 16:40:54.628137 np0000006152 devstack@g-api.service[99885]: DEBUG glance.api.middleware.version_negotiation [None req-2f41c454-318f-4d6b-9b66-2434e2749606 tempest-AttachVolumeShelveTestJSON-451684078 tempest-AttachVolumeShelveTestJSON-451684078-project-member] Using url versioning {{(pid=99885) process_request /opt/stack/glance/glance/api/middleware/version_negotiation.py:57}}
Jul 30 16:40:54.628137 np0000006152 devstack@g-api.service[99885]: DEBUG glance.api.middleware.version_negotiation [None req-2f41c454-318f-4d6b-9b66-2434e2749606 tempest-AttachVolumeShelveTestJSON-451684078 tempest-AttachVolumeShelveTestJSON-451684078-project-member] Matched version: v2 {{(pid=99885) process_request /opt/stack/glance/glance/api/middleware/version_negotiation.py:69}}
Jul 30 16:40:54.628137 np0000006152 devstack@g-api.service[99885]: DEBUG glance.api.middleware.version_negotiation [None req-2f41c454-318f-4d6b-9b66-2434e2749606 tempest-AttachVolumeShelveTestJSON-451684078 tempest-AttachVolumeShelveTestJSON-451684078-project-member] new path /v2/images/8793b0a0-36d1-4f7d-81b4-847c4cb28fec {{(pid=99885) process_request /opt/stack/glance/glance/api/middleware/version_negotiation.py:70}}
Jul 30 16:40:54.638604 np0000006152 devstack@g-api.service[99885]: [pid: 99885|app: 0|req: 32/93] 127.0.0.1 () {44 vars in 1111 bytes} [Thu Jul 30 16:40:54 2026] GET /v2/images/8793b0a0-36d1-4f7d-81b4-847c4cb28fec => generated 1336 bytes in 12 msecs (HTTP/1.1 200) 4 headers in 158 bytes (1 switches on core 0)
Jul 30 16:40:54.672972 np0000006152 devstack@g-api.service[99884]: DEBUG glance.api.middleware.version_negotiation [None req-2f41c454-318f-4d6b-9b66-2434e2749606 tempest-AttachVolumeShelveTestJSON-451684078 tempest-AttachVolumeShelveTestJSON-451684078-project-member] Determining version of request: GET /v2/schemas/image Accept: */* {{(pid=99884) process_request /opt/stack/glance/glance/api/middleware/version_negotiation.py:44}}
Jul 30 16:40:54.673327 np0000006152 devstack@g-api.service[99884]: DEBUG glance.api.middleware.version_negotiation [None req-2f41c454-318f-4d6b-9b66-2434e2749606 tempest-AttachVolumeShelveTestJSON-451684078 tempest-AttachVolumeShelveTestJSON-451684078-project-member] Using url versioning {{(pid=99884) process_request /opt/stack/glance/glance/api/middleware/version_negotiation.py:57}}
Jul 30 16:40:54.673327 np0000006152 devstack@g-api.service[99884]: DEBUG glance.api.middleware.version_negotiation [None req-2f41c454-318f-4d6b-9b66-2434e2749606 tempest-AttachVolumeShelveTestJSON-451684078 tempest-AttachVolumeShelveTestJSON-451684078-project-member] Matched version: v2 {{(pid=99884) process_request /opt/stack/glance/glance/api/middleware/version_negotiation.py:69}}
Jul 30 16:40:54.673327 np0000006152 devstack@g-api.service[99884]: DEBUG glance.api.middleware.version_negotiation [None req-2f41c454-318f-4d6b-9b66-2434e2749606 tempest-AttachVolumeShelveTestJSON-451684078 tempest-AttachVolumeShelveTestJSON-451684078-project-member] new path /v2/schemas/image {{(pid=99884) process_request /opt/stack/glance/glance/api/middleware/version_negotiation.py:70}}
Jul 30 16:40:54.679312 np0000006152 devstack@g-api.service[99884]: [pid: 99884|app: 0|req: 32/94] 127.0.0.1 () {44 vars in 1051 bytes} [Thu Jul 30 16:40:54 2026] GET /v2/schemas/image => generated 6083 bytes in 6 msecs (HTTP/1.1 200) 4 headers in 158 bytes (1 switches on core 0)
Jul 30 16:40:54.720450 np0000006152 devstack@g-api.service[99885]: DEBUG glance.api.middleware.version_negotiation [None req-2f41c454-318f-4d6b-9b66-2434e2749606 tempest-AttachVolumeShelveTestJSON-451684078 tempest-AttachVolumeShelveTestJSON-451684078-project-member] Determining version of request: GET /v2/schemas/image Accept: */* {{(pid=99885) process_request /opt/stack/glance/glance/api/middleware/version_negotiation.py:44}}
Jul 30 16:40:54.720643 np0000006152 devstack@g-api.service[99885]: DEBUG glance.api.middleware.version_negotiation [None req-2f41c454-318f-4d6b-9b66-2434e2749606 tempest-AttachVolumeShelveTestJSON-451684078 tempest-AttachVolumeShelveTestJSON-451684078-project-member] Using url versioning {{(pid=99885) process_request /opt/stack/glance/glance/api/middleware/version_negotiation.py:57}}
Jul 30 16:40:54.720848 np0000006152 devstack@g-api.service[99885]: DEBUG glance.api.middleware.version_negotiation [None req-2f41c454-318f-4d6b-9b66-2434e2749606 tempest-AttachVolumeShelveTestJSON-451684078 tempest-AttachVolumeShelveTestJSON-451684078-project-member] Matched version: v2 {{(pid=99885) process_request /opt/stack/glance/glance/api/middleware/version_negotiation.py:69}}
Jul 30 16:40:54.720995 np0000006152 devstack@g-api.service[99885]: DEBUG glance.api.middleware.version_negotiation [None req-2f41c454-318f-4d6b-9b66-2434e2749606 tempest-AttachVolumeShelveTestJSON-451684078 tempest-AttachVolumeShelveTestJSON-451684078-project-member] new path /v2/schemas/image {{(pid=99885) process_request /opt/stack/glance/glance/api/middleware/version_negotiation.py:70}}
Jul 30 16:40:54.724027 np0000006152 devstack@g-api.service[99885]: [pid: 99885|app: 0|req: 33/95] 127.0.0.1 () {44 vars in 1051 bytes} [Thu Jul 30 16:40:54 2026] GET /v2/schemas/image => generated 6083 bytes in 4 msecs (HTTP/1.1 200) 4 headers in 158 bytes (1 switches on core 0)
Jul 30 16:40:54.771286 np0000006152 devstack@g-api.service[99884]: DEBUG glance.api.middleware.version_negotiation [None req-2f41c454-318f-4d6b-9b66-2434e2749606 tempest-AttachVolumeShelveTestJSON-451684078 tempest-AttachVolumeShelveTestJSON-451684078-project-member] Determining version of request: PATCH /v2/images/8793b0a0-36d1-4f7d-81b4-847c4cb28fec Accept: */* {{(pid=99884) process_request /opt/stack/glance/glance/api/middleware/version_negotiation.py:44}}
Jul 30 16:40:54.771461 np0000006152 devstack@g-api.service[99884]: DEBUG glance.api.middleware.version_negotiation [None req-2f41c454-318f-4d6b-9b66-2434e2749606 tempest-AttachVolumeShelveTestJSON-451684078 tempest-AttachVolumeShelveTestJSON-451684078-project-member] Using url versioning {{(pid=99884) process_request /opt/stack/glance/glance/api/middleware/version_negotiation.py:57}}
Jul 30 16:40:54.771636 np0000006152 devstack@g-api.service[99884]: DEBUG glance.api.middleware.version_negotiation [None req-2f41c454-318f-4d6b-9b66-2434e2749606 tempest-AttachVolumeShelveTestJSON-451684078 tempest-AttachVolumeShelveTestJSON-451684078-project-member] Matched version: v2 {{(pid=99884) process_request /opt/stack/glance/glance/api/middleware/version_negotiation.py:69}}
Jul 30 16:40:54.771816 np0000006152 devstack@g-api.service[99884]: DEBUG glance.api.middleware.version_negotiation [None req-2f41c454-318f-4d6b-9b66-2434e2749606 tempest-AttachVolumeShelveTestJSON-451684078 tempest-AttachVolumeShelveTestJSON-451684078-project-member] new path /v2/images/8793b0a0-36d1-4f7d-81b4-847c4cb28fec {{(pid=99884) process_request /opt/stack/glance/glance/api/middleware/version_negotiation.py:70}}
Jul 30 16:40:54.861017 np0000006152 devstack@g-api.service[99885]: DEBUG glance.api.middleware.version_negotiation [None req-2f41c454-318f-4d6b-9b66-2434e2749606 tempest-AttachVolumeShelveTestJSON-451684078 tempest-AttachVolumeShelveTestJSON-451684078-project-member] Determining version of request: GET /v2/images/c362d6e1-59ef-4abd-adc3-88e2cc7d54ac Accept: */* {{(pid=99885) process_request /opt/stack/glance/glance/api/middleware/version_negotiation.py:44}}
Jul 30 16:40:54.861017 np0000006152 devstack@g-api.service[99885]: DEBUG glance.api.middleware.version_negotiation [None req-2f41c454-318f-4d6b-9b66-2434e2749606 tempest-AttachVolumeShelveTestJSON-451684078 tempest-AttachVolumeShelveTestJSON-451684078-project-member] Using url versioning {{(pid=99885) process_request /opt/stack/glance/glance/api/middleware/version_negotiation.py:57}}
Jul 30 16:40:54.861017 np0000006152 devstack@g-api.service[99885]: DEBUG glance.api.middleware.version_negotiation [None req-2f41c454-318f-4d6b-9b66-2434e2749606 tempest-AttachVolumeShelveTestJSON-451684078 tempest-AttachVolumeShelveTestJSON-451684078-project-member] Matched version: v2 {{(pid=99885) process_request /opt/stack/glance/glance/api/middleware/version_negotiation.py:69}}
Jul 30 16:40:54.861357 np0000006152 devstack@g-api.service[99885]: DEBUG glance.api.middleware.version_negotiation [None req-2f41c454-318f-4d6b-9b66-2434e2749606 tempest-AttachVolumeShelveTestJSON-451684078 tempest-AttachVolumeShelveTestJSON-451684078-project-member] new path /v2/images/c362d6e1-59ef-4abd-adc3-88e2cc7d54ac {{(pid=99885) process_request /opt/stack/glance/glance/api/middleware/version_negotiation.py:70}}
Jul 30 16:40:54.875855 np0000006152 devstack@g-api.service[99885]: [pid: 99885|app: 0|req: 34/96] 127.0.0.1 () {44 vars in 1111 bytes} [Thu Jul 30 16:40:54 2026] GET /v2/images/c362d6e1-59ef-4abd-adc3-88e2cc7d54ac => generated 1447 bytes in 15 msecs (HTTP/1.1 200) 4 headers in 158 bytes (1 switches on core 0)
Jul 30 16:40:54.924717 np0000006152 devstack@g-api.service[99885]: DEBUG glance.api.middleware.version_negotiation [None req-7bee56b1-63a4-461f-9954-2ab625b89b9b tempest-ServerStableDeviceRescueTest-2047687229 tempest-ServerStableDeviceRescueTest-2047687229-project-member] Determining version of request: GET /v2/schemas/image Accept: */* {{(pid=99885) process_request /opt/stack/glance/glance/api/middleware/version_negotiation.py:44}}
Jul 30 16:40:54.924896 np0000006152 devstack@g-api.service[99885]: DEBUG glance.api.middleware.version_negotiation [None req-7bee56b1-63a4-461f-9954-2ab625b89b9b tempest-ServerStableDeviceRescueTest-2047687229 tempest-ServerStableDeviceRescueTest-2047687229-project-member] Using url versioning {{(pid=99885) process_request /opt/stack/glance/glance/api/middleware/version_negotiation.py:57}}
Jul 30 16:40:54.925109 np0000006152 devstack@g-api.service[99885]: DEBUG glance.api.middleware.version_negotiation [None req-7bee56b1-63a4-461f-9954-2ab625b89b9b tempest-ServerStableDeviceRescueTest-2047687229 tempest-ServerStableDeviceRescueTest-2047687229-project-member] Matched version: v2 {{(pid=99885) process_request /opt/stack/glance/glance/api/middleware/version_negotiation.py:69}}
Jul 30 16:40:54.925388 np0000006152 devstack@g-api.service[99885]: DEBUG glance.api.middleware.version_negotiation [None req-7bee56b1-63a4-461f-9954-2ab625b89b9b tempest-ServerStableDeviceRescueTest-2047687229 tempest-ServerStableDeviceRescueTest-2047687229-project-member] new path /v2/schemas/image {{(pid=99885) process_request /opt/stack/glance/glance/api/middleware/version_negotiation.py:70}}
Jul 30 16:40:54.928268 np0000006152 devstack@g-api.service[99885]: [pid: 99885|app: 0|req: 35/97] 127.0.0.1 () {44 vars in 1051 bytes} [Thu Jul 30 16:40:54 2026] GET /v2/schemas/image => generated 6083 bytes in 3 msecs (HTTP/1.1 200) 4 headers in 158 bytes (1 switches on core 0)
Jul 30 16:40:54.967667 np0000006152 devstack@g-api.service[99884]: [pid: 99884|app: 0|req: 33/98] 127.0.0.1 () {46 vars in 1154 bytes} [Thu Jul 30 16:40:54 2026] PATCH /v2/images/8793b0a0-36d1-4f7d-81b4-847c4cb28fec => generated 1447 bytes in 196 msecs (HTTP/1.1 200) 4 headers in 158 bytes (1 switches on core 0)
Jul 30 16:40:55.006364 np0000006152 devstack@g-api.service[99885]: DEBUG glance.api.middleware.version_negotiation [None req-7bee56b1-63a4-461f-9954-2ab625b89b9b tempest-ServerStableDeviceRescueTest-2047687229 tempest-ServerStableDeviceRescueTest-2047687229-project-member] Determining version of request: GET /v2/images/8793b0a0-36d1-4f7d-81b4-847c4cb28fec Accept: */* {{(pid=99885) process_request /opt/stack/glance/glance/api/middleware/version_negotiation.py:44}}
Jul 30 16:40:55.006477 np0000006152 devstack@g-api.service[99885]: DEBUG glance.api.middleware.version_negotiation [None req-7bee56b1-63a4-461f-9954-2ab625b89b9b tempest-ServerStableDeviceRescueTest-2047687229 tempest-ServerStableDeviceRescueTest-2047687229-project-member] Using url versioning {{(pid=99885) process_request /opt/stack/glance/glance/api/middleware/version_negotiation.py:57}}
Jul 30 16:40:55.006595 np0000006152 devstack@g-api.service[99885]: DEBUG glance.api.middleware.version_negotiation [None req-7bee56b1-63a4-461f-9954-2ab625b89b9b tempest-ServerStableDeviceRescueTest-2047687229 tempest-ServerStableDeviceRescueTest-2047687229-project-member] Matched version: v2 {{(pid=99885) process_request /opt/stack/glance/glance/api/middleware/version_negotiation.py:69}}
Jul 30 16:40:55.006684 np0000006152 devstack@g-api.service[99885]: DEBUG glance.api.middleware.version_negotiation [None req-7bee56b1-63a4-461f-9954-2ab625b89b9b tempest-ServerStableDeviceRescueTest-2047687229 tempest-ServerStableDeviceRescueTest-2047687229-project-member] new path /v2/images/8793b0a0-36d1-4f7d-81b4-847c4cb28fec {{(pid=99885) process_request /opt/stack/glance/glance/api/middleware/version_negotiation.py:70}}
Jul 30 16:40:55.024144 np0000006152 devstack@g-api.service[99885]: [pid: 99885|app: 0|req: 36/99] 127.0.0.1 () {44 vars in 1111 bytes} [Thu Jul 30 16:40:55 2026] GET /v2/images/8793b0a0-36d1-4f7d-81b4-847c4cb28fec => generated 1447 bytes in 18 msecs (HTTP/1.1 200) 4 headers in 158 bytes (1 switches on core 0)
Jul 30 16:40:55.038497 np0000006152 devstack@g-api.service[99886]: DEBUG glance.location [None req-6fb16482-9431-4bf3-bbf1-764658c4cbb8 tempest-ServerStableDeviceRescueTest-2047687229 tempest-ServerStableDeviceRescueTest-2047687229-project-member] Enabling in-flight format inspection for qcow2 {{(pid=99886) set_data /opt/stack/glance/glance/location.py:596}}
Jul 30 16:40:55.039527 np0000006152 devstack@g-api.service[99886]: DEBUG glance_store.backend [None req-6fb16482-9431-4bf3-bbf1-764658c4cbb8 tempest-ServerStableDeviceRescueTest-2047687229 tempest-ServerStableDeviceRescueTest-2047687229-project-member] Attempting to import store swift {{(pid=99886) _load_store /opt/stack/data/venv/lib/python3.12/site-packages/glance_store/backend.py:215}}
Jul 30 16:40:55.041669 np0000006152 devstack@g-api.service[99886]: DEBUG glance_store.capabilities [None req-6fb16482-9431-4bf3-bbf1-764658c4cbb8 tempest-ServerStableDeviceRescueTest-2047687229 tempest-ServerStableDeviceRescueTest-2047687229-project-member] Store glance_store._drivers.swift.store.SingleTenantStore doesn't support updating dynamic storage capabilities. Please overwrite 'update_capabilities' method of the store to implement updating logics if needed. {{(pid=99886) update_capabilities /opt/stack/data/venv/lib/python3.12/site-packages/glance_store/capabilities.py:91}}
Jul 30 16:40:55.041866 np0000006152 devstack@g-api.service[99886]: DEBUG glance_store.driver [None req-6fb16482-9431-4bf3-bbf1-764658c4cbb8 tempest-ServerStableDeviceRescueTest-2047687229 tempest-ServerStableDeviceRescueTest-2047687229-project-member] Late loading location class glance_store._drivers.swift.store.StoreLocation {{(pid=99886) get_store_location_class /opt/stack/data/venv/lib/python3.12/site-packages/glance_store/driver.py:134}}
Jul 30 16:40:55.042517 np0000006152 devstack@g-api.service[99886]: DEBUG glance_store.location [None req-6fb16482-9431-4bf3-bbf1-764658c4cbb8 tempest-ServerStableDeviceRescueTest-2047687229 tempest-ServerStableDeviceRescueTest-2047687229-project-member] Registering scheme swift+https with {'store': , 'location_class': , 'store_entry': 'swift'} {{(pid=99886) register_scheme_map /opt/stack/data/venv/lib/python3.12/site-packages/glance_store/location.py:146}}
Jul 30 16:40:55.042517 np0000006152 devstack@g-api.service[99886]: DEBUG glance_store.location [None req-6fb16482-9431-4bf3-bbf1-764658c4cbb8 tempest-ServerStableDeviceRescueTest-2047687229 tempest-ServerStableDeviceRescueTest-2047687229-project-member] Registering scheme swift+https with {'store': , 'location_class': , 'store_entry': 'swift'} {{(pid=99886) register_scheme_map /opt/stack/data/venv/lib/python3.12/site-packages/glance_store/location.py:146}}
Jul 30 16:40:55.042517 np0000006152 devstack@g-api.service[99886]: DEBUG glance_store.location [None req-6fb16482-9431-4bf3-bbf1-764658c4cbb8 tempest-ServerStableDeviceRescueTest-2047687229 tempest-ServerStableDeviceRescueTest-2047687229-project-member] Registering scheme swift with {'store': , 'location_class': , 'store_entry': 'swift'} {{(pid=99886) register_scheme_map /opt/stack/data/venv/lib/python3.12/site-packages/glance_store/location.py:146}}
Jul 30 16:40:55.042755 np0000006152 devstack@g-api.service[99886]: DEBUG glance_store.location [None req-6fb16482-9431-4bf3-bbf1-764658c4cbb8 tempest-ServerStableDeviceRescueTest-2047687229 tempest-ServerStableDeviceRescueTest-2047687229-project-member] Registering scheme swift+https with {'store': , 'location_class': , 'store_entry': 'swift'} {{(pid=99886) register_scheme_map /opt/stack/data/venv/lib/python3.12/site-packages/glance_store/location.py:146}}
Jul 30 16:40:55.042755 np0000006152 devstack@g-api.service[99886]: DEBUG glance_store.location [None req-6fb16482-9431-4bf3-bbf1-764658c4cbb8 tempest-ServerStableDeviceRescueTest-2047687229 tempest-ServerStableDeviceRescueTest-2047687229-project-member] Registering scheme swift with {'store': , 'location_class': , 'store_entry': 'swift'} {{(pid=99886) register_scheme_map /opt/stack/data/venv/lib/python3.12/site-packages/glance_store/location.py:146}}
Jul 30 16:40:55.042928 np0000006152 devstack@g-api.service[99886]: DEBUG glance_store.location [None req-6fb16482-9431-4bf3-bbf1-764658c4cbb8 tempest-ServerStableDeviceRescueTest-2047687229 tempest-ServerStableDeviceRescueTest-2047687229-project-member] Registering scheme swift+http with {'store': , 'location_class': , 'store_entry': 'swift'} {{(pid=99886) register_scheme_map /opt/stack/data/venv/lib/python3.12/site-packages/glance_store/location.py:146}}
Jul 30 16:40:55.043128 np0000006152 devstack@g-api.service[99886]: DEBUG glance_store.location [None req-6fb16482-9431-4bf3-bbf1-764658c4cbb8 tempest-ServerStableDeviceRescueTest-2047687229 tempest-ServerStableDeviceRescueTest-2047687229-project-member] Registering scheme swift+https with {'store': , 'location_class': , 'store_entry': 'swift'} {{(pid=99886) register_scheme_map /opt/stack/data/venv/lib/python3.12/site-packages/glance_store/location.py:146}}
Jul 30 16:40:55.043207 np0000006152 devstack@g-api.service[99886]: DEBUG glance_store.location [None req-6fb16482-9431-4bf3-bbf1-764658c4cbb8 tempest-ServerStableDeviceRescueTest-2047687229 tempest-ServerStableDeviceRescueTest-2047687229-project-member] Registering scheme swift with {'store': , 'location_class': , 'store_entry': 'swift'} {{(pid=99886) register_scheme_map /opt/stack/data/venv/lib/python3.12/site-packages/glance_store/location.py:146}}
Jul 30 16:40:55.043279 np0000006152 devstack@g-api.service[99886]: DEBUG glance_store.location [None req-6fb16482-9431-4bf3-bbf1-764658c4cbb8 tempest-ServerStableDeviceRescueTest-2047687229 tempest-ServerStableDeviceRescueTest-2047687229-project-member] Registering scheme swift+http with {'store': , 'location_class': , 'store_entry': 'swift'} {{(pid=99886) register_scheme_map /opt/stack/data/venv/lib/python3.12/site-packages/glance_store/location.py:146}}
Jul 30 16:40:55.043351 np0000006152 devstack@g-api.service[99886]: DEBUG glance_store.location [None req-6fb16482-9431-4bf3-bbf1-764658c4cbb8 tempest-ServerStableDeviceRescueTest-2047687229 tempest-ServerStableDeviceRescueTest-2047687229-project-member] Registering scheme swift+config with {'store': , 'location_class': , 'store_entry': 'swift'} {{(pid=99886) register_scheme_map /opt/stack/data/venv/lib/python3.12/site-packages/glance_store/location.py:146}}
Jul 30 16:40:55.061180 np0000006152 devstack@g-api.service[99884]: DEBUG glance.api.middleware.version_negotiation [None req-2f41c454-318f-4d6b-9b66-2434e2749606 tempest-AttachVolumeShelveTestJSON-451684078 tempest-AttachVolumeShelveTestJSON-451684078-project-member] Determining version of request: PUT /v2/images/8793b0a0-36d1-4f7d-81b4-847c4cb28fec/file Accept: */* {{(pid=99884) process_request /opt/stack/glance/glance/api/middleware/version_negotiation.py:44}}
Jul 30 16:40:55.061180 np0000006152 devstack@g-api.service[99884]: DEBUG glance.api.middleware.version_negotiation [None req-2f41c454-318f-4d6b-9b66-2434e2749606 tempest-AttachVolumeShelveTestJSON-451684078 tempest-AttachVolumeShelveTestJSON-451684078-project-member] Using url versioning {{(pid=99884) process_request /opt/stack/glance/glance/api/middleware/version_negotiation.py:57}}
Jul 30 16:40:55.061180 np0000006152 devstack@g-api.service[99884]: DEBUG glance.api.middleware.version_negotiation [None req-2f41c454-318f-4d6b-9b66-2434e2749606 tempest-AttachVolumeShelveTestJSON-451684078 tempest-AttachVolumeShelveTestJSON-451684078-project-member] Matched version: v2 {{(pid=99884) process_request /opt/stack/glance/glance/api/middleware/version_negotiation.py:69}}
Jul 30 16:40:55.061180 np0000006152 devstack@g-api.service[99884]: DEBUG glance.api.middleware.version_negotiation [None req-2f41c454-318f-4d6b-9b66-2434e2749606 tempest-AttachVolumeShelveTestJSON-451684078 tempest-AttachVolumeShelveTestJSON-451684078-project-member] new path /v2/images/8793b0a0-36d1-4f7d-81b4-847c4cb28fec/file {{(pid=99884) process_request /opt/stack/glance/glance/api/middleware/version_negotiation.py:70}}
Jul 30 16:40:55.437076 np0000006152 devstack@g-api.service[99886]: DEBUG swiftclient [None req-6fb16482-9431-4bf3-bbf1-764658c4cbb8 tempest-ServerStableDeviceRescueTest-2047687229 tempest-ServerStableDeviceRescueTest-2047687229-project-member] REQ: curl -i https://10.4.3.72:8080/v1/AUTH_643632a9d9e448cbbd16d7db2aac1008/glance -I -H "X-Auth-Token: gAAAAABqa36XMGaf..." {{(pid=99886) http_log /opt/stack/data/venv/lib/python3.12/site-packages/swiftclient/client.py:160}}
Jul 30 16:40:55.437190 np0000006152 devstack@g-api.service[99886]: DEBUG swiftclient [None req-6fb16482-9431-4bf3-bbf1-764658c4cbb8 tempest-ServerStableDeviceRescueTest-2047687229 tempest-ServerStableDeviceRescueTest-2047687229-project-member] RESP STATUS: 204 No Content {{(pid=99886) http_log /opt/stack/data/venv/lib/python3.12/site-packages/swiftclient/client.py:161}}
Jul 30 16:40:55.437384 np0000006152 devstack@g-api.service[99886]: DEBUG swiftclient [None req-6fb16482-9431-4bf3-bbf1-764658c4cbb8 tempest-ServerStableDeviceRescueTest-2047687229 tempest-ServerStableDeviceRescueTest-2047687229-project-member] RESP HEADERS: {'Date': 'Thu, 30 Jul 2026 16:40:55 GMT', 'Server': 'Apache/2.4.58 (Ubuntu)', 'Content-Type': 'text/plain; charset=utf-8', 'X-Container-Object-Count': '5', 'X-Container-Bytes-Used': '86048768', 'X-Timestamp': '1785429482.58245', 'Last-Modified': 'Thu, 30 Jul 2026 16:38:03 GMT', 'Accept-Ranges': 'bytes', 'X-Storage-Policy': 'Policy-0', 'X-Container-Sharding': 'False', 'Vary': 'Accept', 'X-Trans-Id': 'tx1648ac26efe2475396910-006a6b7e97', 'X-Openstack-Request-Id': 'tx1648ac26efe2475396910-006a6b7e97', 'Connection': 'close'} {{(pid=99886) http_log /opt/stack/data/venv/lib/python3.12/site-packages/swiftclient/client.py:162}}
Jul 30 16:40:55.437476 np0000006152 devstack@g-api.service[99886]: DEBUG glance_store._drivers.swift.store [None req-6fb16482-9431-4bf3-bbf1-764658c4cbb8 tempest-ServerStableDeviceRescueTest-2047687229 tempest-ServerStableDeviceRescueTest-2047687229-project-member] Adding image object 'c362d6e1-59ef-4abd-adc3-88e2cc7d54ac' to Swift {{(pid=99886) add /opt/stack/data/venv/lib/python3.12/site-packages/glance_store/_drivers/swift/store.py:970}}
Jul 30 16:40:55.437542 np0000006152 devstack@g-api.service[99886]: DEBUG glance_store._drivers.swift.store [None req-6fb16482-9431-4bf3-bbf1-764658c4cbb8 tempest-ServerStableDeviceRescueTest-2047687229 tempest-ServerStableDeviceRescueTest-2047687229-project-member] Cannot determine image size because it is either not provided in the request or chunked-transfer encoding is used. Adding image as a segmented object to Swift. {{(pid=99886) add /opt/stack/data/venv/lib/python3.12/site-packages/glance_store/_drivers/swift/store.py:994}}
Jul 30 16:40:55.442852 np0000006152 devstack@g-api.service[99886]: DEBUG oslo_utils.imageutils.format_inspector [None req-6fb16482-9431-4bf3-bbf1-764658c4cbb8 tempest-ServerStableDeviceRescueTest-2047687229 tempest-ServerStableDeviceRescueTest-2047687229-project-member] Format inspector for vmdk does not match, excluding from consideration (Signature KDMV not found: b'QFI\xfb') {{(pid=99886) _process_chunk /opt/stack/data/venv/lib/python3.12/site-packages/oslo_utils/imageutils/format_inspector.py:1758}}
Jul 30 16:40:55.448094 np0000006152 devstack@g-api.service[99886]: DEBUG oslo_utils.imageutils.format_inspector [None req-6fb16482-9431-4bf3-bbf1-764658c4cbb8 tempest-ServerStableDeviceRescueTest-2047687229 tempest-ServerStableDeviceRescueTest-2047687229-project-member] Format inspector for vhdx does not match, excluding from consideration (Region signature not found at 30000) {{(pid=99886) _process_chunk /opt/stack/data/venv/lib/python3.12/site-packages/oslo_utils/imageutils/format_inspector.py:1758}}
Jul 30 16:40:55.725397 np0000006152 devstack@g-api.service[99884]: INFO glance.api.v2.image_data [None req-2f41c454-318f-4d6b-9b66-2434e2749606 tempest-AttachVolumeShelveTestJSON-451684078 tempest-AttachVolumeShelveTestJSON-451684078-project-member] Unable to create trust: no such option collect_timing in group [keystone_authtoken] Use the existing user token.
Jul 30 16:40:55.981047 np0000006152 devstack@g-api.service[99886]: DEBUG swiftclient [None req-6fb16482-9431-4bf3-bbf1-764658c4cbb8 tempest-ServerStableDeviceRescueTest-2047687229 tempest-ServerStableDeviceRescueTest-2047687229-project-member] REQ: curl -i https://10.4.3.72:8080/v1/AUTH_643632a9d9e448cbbd16d7db2aac1008/glance/c362d6e1-59ef-4abd-adc3-88e2cc7d54ac-00001 -X PUT -H "X-Auth-Token: gAAAAABqa36XMGaf..." {{(pid=99886) http_log /opt/stack/data/venv/lib/python3.12/site-packages/swiftclient/client.py:160}}
Jul 30 16:40:55.981047 np0000006152 devstack@g-api.service[99886]: DEBUG swiftclient [None req-6fb16482-9431-4bf3-bbf1-764658c4cbb8 tempest-ServerStableDeviceRescueTest-2047687229 tempest-ServerStableDeviceRescueTest-2047687229-project-member] RESP STATUS: 201 Created {{(pid=99886) http_log /opt/stack/data/venv/lib/python3.12/site-packages/swiftclient/client.py:161}}
Jul 30 16:40:55.981047 np0000006152 devstack@g-api.service[99886]: DEBUG swiftclient [None req-6fb16482-9431-4bf3-bbf1-764658c4cbb8 tempest-ServerStableDeviceRescueTest-2047687229 tempest-ServerStableDeviceRescueTest-2047687229-project-member] RESP HEADERS: {'Date': 'Thu, 30 Jul 2026 16:40:55 GMT', 'Server': 'Apache/2.4.58 (Ubuntu)', 'Content-Type': 'text/html; charset=UTF-8', 'Content-Length': '0', 'Etag': '3471ed6ba24b6c6798134118bce3536c', 'Last-Modified': 'Thu, 30 Jul 2026 16:40:56 GMT', 'X-Trans-Id': 'txc403164424064e2da81ca-006a6b7e97', 'X-Openstack-Request-Id': 'txc403164424064e2da81ca-006a6b7e97', 'Connection': 'close'} {{(pid=99886) http_log /opt/stack/data/venv/lib/python3.12/site-packages/swiftclient/client.py:162}}
Jul 30 16:40:55.981047 np0000006152 devstack@g-api.service[99886]: DEBUG glance_store._drivers.swift.store [None req-6fb16482-9431-4bf3-bbf1-764658c4cbb8 tempest-ServerStableDeviceRescueTest-2047687229 tempest-ServerStableDeviceRescueTest-2047687229-project-member] Wrote chunk c362d6e1-59ef-4abd-adc3-88e2cc7d54ac-00001 (1/?) of length 53542912 to Swift returning MD5 of content: 3471ed6ba24b6c6798134118bce3536c {{(pid=99886) add /opt/stack/data/venv/lib/python3.12/site-packages/glance_store/_drivers/swift/store.py:1059}}
Jul 30 16:40:55.981395 np0000006152 devstack@g-api.service[99886]: DEBUG glance_store._drivers.swift.store [None req-6fb16482-9431-4bf3-bbf1-764658c4cbb8 tempest-ServerStableDeviceRescueTest-2047687229 tempest-ServerStableDeviceRescueTest-2047687229-project-member] Not writing zero-length chunk. {{(pid=99886) add /opt/stack/data/venv/lib/python3.12/site-packages/glance_store/_drivers/swift/store.py:1028}}
Jul 30 16:40:56.004911 np0000006152 devstack@g-api.service[99885]: DEBUG glance.api.middleware.version_negotiation [None req-2f41c454-318f-4d6b-9b66-2434e2749606 tempest-AttachVolumeShelveTestJSON-451684078 tempest-AttachVolumeShelveTestJSON-451684078-project-member] Determining version of request: GET /v2/images/c362d6e1-59ef-4abd-adc3-88e2cc7d54ac Accept: */* {{(pid=99885) process_request /opt/stack/glance/glance/api/middleware/version_negotiation.py:44}}
Jul 30 16:40:56.005396 np0000006152 devstack@g-api.service[99885]: DEBUG glance.api.middleware.version_negotiation [None req-2f41c454-318f-4d6b-9b66-2434e2749606 tempest-AttachVolumeShelveTestJSON-451684078 tempest-AttachVolumeShelveTestJSON-451684078-project-member] Using url versioning {{(pid=99885) process_request /opt/stack/glance/glance/api/middleware/version_negotiation.py:57}}
Jul 30 16:40:56.005396 np0000006152 devstack@g-api.service[99885]: DEBUG glance.api.middleware.version_negotiation [None req-2f41c454-318f-4d6b-9b66-2434e2749606 tempest-AttachVolumeShelveTestJSON-451684078 tempest-AttachVolumeShelveTestJSON-451684078-project-member] Matched version: v2 {{(pid=99885) process_request /opt/stack/glance/glance/api/middleware/version_negotiation.py:69}}
Jul 30 16:40:56.005396 np0000006152 devstack@g-api.service[99885]: DEBUG glance.api.middleware.version_negotiation [None req-2f41c454-318f-4d6b-9b66-2434e2749606 tempest-AttachVolumeShelveTestJSON-451684078 tempest-AttachVolumeShelveTestJSON-451684078-project-member] new path /v2/images/c362d6e1-59ef-4abd-adc3-88e2cc7d54ac {{(pid=99885) process_request /opt/stack/glance/glance/api/middleware/version_negotiation.py:70}}
Jul 30 16:40:56.024272 np0000006152 devstack@g-api.service[99886]: DEBUG swiftclient [None req-6fb16482-9431-4bf3-bbf1-764658c4cbb8 tempest-ServerStableDeviceRescueTest-2047687229 tempest-ServerStableDeviceRescueTest-2047687229-project-member] REQ: curl -i https://10.4.3.72:8080/v1/AUTH_643632a9d9e448cbbd16d7db2aac1008/glance/c362d6e1-59ef-4abd-adc3-88e2cc7d54ac -X PUT -H "X-Object-Manifest: glance/c362d6e1-59ef-4abd-adc3-88e2cc7d54ac-" -H "X-Auth-Token: gAAAAABqa36XMGaf..." -H "Content-Length: 0" {{(pid=99886) http_log /opt/stack/data/venv/lib/python3.12/site-packages/swiftclient/client.py:160}}
Jul 30 16:40:56.024475 np0000006152 devstack@g-api.service[99886]: DEBUG swiftclient [None req-6fb16482-9431-4bf3-bbf1-764658c4cbb8 tempest-ServerStableDeviceRescueTest-2047687229 tempest-ServerStableDeviceRescueTest-2047687229-project-member] RESP STATUS: 201 Created {{(pid=99886) http_log /opt/stack/data/venv/lib/python3.12/site-packages/swiftclient/client.py:161}}
Jul 30 16:40:56.024691 np0000006152 devstack@g-api.service[99886]: DEBUG swiftclient [None req-6fb16482-9431-4bf3-bbf1-764658c4cbb8 tempest-ServerStableDeviceRescueTest-2047687229 tempest-ServerStableDeviceRescueTest-2047687229-project-member] RESP HEADERS: {'Date': 'Thu, 30 Jul 2026 16:40:56 GMT', 'Server': 'Apache/2.4.58 (Ubuntu)', 'Content-Type': 'text/html; charset=UTF-8', 'Content-Length': '0', 'Etag': 'd41d8cd98f00b204e9800998ecf8427e', 'Last-Modified': 'Thu, 30 Jul 2026 16:40:56 GMT', 'X-Trans-Id': 'txb5fbf7676a3e42418bb93-006a6b7e97', 'X-Openstack-Request-Id': 'txb5fbf7676a3e42418bb93-006a6b7e97', 'Connection': 'close'} {{(pid=99886) http_log /opt/stack/data/venv/lib/python3.12/site-packages/swiftclient/client.py:162}}
Jul 30 16:40:56.027645 np0000006152 devstack@g-api.service[99886]: INFO glance.location [None req-6fb16482-9431-4bf3-bbf1-764658c4cbb8 tempest-ServerStableDeviceRescueTest-2047687229 tempest-ServerStableDeviceRescueTest-2047687229-project-member] Image format matched and virtual size computed: 1073741824
Jul 30 16:40:56.029236 np0000006152 devstack@g-api.service[99885]: [pid: 99885|app: 0|req: 37/100] 127.0.0.1 () {44 vars in 1111 bytes} [Thu Jul 30 16:40:56 2026] GET /v2/images/c362d6e1-59ef-4abd-adc3-88e2cc7d54ac => generated 1447 bytes in 25 msecs (HTTP/1.1 200) 4 headers in 158 bytes (1 switches on core 0)
Jul 30 16:40:56.063925 np0000006152 devstack@g-api.service[99885]: DEBUG glance.api.middleware.version_negotiation [None req-ca4f7c70-012a-4667-987c-1c773986388f tempest-ServerStableDeviceRescueTest-2047687229 tempest-ServerStableDeviceRescueTest-2047687229-project-member] Determining version of request: GET /v2/schemas/image Accept: */* {{(pid=99885) process_request /opt/stack/glance/glance/api/middleware/version_negotiation.py:44}}
Jul 30 16:40:56.067177 np0000006152 devstack@g-api.service[99885]: DEBUG glance.api.middleware.version_negotiation [None req-ca4f7c70-012a-4667-987c-1c773986388f tempest-ServerStableDeviceRescueTest-2047687229 tempest-ServerStableDeviceRescueTest-2047687229-project-member] Using url versioning {{(pid=99885) process_request /opt/stack/glance/glance/api/middleware/version_negotiation.py:57}}
Jul 30 16:40:56.067177 np0000006152 devstack@g-api.service[99885]: DEBUG glance.api.middleware.version_negotiation [None req-ca4f7c70-012a-4667-987c-1c773986388f tempest-ServerStableDeviceRescueTest-2047687229 tempest-ServerStableDeviceRescueTest-2047687229-project-member] Matched version: v2 {{(pid=99885) process_request /opt/stack/glance/glance/api/middleware/version_negotiation.py:69}}
Jul 30 16:40:56.067177 np0000006152 devstack@g-api.service[99885]: DEBUG glance.api.middleware.version_negotiation [None req-ca4f7c70-012a-4667-987c-1c773986388f tempest-ServerStableDeviceRescueTest-2047687229 tempest-ServerStableDeviceRescueTest-2047687229-project-member] new path /v2/schemas/image {{(pid=99885) process_request /opt/stack/glance/glance/api/middleware/version_negotiation.py:70}}
Jul 30 16:40:56.067177 np0000006152 devstack@g-api.service[99885]: [pid: 99885|app: 0|req: 38/101] 127.0.0.1 () {44 vars in 1051 bytes} [Thu Jul 30 16:40:56 2026] GET /v2/schemas/image => generated 6083 bytes in 3 msecs (HTTP/1.1 200) 4 headers in 158 bytes (1 switches on core 0)
Jul 30 16:40:56.084873 np0000006152 devstack@g-api.service[99886]: DEBUG glance_store.backend [None req-6fb16482-9431-4bf3-bbf1-764658c4cbb8 tempest-ServerStableDeviceRescueTest-2047687229 tempest-ServerStableDeviceRescueTest-2047687229-project-member] Attempting to import store swift {{(pid=99886) _load_store /opt/stack/data/venv/lib/python3.12/site-packages/glance_store/backend.py:215}}
