Aug 17 06:15:13.209124 np0000007454 devstack@g-api.service[99774]: DEBUG glance_store.capabilities [-] Store glance_store._drivers.http.Store doesn't support updating dynamic storage capabilities. Please overwrite 'update_capabilities' method of the store to implement updating logics if needed. {{(pid=99774) update_capabilities /opt/stack/data/venv/lib/python3.12/site-packages/glance_store/capabilities.py:91}}
Aug 17 06:15:13.209195 np0000007454 devstack@g-api.service[99774]: DEBUG glance_store.backend [-] Registering store http with schemes ('http', 'https') {{(pid=99774) create_stores /opt/stack/data/venv/lib/python3.12/site-packages/glance_store/backend.py:261}}
Aug 17 06:15:13.209251 np0000007454 devstack@g-api.service[99774]: DEBUG glance_store.driver [-] Late loading location class glance_store._drivers.http.StoreLocation {{(pid=99774) get_store_location_class /opt/stack/data/venv/lib/python3.12/site-packages/glance_store/driver.py:134}}
Aug 17 06:15:13.209290 np0000007454 devstack@g-api.service[99773]: WARNING glance.common.wsgi_app [-] Import methods are enabled but staging directory /tmp/staging/ does not exist; Imports will fail!
Aug 17 06:15:13.209328 np0000007454 devstack@g-api.service[99774]: DEBUG glance_store.location [-] Registering scheme http with {'store': , 'location_class': , 'store_entry': 'http'} {{(pid=99774) register_scheme_map /opt/stack/data/venv/lib/python3.12/site-packages/glance_store/location.py:146}}
Aug 17 06:15:13.209358 np0000007454 devstack@g-api.service[99774]: DEBUG glance_store.location [-] Registering scheme https with {'store': , 'location_class': , 'store_entry': 'http'} {{(pid=99774) register_scheme_map /opt/stack/data/venv/lib/python3.12/site-packages/glance_store/location.py:146}}
Aug 17 06:15:13.209422 np0000007454 devstack@g-api.service[99774]: DEBUG glance_store.backend [-] Attempting to import store file {{(pid=99774) _load_store /opt/stack/data/venv/lib/python3.12/site-packages/glance_store/backend.py:215}}
Aug 17 06:15:13.209863 np0000007454 devstack@g-api.service[99774]: DEBUG glance_store.capabilities [-] Store glance_store._drivers.filesystem.Store doesn't support updating dynamic storage capabilities. Please overwrite 'update_capabilities' method of the store to implement updating logics if needed. {{(pid=99774) update_capabilities /opt/stack/data/venv/lib/python3.12/site-packages/glance_store/capabilities.py:91}}
Aug 17 06:15:13.209911 np0000007454 devstack@g-api.service[99774]: DEBUG glance_store.backend [-] Registering store file with schemes ('file', 'filesystem') {{(pid=99774) create_stores /opt/stack/data/venv/lib/python3.12/site-packages/glance_store/backend.py:261}}
Aug 17 06:15:13.209973 np0000007454 devstack@g-api.service[99774]: DEBUG glance_store.driver [-] Late loading location class glance_store._drivers.filesystem.StoreLocation {{(pid=99774) get_store_location_class /opt/stack/data/venv/lib/python3.12/site-packages/glance_store/driver.py:134}}
Aug 17 06:15:13.210031 np0000007454 devstack@g-api.service[99774]: DEBUG glance_store.location [-] Registering scheme file with {'store': , 'location_class': , 'store_entry': 'file'} {{(pid=99774) register_scheme_map /opt/stack/data/venv/lib/python3.12/site-packages/glance_store/location.py:146}}
Aug 17 06:15:13.210090 np0000007454 devstack@g-api.service[99774]: DEBUG glance_store.location [-] Registering scheme filesystem with {'store': , 'location_class': , 'store_entry': 'file'} {{(pid=99774) register_scheme_map /opt/stack/data/venv/lib/python3.12/site-packages/glance_store/location.py:146}}
Aug 17 06:15:13.210201 np0000007454 devstack@g-api.service[99774]: DEBUG glance_store.backend [-] Attempting to import store swift {{(pid=99774) _load_store /opt/stack/data/venv/lib/python3.12/site-packages/glance_store/backend.py:215}}
Aug 17 06:15:13.211242 np0000007454 devstack@g-api.service[99774]: DEBUG glance_store.capabilities [-] Store glance_store._drivers.swift.store.SingleTenantStore doesn't support updating dynamic storage capabilities. Please overwrite 'update_capabilities' method of the store to implement updating logics if needed. {{(pid=99774) update_capabilities /opt/stack/data/venv/lib/python3.12/site-packages/glance_store/capabilities.py:91}}
Aug 17 06:15:13.211303 np0000007454 devstack@g-api.service[99774]: DEBUG glance_store.driver [-] Late loading location class glance_store._drivers.swift.store.StoreLocation {{(pid=99774) get_store_location_class /opt/stack/data/venv/lib/python3.12/site-packages/glance_store/driver.py:134}}
Aug 17 06:15:13.211371 np0000007454 devstack@g-api.service[99774]: DEBUG glance_store.location [-] Registering scheme swift+https with {'store': , 'location_class': , 'store_entry': 'swift'} {{(pid=99774) register_scheme_map /opt/stack/data/venv/lib/python3.12/site-packages/glance_store/location.py:146}}
Aug 17 06:15:13.211446 np0000007454 devstack@g-api.service[99774]: DEBUG glance_store.location [-] Registering scheme swift+https with {'store': , 'location_class': , 'store_entry': 'swift'} {{(pid=99774) register_scheme_map /opt/stack/data/venv/lib/python3.12/site-packages/glance_store/location.py:146}}
Aug 17 06:15:13.211499 np0000007454 devstack@g-api.service[99774]: DEBUG glance_store.location [-] Registering scheme swift with {'store': , 'location_class': , 'store_entry': 'swift'} {{(pid=99774) register_scheme_map /opt/stack/data/venv/lib/python3.12/site-packages/glance_store/location.py:146}}
Aug 17 06:15:13.211553 np0000007454 devstack@g-api.service[99774]: DEBUG glance_store.location [-] Registering scheme swift+https with {'store': , 'location_class': , 'store_entry': 'swift'} {{(pid=99774) register_scheme_map /opt/stack/data/venv/lib/python3.12/site-packages/glance_store/location.py:146}}
Aug 17 06:15:13.211606 np0000007454 devstack@g-api.service[99774]: DEBUG glance_store.location [-] Registering scheme swift with {'store': , 'location_class': , 'store_entry': 'swift'} {{(pid=99774) register_scheme_map /opt/stack/data/venv/lib/python3.12/site-packages/glance_store/location.py:146}}
Aug 17 06:15:13.211656 np0000007454 devstack@g-api.service[99774]: DEBUG glance_store.location [-] Registering scheme swift+http with {'store': , 'location_class': , 'store_entry': 'swift'} {{(pid=99774) register_scheme_map /opt/stack/data/venv/lib/python3.12/site-packages/glance_store/location.py:146}}
Aug 17 06:15:13.211722 np0000007454 devstack@g-api.service[99774]: DEBUG glance_store.location [-] Registering scheme swift+https with {'store': , 'location_class': , 'store_entry': 'swift'} {{(pid=99774) register_scheme_map /opt/stack/data/venv/lib/python3.12/site-packages/glance_store/location.py:146}}
Aug 17 06:15:13.211769 np0000007454 devstack@g-api.service[99774]: DEBUG glance_store.location [-] Registering scheme swift with {'store': , 'location_class': , 'store_entry': 'swift'} {{(pid=99774) register_scheme_map /opt/stack/data/venv/lib/python3.12/site-packages/glance_store/location.py:146}}
Aug 17 06:15:13.211823 np0000007454 devstack@g-api.service[99774]: DEBUG glance_store.location [-] Registering scheme swift+http with {'store': , 'location_class': , 'store_entry': 'swift'} {{(pid=99774) register_scheme_map /opt/stack/data/venv/lib/python3.12/site-packages/glance_store/location.py:146}}
Aug 17 06:15:13.211875 np0000007454 devstack@g-api.service[99774]: DEBUG glance_store.location [-] Registering scheme swift+config with {'store': , 'location_class': , 'store_entry': 'swift'} {{(pid=99774) register_scheme_map /opt/stack/data/venv/lib/python3.12/site-packages/glance_store/location.py:146}}
Aug 17 06:15:13.212147 np0000007454 devstack@g-api.service[99774]: DEBUG glance.sqlite_migration [-] SQLite caching database not located, skipping migration {{(pid=99774) get_db_path /opt/stack/glance/glance/sqlite_migration.py:68}}
Aug 17 06:15:13.212344 np0000007454 devstack@g-api.service[99774]: WARNING glance.common.wsgi_app [-] Import methods are enabled but staging directory /tmp/staging/ does not exist; Imports will fail!
Aug 17 06:15:13.340966 np0000007454 devstack@g-api.service[99775]: DEBUG glance.common.config [None req-a10ff1ad-3386-4882-b8d6-d9580d25fbc3 None None] Loading glance-api-keystone+cachemanagement from /etc/glance/glance-api-paste.ini {{(pid=99775) load_paste_app /opt/stack/glance/glance/common/config.py:772}}
Aug 17 06:15:13.345044 np0000007454 devstack@g-api.service[99773]: DEBUG glance.common.config [None req-3a1422cf-6403-41be-bf2a-845e33a5ce55 None None] Loading glance-api-keystone+cachemanagement from /etc/glance/glance-api-paste.ini {{(pid=99773) load_paste_app /opt/stack/glance/glance/common/config.py:772}}
Aug 17 06:15:13.356796 np0000007454 devstack@g-api.service[99774]: DEBUG glance.common.config [None req-985e8ed0-e4b2-4df1-a8c4-72547a0d8fa0 None None] Loading glance-api-keystone+cachemanagement from /etc/glance/glance-api-paste.ini {{(pid=99774) load_paste_app /opt/stack/glance/glance/common/config.py:772}}
Aug 17 06:15:13.951231 np0000007454 devstack@g-api.service[99775]: INFO glance.image_cache [None req-a10ff1ad-3386-4882-b8d6-d9580d25fbc3 None None] Image cache loaded driver 'centralized_db'.
Aug 17 06:15:13.966808 np0000007454 devstack@g-api.service[99773]: INFO glance.image_cache [None req-3a1422cf-6403-41be-bf2a-845e33a5ce55 None None] Image cache loaded driver 'centralized_db'.
Aug 17 06:15:13.975342 np0000007454 devstack@g-api.service[99774]: INFO glance.image_cache [None req-985e8ed0-e4b2-4df1-a8c4-72547a0d8fa0 None None] Image cache loaded driver 'centralized_db'.
Aug 17 06:15:13.995531 np0000007454 devstack@g-api.service[99775]: INFO dbcounter [None req-a10ff1ad-3386-4882-b8d6-d9580d25fbc3 None None] Registered counter for database glance
Aug 17 06:15:14.011218 np0000007454 devstack@g-api.service[99773]: INFO dbcounter [None req-3a1422cf-6403-41be-bf2a-845e33a5ce55 None None] Registered counter for database glance
Aug 17 06:15:14.021375 np0000007454 devstack@g-api.service[99774]: INFO dbcounter [None req-985e8ed0-e4b2-4df1-a8c4-72547a0d8fa0 None None] Registered counter for database glance
Aug 17 06:15:14.034744 np0000007454 devstack@g-api.service[99775]: DEBUG oslo_db.sqlalchemy.engines [None req-a10ff1ad-3386-4882-b8d6-d9580d25fbc3 None None] MySQL server mode set to STRICT_TRANS_TABLES,STRICT_ALL_TABLES,NO_ZERO_IN_DATE,NO_ZERO_DATE,ERROR_FOR_DIVISION_BY_ZERO,TRADITIONAL,NO_ENGINE_SUBSTITUTION {{(pid=99775) _check_effective_sql_mode /opt/stack/data/venv/lib/python3.12/site-packages/oslo_db/sqlalchemy/engines.py:325}}
Aug 17 06:15:14.048271 np0000007454 devstack@g-api.service[99773]: DEBUG oslo_db.sqlalchemy.engines [None req-3a1422cf-6403-41be-bf2a-845e33a5ce55 None None] MySQL server mode set to STRICT_TRANS_TABLES,STRICT_ALL_TABLES,NO_ZERO_IN_DATE,NO_ZERO_DATE,ERROR_FOR_DIVISION_BY_ZERO,TRADITIONAL,NO_ENGINE_SUBSTITUTION {{(pid=99773) _check_effective_sql_mode /opt/stack/data/venv/lib/python3.12/site-packages/oslo_db/sqlalchemy/engines.py:325}}
Aug 17 06:15:14.058676 np0000007454 devstack@g-api.service[99774]: DEBUG oslo_db.sqlalchemy.engines [None req-985e8ed0-e4b2-4df1-a8c4-72547a0d8fa0 None None] MySQL server mode set to STRICT_TRANS_TABLES,STRICT_ALL_TABLES,NO_ZERO_IN_DATE,NO_ZERO_DATE,ERROR_FOR_DIVISION_BY_ZERO,TRADITIONAL,NO_ENGINE_SUBSTITUTION {{(pid=99774) _check_effective_sql_mode /opt/stack/data/venv/lib/python3.12/site-packages/oslo_db/sqlalchemy/engines.py:325}}
Aug 17 06:15:14.149565 np0000007454 devstack@g-api.service[99775]: DEBUG dbcounter [-] [99775] Writer thread running {{(pid=99775) stat_writer /opt/stack/data/venv/lib/python3.12/site-packages/dbcounter.py:102}}
Aug 17 06:15:14.161347 np0000007454 devstack@g-api.service[99773]: DEBUG dbcounter [-] [99773] Writer thread running {{(pid=99773) stat_writer /opt/stack/data/venv/lib/python3.12/site-packages/dbcounter.py:102}}
Aug 17 06:15:14.161870 np0000007454 devstack@g-api.service[99775]: INFO glance.image_cache [None req-a10ff1ad-3386-4882-b8d6-d9580d25fbc3 None None] Image cache loaded driver 'centralized_db'.
Aug 17 06:15:14.164012 np0000007454 devstack@g-api.service[99773]: DEBUG glance.image_cache.drivers.centralized_db [None req-3a1422cf-6403-41be-bf2a-845e33a5ce55 None None] Node reference is already recorded, ignoring it {{(pid=99773) configure /opt/stack/glance/glance/image_cache/drivers/centralized_db.py:71}}
Aug 17 06:15:14.169688 np0000007454 devstack@g-api.service[99775]: DEBUG glance.image_cache.drivers.centralized_db [None req-a10ff1ad-3386-4882-b8d6-d9580d25fbc3 None None] Node reference is already recorded, ignoring it {{(pid=99775) configure /opt/stack/glance/glance/image_cache/drivers/centralized_db.py:71}}
Aug 17 06:15:14.169996 np0000007454 devstack@g-api.service[99773]: INFO glance.image_cache [None req-3a1422cf-6403-41be-bf2a-845e33a5ce55 None None] Image cache loaded driver 'centralized_db'.
Aug 17 06:15:14.173730 np0000007454 devstack@g-api.service[99774]: DEBUG dbcounter [-] [99774] Writer thread running {{(pid=99774) stat_writer /opt/stack/data/venv/lib/python3.12/site-packages/dbcounter.py:102}}
Aug 17 06:15:14.174184 np0000007454 devstack@g-api.service[99775]: DEBUG glance.api.v2.cached_images [None req-a10ff1ad-3386-4882-b8d6-d9580d25fbc3 None None] Started cache worker thread {{(pid=99775) __init__ /opt/stack/glance/glance/api/v2/cached_images.py:71}}
Aug 17 06:15:14.174978 np0000007454 devstack@g-api.service[99775]: INFO glance.image_cache [None req-a10ff1ad-3386-4882-b8d6-d9580d25fbc3 None None] Image cache loaded driver 'centralized_db'.
Aug 17 06:15:14.177108 np0000007454 devstack@g-api.service[99773]: DEBUG glance.image_cache.drivers.centralized_db [None req-3a1422cf-6403-41be-bf2a-845e33a5ce55 None None] Node reference is already recorded, ignoring it {{(pid=99773) configure /opt/stack/glance/glance/image_cache/drivers/centralized_db.py:71}}
Aug 17 06:15:14.181673 np0000007454 devstack@g-api.service[99774]: DEBUG glance.image_cache.drivers.centralized_db [None req-985e8ed0-e4b2-4df1-a8c4-72547a0d8fa0 None None] Node reference is already recorded, ignoring it {{(pid=99774) configure /opt/stack/glance/glance/image_cache/drivers/centralized_db.py:71}}
Aug 17 06:15:14.181847 np0000007454 devstack@g-api.service[99775]: DEBUG glance.image_cache.drivers.centralized_db [None req-a10ff1ad-3386-4882-b8d6-d9580d25fbc3 None None] Node reference is already recorded, ignoring it {{(pid=99775) configure /opt/stack/glance/glance/image_cache/drivers/centralized_db.py:71}}
Aug 17 06:15:14.181904 np0000007454 devstack@g-api.service[99773]: DEBUG glance.api.v2.cached_images [None req-3a1422cf-6403-41be-bf2a-845e33a5ce55 None None] Started cache worker thread {{(pid=99773) __init__ /opt/stack/glance/glance/api/v2/cached_images.py:71}}
Aug 17 06:15:14.182543 np0000007454 devstack@g-api.service[99773]: INFO glance.image_cache [None req-3a1422cf-6403-41be-bf2a-845e33a5ce55 None None] Image cache loaded driver 'centralized_db'.
Aug 17 06:15:14.187209 np0000007454 devstack@g-api.service[99775]: INFO glance.api.middleware.cache_manage [None req-a10ff1ad-3386-4882-b8d6-d9580d25fbc3 None None] Initialized image cache management middleware
Aug 17 06:15:14.187371 np0000007454 devstack@g-api.service[99775]: INFO glance.image_cache [None req-a10ff1ad-3386-4882-b8d6-d9580d25fbc3 None None] Image cache loaded driver 'centralized_db'.
Aug 17 06:15:14.189015 np0000007454 devstack@g-api.service[99774]: INFO glance.image_cache [None req-985e8ed0-e4b2-4df1-a8c4-72547a0d8fa0 None None] Image cache loaded driver 'centralized_db'.
Aug 17 06:15:14.189279 np0000007454 devstack@g-api.service[99773]: DEBUG glance.image_cache.drivers.centralized_db [None req-3a1422cf-6403-41be-bf2a-845e33a5ce55 None None] Node reference is already recorded, ignoring it {{(pid=99773) configure /opt/stack/glance/glance/image_cache/drivers/centralized_db.py:71}}
Aug 17 06:15:14.193938 np0000007454 devstack@g-api.service[99775]: DEBUG glance.image_cache.drivers.centralized_db [None req-a10ff1ad-3386-4882-b8d6-d9580d25fbc3 None None] Node reference is already recorded, ignoring it {{(pid=99775) configure /opt/stack/glance/glance/image_cache/drivers/centralized_db.py:71}}
Aug 17 06:15:14.194950 np0000007454 devstack@g-api.service[99773]: INFO glance.api.middleware.cache_manage [None req-3a1422cf-6403-41be-bf2a-845e33a5ce55 None None] Initialized image cache management middleware
Aug 17 06:15:14.195117 np0000007454 devstack@g-api.service[99773]: INFO glance.image_cache [None req-3a1422cf-6403-41be-bf2a-845e33a5ce55 None None] Image cache loaded driver 'centralized_db'.
Aug 17 06:15:14.196605 np0000007454 devstack@g-api.service[99774]: DEBUG glance.image_cache.drivers.centralized_db [None req-985e8ed0-e4b2-4df1-a8c4-72547a0d8fa0 None None] Node reference is already recorded, ignoring it {{(pid=99774) configure /opt/stack/glance/glance/image_cache/drivers/centralized_db.py:71}}
Aug 17 06:15:14.197280 np0000007454 devstack@g-api.service[99775]: INFO glance.api.middleware.cache [None req-a10ff1ad-3386-4882-b8d6-d9580d25fbc3 None None] Initialized image cache middleware
Aug 17 06:15:14.200969 np0000007454 devstack@g-api.service[99774]: DEBUG glance.api.v2.cached_images [None req-985e8ed0-e4b2-4df1-a8c4-72547a0d8fa0 None None] Started cache worker thread {{(pid=99774) __init__ /opt/stack/glance/glance/api/v2/cached_images.py:71}}
Aug 17 06:15:14.201697 np0000007454 devstack@g-api.service[99774]: INFO glance.image_cache [None req-985e8ed0-e4b2-4df1-a8c4-72547a0d8fa0 None None] Image cache loaded driver 'centralized_db'.
Aug 17 06:15:14.202255 np0000007454 devstack@g-api.service[99773]: DEBUG glance.image_cache.drivers.centralized_db [None req-3a1422cf-6403-41be-bf2a-845e33a5ce55 None None] Node reference is already recorded, ignoring it {{(pid=99773) configure /opt/stack/glance/glance/image_cache/drivers/centralized_db.py:71}}
Aug 17 06:15:14.208244 np0000007454 devstack@g-api.service[99773]: INFO glance.api.middleware.cache [None req-3a1422cf-6403-41be-bf2a-845e33a5ce55 None None] Initialized image cache middleware
Aug 17 06:15:14.208675 np0000007454 devstack@g-api.service[99774]: DEBUG glance.image_cache.drivers.centralized_db [None req-985e8ed0-e4b2-4df1-a8c4-72547a0d8fa0 None None] Node reference is already recorded, ignoring it {{(pid=99774) configure /opt/stack/glance/glance/image_cache/drivers/centralized_db.py:71}}
Aug 17 06:15:14.209935 np0000007454 devstack@g-api.service[99775]: DEBUG glance.common.config [None req-a10ff1ad-3386-4882-b8d6-d9580d25fbc3 None None] ******************************************************************************** {{(pid=99775) log_opt_values /opt/stack/data/venv/lib/python3.12/site-packages/oslo_config/cfg.py:3533}}
Aug 17 06:15:14.210057 np0000007454 devstack@g-api.service[99775]: DEBUG glance.common.config [None req-a10ff1ad-3386-4882-b8d6-d9580d25fbc3 None None] Configuration options gathered from: {{(pid=99775) log_opt_values /opt/stack/data/venv/lib/python3.12/site-packages/oslo_config/cfg.py:3534}}
Aug 17 06:15:14.210496 np0000007454 devstack@g-api.service[99775]: DEBUG glance.common.config [None req-a10ff1ad-3386-4882-b8d6-d9580d25fbc3 None None] command line args: [] {{(pid=99775) log_opt_values /opt/stack/data/venv/lib/python3.12/site-packages/oslo_config/cfg.py:3535}}
Aug 17 06:15:14.210660 np0000007454 devstack@g-api.service[99775]: DEBUG glance.common.config [None req-a10ff1ad-3386-4882-b8d6-d9580d25fbc3 None None] config files: ['/etc/glance/glance-image-import.conf', '/etc/glance/glance-api.conf'] {{(pid=99775) log_opt_values /opt/stack/data/venv/lib/python3.12/site-packages/oslo_config/cfg.py:3536}}
Aug 17 06:15:14.210761 np0000007454 devstack@g-api.service[99775]: DEBUG glance.common.config [None req-a10ff1ad-3386-4882-b8d6-d9580d25fbc3 None None] ================================================================================ {{(pid=99775) log_opt_values /opt/stack/data/venv/lib/python3.12/site-packages/oslo_config/cfg.py:3541}}
Aug 17 06:15:14.210918 np0000007454 devstack@g-api.service[99775]: DEBUG glance.common.config [None req-a10ff1ad-3386-4882-b8d6-d9580d25fbc3 None None] allow_anonymous_access = False {{(pid=99775) log_opt_values /opt/stack/data/venv/lib/python3.12/site-packages/oslo_config/cfg.py:3549}}
Aug 17 06:15:14.211048 np0000007454 devstack@g-api.service[99775]: DEBUG glance.common.config [None req-a10ff1ad-3386-4882-b8d6-d9580d25fbc3 None None] api_limit_max = 1000 {{(pid=99775) log_opt_values /opt/stack/data/venv/lib/python3.12/site-packages/oslo_config/cfg.py:3549}}
Aug 17 06:15:14.211194 np0000007454 devstack@g-api.service[99775]: DEBUG glance.common.config [None req-a10ff1ad-3386-4882-b8d6-d9580d25fbc3 None None] config_dir = [] {{(pid=99775) log_opt_values /opt/stack/data/venv/lib/python3.12/site-packages/oslo_config/cfg.py:3549}}
Aug 17 06:15:14.211291 np0000007454 devstack@g-api.service[99775]: DEBUG glance.common.config [None req-a10ff1ad-3386-4882-b8d6-d9580d25fbc3 None None] config_file = ['/etc/glance/glance-image-import.conf', '/etc/glance/glance-api.conf'] {{(pid=99775) log_opt_values /opt/stack/data/venv/lib/python3.12/site-packages/oslo_config/cfg.py:3549}}
Aug 17 06:15:14.211442 np0000007454 devstack@g-api.service[99775]: DEBUG glance.common.config [None req-a10ff1ad-3386-4882-b8d6-d9580d25fbc3 None None] config_source = [] {{(pid=99775) log_opt_values /opt/stack/data/venv/lib/python3.12/site-packages/oslo_config/cfg.py:3549}}
Aug 17 06:15:14.211576 np0000007454 devstack@g-api.service[99775]: DEBUG glance.common.config [None req-a10ff1ad-3386-4882-b8d6-d9580d25fbc3 None None] control_exchange = glance {{(pid=99775) log_opt_values /opt/stack/data/venv/lib/python3.12/site-packages/oslo_config/cfg.py:3549}}
Aug 17 06:15:14.211675 np0000007454 devstack@g-api.service[99775]: DEBUG glance.common.config [None req-a10ff1ad-3386-4882-b8d6-d9580d25fbc3 None None] debug = True {{(pid=99775) log_opt_values /opt/stack/data/venv/lib/python3.12/site-packages/oslo_config/cfg.py:3549}}
Aug 17 06:15:14.211916 np0000007454 devstack@g-api.service[99775]: DEBUG glance.common.config [None req-a10ff1ad-3386-4882-b8d6-d9580d25fbc3 None None] default_log_levels = ['amqp=WARN', 'boto=WARN', 'sqlalchemy=WARN', 'suds=INFO', 'oslo.messaging=INFO', 'oslo_messaging=INFO', 'iso8601=WARN', 'requests.packages.urllib3.connectionpool=WARN', 'urllib3.connectionpool=WARN', 'websocket=WARN', 'requests.packages.urllib3.util.retry=WARN', 'urllib3.util.retry=WARN', 'keystonemiddleware=WARN', 'routes.middleware=WARN', 'stevedore=WARN', 'taskflow=WARN', 'keystoneauth=WARN', 'oslo.cache=INFO', 'oslo_policy=INFO', 'dogpile.core.dogpile=INFO'] {{(pid=99775) log_opt_values /opt/stack/data/venv/lib/python3.12/site-packages/oslo_config/cfg.py:3549}}
Aug 17 06:15:14.212049 np0000007454 devstack@g-api.service[99775]: DEBUG glance.common.config [None req-a10ff1ad-3386-4882-b8d6-d9580d25fbc3 None None] default_publisher_id = image.localhost {{(pid=99775) log_opt_values /opt/stack/data/venv/lib/python3.12/site-packages/oslo_config/cfg.py:3549}}
Aug 17 06:15:14.212187 np0000007454 devstack@g-api.service[99775]: DEBUG glance.common.config [None req-a10ff1ad-3386-4882-b8d6-d9580d25fbc3 None None] delayed_delete = False {{(pid=99775) log_opt_values /opt/stack/data/venv/lib/python3.12/site-packages/oslo_config/cfg.py:3549}}
Aug 17 06:15:14.212319 np0000007454 devstack@g-api.service[99775]: DEBUG glance.common.config [None req-a10ff1ad-3386-4882-b8d6-d9580d25fbc3 None None] digest_algorithm = sha256 {{(pid=99775) log_opt_values /opt/stack/data/venv/lib/python3.12/site-packages/oslo_config/cfg.py:3549}}
Aug 17 06:15:14.212467 np0000007454 devstack@g-api.service[99775]: DEBUG glance.common.config [None req-a10ff1ad-3386-4882-b8d6-d9580d25fbc3 None None] disabled_notifications = [] {{(pid=99775) log_opt_values /opt/stack/data/venv/lib/python3.12/site-packages/oslo_config/cfg.py:3549}}
Aug 17 06:15:14.212595 np0000007454 devstack@g-api.service[99775]: DEBUG glance.common.config [None req-a10ff1ad-3386-4882-b8d6-d9580d25fbc3 None None] do_secure_hash = True {{(pid=99775) log_opt_values /opt/stack/data/venv/lib/python3.12/site-packages/oslo_config/cfg.py:3549}}
Aug 17 06:15:14.212718 np0000007454 devstack@g-api.service[99775]: DEBUG glance.common.config [None req-a10ff1ad-3386-4882-b8d6-d9580d25fbc3 None None] enabled_backends = None {{(pid=99775) log_opt_values /opt/stack/data/venv/lib/python3.12/site-packages/oslo_config/cfg.py:3549}}
Aug 17 06:15:14.212870 np0000007454 devstack@g-api.service[99775]: DEBUG glance.common.config [None req-a10ff1ad-3386-4882-b8d6-d9580d25fbc3 None None] enabled_import_methods = ['glance-direct', 'web-download', 'copy-image'] {{(pid=99775) log_opt_values /opt/stack/data/venv/lib/python3.12/site-packages/oslo_config/cfg.py:3549}}
Aug 17 06:15:14.212998 np0000007454 devstack@g-api.service[99775]: DEBUG glance.common.config [None req-a10ff1ad-3386-4882-b8d6-d9580d25fbc3 None None] fatal_deprecations = False {{(pid=99775) log_opt_values /opt/stack/data/venv/lib/python3.12/site-packages/oslo_config/cfg.py:3549}}
Aug 17 06:15:14.213140 np0000007454 devstack@g-api.service[99775]: DEBUG glance.common.config [None req-a10ff1ad-3386-4882-b8d6-d9580d25fbc3 None None] hashing_algorithm = sha512 {{(pid=99775) log_opt_values /opt/stack/data/venv/lib/python3.12/site-packages/oslo_config/cfg.py:3549}}
Aug 17 06:15:14.213267 np0000007454 devstack@g-api.service[99775]: DEBUG glance.common.config [None req-a10ff1ad-3386-4882-b8d6-d9580d25fbc3 None None] http_retries = 3 {{(pid=99775) log_opt_values /opt/stack/data/venv/lib/python3.12/site-packages/oslo_config/cfg.py:3549}}
Aug 17 06:15:14.213420 np0000007454 devstack@g-api.service[99775]: DEBUG glance.common.config [None req-a10ff1ad-3386-4882-b8d6-d9580d25fbc3 None None] image_cache_dir = /opt/stack/data/glance/cache/ {{(pid=99775) log_opt_values /opt/stack/data/venv/lib/python3.12/site-packages/oslo_config/cfg.py:3549}}
Aug 17 06:15:14.213552 np0000007454 devstack@g-api.service[99775]: DEBUG glance.common.config [None req-a10ff1ad-3386-4882-b8d6-d9580d25fbc3 None None] image_cache_driver = centralized_db {{(pid=99775) log_opt_values /opt/stack/data/venv/lib/python3.12/site-packages/oslo_config/cfg.py:3549}}
Aug 17 06:15:14.213676 np0000007454 devstack@g-api.service[99775]: DEBUG glance.common.config [None req-a10ff1ad-3386-4882-b8d6-d9580d25fbc3 None None] image_cache_max_size = 10737418240 {{(pid=99775) log_opt_values /opt/stack/data/venv/lib/python3.12/site-packages/oslo_config/cfg.py:3549}}
Aug 17 06:15:14.213807 np0000007454 devstack@g-api.service[99775]: DEBUG glance.common.config [None req-a10ff1ad-3386-4882-b8d6-d9580d25fbc3 None None] image_cache_sqlite_db = cache.db {{(pid=99775) log_opt_values /opt/stack/data/venv/lib/python3.12/site-packages/oslo_config/cfg.py:3549}}
Aug 17 06:15:14.213934 np0000007454 devstack@g-api.service[99775]: DEBUG glance.common.config [None req-a10ff1ad-3386-4882-b8d6-d9580d25fbc3 None None] image_cache_stall_time = 86400 {{(pid=99775) log_opt_values /opt/stack/data/venv/lib/python3.12/site-packages/oslo_config/cfg.py:3549}}
Aug 17 06:15:14.214058 np0000007454 devstack@g-api.service[99775]: DEBUG glance.common.config [None req-a10ff1ad-3386-4882-b8d6-d9580d25fbc3 None None] image_location_quota = 10 {{(pid=99775) log_opt_values /opt/stack/data/venv/lib/python3.12/site-packages/oslo_config/cfg.py:3549}}
Aug 17 06:15:14.214197 np0000007454 devstack@g-api.service[99775]: DEBUG glance.common.config [None req-a10ff1ad-3386-4882-b8d6-d9580d25fbc3 None None] image_member_quota = 128 {{(pid=99775) log_opt_values /opt/stack/data/venv/lib/python3.12/site-packages/oslo_config/cfg.py:3549}}
Aug 17 06:15:14.214325 np0000007454 devstack@g-api.service[99775]: DEBUG glance.common.config [None req-a10ff1ad-3386-4882-b8d6-d9580d25fbc3 None None] image_property_quota = 128 {{(pid=99775) log_opt_values /opt/stack/data/venv/lib/python3.12/site-packages/oslo_config/cfg.py:3549}}
Aug 17 06:15:14.214475 np0000007454 devstack@g-api.service[99775]: DEBUG glance.common.config [None req-a10ff1ad-3386-4882-b8d6-d9580d25fbc3 None None] image_size_cap = 1099511627776 {{(pid=99775) log_opt_values /opt/stack/data/venv/lib/python3.12/site-packages/oslo_config/cfg.py:3549}}
Aug 17 06:15:14.214616 np0000007454 devstack@g-api.service[99775]: DEBUG glance.common.config [None req-a10ff1ad-3386-4882-b8d6-d9580d25fbc3 None None] image_tag_quota = 128 {{(pid=99775) log_opt_values /opt/stack/data/venv/lib/python3.12/site-packages/oslo_config/cfg.py:3549}}
Aug 17 06:15:14.214750 np0000007454 devstack@g-api.service[99775]: DEBUG glance.common.config [None req-a10ff1ad-3386-4882-b8d6-d9580d25fbc3 None None] instance_format = [instance: %(uuid)s] {{(pid=99775) log_opt_values /opt/stack/data/venv/lib/python3.12/site-packages/oslo_config/cfg.py:3549}}
Aug 17 06:15:14.214883 np0000007454 devstack@g-api.service[99775]: DEBUG glance.common.config [None req-a10ff1ad-3386-4882-b8d6-d9580d25fbc3 None None] instance_uuid_format = [instance: %(uuid)s] {{(pid=99775) log_opt_values /opt/stack/data/venv/lib/python3.12/site-packages/oslo_config/cfg.py:3549}}
Aug 17 06:15:14.215015 np0000007454 devstack@g-api.service[99775]: DEBUG glance.common.config [None req-a10ff1ad-3386-4882-b8d6-d9580d25fbc3 None None] limit_param_default = 25 {{(pid=99775) log_opt_values /opt/stack/data/venv/lib/python3.12/site-packages/oslo_config/cfg.py:3549}}
Aug 17 06:15:14.215166 np0000007454 devstack@g-api.service[99775]: DEBUG glance.common.config [None req-a10ff1ad-3386-4882-b8d6-d9580d25fbc3 None None] log_color = False {{(pid=99775) log_opt_values /opt/stack/data/venv/lib/python3.12/site-packages/oslo_config/cfg.py:3549}}
Aug 17 06:15:14.215304 np0000007454 devstack@g-api.service[99775]: DEBUG glance.common.config [None req-a10ff1ad-3386-4882-b8d6-d9580d25fbc3 None None] log_config_append = None {{(pid=99775) log_opt_values /opt/stack/data/venv/lib/python3.12/site-packages/oslo_config/cfg.py:3549}}
Aug 17 06:15:14.215455 np0000007454 devstack@g-api.service[99775]: DEBUG glance.common.config [None req-a10ff1ad-3386-4882-b8d6-d9580d25fbc3 None None] log_date_format = %Y-%m-%d %H:%M:%S {{(pid=99775) log_opt_values /opt/stack/data/venv/lib/python3.12/site-packages/oslo_config/cfg.py:3549}}
Aug 17 06:15:14.215561 np0000007454 devstack@g-api.service[99774]: INFO glance.api.middleware.cache_manage [None req-985e8ed0-e4b2-4df1-a8c4-72547a0d8fa0 None None] Initialized image cache management middleware
Aug 17 06:15:14.215603 np0000007454 devstack@g-api.service[99775]: DEBUG glance.common.config [None req-a10ff1ad-3386-4882-b8d6-d9580d25fbc3 None None] log_dir = None {{(pid=99775) log_opt_values /opt/stack/data/venv/lib/python3.12/site-packages/oslo_config/cfg.py:3549}}
Aug 17 06:15:14.215708 np0000007454 devstack@g-api.service[99775]: DEBUG glance.common.config [None req-a10ff1ad-3386-4882-b8d6-d9580d25fbc3 None None] log_file = None {{(pid=99775) log_opt_values /opt/stack/data/venv/lib/python3.12/site-packages/oslo_config/cfg.py:3549}}
Aug 17 06:15:14.215761 np0000007454 devstack@g-api.service[99774]: INFO glance.image_cache [None req-985e8ed0-e4b2-4df1-a8c4-72547a0d8fa0 None None] Image cache loaded driver 'centralized_db'.
Aug 17 06:15:14.215835 np0000007454 devstack@g-api.service[99775]: DEBUG glance.common.config [None req-a10ff1ad-3386-4882-b8d6-d9580d25fbc3 None None] log_rotate_interval = 1 {{(pid=99775) log_opt_values /opt/stack/data/venv/lib/python3.12/site-packages/oslo_config/cfg.py:3549}}
Aug 17 06:15:14.215970 np0000007454 devstack@g-api.service[99775]: DEBUG glance.common.config [None req-a10ff1ad-3386-4882-b8d6-d9580d25fbc3 None None] log_rotate_interval_type = days {{(pid=99775) log_opt_values /opt/stack/data/venv/lib/python3.12/site-packages/oslo_config/cfg.py:3549}}
Aug 17 06:15:14.216098 np0000007454 devstack@g-api.service[99775]: DEBUG glance.common.config [None req-a10ff1ad-3386-4882-b8d6-d9580d25fbc3 None None] log_rotation_type = none {{(pid=99775) log_opt_values /opt/stack/data/venv/lib/python3.12/site-packages/oslo_config/cfg.py:3549}}
Aug 17 06:15:14.216212 np0000007454 devstack@g-api.service[99775]: DEBUG glance.common.config [None req-a10ff1ad-3386-4882-b8d6-d9580d25fbc3 None None] logging_context_format_string = %(color)s%(levelname)s %(name)s [%(global_request_id)s %(request_id)s %(project_name)s %(user_name)s%(color)s] %(instance)s%(color)s%(message)s {{(pid=99775) log_opt_values /opt/stack/data/venv/lib/python3.12/site-packages/oslo_config/cfg.py:3549}}
Aug 17 06:15:14.216311 np0000007454 devstack@g-api.service[99775]: DEBUG glance.common.config [None req-a10ff1ad-3386-4882-b8d6-d9580d25fbc3 None None] logging_debug_format_suffix = {{(pid=%(process)d) %(funcName)s %(pathname)s:%(lineno)d}} {{(pid=99775) log_opt_values /opt/stack/data/venv/lib/python3.12/site-packages/oslo_config/cfg.py:3549}}
Aug 17 06:15:14.216462 np0000007454 devstack@g-api.service[99775]: DEBUG glance.common.config [None req-a10ff1ad-3386-4882-b8d6-d9580d25fbc3 None None] logging_default_format_string = %(color)s%(levelname)s %(name)s [-%(color)s] %(instance)s%(color)s%(message)s {{(pid=99775) log_opt_values /opt/stack/data/venv/lib/python3.12/site-packages/oslo_config/cfg.py:3549}}
Aug 17 06:15:14.216599 np0000007454 devstack@g-api.service[99775]: DEBUG glance.common.config [None req-a10ff1ad-3386-4882-b8d6-d9580d25fbc3 None None] logging_exception_prefix = ERROR %(name)s %(instance)s {{(pid=99775) log_opt_values /opt/stack/data/venv/lib/python3.12/site-packages/oslo_config/cfg.py:3549}}
Aug 17 06:15:14.216701 np0000007454 devstack@g-api.service[99775]: DEBUG glance.common.config [None req-a10ff1ad-3386-4882-b8d6-d9580d25fbc3 None None] logging_user_identity_format = %(user)s %(project)s %(domain)s %(system_scope)s %(user_domain)s %(project_domain)s {{(pid=99775) log_opt_values /opt/stack/data/venv/lib/python3.12/site-packages/oslo_config/cfg.py:3549}}
Aug 17 06:15:14.216830 np0000007454 devstack@g-api.service[99775]: DEBUG glance.common.config [None req-a10ff1ad-3386-4882-b8d6-d9580d25fbc3 None None] max_logfile_count = 30 {{(pid=99775) log_opt_values /opt/stack/data/venv/lib/python3.12/site-packages/oslo_config/cfg.py:3549}}
Aug 17 06:15:14.216962 np0000007454 devstack@g-api.service[99775]: DEBUG glance.common.config [None req-a10ff1ad-3386-4882-b8d6-d9580d25fbc3 None None] max_logfile_size_mb = 200 {{(pid=99775) log_opt_values /opt/stack/data/venv/lib/python3.12/site-packages/oslo_config/cfg.py:3549}}
Aug 17 06:15:14.217094 np0000007454 devstack@g-api.service[99775]: DEBUG glance.common.config [None req-a10ff1ad-3386-4882-b8d6-d9580d25fbc3 None None] max_request_id_length = 64 {{(pid=99775) log_opt_values /opt/stack/data/venv/lib/python3.12/site-packages/oslo_config/cfg.py:3549}}
Aug 17 06:15:14.217236 np0000007454 devstack@g-api.service[99775]: DEBUG glance.common.config [None req-a10ff1ad-3386-4882-b8d6-d9580d25fbc3 None None] metadata_encryption_key = **** {{(pid=99775) log_opt_values /opt/stack/data/venv/lib/python3.12/site-packages/oslo_config/cfg.py:3549}}
Aug 17 06:15:14.217372 np0000007454 devstack@g-api.service[99775]: DEBUG glance.common.config [None req-a10ff1ad-3386-4882-b8d6-d9580d25fbc3 None None] node_staging_uri = file:///tmp/staging/ {{(pid=99775) log_opt_values /opt/stack/data/venv/lib/python3.12/site-packages/oslo_config/cfg.py:3549}}
Aug 17 06:15:14.217523 np0000007454 devstack@g-api.service[99775]: DEBUG glance.common.config [None req-a10ff1ad-3386-4882-b8d6-d9580d25fbc3 None None] property_protection_file = None {{(pid=99775) log_opt_values /opt/stack/data/venv/lib/python3.12/site-packages/oslo_config/cfg.py:3549}}
Aug 17 06:15:14.217650 np0000007454 devstack@g-api.service[99775]: DEBUG glance.common.config [None req-a10ff1ad-3386-4882-b8d6-d9580d25fbc3 None None] property_protection_rule_format = roles {{(pid=99775) log_opt_values /opt/stack/data/venv/lib/python3.12/site-packages/oslo_config/cfg.py:3549}}
Aug 17 06:15:14.217780 np0000007454 devstack@g-api.service[99775]: DEBUG glance.common.config [None req-a10ff1ad-3386-4882-b8d6-d9580d25fbc3 None None] public_endpoint = https://10.4.3.62/image {{(pid=99775) log_opt_values /opt/stack/data/venv/lib/python3.12/site-packages/oslo_config/cfg.py:3549}}
Aug 17 06:15:14.217904 np0000007454 devstack@g-api.service[99775]: DEBUG glance.common.config [None req-a10ff1ad-3386-4882-b8d6-d9580d25fbc3 None None] publish_errors = False {{(pid=99775) log_opt_values /opt/stack/data/venv/lib/python3.12/site-packages/oslo_config/cfg.py:3549}}
Aug 17 06:15:14.218040 np0000007454 devstack@g-api.service[99775]: DEBUG glance.common.config [None req-a10ff1ad-3386-4882-b8d6-d9580d25fbc3 None None] pydev_worker_debug_host = None {{(pid=99775) log_opt_values /opt/stack/data/venv/lib/python3.12/site-packages/oslo_config/cfg.py:3549}}
Aug 17 06:15:14.218197 np0000007454 devstack@g-api.service[99775]: DEBUG glance.common.config [None req-a10ff1ad-3386-4882-b8d6-d9580d25fbc3 None None] pydev_worker_debug_port = 5678 {{(pid=99775) log_opt_values /opt/stack/data/venv/lib/python3.12/site-packages/oslo_config/cfg.py:3549}}
Aug 17 06:15:14.218342 np0000007454 devstack@g-api.service[99775]: DEBUG glance.common.config [None req-a10ff1ad-3386-4882-b8d6-d9580d25fbc3 None None] rate_limit_burst = 0 {{(pid=99775) log_opt_values /opt/stack/data/venv/lib/python3.12/site-packages/oslo_config/cfg.py:3549}}
Aug 17 06:15:14.218509 np0000007454 devstack@g-api.service[99775]: DEBUG glance.common.config [None req-a10ff1ad-3386-4882-b8d6-d9580d25fbc3 None None] rate_limit_except_level = CRITICAL {{(pid=99775) log_opt_values /opt/stack/data/venv/lib/python3.12/site-packages/oslo_config/cfg.py:3549}}
Aug 17 06:15:14.218644 np0000007454 devstack@g-api.service[99775]: DEBUG glance.common.config [None req-a10ff1ad-3386-4882-b8d6-d9580d25fbc3 None None] rate_limit_interval = 0 {{(pid=99775) log_opt_values /opt/stack/data/venv/lib/python3.12/site-packages/oslo_config/cfg.py:3549}}
Aug 17 06:15:14.218767 np0000007454 devstack@g-api.service[99775]: DEBUG glance.common.config [None req-a10ff1ad-3386-4882-b8d6-d9580d25fbc3 None None] scrub_pool_size = 1 {{(pid=99775) log_opt_values /opt/stack/data/venv/lib/python3.12/site-packages/oslo_config/cfg.py:3549}}
Aug 17 06:15:14.218891 np0000007454 devstack@g-api.service[99775]: DEBUG glance.common.config [None req-a10ff1ad-3386-4882-b8d6-d9580d25fbc3 None None] scrub_time = 0 {{(pid=99775) log_opt_values /opt/stack/data/venv/lib/python3.12/site-packages/oslo_config/cfg.py:3549}}
Aug 17 06:15:14.219027 np0000007454 devstack@g-api.service[99775]: DEBUG glance.common.config [None req-a10ff1ad-3386-4882-b8d6-d9580d25fbc3 None None] shell_completion = None {{(pid=99775) log_opt_values /opt/stack/data/venv/lib/python3.12/site-packages/oslo_config/cfg.py:3549}}
Aug 17 06:15:14.219184 np0000007454 devstack@g-api.service[99775]: DEBUG glance.common.config [None req-a10ff1ad-3386-4882-b8d6-d9580d25fbc3 None None] show_image_direct_url = False {{(pid=99775) log_opt_values /opt/stack/data/venv/lib/python3.12/site-packages/oslo_config/cfg.py:3549}}
Aug 17 06:15:14.219490 np0000007454 devstack@g-api.service[99775]: WARNING oslo_config.cfg [None req-a10ff1ad-3386-4882-b8d6-d9580d25fbc3 None None] Deprecated: Option "show_multiple_locations" from group "DEFAULT" is deprecated for removal (Use of this option, deprecated since Newton, is a security risk and will be removed once we figure out a way to satisfy those use cases that currently require it. An earlier announcement that the same functionality can be achieved with greater granularity by using policies is incorrect. You cannot work around this option via policy configuration at the present time, though that is the direction we believe the fix will take. Please keep an eye on the Glance release notes to stay up to date on progress in addressing this issue.). Its value may be silently ignored in the future.
Aug 17 06:15:14.219631 np0000007454 devstack@g-api.service[99775]: DEBUG glance.common.config [None req-a10ff1ad-3386-4882-b8d6-d9580d25fbc3 None None] show_multiple_locations = False {{(pid=99775) log_opt_values /opt/stack/data/venv/lib/python3.12/site-packages/oslo_config/cfg.py:3549}}
Aug 17 06:15:14.219767 np0000007454 devstack@g-api.service[99775]: DEBUG glance.common.config [None req-a10ff1ad-3386-4882-b8d6-d9580d25fbc3 None None] syslog_log_facility = LOG_USER {{(pid=99775) log_opt_values /opt/stack/data/venv/lib/python3.12/site-packages/oslo_config/cfg.py:3549}}
Aug 17 06:15:14.219904 np0000007454 devstack@g-api.service[99775]: DEBUG glance.common.config [None req-a10ff1ad-3386-4882-b8d6-d9580d25fbc3 None None] transport_url = **** {{(pid=99775) log_opt_values /opt/stack/data/venv/lib/python3.12/site-packages/oslo_config/cfg.py:3549}}
Aug 17 06:15:14.220040 np0000007454 devstack@g-api.service[99775]: DEBUG glance.common.config [None req-a10ff1ad-3386-4882-b8d6-d9580d25fbc3 None None] use_journal = False {{(pid=99775) log_opt_values /opt/stack/data/venv/lib/python3.12/site-packages/oslo_config/cfg.py:3549}}
Aug 17 06:15:14.220176 np0000007454 devstack@g-api.service[99775]: DEBUG glance.common.config [None req-a10ff1ad-3386-4882-b8d6-d9580d25fbc3 None None] use_json = False {{(pid=99775) log_opt_values /opt/stack/data/venv/lib/python3.12/site-packages/oslo_config/cfg.py:3549}}
Aug 17 06:15:14.220311 np0000007454 devstack@g-api.service[99775]: DEBUG glance.common.config [None req-a10ff1ad-3386-4882-b8d6-d9580d25fbc3 None None] use_keystone_limits = True {{(pid=99775) log_opt_values /opt/stack/data/venv/lib/python3.12/site-packages/oslo_config/cfg.py:3549}}
Aug 17 06:15:14.220459 np0000007454 devstack@g-api.service[99775]: DEBUG glance.common.config [None req-a10ff1ad-3386-4882-b8d6-d9580d25fbc3 None None] use_stderr = False {{(pid=99775) log_opt_values /opt/stack/data/venv/lib/python3.12/site-packages/oslo_config/cfg.py:3549}}
Aug 17 06:15:14.220589 np0000007454 devstack@g-api.service[99775]: DEBUG glance.common.config [None req-a10ff1ad-3386-4882-b8d6-d9580d25fbc3 None None] use_syslog = False {{(pid=99775) log_opt_values /opt/stack/data/venv/lib/python3.12/site-packages/oslo_config/cfg.py:3549}}
Aug 17 06:15:14.220724 np0000007454 devstack@g-api.service[99775]: DEBUG glance.common.config [None req-a10ff1ad-3386-4882-b8d6-d9580d25fbc3 None None] user_storage_quota = 0 {{(pid=99775) log_opt_values /opt/stack/data/venv/lib/python3.12/site-packages/oslo_config/cfg.py:3549}}
Aug 17 06:15:14.220867 np0000007454 devstack@g-api.service[99775]: DEBUG glance.common.config [None req-a10ff1ad-3386-4882-b8d6-d9580d25fbc3 None None] worker_self_reference_url = http://127.0.0.1:60999 {{(pid=99775) log_opt_values /opt/stack/data/venv/lib/python3.12/site-packages/oslo_config/cfg.py:3549}}
Aug 17 06:15:14.221018 np0000007454 devstack@g-api.service[99775]: DEBUG glance.common.config [None req-a10ff1ad-3386-4882-b8d6-d9580d25fbc3 None None] oslo_concurrency.disable_process_locking = False {{(pid=99775) log_opt_values /opt/stack/data/venv/lib/python3.12/site-packages/oslo_config/cfg.py:3560}}
Aug 17 06:15:14.221175 np0000007454 devstack@g-api.service[99775]: DEBUG glance.common.config [None req-a10ff1ad-3386-4882-b8d6-d9580d25fbc3 None None] oslo_concurrency.lock_path = /opt/stack/data/glance/locks {{(pid=99775) log_opt_values /opt/stack/data/venv/lib/python3.12/site-packages/oslo_config/cfg.py:3560}}
Aug 17 06:15:14.221321 np0000007454 devstack@g-api.service[99775]: DEBUG glance.common.config [None req-a10ff1ad-3386-4882-b8d6-d9580d25fbc3 None None] oslo_middleware.enable_proxy_headers_parsing = False {{(pid=99775) log_opt_values /opt/stack/data/venv/lib/python3.12/site-packages/oslo_config/cfg.py:3560}}
Aug 17 06:15:14.221490 np0000007454 devstack@g-api.service[99775]: DEBUG glance.common.config [None req-a10ff1ad-3386-4882-b8d6-d9580d25fbc3 None None] oslo_middleware.http_basic_auth_user_file = /etc/htpasswd {{(pid=99775) log_opt_values /opt/stack/data/venv/lib/python3.12/site-packages/oslo_config/cfg.py:3560}}
Aug 17 06:15:14.221629 np0000007454 devstack@g-api.service[99775]: DEBUG glance.common.config [None req-a10ff1ad-3386-4882-b8d6-d9580d25fbc3 None None] paste_deploy.config_file = None {{(pid=99775) log_opt_values /opt/stack/data/venv/lib/python3.12/site-packages/oslo_config/cfg.py:3560}}
Aug 17 06:15:14.221764 np0000007454 devstack@g-api.service[99775]: DEBUG glance.common.config [None req-a10ff1ad-3386-4882-b8d6-d9580d25fbc3 None None] paste_deploy.flavor = keystone+cachemanagement {{(pid=99775) log_opt_values /opt/stack/data/venv/lib/python3.12/site-packages/oslo_config/cfg.py:3560}}
Aug 17 06:15:14.221958 np0000007454 devstack@g-api.service[99775]: DEBUG glance.common.config [None req-a10ff1ad-3386-4882-b8d6-d9580d25fbc3 None None] image_format.container_formats = ['ami', 'ari', 'aki', 'bare', 'ovf', 'ova', 'docker', 'compressed'] {{(pid=99775) log_opt_values /opt/stack/data/venv/lib/python3.12/site-packages/oslo_config/cfg.py:3560}}
Aug 17 06:15:14.222175 np0000007454 devstack@g-api.service[99775]: DEBUG glance.common.config [None req-a10ff1ad-3386-4882-b8d6-d9580d25fbc3 None None] image_format.disk_formats = ['ami', 'ari', 'aki', 'vhd', 'vhdx', 'vmdk', 'raw', 'qcow2', 'vdi', 'iso', 'ploop'] {{(pid=99775) log_opt_values /opt/stack/data/venv/lib/python3.12/site-packages/oslo_config/cfg.py:3560}}
Aug 17 06:15:14.222316 np0000007454 devstack@g-api.service[99775]: DEBUG glance.common.config [None req-a10ff1ad-3386-4882-b8d6-d9580d25fbc3 None None] image_format.gpt_safety_checks_nonfatal = [] {{(pid=99775) log_opt_values /opt/stack/data/venv/lib/python3.12/site-packages/oslo_config/cfg.py:3560}}
Aug 17 06:15:14.222475 np0000007454 devstack@g-api.service[99775]: DEBUG glance.common.config [None req-a10ff1ad-3386-4882-b8d6-d9580d25fbc3 None None] image_format.require_image_format_match = True {{(pid=99775) log_opt_values /opt/stack/data/venv/lib/python3.12/site-packages/oslo_config/cfg.py:3560}}
Aug 17 06:15:14.222617 np0000007454 devstack@g-api.service[99775]: DEBUG glance.common.config [None req-a10ff1ad-3386-4882-b8d6-d9580d25fbc3 None None] image_format.vmdk_allowed_types = ['streamOptimized', 'monolithicSparse'] {{(pid=99775) log_opt_values /opt/stack/data/venv/lib/python3.12/site-packages/oslo_config/cfg.py:3560}}
Aug 17 06:15:14.222762 np0000007454 devstack@g-api.service[99775]: DEBUG glance.common.config [None req-a10ff1ad-3386-4882-b8d6-d9580d25fbc3 None None] task.task_executor = taskflow {{(pid=99775) log_opt_values /opt/stack/data/venv/lib/python3.12/site-packages/oslo_config/cfg.py:3560}}
Aug 17 06:15:14.222895 np0000007454 devstack@g-api.service[99775]: DEBUG glance.common.config [None req-a10ff1ad-3386-4882-b8d6-d9580d25fbc3 None None] task.task_time_to_live = 48 {{(pid=99775) log_opt_values /opt/stack/data/venv/lib/python3.12/site-packages/oslo_config/cfg.py:3560}}
Aug 17 06:15:14.223022 np0000007454 devstack@g-api.service[99775]: DEBUG glance.common.config [None req-a10ff1ad-3386-4882-b8d6-d9580d25fbc3 None None] task.work_dir = None {{(pid=99775) log_opt_values /opt/stack/data/venv/lib/python3.12/site-packages/oslo_config/cfg.py:3560}}
Aug 17 06:15:14.223178 np0000007454 devstack@g-api.service[99775]: DEBUG glance.common.config [None req-a10ff1ad-3386-4882-b8d6-d9580d25fbc3 None None] wsgi.python_interpreter = /opt/stack/data/venv/bin/python3 {{(pid=99775) log_opt_values /opt/stack/data/venv/lib/python3.12/site-packages/oslo_config/cfg.py:3560}}
Aug 17 06:15:14.223314 np0000007454 devstack@g-api.service[99775]: DEBUG glance.common.config [None req-a10ff1ad-3386-4882-b8d6-d9580d25fbc3 None None] wsgi.task_pool_threads = 16 {{(pid=99775) log_opt_values /opt/stack/data/venv/lib/python3.12/site-packages/oslo_config/cfg.py:3560}}
Aug 17 06:15:14.223499 np0000007454 devstack@g-api.service[99775]: DEBUG glance.common.config [None req-a10ff1ad-3386-4882-b8d6-d9580d25fbc3 None None] import_filtering_opts.allowed_hosts = [] {{(pid=99775) log_opt_values /opt/stack/data/venv/lib/python3.12/site-packages/oslo_config/cfg.py:3560}}
Aug 17 06:15:14.223714 np0000007454 devstack@g-api.service[99775]: DEBUG glance.common.config [None req-a10ff1ad-3386-4882-b8d6-d9580d25fbc3 None None] import_filtering_opts.allowed_ports = [80, 443] {{(pid=99775) log_opt_values /opt/stack/data/venv/lib/python3.12/site-packages/oslo_config/cfg.py:3560}}
Aug 17 06:15:14.223792 np0000007454 devstack@g-api.service[99775]: DEBUG glance.common.config [None req-a10ff1ad-3386-4882-b8d6-d9580d25fbc3 None None] import_filtering_opts.allowed_schemes = ['http', 'https'] {{(pid=99775) log_opt_values /opt/stack/data/venv/lib/python3.12/site-packages/oslo_config/cfg.py:3560}}
Aug 17 06:15:14.223934 np0000007454 devstack@g-api.service[99775]: DEBUG glance.common.config [None req-a10ff1ad-3386-4882-b8d6-d9580d25fbc3 None None] import_filtering_opts.disallowed_hosts = [] {{(pid=99775) log_opt_values /opt/stack/data/venv/lib/python3.12/site-packages/oslo_config/cfg.py:3560}}
Aug 17 06:15:14.224078 np0000007454 devstack@g-api.service[99775]: DEBUG glance.common.config [None req-a10ff1ad-3386-4882-b8d6-d9580d25fbc3 None None] import_filtering_opts.disallowed_ports = [] {{(pid=99775) log_opt_values /opt/stack/data/venv/lib/python3.12/site-packages/oslo_config/cfg.py:3560}}
Aug 17 06:15:14.224234 np0000007454 devstack@g-api.service[99775]: DEBUG glance.common.config [None req-a10ff1ad-3386-4882-b8d6-d9580d25fbc3 None None] import_filtering_opts.disallowed_schemes = [] {{(pid=99775) log_opt_values /opt/stack/data/venv/lib/python3.12/site-packages/oslo_config/cfg.py:3560}}
Aug 17 06:15:14.224405 np0000007454 devstack@g-api.service[99775]: DEBUG glance.common.config [None req-a10ff1ad-3386-4882-b8d6-d9580d25fbc3 None None] oslo_messaging_metrics.metrics_buffer_size = 1000 {{(pid=99775) log_opt_values /opt/stack/data/venv/lib/python3.12/site-packages/oslo_config/cfg.py:3560}}
Aug 17 06:15:14.224540 np0000007454 devstack@g-api.service[99775]: DEBUG glance.common.config [None req-a10ff1ad-3386-4882-b8d6-d9580d25fbc3 None None] oslo_messaging_metrics.metrics_enabled = False {{(pid=99775) log_opt_values /opt/stack/data/venv/lib/python3.12/site-packages/oslo_config/cfg.py:3560}}
