Aug 17 06:21:57.841925 np0000007454 devstack@g-api.service[99775]: DEBUG glance.api.middleware.version_negotiation [None req-060710b5-f058-44a1-b556-287b94999bdd tempest-ServerBootFromVolumeStableRescueTest-1577854257 tempest-ServerBootFromVolumeStableRescueTest-1577854257-project-member] new path /v2/images/9f657956-bf29-4abf-8396-e6676c3af6d4 {{(pid=99775) process_request /opt/stack/glance/glance/api/middleware/version_negotiation.py:70}}
Aug 17 06:21:57.843752 np0000007454 devstack@g-api.service[99774]: DEBUG glance.api.middleware.version_negotiation [None req-060710b5-f058-44a1-b556-287b94999bdd tempest-ServerBootFromVolumeStableRescueTest-1577854257 tempest-ServerBootFromVolumeStableRescueTest-1577854257-project-member] Determining version of request: GET /versions Accept: */* {{(pid=99774) process_request /opt/stack/glance/glance/api/middleware/version_negotiation.py:44}}
Aug 17 06:21:57.845339 np0000007454 devstack@g-api.service[99774]: [pid: 99774|app: 0|req: 111/354] 127.0.0.1 () {44 vars in 1035 bytes} [Mon Aug 17 06:21:57 2026] GET /versions => generated 1501 bytes in 2 msecs (HTTP/1.1 200) 3 headers in 92 bytes (1 switches on core 0)
Aug 17 06:21:57.856793 np0000007454 devstack@g-api.service[99773]: DEBUG glance.api.middleware.version_negotiation [None req-de2633c9-c2b8-476f-a7aa-54a37b4bb254 tempest-ServerBootFromVolumeStableRescueTest-1577854257 tempest-ServerBootFromVolumeStableRescueTest-1577854257-project-member] Determining version of request: GET /v2/images/cef080e2-cf41-4aa7-bf4e-cba9485d5373/locations Accept: */* {{(pid=99773) process_request /opt/stack/glance/glance/api/middleware/version_negotiation.py:44}}
Aug 17 06:21:57.857531 np0000007454 devstack@g-api.service[99773]: DEBUG glance.api.middleware.version_negotiation [None req-de2633c9-c2b8-476f-a7aa-54a37b4bb254 tempest-ServerBootFromVolumeStableRescueTest-1577854257 tempest-ServerBootFromVolumeStableRescueTest-1577854257-project-member] Using url versioning {{(pid=99773) process_request /opt/stack/glance/glance/api/middleware/version_negotiation.py:57}}
Aug 17 06:21:57.857531 np0000007454 devstack@g-api.service[99773]: DEBUG glance.api.middleware.version_negotiation [None req-de2633c9-c2b8-476f-a7aa-54a37b4bb254 tempest-ServerBootFromVolumeStableRescueTest-1577854257 tempest-ServerBootFromVolumeStableRescueTest-1577854257-project-member] Matched version: v2 {{(pid=99773) process_request /opt/stack/glance/glance/api/middleware/version_negotiation.py:69}}
Aug 17 06:21:57.857531 np0000007454 devstack@g-api.service[99773]: DEBUG glance.api.middleware.version_negotiation [None req-de2633c9-c2b8-476f-a7aa-54a37b4bb254 tempest-ServerBootFromVolumeStableRescueTest-1577854257 tempest-ServerBootFromVolumeStableRescueTest-1577854257-project-member] new path /v2/images/cef080e2-cf41-4aa7-bf4e-cba9485d5373/locations {{(pid=99773) process_request /opt/stack/glance/glance/api/middleware/version_negotiation.py:70}}
Aug 17 06:21:57.875576 np0000007454 devstack@g-api.service[99775]: [pid: 99775|app: 0|req: 125/355] 127.0.0.1 () {44 vars in 1111 bytes} [Mon Aug 17 06:21:57 2026] GET /v2/images/9f657956-bf29-4abf-8396-e6676c3af6d4 => generated 1471 bytes in 39 msecs (HTTP/1.1 200) 4 headers in 158 bytes (1 switches on core 0)
Aug 17 06:21:57.934795 np0000007454 devstack@g-api.service[99773]: [pid: 99773|app: 0|req: 120/356] 127.0.0.1 () {44 vars in 1131 bytes} [Mon Aug 17 06:21:57 2026] GET /v2/images/cef080e2-cf41-4aa7-bf4e-cba9485d5373/locations => generated 92 bytes in 78 msecs (HTTP/1.1 200) 4 headers in 156 bytes (1 switches on core 0)
Aug 17 06:21:57.946998 np0000007454 devstack@g-api.service[99774]: DEBUG glance.api.middleware.version_negotiation [None req-060710b5-f058-44a1-b556-287b94999bdd tempest-ServerBootFromVolumeStableRescueTest-1577854257 tempest-ServerBootFromVolumeStableRescueTest-1577854257-project-member] Determining version of request: GET /v2/images/cef080e2-cf41-4aa7-bf4e-cba9485d5373 Accept: */* {{(pid=99774) process_request /opt/stack/glance/glance/api/middleware/version_negotiation.py:44}}
Aug 17 06:21:57.947755 np0000007454 devstack@g-api.service[99774]: DEBUG glance.api.middleware.version_negotiation [None req-060710b5-f058-44a1-b556-287b94999bdd tempest-ServerBootFromVolumeStableRescueTest-1577854257 tempest-ServerBootFromVolumeStableRescueTest-1577854257-project-member] Using url versioning {{(pid=99774) process_request /opt/stack/glance/glance/api/middleware/version_negotiation.py:57}}
Aug 17 06:21:57.947755 np0000007454 devstack@g-api.service[99774]: DEBUG glance.api.middleware.version_negotiation [None req-060710b5-f058-44a1-b556-287b94999bdd tempest-ServerBootFromVolumeStableRescueTest-1577854257 tempest-ServerBootFromVolumeStableRescueTest-1577854257-project-member] Matched version: v2 {{(pid=99774) process_request /opt/stack/glance/glance/api/middleware/version_negotiation.py:69}}
Aug 17 06:21:57.947755 np0000007454 devstack@g-api.service[99774]: DEBUG glance.api.middleware.version_negotiation [None req-060710b5-f058-44a1-b556-287b94999bdd tempest-ServerBootFromVolumeStableRescueTest-1577854257 tempest-ServerBootFromVolumeStableRescueTest-1577854257-project-member] new path /v2/images/cef080e2-cf41-4aa7-bf4e-cba9485d5373 {{(pid=99774) process_request /opt/stack/glance/glance/api/middleware/version_negotiation.py:70}}
Aug 17 06:21:57.958241 np0000007454 devstack@g-api.service[99775]: DEBUG glance.api.middleware.version_negotiation [None req-060710b5-f058-44a1-b556-287b94999bdd tempest-ServerBootFromVolumeStableRescueTest-1577854257 tempest-ServerBootFromVolumeStableRescueTest-1577854257-project-member] Determining version of request: PUT /v2/images/9f657956-bf29-4abf-8396-e6676c3af6d4/file Accept: */* {{(pid=99775) process_request /opt/stack/glance/glance/api/middleware/version_negotiation.py:44}}
Aug 17 06:21:57.958241 np0000007454 devstack@g-api.service[99775]: DEBUG glance.api.middleware.version_negotiation [None req-060710b5-f058-44a1-b556-287b94999bdd tempest-ServerBootFromVolumeStableRescueTest-1577854257 tempest-ServerBootFromVolumeStableRescueTest-1577854257-project-member] Using url versioning {{(pid=99775) process_request /opt/stack/glance/glance/api/middleware/version_negotiation.py:57}}
Aug 17 06:21:57.958429 np0000007454 devstack@g-api.service[99775]: DEBUG glance.api.middleware.version_negotiation [None req-060710b5-f058-44a1-b556-287b94999bdd tempest-ServerBootFromVolumeStableRescueTest-1577854257 tempest-ServerBootFromVolumeStableRescueTest-1577854257-project-member] Matched version: v2 {{(pid=99775) process_request /opt/stack/glance/glance/api/middleware/version_negotiation.py:69}}
Aug 17 06:21:57.958429 np0000007454 devstack@g-api.service[99775]: DEBUG glance.api.middleware.version_negotiation [None req-060710b5-f058-44a1-b556-287b94999bdd tempest-ServerBootFromVolumeStableRescueTest-1577854257 tempest-ServerBootFromVolumeStableRescueTest-1577854257-project-member] new path /v2/images/9f657956-bf29-4abf-8396-e6676c3af6d4/file {{(pid=99775) process_request /opt/stack/glance/glance/api/middleware/version_negotiation.py:70}}
Aug 17 06:21:57.979768 np0000007454 devstack@g-api.service[99774]: [pid: 99774|app: 0|req: 112/357] 127.0.0.1 () {44 vars in 1111 bytes} [Mon Aug 17 06:21:57 2026] GET /v2/images/cef080e2-cf41-4aa7-bf4e-cba9485d5373 => generated 1044 bytes in 33 msecs (HTTP/1.1 200) 4 headers in 158 bytes (1 switches on core 0)
Aug 17 06:21:57.992292 np0000007454 devstack@g-api.service[99773]: DEBUG glance.api.middleware.version_negotiation [None req-7bf2ca89-ef22-41f4-8fcc-e19f560841f9 service glance] Determining version of request: GET /v2/schemas/image Accept: */* {{(pid=99773) process_request /opt/stack/glance/glance/api/middleware/version_negotiation.py:44}}
Aug 17 06:21:57.992292 np0000007454 devstack@g-api.service[99773]: DEBUG glance.api.middleware.version_negotiation [None req-7bf2ca89-ef22-41f4-8fcc-e19f560841f9 service glance] Using url versioning {{(pid=99773) process_request /opt/stack/glance/glance/api/middleware/version_negotiation.py:57}}
Aug 17 06:21:57.992292 np0000007454 devstack@g-api.service[99773]: DEBUG glance.api.middleware.version_negotiation [None req-7bf2ca89-ef22-41f4-8fcc-e19f560841f9 service glance] Matched version: v2 {{(pid=99773) process_request /opt/stack/glance/glance/api/middleware/version_negotiation.py:69}}
Aug 17 06:21:57.992292 np0000007454 devstack@g-api.service[99773]: DEBUG glance.api.middleware.version_negotiation [None req-7bf2ca89-ef22-41f4-8fcc-e19f560841f9 service glance] new path /v2/schemas/image {{(pid=99773) process_request /opt/stack/glance/glance/api/middleware/version_negotiation.py:70}}
Aug 17 06:21:57.999017 np0000007454 devstack@g-api.service[99773]: [pid: 99773|app: 0|req: 121/358] 127.0.0.1 () {44 vars in 1051 bytes} [Mon Aug 17 06:21:57 2026] GET /v2/schemas/image => generated 6083 bytes in 6 msecs (HTTP/1.1 200) 4 headers in 158 bytes (1 switches on core 0)
Aug 17 06:21:58.013619 np0000007454 devstack@g-api.service[99774]: DEBUG glance.api.middleware.version_negotiation [None req-7bf2ca89-ef22-41f4-8fcc-e19f560841f9 tempest-TestVolumeBootPattern-520265373 tempest-TestVolumeBootPattern-520265373-project-member] Determining version of request: GET /v2/schemas/image Accept: */* {{(pid=99774) process_request /opt/stack/glance/glance/api/middleware/version_negotiation.py:44}}
Aug 17 06:21:58.013619 np0000007454 devstack@g-api.service[99774]: DEBUG glance.api.middleware.version_negotiation [None req-7bf2ca89-ef22-41f4-8fcc-e19f560841f9 tempest-TestVolumeBootPattern-520265373 tempest-TestVolumeBootPattern-520265373-project-member] Using url versioning {{(pid=99774) process_request /opt/stack/glance/glance/api/middleware/version_negotiation.py:57}}
Aug 17 06:21:58.013619 np0000007454 devstack@g-api.service[99774]: DEBUG glance.api.middleware.version_negotiation [None req-7bf2ca89-ef22-41f4-8fcc-e19f560841f9 tempest-TestVolumeBootPattern-520265373 tempest-TestVolumeBootPattern-520265373-project-member] Matched version: v2 {{(pid=99774) process_request /opt/stack/glance/glance/api/middleware/version_negotiation.py:69}}
Aug 17 06:21:58.013619 np0000007454 devstack@g-api.service[99774]: DEBUG glance.api.middleware.version_negotiation [None req-7bf2ca89-ef22-41f4-8fcc-e19f560841f9 tempest-TestVolumeBootPattern-520265373 tempest-TestVolumeBootPattern-520265373-project-member] new path /v2/schemas/image {{(pid=99774) process_request /opt/stack/glance/glance/api/middleware/version_negotiation.py:70}}
Aug 17 06:21:58.016641 np0000007454 devstack@g-api.service[99774]: [pid: 99774|app: 0|req: 113/359] 127.0.0.1 () {44 vars in 1051 bytes} [Mon Aug 17 06:21:58 2026] GET /v2/schemas/image => generated 6083 bytes in 4 msecs (HTTP/1.1 200) 4 headers in 158 bytes (1 switches on core 0)
Aug 17 06:21:58.805841 np0000007454 devstack@g-api.service[99773]: DEBUG glance.api.middleware.version_negotiation [None req-7bf2ca89-ef22-41f4-8fcc-e19f560841f9 tempest-TestVolumeBootPattern-520265373 tempest-TestVolumeBootPattern-520265373-project-member] Determining version of request: GET /v2/images/9f657956-bf29-4abf-8396-e6676c3af6d4 Accept: application/json {{(pid=99773) process_request /opt/stack/glance/glance/api/middleware/version_negotiation.py:44}}
Aug 17 06:21:58.805841 np0000007454 devstack@g-api.service[99773]: DEBUG glance.api.middleware.version_negotiation [None req-7bf2ca89-ef22-41f4-8fcc-e19f560841f9 tempest-TestVolumeBootPattern-520265373 tempest-TestVolumeBootPattern-520265373-project-member] Using url versioning {{(pid=99773) process_request /opt/stack/glance/glance/api/middleware/version_negotiation.py:57}}
Aug 17 06:21:58.805841 np0000007454 devstack@g-api.service[99773]: DEBUG glance.api.middleware.version_negotiation [None req-7bf2ca89-ef22-41f4-8fcc-e19f560841f9 tempest-TestVolumeBootPattern-520265373 tempest-TestVolumeBootPattern-520265373-project-member] Matched version: v2 {{(pid=99773) process_request /opt/stack/glance/glance/api/middleware/version_negotiation.py:69}}
Aug 17 06:21:58.805841 np0000007454 devstack@g-api.service[99773]: DEBUG glance.api.middleware.version_negotiation [None req-7bf2ca89-ef22-41f4-8fcc-e19f560841f9 tempest-TestVolumeBootPattern-520265373 tempest-TestVolumeBootPattern-520265373-project-member] new path /v2/images/9f657956-bf29-4abf-8396-e6676c3af6d4 {{(pid=99773) process_request /opt/stack/glance/glance/api/middleware/version_negotiation.py:70}}
Aug 17 06:21:58.823621 np0000007454 devstack@g-api.service[99773]: [pid: 99773|app: 0|req: 122/360] 127.0.0.1 () {40 vars in 834 bytes} [Mon Aug 17 06:21:58 2026] GET /v2/images/9f657956-bf29-4abf-8396-e6676c3af6d4 => generated 1471 bytes in 19 msecs (HTTP/1.1 200) 4 headers in 158 bytes (1 switches on core 0)
Aug 17 06:21:58.826850 np0000007454 devstack@g-api.service[99775]: INFO glance.api.v2.image_data [None req-060710b5-f058-44a1-b556-287b94999bdd tempest-ServerBootFromVolumeStableRescueTest-1577854257 tempest-ServerBootFromVolumeStableRescueTest-1577854257-project-member] Unable to create trust: no such option collect_timing in group [keystone_authtoken] Use the existing user token.
Aug 17 06:21:59.632208 np0000007454 devstack@g-api.service[99775]: DEBUG glance.location [None req-060710b5-f058-44a1-b556-287b94999bdd tempest-ServerBootFromVolumeStableRescueTest-1577854257 tempest-ServerBootFromVolumeStableRescueTest-1577854257-project-member] Enabling in-flight format inspection for qcow2 {{(pid=99775) set_data /opt/stack/glance/glance/location.py:596}}
Aug 17 06:21:59.632208 np0000007454 devstack@g-api.service[99775]: DEBUG glance_store.backend [None req-060710b5-f058-44a1-b556-287b94999bdd tempest-ServerBootFromVolumeStableRescueTest-1577854257 tempest-ServerBootFromVolumeStableRescueTest-1577854257-project-member] Attempting to import store swift {{(pid=99775) _load_store /opt/stack/data/venv/lib/python3.12/site-packages/glance_store/backend.py:215}}
Aug 17 06:21:59.634128 np0000007454 devstack@g-api.service[99775]: DEBUG glance_store.capabilities [None req-060710b5-f058-44a1-b556-287b94999bdd tempest-ServerBootFromVolumeStableRescueTest-1577854257 tempest-ServerBootFromVolumeStableRescueTest-1577854257-project-member] Store glance_store._drivers.swift.store.SingleTenantStore doesn't support updating dynamic storage capabilities. Please overwrite 'update_capabilities' method of the store to implement updating logics if needed. {{(pid=99775) update_capabilities /opt/stack/data/venv/lib/python3.12/site-packages/glance_store/capabilities.py:91}}
Aug 17 06:21:59.634128 np0000007454 devstack@g-api.service[99775]: DEBUG glance_store.driver [None req-060710b5-f058-44a1-b556-287b94999bdd tempest-ServerBootFromVolumeStableRescueTest-1577854257 tempest-ServerBootFromVolumeStableRescueTest-1577854257-project-member] Late loading location class glance_store._drivers.swift.store.StoreLocation {{(pid=99775) get_store_location_class /opt/stack/data/venv/lib/python3.12/site-packages/glance_store/driver.py:134}}
Aug 17 06:21:59.634128 np0000007454 devstack@g-api.service[99775]: DEBUG glance_store.location [None req-060710b5-f058-44a1-b556-287b94999bdd tempest-ServerBootFromVolumeStableRescueTest-1577854257 tempest-ServerBootFromVolumeStableRescueTest-1577854257-project-member] Registering scheme swift+https with {'store': , 'location_class': , 'store_entry': 'swift'} {{(pid=99775) register_scheme_map /opt/stack/data/venv/lib/python3.12/site-packages/glance_store/location.py:146}}
Aug 17 06:21:59.634128 np0000007454 devstack@g-api.service[99775]: DEBUG glance_store.location [None req-060710b5-f058-44a1-b556-287b94999bdd tempest-ServerBootFromVolumeStableRescueTest-1577854257 tempest-ServerBootFromVolumeStableRescueTest-1577854257-project-member] Registering scheme swift+https with {'store': , 'location_class': , 'store_entry': 'swift'} {{(pid=99775) register_scheme_map /opt/stack/data/venv/lib/python3.12/site-packages/glance_store/location.py:146}}
Aug 17 06:21:59.634128 np0000007454 devstack@g-api.service[99775]: DEBUG glance_store.location [None req-060710b5-f058-44a1-b556-287b94999bdd tempest-ServerBootFromVolumeStableRescueTest-1577854257 tempest-ServerBootFromVolumeStableRescueTest-1577854257-project-member] Registering scheme swift with {'store': , 'location_class': , 'store_entry': 'swift'} {{(pid=99775) register_scheme_map /opt/stack/data/venv/lib/python3.12/site-packages/glance_store/location.py:146}}
Aug 17 06:21:59.634128 np0000007454 devstack@g-api.service[99775]: DEBUG glance_store.location [None req-060710b5-f058-44a1-b556-287b94999bdd tempest-ServerBootFromVolumeStableRescueTest-1577854257 tempest-ServerBootFromVolumeStableRescueTest-1577854257-project-member] Registering scheme swift+https with {'store': , 'location_class': , 'store_entry': 'swift'} {{(pid=99775) register_scheme_map /opt/stack/data/venv/lib/python3.12/site-packages/glance_store/location.py:146}}
Aug 17 06:21:59.635407 np0000007454 devstack@g-api.service[99775]: DEBUG glance_store.location [None req-060710b5-f058-44a1-b556-287b94999bdd tempest-ServerBootFromVolumeStableRescueTest-1577854257 tempest-ServerBootFromVolumeStableRescueTest-1577854257-project-member] Registering scheme swift with {'store': , 'location_class': , 'store_entry': 'swift'} {{(pid=99775) register_scheme_map /opt/stack/data/venv/lib/python3.12/site-packages/glance_store/location.py:146}}
Aug 17 06:21:59.635407 np0000007454 devstack@g-api.service[99775]: DEBUG glance_store.location [None req-060710b5-f058-44a1-b556-287b94999bdd tempest-ServerBootFromVolumeStableRescueTest-1577854257 tempest-ServerBootFromVolumeStableRescueTest-1577854257-project-member] Registering scheme swift+http with {'store': , 'location_class': , 'store_entry': 'swift'} {{(pid=99775) register_scheme_map /opt/stack/data/venv/lib/python3.12/site-packages/glance_store/location.py:146}}
Aug 17 06:21:59.635407 np0000007454 devstack@g-api.service[99775]: DEBUG glance_store.location [None req-060710b5-f058-44a1-b556-287b94999bdd tempest-ServerBootFromVolumeStableRescueTest-1577854257 tempest-ServerBootFromVolumeStableRescueTest-1577854257-project-member] Registering scheme swift+https with {'store': , 'location_class': , 'store_entry': 'swift'} {{(pid=99775) register_scheme_map /opt/stack/data/venv/lib/python3.12/site-packages/glance_store/location.py:146}}
Aug 17 06:21:59.635407 np0000007454 devstack@g-api.service[99775]: DEBUG glance_store.location [None req-060710b5-f058-44a1-b556-287b94999bdd tempest-ServerBootFromVolumeStableRescueTest-1577854257 tempest-ServerBootFromVolumeStableRescueTest-1577854257-project-member] Registering scheme swift with {'store': , 'location_class': , 'store_entry': 'swift'} {{(pid=99775) register_scheme_map /opt/stack/data/venv/lib/python3.12/site-packages/glance_store/location.py:146}}
Aug 17 06:21:59.635407 np0000007454 devstack@g-api.service[99775]: DEBUG glance_store.location [None req-060710b5-f058-44a1-b556-287b94999bdd tempest-ServerBootFromVolumeStableRescueTest-1577854257 tempest-ServerBootFromVolumeStableRescueTest-1577854257-project-member] Registering scheme swift+http with {'store': , 'location_class': , 'store_entry': 'swift'} {{(pid=99775) register_scheme_map /opt/stack/data/venv/lib/python3.12/site-packages/glance_store/location.py:146}}
Aug 17 06:21:59.635407 np0000007454 devstack@g-api.service[99775]: DEBUG glance_store.location [None req-060710b5-f058-44a1-b556-287b94999bdd tempest-ServerBootFromVolumeStableRescueTest-1577854257 tempest-ServerBootFromVolumeStableRescueTest-1577854257-project-member] Registering scheme swift+config with {'store': , 'location_class': , 'store_entry': 'swift'} {{(pid=99775) register_scheme_map /opt/stack/data/venv/lib/python3.12/site-packages/glance_store/location.py:146}}
Aug 17 06:21:59.833437 np0000007454 devstack@g-api.service[99774]: DEBUG glance.api.middleware.version_negotiation [None req-7bf2ca89-ef22-41f4-8fcc-e19f560841f9 tempest-TestVolumeBootPattern-520265373 tempest-TestVolumeBootPattern-520265373-project-member] Determining version of request: GET /v2/images/9f657956-bf29-4abf-8396-e6676c3af6d4 Accept: application/json {{(pid=99774) process_request /opt/stack/glance/glance/api/middleware/version_negotiation.py:44}}
Aug 17 06:21:59.833905 np0000007454 devstack@g-api.service[99774]: DEBUG glance.api.middleware.version_negotiation [None req-7bf2ca89-ef22-41f4-8fcc-e19f560841f9 tempest-TestVolumeBootPattern-520265373 tempest-TestVolumeBootPattern-520265373-project-member] Using url versioning {{(pid=99774) process_request /opt/stack/glance/glance/api/middleware/version_negotiation.py:57}}
Aug 17 06:21:59.833905 np0000007454 devstack@g-api.service[99774]: DEBUG glance.api.middleware.version_negotiation [None req-7bf2ca89-ef22-41f4-8fcc-e19f560841f9 tempest-TestVolumeBootPattern-520265373 tempest-TestVolumeBootPattern-520265373-project-member] Matched version: v2 {{(pid=99774) process_request /opt/stack/glance/glance/api/middleware/version_negotiation.py:69}}
Aug 17 06:21:59.833905 np0000007454 devstack@g-api.service[99774]: DEBUG glance.api.middleware.version_negotiation [None req-7bf2ca89-ef22-41f4-8fcc-e19f560841f9 tempest-TestVolumeBootPattern-520265373 tempest-TestVolumeBootPattern-520265373-project-member] new path /v2/images/9f657956-bf29-4abf-8396-e6676c3af6d4 {{(pid=99774) process_request /opt/stack/glance/glance/api/middleware/version_negotiation.py:70}}
Aug 17 06:21:59.848636 np0000007454 devstack@g-api.service[99774]: [pid: 99774|app: 0|req: 114/361] 127.0.0.1 () {40 vars in 834 bytes} [Mon Aug 17 06:21:59 2026] GET /v2/images/9f657956-bf29-4abf-8396-e6676c3af6d4 => generated 1471 bytes in 15 msecs (HTTP/1.1 200) 4 headers in 158 bytes (1 switches on core 0)
Aug 17 06:21:59.907087 np0000007454 devstack@g-api.service[99775]: DEBUG swiftclient [None req-060710b5-f058-44a1-b556-287b94999bdd tempest-ServerBootFromVolumeStableRescueTest-1577854257 tempest-ServerBootFromVolumeStableRescueTest-1577854257-project-member] REQ: curl -i https://10.4.3.62:8080/v1/AUTH_40a467d872d840e7ad312516e18c245d/glance -I -H "X-Auth-Token: gAAAAABqgqiHnTlC..." {{(pid=99775) http_log /opt/stack/data/venv/lib/python3.12/site-packages/swiftclient/client.py:160}}
Aug 17 06:21:59.907957 np0000007454 devstack@g-api.service[99775]: DEBUG swiftclient [None req-060710b5-f058-44a1-b556-287b94999bdd tempest-ServerBootFromVolumeStableRescueTest-1577854257 tempest-ServerBootFromVolumeStableRescueTest-1577854257-project-member] RESP STATUS: 204 No Content {{(pid=99775) http_log /opt/stack/data/venv/lib/python3.12/site-packages/swiftclient/client.py:161}}
Aug 17 06:21:59.908164 np0000007454 devstack@g-api.service[99775]: DEBUG swiftclient [None req-060710b5-f058-44a1-b556-287b94999bdd tempest-ServerBootFromVolumeStableRescueTest-1577854257 tempest-ServerBootFromVolumeStableRescueTest-1577854257-project-member] RESP HEADERS: {'Date': 'Mon, 17 Aug 2026 06:21:59 GMT', 'Server': 'Apache/2.4.58 (Ubuntu)', 'Content-Type': 'text/plain; charset=utf-8', 'X-Container-Object-Count': '7', 'X-Container-Bytes-Used': '109576192', 'X-Timestamp': '1786947320.90375', 'Last-Modified': 'Mon, 17 Aug 2026 06:15:21 GMT', 'Accept-Ranges': 'bytes', 'X-Storage-Policy': 'Policy-0', 'X-Container-Sharding': 'False', 'Vary': 'Accept', 'X-Trans-Id': 'tx276b587cb2bd481a906fa-006a82a887', 'X-Openstack-Request-Id': 'tx276b587cb2bd481a906fa-006a82a887', 'Connection': 'close'} {{(pid=99775) http_log /opt/stack/data/venv/lib/python3.12/site-packages/swiftclient/client.py:162}}
Aug 17 06:21:59.911418 np0000007454 devstack@g-api.service[99775]: DEBUG glance_store._drivers.swift.store [None req-060710b5-f058-44a1-b556-287b94999bdd tempest-ServerBootFromVolumeStableRescueTest-1577854257 tempest-ServerBootFromVolumeStableRescueTest-1577854257-project-member] Adding image object '9f657956-bf29-4abf-8396-e6676c3af6d4' to Swift {{(pid=99775) add /opt/stack/data/venv/lib/python3.12/site-packages/glance_store/_drivers/swift/store.py:970}}
Aug 17 06:21:59.911418 np0000007454 devstack@g-api.service[99775]: DEBUG glance_store._drivers.swift.store [None req-060710b5-f058-44a1-b556-287b94999bdd tempest-ServerBootFromVolumeStableRescueTest-1577854257 tempest-ServerBootFromVolumeStableRescueTest-1577854257-project-member] Cannot determine image size because it is either not provided in the request or chunked-transfer encoding is used. Adding image as a segmented object to Swift. {{(pid=99775) add /opt/stack/data/venv/lib/python3.12/site-packages/glance_store/_drivers/swift/store.py:994}}
Aug 17 06:21:59.918216 np0000007454 devstack@g-api.service[99775]: DEBUG oslo_utils.imageutils.format_inspector [None req-060710b5-f058-44a1-b556-287b94999bdd tempest-ServerBootFromVolumeStableRescueTest-1577854257 tempest-ServerBootFromVolumeStableRescueTest-1577854257-project-member] Format inspector for vmdk does not match, excluding from consideration (Signature KDMV not found: b'QFI\xfb') {{(pid=99775) _process_chunk /opt/stack/data/venv/lib/python3.12/site-packages/oslo_utils/imageutils/format_inspector.py:1758}}
Aug 17 06:21:59.920814 np0000007454 devstack@g-api.service[99775]: DEBUG oslo_utils.imageutils.format_inspector [None req-060710b5-f058-44a1-b556-287b94999bdd tempest-ServerBootFromVolumeStableRescueTest-1577854257 tempest-ServerBootFromVolumeStableRescueTest-1577854257-project-member] Format inspector for vhdx does not match, excluding from consideration (Region signature not found at 30000) {{(pid=99775) _process_chunk /opt/stack/data/venv/lib/python3.12/site-packages/oslo_utils/imageutils/format_inspector.py:1758}}
Aug 17 06:22:00.202594 np0000007454 devstack@g-api.service[99775]: DEBUG swiftclient [None req-060710b5-f058-44a1-b556-287b94999bdd tempest-ServerBootFromVolumeStableRescueTest-1577854257 tempest-ServerBootFromVolumeStableRescueTest-1577854257-project-member] REQ: curl -i https://10.4.3.62:8080/v1/AUTH_40a467d872d840e7ad312516e18c245d/glance/9f657956-bf29-4abf-8396-e6676c3af6d4-00001 -X PUT -H "X-Auth-Token: gAAAAABqgqiHnTlC..." {{(pid=99775) http_log /opt/stack/data/venv/lib/python3.12/site-packages/swiftclient/client.py:160}}
Aug 17 06:22:00.202594 np0000007454 devstack@g-api.service[99775]: DEBUG swiftclient [None req-060710b5-f058-44a1-b556-287b94999bdd tempest-ServerBootFromVolumeStableRescueTest-1577854257 tempest-ServerBootFromVolumeStableRescueTest-1577854257-project-member] RESP STATUS: 201 Created {{(pid=99775) http_log /opt/stack/data/venv/lib/python3.12/site-packages/swiftclient/client.py:161}}
Aug 17 06:22:00.202594 np0000007454 devstack@g-api.service[99775]: DEBUG swiftclient [None req-060710b5-f058-44a1-b556-287b94999bdd tempest-ServerBootFromVolumeStableRescueTest-1577854257 tempest-ServerBootFromVolumeStableRescueTest-1577854257-project-member] RESP HEADERS: {'Date': 'Mon, 17 Aug 2026 06:22:00 GMT', 'Server': 'Apache/2.4.58 (Ubuntu)', 'Content-Type': 'text/html; charset=UTF-8', 'Content-Length': '0', 'Etag': '4fa343ee581d8d2e78533191fd1ac3e1', 'Last-Modified': 'Mon, 17 Aug 2026 06:22:00 GMT', 'X-Trans-Id': 'tx6b1fb981bb10498b890b2-006a82a887', 'X-Openstack-Request-Id': 'tx6b1fb981bb10498b890b2-006a82a887', 'Connection': 'close'} {{(pid=99775) http_log /opt/stack/data/venv/lib/python3.12/site-packages/swiftclient/client.py:162}}
Aug 17 06:22:00.202594 np0000007454 devstack@g-api.service[99775]: DEBUG glance_store._drivers.swift.store [None req-060710b5-f058-44a1-b556-287b94999bdd tempest-ServerBootFromVolumeStableRescueTest-1577854257 tempest-ServerBootFromVolumeStableRescueTest-1577854257-project-member] Wrote chunk 9f657956-bf29-4abf-8396-e6676c3af6d4-00001 (1/?) of length 23527424 to Swift returning MD5 of content: 4fa343ee581d8d2e78533191fd1ac3e1 {{(pid=99775) add /opt/stack/data/venv/lib/python3.12/site-packages/glance_store/_drivers/swift/store.py:1059}}
Aug 17 06:22:00.203097 np0000007454 devstack@g-api.service[99775]: DEBUG glance_store._drivers.swift.store [None req-060710b5-f058-44a1-b556-287b94999bdd tempest-ServerBootFromVolumeStableRescueTest-1577854257 tempest-ServerBootFromVolumeStableRescueTest-1577854257-project-member] Not writing zero-length chunk. {{(pid=99775) add /opt/stack/data/venv/lib/python3.12/site-packages/glance_store/_drivers/swift/store.py:1028}}
Aug 17 06:22:00.230874 np0000007454 devstack@g-api.service[99775]: DEBUG swiftclient [None req-060710b5-f058-44a1-b556-287b94999bdd tempest-ServerBootFromVolumeStableRescueTest-1577854257 tempest-ServerBootFromVolumeStableRescueTest-1577854257-project-member] REQ: curl -i https://10.4.3.62:8080/v1/AUTH_40a467d872d840e7ad312516e18c245d/glance/9f657956-bf29-4abf-8396-e6676c3af6d4 -X PUT -H "X-Object-Manifest: glance/9f657956-bf29-4abf-8396-e6676c3af6d4-" -H "X-Auth-Token: gAAAAABqgqiHnTlC..." -H "Content-Length: 0" {{(pid=99775) http_log /opt/stack/data/venv/lib/python3.12/site-packages/swiftclient/client.py:160}}
Aug 17 06:22:00.231837 np0000007454 devstack@g-api.service[99775]: DEBUG swiftclient [None req-060710b5-f058-44a1-b556-287b94999bdd tempest-ServerBootFromVolumeStableRescueTest-1577854257 tempest-ServerBootFromVolumeStableRescueTest-1577854257-project-member] RESP STATUS: 201 Created {{(pid=99775) http_log /opt/stack/data/venv/lib/python3.12/site-packages/swiftclient/client.py:161}}
Aug 17 06:22:00.231837 np0000007454 devstack@g-api.service[99775]: DEBUG swiftclient [None req-060710b5-f058-44a1-b556-287b94999bdd tempest-ServerBootFromVolumeStableRescueTest-1577854257 tempest-ServerBootFromVolumeStableRescueTest-1577854257-project-member] RESP HEADERS: {'Date': 'Mon, 17 Aug 2026 06:22:00 GMT', 'Server': 'Apache/2.4.58 (Ubuntu)', 'Content-Type': 'text/html; charset=UTF-8', 'Content-Length': '0', 'Etag': 'd41d8cd98f00b204e9800998ecf8427e', 'Last-Modified': 'Mon, 17 Aug 2026 06:22:01 GMT', 'X-Trans-Id': 'txe3816abac5f144f8a8cbb-006a82a888', 'X-Openstack-Request-Id': 'txe3816abac5f144f8a8cbb-006a82a888', 'Connection': 'close'} {{(pid=99775) http_log /opt/stack/data/venv/lib/python3.12/site-packages/swiftclient/client.py:162}}
Aug 17 06:22:00.232227 np0000007454 devstack@g-api.service[99775]: INFO glance.location [None req-060710b5-f058-44a1-b556-287b94999bdd tempest-ServerBootFromVolumeStableRescueTest-1577854257 tempest-ServerBootFromVolumeStableRescueTest-1577854257-project-member] Image format matched and virtual size computed: 1073741824
Aug 17 06:22:00.285608 np0000007454 devstack@g-api.service[99775]: DEBUG glance_store.backend [None req-060710b5-f058-44a1-b556-287b94999bdd tempest-ServerBootFromVolumeStableRescueTest-1577854257 tempest-ServerBootFromVolumeStableRescueTest-1577854257-project-member] Attempting to import store swift {{(pid=99775) _load_store /opt/stack/data/venv/lib/python3.12/site-packages/glance_store/backend.py:215}}
Aug 17 06:22:00.287785 np0000007454 devstack@g-api.service[99775]: DEBUG glance_store.capabilities [None req-060710b5-f058-44a1-b556-287b94999bdd tempest-ServerBootFromVolumeStableRescueTest-1577854257 tempest-ServerBootFromVolumeStableRescueTest-1577854257-project-member] Store glance_store._drivers.swift.store.SingleTenantStore doesn't support updating dynamic storage capabilities. Please overwrite 'update_capabilities' method of the store to implement updating logics if needed. {{(pid=99775) update_capabilities /opt/stack/data/venv/lib/python3.12/site-packages/glance_store/capabilities.py:91}}
Aug 17 06:22:00.287923 np0000007454 devstack@g-api.service[99775]: DEBUG glance_store.driver [None req-060710b5-f058-44a1-b556-287b94999bdd tempest-ServerBootFromVolumeStableRescueTest-1577854257 tempest-ServerBootFromVolumeStableRescueTest-1577854257-project-member] Late loading location class glance_store._drivers.swift.store.StoreLocation {{(pid=99775) get_store_location_class /opt/stack/data/venv/lib/python3.12/site-packages/glance_store/driver.py:134}}
Aug 17 06:22:00.288790 np0000007454 devstack@g-api.service[99775]: DEBUG glance_store.location [None req-060710b5-f058-44a1-b556-287b94999bdd tempest-ServerBootFromVolumeStableRescueTest-1577854257 tempest-ServerBootFromVolumeStableRescueTest-1577854257-project-member] Registering scheme swift+https with {'store': , 'location_class': , 'store_entry': 'swift'} {{(pid=99775) register_scheme_map /opt/stack/data/venv/lib/python3.12/site-packages/glance_store/location.py:146}}
Aug 17 06:22:00.288790 np0000007454 devstack@g-api.service[99775]: DEBUG glance_store.location [None req-060710b5-f058-44a1-b556-287b94999bdd tempest-ServerBootFromVolumeStableRescueTest-1577854257 tempest-ServerBootFromVolumeStableRescueTest-1577854257-project-member] Registering scheme swift+https with {'store': , 'location_class': , 'store_entry': 'swift'} {{(pid=99775) register_scheme_map /opt/stack/data/venv/lib/python3.12/site-packages/glance_store/location.py:146}}
Aug 17 06:22:00.288790 np0000007454 devstack@g-api.service[99775]: DEBUG glance_store.location [None req-060710b5-f058-44a1-b556-287b94999bdd tempest-ServerBootFromVolumeStableRescueTest-1577854257 tempest-ServerBootFromVolumeStableRescueTest-1577854257-project-member] Registering scheme swift with {'store': , 'location_class': , 'store_entry': 'swift'} {{(pid=99775) register_scheme_map /opt/stack/data/venv/lib/python3.12/site-packages/glance_store/location.py:146}}
Aug 17 06:22:00.288790 np0000007454 devstack@g-api.service[99775]: DEBUG glance_store.location [None req-060710b5-f058-44a1-b556-287b94999bdd tempest-ServerBootFromVolumeStableRescueTest-1577854257 tempest-ServerBootFromVolumeStableRescueTest-1577854257-project-member] Registering scheme swift+https with {'store': , 'location_class': , 'store_entry': 'swift'} {{(pid=99775) register_scheme_map /opt/stack/data/venv/lib/python3.12/site-packages/glance_store/location.py:146}}
Aug 17 06:22:00.288790 np0000007454 devstack@g-api.service[99775]: DEBUG glance_store.location [None req-060710b5-f058-44a1-b556-287b94999bdd tempest-ServerBootFromVolumeStableRescueTest-1577854257 tempest-ServerBootFromVolumeStableRescueTest-1577854257-project-member] Registering scheme swift with {'store': , 'location_class': , 'store_entry': 'swift'} {{(pid=99775) register_scheme_map /opt/stack/data/venv/lib/python3.12/site-packages/glance_store/location.py:146}}
Aug 17 06:22:00.289188 np0000007454 devstack@g-api.service[99775]: DEBUG glance_store.location [None req-060710b5-f058-44a1-b556-287b94999bdd tempest-ServerBootFromVolumeStableRescueTest-1577854257 tempest-ServerBootFromVolumeStableRescueTest-1577854257-project-member] Registering scheme swift+http with {'store': , 'location_class': , 'store_entry': 'swift'} {{(pid=99775) register_scheme_map /opt/stack/data/venv/lib/python3.12/site-packages/glance_store/location.py:146}}
Aug 17 06:22:00.289462 np0000007454 devstack@g-api.service[99775]: DEBUG glance_store.location [None req-060710b5-f058-44a1-b556-287b94999bdd tempest-ServerBootFromVolumeStableRescueTest-1577854257 tempest-ServerBootFromVolumeStableRescueTest-1577854257-project-member] Registering scheme swift+https with {'store': , 'location_class': , 'store_entry': 'swift'} {{(pid=99775) register_scheme_map /opt/stack/data/venv/lib/python3.12/site-packages/glance_store/location.py:146}}
Aug 17 06:22:00.289462 np0000007454 devstack@g-api.service[99775]: DEBUG glance_store.location [None req-060710b5-f058-44a1-b556-287b94999bdd tempest-ServerBootFromVolumeStableRescueTest-1577854257 tempest-ServerBootFromVolumeStableRescueTest-1577854257-project-member] Registering scheme swift with {'store': , 'location_class': , 'store_entry': 'swift'} {{(pid=99775) register_scheme_map /opt/stack/data/venv/lib/python3.12/site-packages/glance_store/location.py:146}}
Aug 17 06:22:00.289861 np0000007454 devstack@g-api.service[99775]: DEBUG glance_store.location [None req-060710b5-f058-44a1-b556-287b94999bdd tempest-ServerBootFromVolumeStableRescueTest-1577854257 tempest-ServerBootFromVolumeStableRescueTest-1577854257-project-member] Registering scheme swift+http with {'store': , 'location_class': , 'store_entry': 'swift'} {{(pid=99775) register_scheme_map /opt/stack/data/venv/lib/python3.12/site-packages/glance_store/location.py:146}}
Aug 17 06:22:00.289861 np0000007454 devstack@g-api.service[99775]: DEBUG glance_store.location [None req-060710b5-f058-44a1-b556-287b94999bdd tempest-ServerBootFromVolumeStableRescueTest-1577854257 tempest-ServerBootFromVolumeStableRescueTest-1577854257-project-member] Registering scheme swift+config with {'store': , 'location_class': , 'store_entry': 'swift'} {{(pid=99775) register_scheme_map /opt/stack/data/venv/lib/python3.12/site-packages/glance_store/location.py:146}}
Aug 17 06:22:00.289861 np0000007454 devstack@g-api.service[99775]: DEBUG glance_store.backend [None req-060710b5-f058-44a1-b556-287b94999bdd tempest-ServerBootFromVolumeStableRescueTest-1577854257 tempest-ServerBootFromVolumeStableRescueTest-1577854257-project-member] Skipping store.set_acls... not implemented. {{(pid=99775) set_acls /opt/stack/data/venv/lib/python3.12/site-packages/glance_store/backend.py:507}}
Aug 17 06:22:00.293118 np0000007454 devstack@g-api.service[99775]: [pid: 99775|app: 0|req: 126/362] 127.0.0.1 () {46 vars in 1154 bytes} [Mon Aug 17 06:21:57 2026] PUT /v2/images/9f657956-bf29-4abf-8396-e6676c3af6d4/file => generated 0 bytes in 2335 msecs (HTTP/1.1 204) 4 headers in 171 bytes (1 switches on core 0)
Aug 17 06:22:00.342920 np0000007454 devstack@g-api.service[99773]: DEBUG glance.api.middleware.version_negotiation [None req-e73806bb-3562-4cc7-af15-7460f103a223 tempest-ServerBootFromVolumeStableRescueTest-1577854257 tempest-ServerBootFromVolumeStableRescueTest-1577854257-project-member] Determining version of request: GET /v2/images/9f657956-bf29-4abf-8396-e6676c3af6d4 Accept: */* {{(pid=99773) process_request /opt/stack/glance/glance/api/middleware/version_negotiation.py:44}}
Aug 17 06:22:00.342920 np0000007454 devstack@g-api.service[99773]: DEBUG glance.api.middleware.version_negotiation [None req-e73806bb-3562-4cc7-af15-7460f103a223 tempest-ServerBootFromVolumeStableRescueTest-1577854257 tempest-ServerBootFromVolumeStableRescueTest-1577854257-project-member] Using url versioning {{(pid=99773) process_request /opt/stack/glance/glance/api/middleware/version_negotiation.py:57}}
Aug 17 06:22:00.343788 np0000007454 devstack@g-api.service[99773]: DEBUG glance.api.middleware.version_negotiation [None req-e73806bb-3562-4cc7-af15-7460f103a223 tempest-ServerBootFromVolumeStableRescueTest-1577854257 tempest-ServerBootFromVolumeStableRescueTest-1577854257-project-member] Matched version: v2 {{(pid=99773) process_request /opt/stack/glance/glance/api/middleware/version_negotiation.py:69}}
Aug 17 06:22:00.343788 np0000007454 devstack@g-api.service[99773]: DEBUG glance.api.middleware.version_negotiation [None req-e73806bb-3562-4cc7-af15-7460f103a223 tempest-ServerBootFromVolumeStableRescueTest-1577854257 tempest-ServerBootFromVolumeStableRescueTest-1577854257-project-member] new path /v2/images/9f657956-bf29-4abf-8396-e6676c3af6d4 {{(pid=99773) process_request /opt/stack/glance/glance/api/middleware/version_negotiation.py:70}}
Aug 17 06:22:00.369190 np0000007454 devstack@g-api.service[99773]: [pid: 99773|app: 0|req: 123/363] 127.0.0.1 () {44 vars in 1111 bytes} [Mon Aug 17 06:22:00 2026] GET /v2/images/9f657956-bf29-4abf-8396-e6676c3af6d4 => generated 1641 bytes in 26 msecs (HTTP/1.1 200) 4 headers in 158 bytes (1 switches on core 0)
Aug 17 06:22:00.402101 np0000007454 devstack@g-api.service[99774]: DEBUG glance.api.middleware.version_negotiation [None req-71c89346-aac6-407d-9d8c-b46b5c99b8a5 tempest-ServerBootFromVolumeStableRescueTest-1577854257 tempest-ServerBootFromVolumeStableRescueTest-1577854257-project-member] Determining version of request: GET /v2/schemas/image Accept: */* {{(pid=99774) process_request /opt/stack/glance/glance/api/middleware/version_negotiation.py:44}}
Aug 17 06:22:00.402659 np0000007454 devstack@g-api.service[99774]: DEBUG glance.api.middleware.version_negotiation [None req-71c89346-aac6-407d-9d8c-b46b5c99b8a5 tempest-ServerBootFromVolumeStableRescueTest-1577854257 tempest-ServerBootFromVolumeStableRescueTest-1577854257-project-member] Using url versioning {{(pid=99774) process_request /opt/stack/glance/glance/api/middleware/version_negotiation.py:57}}
Aug 17 06:22:00.402659 np0000007454 devstack@g-api.service[99774]: DEBUG glance.api.middleware.version_negotiation [None req-71c89346-aac6-407d-9d8c-b46b5c99b8a5 tempest-ServerBootFromVolumeStableRescueTest-1577854257 tempest-ServerBootFromVolumeStableRescueTest-1577854257-project-member] Matched version: v2 {{(pid=99774) process_request /opt/stack/glance/glance/api/middleware/version_negotiation.py:69}}
Aug 17 06:22:00.402726 np0000007454 devstack@g-api.service[99774]: DEBUG glance.api.middleware.version_negotiation [None req-71c89346-aac6-407d-9d8c-b46b5c99b8a5 tempest-ServerBootFromVolumeStableRescueTest-1577854257 tempest-ServerBootFromVolumeStableRescueTest-1577854257-project-member] new path /v2/schemas/image {{(pid=99774) process_request /opt/stack/glance/glance/api/middleware/version_negotiation.py:70}}
Aug 17 06:22:00.406142 np0000007454 devstack@g-api.service[99774]: [pid: 99774|app: 0|req: 115/364] 127.0.0.1 () {44 vars in 1051 bytes} [Mon Aug 17 06:22:00 2026] GET /v2/schemas/image => generated 6083 bytes in 4 msecs (HTTP/1.1 200) 4 headers in 158 bytes (1 switches on core 0)
Aug 17 06:22:00.863055 np0000007454 devstack@g-api.service[99775]: DEBUG glance.api.middleware.version_negotiation [None req-060710b5-f058-44a1-b556-287b94999bdd tempest-ServerBootFromVolumeStableRescueTest-1577854257 tempest-ServerBootFromVolumeStableRescueTest-1577854257-project-member] Determining version of request: GET /v2/images/9f657956-bf29-4abf-8396-e6676c3af6d4 Accept: application/json {{(pid=99775) process_request /opt/stack/glance/glance/api/middleware/version_negotiation.py:44}}
Aug 17 06:22:00.863577 np0000007454 devstack@g-api.service[99775]: DEBUG glance.api.middleware.version_negotiation [None req-060710b5-f058-44a1-b556-287b94999bdd tempest-ServerBootFromVolumeStableRescueTest-1577854257 tempest-ServerBootFromVolumeStableRescueTest-1577854257-project-member] Using url versioning {{(pid=99775) process_request /opt/stack/glance/glance/api/middleware/version_negotiation.py:57}}
Aug 17 06:22:00.863577 np0000007454 devstack@g-api.service[99775]: DEBUG glance.api.middleware.version_negotiation [None req-060710b5-f058-44a1-b556-287b94999bdd tempest-ServerBootFromVolumeStableRescueTest-1577854257 tempest-ServerBootFromVolumeStableRescueTest-1577854257-project-member] Matched version: v2 {{(pid=99775) process_request /opt/stack/glance/glance/api/middleware/version_negotiation.py:69}}
Aug 17 06:22:00.863577 np0000007454 devstack@g-api.service[99775]: DEBUG glance.api.middleware.version_negotiation [None req-060710b5-f058-44a1-b556-287b94999bdd tempest-ServerBootFromVolumeStableRescueTest-1577854257 tempest-ServerBootFromVolumeStableRescueTest-1577854257-project-member] new path /v2/images/9f657956-bf29-4abf-8396-e6676c3af6d4 {{(pid=99775) process_request /opt/stack/glance/glance/api/middleware/version_negotiation.py:70}}
Aug 17 06:22:00.874329 np0000007454 devstack@g-api.service[99775]: [pid: 99775|app: 0|req: 127/365] 127.0.0.1 () {40 vars in 834 bytes} [Mon Aug 17 06:22:00 2026] GET /v2/images/9f657956-bf29-4abf-8396-e6676c3af6d4 => generated 1641 bytes in 11 msecs (HTTP/1.1 200) 4 headers in 158 bytes (1 switches on core 0)
Aug 17 06:22:00.889781 np0000007454 devstack@g-api.service[99773]: DEBUG glance.api.middleware.version_negotiation [None req-060710b5-f058-44a1-b556-287b94999bdd tempest-ServerBootFromVolumeStableRescueTest-1577854257 tempest-ServerBootFromVolumeStableRescueTest-1577854257-project-member] Determining version of request: GET /v2/images/9f657956-bf29-4abf-8396-e6676c3af6d4 Accept: application/json {{(pid=99773) process_request /opt/stack/glance/glance/api/middleware/version_negotiation.py:44}}
Aug 17 06:22:00.889781 np0000007454 devstack@g-api.service[99773]: DEBUG glance.api.middleware.version_negotiation [None req-060710b5-f058-44a1-b556-287b94999bdd tempest-ServerBootFromVolumeStableRescueTest-1577854257 tempest-ServerBootFromVolumeStableRescueTest-1577854257-project-member] Using url versioning {{(pid=99773) process_request /opt/stack/glance/glance/api/middleware/version_negotiation.py:57}}
Aug 17 06:22:00.889781 np0000007454 devstack@g-api.service[99773]: DEBUG glance.api.middleware.version_negotiation [None req-060710b5-f058-44a1-b556-287b94999bdd tempest-ServerBootFromVolumeStableRescueTest-1577854257 tempest-ServerBootFromVolumeStableRescueTest-1577854257-project-member] Matched version: v2 {{(pid=99773) process_request /opt/stack/glance/glance/api/middleware/version_negotiation.py:69}}
Aug 17 06:22:00.889781 np0000007454 devstack@g-api.service[99773]: DEBUG glance.api.middleware.version_negotiation [None req-060710b5-f058-44a1-b556-287b94999bdd tempest-ServerBootFromVolumeStableRescueTest-1577854257 tempest-ServerBootFromVolumeStableRescueTest-1577854257-project-member] new path /v2/images/9f657956-bf29-4abf-8396-e6676c3af6d4 {{(pid=99773) process_request /opt/stack/glance/glance/api/middleware/version_negotiation.py:70}}
Aug 17 06:22:00.904464 np0000007454 devstack@g-api.service[99773]: [pid: 99773|app: 0|req: 124/366] 127.0.0.1 () {40 vars in 834 bytes} [Mon Aug 17 06:22:00 2026] GET /v2/images/9f657956-bf29-4abf-8396-e6676c3af6d4 => generated 1641 bytes in 18 msecs (HTTP/1.1 200) 4 headers in 158 bytes (1 switches on core 0)
Aug 17 06:22:01.397623 np0000007454 devstack@g-api.service[99774]: DEBUG glance.api.middleware.version_negotiation [None req-060710b5-f058-44a1-b556-287b94999bdd tempest-ServerBootFromVolumeStableRescueTest-1577854257 tempest-ServerBootFromVolumeStableRescueTest-1577854257-project-member] Determining version of request: GET /v2/images/cef080e2-cf41-4aa7-bf4e-cba9485d5373 Accept: */* {{(pid=99774) process_request /opt/stack/glance/glance/api/middleware/version_negotiation.py:44}}
Aug 17 06:22:01.397623 np0000007454 devstack@g-api.service[99774]: DEBUG glance.api.middleware.version_negotiation [None req-060710b5-f058-44a1-b556-287b94999bdd tempest-ServerBootFromVolumeStableRescueTest-1577854257 tempest-ServerBootFromVolumeStableRescueTest-1577854257-project-member] Using url versioning {{(pid=99774) process_request /opt/stack/glance/glance/api/middleware/version_negotiation.py:57}}
Aug 17 06:22:01.397623 np0000007454 devstack@g-api.service[99774]: DEBUG glance.api.middleware.version_negotiation [None req-060710b5-f058-44a1-b556-287b94999bdd tempest-ServerBootFromVolumeStableRescueTest-1577854257 tempest-ServerBootFromVolumeStableRescueTest-1577854257-project-member] Matched version: v2 {{(pid=99774) process_request /opt/stack/glance/glance/api/middleware/version_negotiation.py:69}}
Aug 17 06:22:01.397623 np0000007454 devstack@g-api.service[99774]: DEBUG glance.api.middleware.version_negotiation [None req-060710b5-f058-44a1-b556-287b94999bdd tempest-ServerBootFromVolumeStableRescueTest-1577854257 tempest-ServerBootFromVolumeStableRescueTest-1577854257-project-member] new path /v2/images/cef080e2-cf41-4aa7-bf4e-cba9485d5373 {{(pid=99774) process_request /opt/stack/glance/glance/api/middleware/version_negotiation.py:70}}
Aug 17 06:22:01.412250 np0000007454 devstack@g-api.service[99774]: [pid: 99774|app: 0|req: 116/367] 127.0.0.1 () {44 vars in 1111 bytes} [Mon Aug 17 06:22:01 2026] GET /v2/images/cef080e2-cf41-4aa7-bf4e-cba9485d5373 => generated 1044 bytes in 16 msecs (HTTP/1.1 200) 4 headers in 158 bytes (1 switches on core 0)
Aug 17 06:22:01.466111 np0000007454 devstack@g-api.service[99775]: DEBUG glance.api.middleware.version_negotiation [None req-541c1b97-5189-47e3-ad9d-eb5fe23f6ce2 tempest-ServerBootFromVolumeStableRescueTest-1577854257 tempest-ServerBootFromVolumeStableRescueTest-1577854257-project-member] Determining version of request: GET /v2/schemas/image Accept: */* {{(pid=99775) process_request /opt/stack/glance/glance/api/middleware/version_negotiation.py:44}}
Aug 17 06:22:01.466324 np0000007454 devstack@g-api.service[99775]: DEBUG glance.api.middleware.version_negotiation [None req-541c1b97-5189-47e3-ad9d-eb5fe23f6ce2 tempest-ServerBootFromVolumeStableRescueTest-1577854257 tempest-ServerBootFromVolumeStableRescueTest-1577854257-project-member] Using url versioning {{(pid=99775) process_request /opt/stack/glance/glance/api/middleware/version_negotiation.py:57}}
Aug 17 06:22:01.466444 np0000007454 devstack@g-api.service[99775]: DEBUG glance.api.middleware.version_negotiation [None req-541c1b97-5189-47e3-ad9d-eb5fe23f6ce2 tempest-ServerBootFromVolumeStableRescueTest-1577854257 tempest-ServerBootFromVolumeStableRescueTest-1577854257-project-member] Matched version: v2 {{(pid=99775) process_request /opt/stack/glance/glance/api/middleware/version_negotiation.py:69}}
Aug 17 06:22:01.466645 np0000007454 devstack@g-api.service[99775]: DEBUG glance.api.middleware.version_negotiation [None req-541c1b97-5189-47e3-ad9d-eb5fe23f6ce2 tempest-ServerBootFromVolumeStableRescueTest-1577854257 tempest-ServerBootFromVolumeStableRescueTest-1577854257-project-member] new path /v2/schemas/image {{(pid=99775) process_request /opt/stack/glance/glance/api/middleware/version_negotiation.py:70}}
Aug 17 06:22:01.469199 np0000007454 devstack@g-api.service[99775]: [pid: 99775|app: 0|req: 128/368] 127.0.0.1 () {44 vars in 1051 bytes} [Mon Aug 17 06:22:01 2026] GET /v2/schemas/image => generated 6083 bytes in 3 msecs (HTTP/1.1 200) 4 headers in 158 bytes (1 switches on core 0)
Aug 17 06:22:04.895728 np0000007454 devstack@g-api.service[99773]: DEBUG glance.api.middleware.version_negotiation [None req-004f4cc7-c349-4b03-ac2c-3b1f0b7e0e56 tempest-ServerBootFromVolumeStableRescueTest-1577854257 tempest-ServerBootFromVolumeStableRescueTest-1577854257-project-member] Determining version of request: GET /v2/images/cef080e2-cf41-4aa7-bf4e-cba9485d5373 Accept: */* {{(pid=99773) process_request /opt/stack/glance/glance/api/middleware/version_negotiation.py:44}}
