Aug 17 06:14:51.578672 np0000007454 nova-scheduler[93363]: DEBUG cotyledon.oslo_config_glue [-] oslo_messaging_rabbit.rabbit_quorum_max_memory_bytes = 0 {{(pid=93363) log_opt_values /opt/stack/data/venv/lib/python3.12/site-packages/oslo_config/cfg.py:3560}}
Aug 17 06:14:51.578672 np0000007454 nova-scheduler[93363]: DEBUG cotyledon.oslo_config_glue [-] oslo_messaging_rabbit.rabbit_quorum_max_memory_length = 0 {{(pid=93363) log_opt_values /opt/stack/data/venv/lib/python3.12/site-packages/oslo_config/cfg.py:3560}}
Aug 17 06:14:51.578672 np0000007454 nova-scheduler[93363]: DEBUG cotyledon.oslo_config_glue [-] oslo_messaging_rabbit.rabbit_quorum_queue = False {{(pid=93363) log_opt_values /opt/stack/data/venv/lib/python3.12/site-packages/oslo_config/cfg.py:3560}}
Aug 17 06:14:51.578672 np0000007454 nova-scheduler[93363]: DEBUG cotyledon.oslo_config_glue [-] oslo_messaging_rabbit.rabbit_retry_backoff = 2 {{(pid=93363) log_opt_values /opt/stack/data/venv/lib/python3.12/site-packages/oslo_config/cfg.py:3560}}
Aug 17 06:14:51.578672 np0000007454 nova-scheduler[93363]: DEBUG cotyledon.oslo_config_glue [-] oslo_messaging_rabbit.rabbit_retry_interval = 1 {{(pid=93363) log_opt_values /opt/stack/data/venv/lib/python3.12/site-packages/oslo_config/cfg.py:3560}}
Aug 17 06:14:51.578672 np0000007454 nova-scheduler[93363]: DEBUG cotyledon.oslo_config_glue [-] oslo_messaging_rabbit.rabbit_stream_fanout = False {{(pid=93363) log_opt_values /opt/stack/data/venv/lib/python3.12/site-packages/oslo_config/cfg.py:3560}}
Aug 17 06:14:51.578851 np0000007454 nova-scheduler[93363]: DEBUG cotyledon.oslo_config_glue [-] oslo_messaging_rabbit.rabbit_transient_queues_ttl = 1800 {{(pid=93363) log_opt_values /opt/stack/data/venv/lib/python3.12/site-packages/oslo_config/cfg.py:3560}}
Aug 17 06:14:51.578851 np0000007454 nova-scheduler[93363]: DEBUG cotyledon.oslo_config_glue [-] oslo_messaging_rabbit.rabbit_transient_quorum_queue = False {{(pid=93363) log_opt_values /opt/stack/data/venv/lib/python3.12/site-packages/oslo_config/cfg.py:3560}}
Aug 17 06:14:51.578851 np0000007454 nova-scheduler[93363]: DEBUG cotyledon.oslo_config_glue [-] oslo_messaging_rabbit.rpc_conn_pool_size = 30 {{(pid=93363) log_opt_values /opt/stack/data/venv/lib/python3.12/site-packages/oslo_config/cfg.py:3560}}
Aug 17 06:14:51.578851 np0000007454 nova-scheduler[93363]: DEBUG cotyledon.oslo_config_glue [-] oslo_messaging_rabbit.ssl = False {{(pid=93363) log_opt_values /opt/stack/data/venv/lib/python3.12/site-packages/oslo_config/cfg.py:3560}}
Aug 17 06:14:51.578851 np0000007454 nova-scheduler[93363]: DEBUG cotyledon.oslo_config_glue [-] oslo_messaging_rabbit.ssl_ca_file = {{(pid=93363) log_opt_values /opt/stack/data/venv/lib/python3.12/site-packages/oslo_config/cfg.py:3560}}
Aug 17 06:14:51.578851 np0000007454 nova-scheduler[93363]: DEBUG cotyledon.oslo_config_glue [-] oslo_messaging_rabbit.ssl_cert_file = {{(pid=93363) log_opt_values /opt/stack/data/venv/lib/python3.12/site-packages/oslo_config/cfg.py:3560}}
Aug 17 06:14:51.578851 np0000007454 nova-scheduler[93363]: DEBUG cotyledon.oslo_config_glue [-] oslo_messaging_rabbit.ssl_enforce_fips_mode = False {{(pid=93363) log_opt_values /opt/stack/data/venv/lib/python3.12/site-packages/oslo_config/cfg.py:3560}}
Aug 17 06:14:51.578990 np0000007454 nova-scheduler[93366]: INFO dbcounter [None req-ca853527-829f-4f6d-9c9f-5c4e2623a547 None None] Registered counter for database nova_cell0
Aug 17 06:14:51.579018 np0000007454 nova-scheduler[93363]: DEBUG cotyledon.oslo_config_glue [-] oslo_messaging_rabbit.ssl_enforce_hostname_verification = True {{(pid=93363) log_opt_values /opt/stack/data/venv/lib/python3.12/site-packages/oslo_config/cfg.py:3560}}
Aug 17 06:14:51.579018 np0000007454 nova-scheduler[93363]: DEBUG cotyledon.oslo_config_glue [-] oslo_messaging_rabbit.ssl_key_file = {{(pid=93363) log_opt_values /opt/stack/data/venv/lib/python3.12/site-packages/oslo_config/cfg.py:3560}}
Aug 17 06:14:51.579018 np0000007454 nova-scheduler[93363]: DEBUG cotyledon.oslo_config_glue [-] oslo_messaging_rabbit.ssl_version = {{(pid=93363) log_opt_values /opt/stack/data/venv/lib/python3.12/site-packages/oslo_config/cfg.py:3560}}
Aug 17 06:14:51.579018 np0000007454 nova-scheduler[93363]: DEBUG cotyledon.oslo_config_glue [-] oslo_messaging_rabbit.use_queue_manager = False {{(pid=93363) log_opt_values /opt/stack/data/venv/lib/python3.12/site-packages/oslo_config/cfg.py:3560}}
Aug 17 06:14:51.579018 np0000007454 nova-scheduler[93363]: DEBUG cotyledon.oslo_config_glue [-] oslo_messaging_notifications.driver = ['messagingv2'] {{(pid=93363) log_opt_values /opt/stack/data/venv/lib/python3.12/site-packages/oslo_config/cfg.py:3560}}
Aug 17 06:14:51.579018 np0000007454 nova-scheduler[93363]: DEBUG cotyledon.oslo_config_glue [-] oslo_messaging_notifications.retry = -1 {{(pid=93363) log_opt_values /opt/stack/data/venv/lib/python3.12/site-packages/oslo_config/cfg.py:3560}}
Aug 17 06:14:51.579018 np0000007454 nova-scheduler[93363]: DEBUG cotyledon.oslo_config_glue [-] oslo_messaging_notifications.topics = ['notifications'] {{(pid=93363) log_opt_values /opt/stack/data/venv/lib/python3.12/site-packages/oslo_config/cfg.py:3560}}
Aug 17 06:14:51.579018 np0000007454 nova-scheduler[93363]: DEBUG cotyledon.oslo_config_glue [-] oslo_messaging_notifications.transport_url = **** {{(pid=93363) log_opt_values /opt/stack/data/venv/lib/python3.12/site-packages/oslo_config/cfg.py:3560}}
Aug 17 06:14:51.579018 np0000007454 nova-scheduler[93363]: DEBUG cotyledon.oslo_config_glue [-] oslo_limit.auth_section = None {{(pid=93363) log_opt_values /opt/stack/data/venv/lib/python3.12/site-packages/oslo_config/cfg.py:3560}}
Aug 17 06:14:51.579190 np0000007454 nova-scheduler[93363]: DEBUG cotyledon.oslo_config_glue [-] oslo_limit.auth_type = None {{(pid=93363) log_opt_values /opt/stack/data/venv/lib/python3.12/site-packages/oslo_config/cfg.py:3560}}
Aug 17 06:14:51.579190 np0000007454 nova-scheduler[93363]: DEBUG cotyledon.oslo_config_glue [-] oslo_limit.cafile = None {{(pid=93363) log_opt_values /opt/stack/data/venv/lib/python3.12/site-packages/oslo_config/cfg.py:3560}}
Aug 17 06:14:51.579190 np0000007454 nova-scheduler[93363]: DEBUG cotyledon.oslo_config_glue [-] oslo_limit.certfile = None {{(pid=93363) log_opt_values /opt/stack/data/venv/lib/python3.12/site-packages/oslo_config/cfg.py:3560}}
Aug 17 06:14:51.579190 np0000007454 nova-scheduler[93363]: DEBUG cotyledon.oslo_config_glue [-] oslo_limit.collect_timing = False {{(pid=93363) log_opt_values /opt/stack/data/venv/lib/python3.12/site-packages/oslo_config/cfg.py:3560}}
Aug 17 06:14:51.579190 np0000007454 nova-scheduler[93363]: DEBUG cotyledon.oslo_config_glue [-] oslo_limit.connect_retries = None {{(pid=93363) log_opt_values /opt/stack/data/venv/lib/python3.12/site-packages/oslo_config/cfg.py:3560}}
Aug 17 06:14:51.579190 np0000007454 nova-scheduler[93363]: DEBUG cotyledon.oslo_config_glue [-] oslo_limit.connect_retry_delay = None {{(pid=93363) log_opt_values /opt/stack/data/venv/lib/python3.12/site-packages/oslo_config/cfg.py:3560}}
Aug 17 06:14:51.579190 np0000007454 nova-scheduler[93363]: DEBUG cotyledon.oslo_config_glue [-] oslo_limit.endpoint_id = None {{(pid=93363) log_opt_values /opt/stack/data/venv/lib/python3.12/site-packages/oslo_config/cfg.py:3560}}
Aug 17 06:14:51.579190 np0000007454 nova-scheduler[93363]: DEBUG cotyledon.oslo_config_glue [-] oslo_limit.endpoint_interface = public {{(pid=93363) log_opt_values /opt/stack/data/venv/lib/python3.12/site-packages/oslo_config/cfg.py:3560}}
Aug 17 06:14:51.579190 np0000007454 nova-scheduler[93363]: DEBUG cotyledon.oslo_config_glue [-] oslo_limit.endpoint_override = None {{(pid=93363) log_opt_values /opt/stack/data/venv/lib/python3.12/site-packages/oslo_config/cfg.py:3560}}
Aug 17 06:14:51.579435 np0000007454 nova-scheduler[93363]: DEBUG cotyledon.oslo_config_glue [-] oslo_limit.endpoint_region_name = None {{(pid=93363) log_opt_values /opt/stack/data/venv/lib/python3.12/site-packages/oslo_config/cfg.py:3560}}
Aug 17 06:14:51.579435 np0000007454 nova-scheduler[93363]: DEBUG cotyledon.oslo_config_glue [-] oslo_limit.endpoint_service_name = None {{(pid=93363) log_opt_values /opt/stack/data/venv/lib/python3.12/site-packages/oslo_config/cfg.py:3560}}
Aug 17 06:14:51.579435 np0000007454 nova-scheduler[93363]: DEBUG cotyledon.oslo_config_glue [-] oslo_limit.endpoint_service_type = None {{(pid=93363) log_opt_values /opt/stack/data/venv/lib/python3.12/site-packages/oslo_config/cfg.py:3560}}
Aug 17 06:14:51.579435 np0000007454 nova-scheduler[93363]: DEBUG cotyledon.oslo_config_glue [-] oslo_limit.insecure = False {{(pid=93363) log_opt_values /opt/stack/data/venv/lib/python3.12/site-packages/oslo_config/cfg.py:3560}}
Aug 17 06:14:51.579435 np0000007454 nova-scheduler[93363]: DEBUG cotyledon.oslo_config_glue [-] oslo_limit.keyfile = None {{(pid=93363) log_opt_values /opt/stack/data/venv/lib/python3.12/site-packages/oslo_config/cfg.py:3560}}
Aug 17 06:14:51.579435 np0000007454 nova-scheduler[93363]: DEBUG cotyledon.oslo_config_glue [-] oslo_limit.max_version = None {{(pid=93363) log_opt_values /opt/stack/data/venv/lib/python3.12/site-packages/oslo_config/cfg.py:3560}}
Aug 17 06:14:51.579435 np0000007454 nova-scheduler[93363]: DEBUG cotyledon.oslo_config_glue [-] oslo_limit.min_version = None {{(pid=93363) log_opt_values /opt/stack/data/venv/lib/python3.12/site-packages/oslo_config/cfg.py:3560}}
Aug 17 06:14:51.579435 np0000007454 nova-scheduler[93363]: DEBUG cotyledon.oslo_config_glue [-] oslo_limit.region_name = None {{(pid=93363) log_opt_values /opt/stack/data/venv/lib/python3.12/site-packages/oslo_config/cfg.py:3560}}
Aug 17 06:14:51.579435 np0000007454 nova-scheduler[93363]: DEBUG cotyledon.oslo_config_glue [-] oslo_limit.retriable_status_codes = None {{(pid=93363) log_opt_values /opt/stack/data/venv/lib/python3.12/site-packages/oslo_config/cfg.py:3560}}
Aug 17 06:14:51.579687 np0000007454 nova-scheduler[93363]: DEBUG cotyledon.oslo_config_glue [-] oslo_limit.service_name = None {{(pid=93363) log_opt_values /opt/stack/data/venv/lib/python3.12/site-packages/oslo_config/cfg.py:3560}}
Aug 17 06:14:51.579687 np0000007454 nova-scheduler[93363]: DEBUG cotyledon.oslo_config_glue [-] oslo_limit.service_type = None {{(pid=93363) log_opt_values /opt/stack/data/venv/lib/python3.12/site-packages/oslo_config/cfg.py:3560}}
Aug 17 06:14:51.579687 np0000007454 nova-scheduler[93363]: DEBUG cotyledon.oslo_config_glue [-] oslo_limit.split_loggers = False {{(pid=93363) log_opt_values /opt/stack/data/venv/lib/python3.12/site-packages/oslo_config/cfg.py:3560}}
Aug 17 06:14:51.579687 np0000007454 nova-scheduler[93363]: DEBUG cotyledon.oslo_config_glue [-] oslo_limit.status_code_retries = None {{(pid=93363) log_opt_values /opt/stack/data/venv/lib/python3.12/site-packages/oslo_config/cfg.py:3560}}
Aug 17 06:14:51.579687 np0000007454 nova-scheduler[93363]: DEBUG cotyledon.oslo_config_glue [-] oslo_limit.status_code_retry_delay = None {{(pid=93363) log_opt_values /opt/stack/data/venv/lib/python3.12/site-packages/oslo_config/cfg.py:3560}}
Aug 17 06:14:51.579687 np0000007454 nova-scheduler[93363]: DEBUG cotyledon.oslo_config_glue [-] oslo_limit.timeout = None {{(pid=93363) log_opt_values /opt/stack/data/venv/lib/python3.12/site-packages/oslo_config/cfg.py:3560}}
Aug 17 06:14:51.579687 np0000007454 nova-scheduler[93363]: DEBUG cotyledon.oslo_config_glue [-] oslo_limit.valid_interfaces = None {{(pid=93363) log_opt_values /opt/stack/data/venv/lib/python3.12/site-packages/oslo_config/cfg.py:3560}}
Aug 17 06:14:51.579687 np0000007454 nova-scheduler[93363]: DEBUG cotyledon.oslo_config_glue [-] oslo_limit.version = None {{(pid=93363) log_opt_values /opt/stack/data/venv/lib/python3.12/site-packages/oslo_config/cfg.py:3560}}
Aug 17 06:14:51.579687 np0000007454 nova-scheduler[93363]: DEBUG cotyledon.oslo_config_glue [-] oslo_reports.file_event_handler = None {{(pid=93363) log_opt_values /opt/stack/data/venv/lib/python3.12/site-packages/oslo_config/cfg.py:3560}}
Aug 17 06:14:51.579876 np0000007454 nova-scheduler[93363]: DEBUG cotyledon.oslo_config_glue [-] oslo_reports.file_event_handler_interval = 1 {{(pid=93363) log_opt_values /opt/stack/data/venv/lib/python3.12/site-packages/oslo_config/cfg.py:3560}}
Aug 17 06:14:51.579876 np0000007454 nova-scheduler[93363]: DEBUG cotyledon.oslo_config_glue [-] oslo_reports.log_dir = None {{(pid=93363) log_opt_values /opt/stack/data/venv/lib/python3.12/site-packages/oslo_config/cfg.py:3560}}
Aug 17 06:14:51.579876 np0000007454 nova-scheduler[93363]: DEBUG cotyledon.oslo_config_glue [-] ******************************************************************************** {{(pid=93363) log_opt_values /opt/stack/data/venv/lib/python3.12/site-packages/oslo_config/cfg.py:3567}}
Aug 17 06:14:51.579876 np0000007454 nova-scheduler[93363]: DEBUG cotyledon._service_worker [-] Run service ServiceWrapper(1) [93363] {{(pid=93363) wait_forever /opt/stack/data/venv/lib/python3.12/site-packages/cotyledon/_service_worker.py:218}}
Aug 17 06:14:51.579876 np0000007454 nova-scheduler[93363]: INFO nova.service [-] Starting scheduler node (version 33.1.0)
Aug 17 06:14:51.579876 np0000007454 nova-scheduler[93363]: INFO dbcounter [None req-2c5a10b5-be4e-4dec-bbb6-2f591994998f None None] Registered counter for database nova_cell0
Aug 17 06:14:51.579999 np0000007454 nova-scheduler[93358]: DEBUG oslo_db.sqlalchemy.engines [None req-07b8bb74-3e60-4e86-b3d1-4a08899d1952 None None] MySQL server mode set to STRICT_TRANS_TABLES,STRICT_ALL_TABLES,NO_ZERO_IN_DATE,NO_ZERO_DATE,ERROR_FOR_DIVISION_BY_ZERO,TRADITIONAL,NO_ENGINE_SUBSTITUTION {{(pid=93358) _check_effective_sql_mode /opt/stack/data/venv/lib/python3.12/site-packages/oslo_db/sqlalchemy/engines.py:325}}
Aug 17 06:14:51.579999 np0000007454 nova-scheduler[93358]: DEBUG dbcounter [-] [93358] Writer thread running {{(pid=93358) stat_writer /opt/stack/data/venv/lib/python3.12/site-packages/dbcounter.py:102}}
Aug 17 06:14:51.581883 np0000007454 nova-scheduler[93366]: DEBUG oslo_db.sqlalchemy.engines [None req-ca853527-829f-4f6d-9c9f-5c4e2623a547 None None] MySQL server mode set to STRICT_TRANS_TABLES,STRICT_ALL_TABLES,NO_ZERO_IN_DATE,NO_ZERO_DATE,ERROR_FOR_DIVISION_BY_ZERO,TRADITIONAL,NO_ENGINE_SUBSTITUTION {{(pid=93366) _check_effective_sql_mode /opt/stack/data/venv/lib/python3.12/site-packages/oslo_db/sqlalchemy/engines.py:325}}
Aug 17 06:14:51.587932 np0000007454 nova-scheduler[93363]: DEBUG oslo_db.sqlalchemy.engines [None req-2c5a10b5-be4e-4dec-bbb6-2f591994998f None None] MySQL server mode set to STRICT_TRANS_TABLES,STRICT_ALL_TABLES,NO_ZERO_IN_DATE,NO_ZERO_DATE,ERROR_FOR_DIVISION_BY_ZERO,TRADITIONAL,NO_ENGINE_SUBSTITUTION {{(pid=93363) _check_effective_sql_mode /opt/stack/data/venv/lib/python3.12/site-packages/oslo_db/sqlalchemy/engines.py:325}}
Aug 17 06:14:51.591480 np0000007454 nova-scheduler[93366]: DEBUG dbcounter [-] [93366] Writer thread running {{(pid=93366) stat_writer /opt/stack/data/venv/lib/python3.12/site-packages/dbcounter.py:102}}
Aug 17 06:14:51.595251 np0000007454 nova-scheduler[93358]: DEBUG nova.service [None req-07b8bb74-3e60-4e86-b3d1-4a08899d1952 None None] Creating RPC server for service: nova-scheduler on topic: scheduler {{(pid=93358) start /opt/stack/nova/nova/service.py:262}}
Aug 17 06:14:51.597999 np0000007454 nova-scheduler[93363]: DEBUG dbcounter [-] [93363] Writer thread running {{(pid=93363) stat_writer /opt/stack/data/venv/lib/python3.12/site-packages/dbcounter.py:102}}
Aug 17 06:14:51.600582 np0000007454 nova-scheduler[93363]: DEBUG nova.service [None req-2c5a10b5-be4e-4dec-bbb6-2f591994998f None None] Creating RPC server for service: nova-scheduler on topic: scheduler {{(pid=93363) start /opt/stack/nova/nova/service.py:262}}
Aug 17 06:14:51.606192 np0000007454 nova-scheduler[93366]: DEBUG nova.service [None req-ca853527-829f-4f6d-9c9f-5c4e2623a547 None None] Creating RPC server for service: nova-scheduler on topic: scheduler {{(pid=93366) start /opt/stack/nova/nova/service.py:262}}
Aug 17 06:14:51.618638 np0000007454 nova-scheduler[93358]: DEBUG nova.service [None req-07b8bb74-3e60-4e86-b3d1-4a08899d1952 None None] Join ServiceGroup membership for this service scheduler {{(pid=93358) start /opt/stack/nova/nova/service.py:288}}
Aug 17 06:14:51.618867 np0000007454 nova-scheduler[93358]: DEBUG nova.servicegroup.drivers.db [None req-07b8bb74-3e60-4e86-b3d1-4a08899d1952 None None] DB_Driver: join new ServiceGroup member np0000007454 to the scheduler group, service = {{(pid=93358) join /opt/stack/nova/nova/servicegroup/drivers/db.py:44}}
Aug 17 06:14:51.623307 np0000007454 nova-scheduler[93366]: DEBUG nova.service [None req-ca853527-829f-4f6d-9c9f-5c4e2623a547 None None] Join ServiceGroup membership for this service scheduler {{(pid=93366) start /opt/stack/nova/nova/service.py:288}}
Aug 17 06:14:51.623549 np0000007454 nova-scheduler[93366]: DEBUG nova.servicegroup.drivers.db [None req-ca853527-829f-4f6d-9c9f-5c4e2623a547 None None] DB_Driver: join new ServiceGroup member np0000007454 to the scheduler group, service = {{(pid=93366) join /opt/stack/nova/nova/servicegroup/drivers/db.py:44}}
Aug 17 06:14:51.624408 np0000007454 nova-scheduler[93363]: DEBUG nova.service [None req-2c5a10b5-be4e-4dec-bbb6-2f591994998f None None] Join ServiceGroup membership for this service scheduler {{(pid=93363) start /opt/stack/nova/nova/service.py:288}}
Aug 17 06:14:51.624687 np0000007454 nova-scheduler[93363]: DEBUG nova.servicegroup.drivers.db [None req-2c5a10b5-be4e-4dec-bbb6-2f591994998f None None] DB_Driver: join new ServiceGroup member np0000007454 to the scheduler group, service = {{(pid=93363) join /opt/stack/nova/nova/servicegroup/drivers/db.py:44}}
Aug 17 06:14:55.621560 np0000007454 nova-scheduler[93358]: DEBUG oslo.service.backend._threading.loopingcall [None req-220da08d-a12e-4d48-bcd0-d6bf6606d7bb None None] Dynamic interval looping call 'nova.service.Service.periodic_tasks' sleeping for 60.00 seconds {{(pid=93358) _run_loop /opt/stack/data/venv/lib/python3.12/site-packages/oslo_service/backend/_threading/loopingcall.py:125}}
Aug 17 06:14:56.639588 np0000007454 nova-scheduler[93366]: DEBUG oslo.service.backend._threading.loopingcall [-] Fixed interval looping call 'nova.servicegroup.drivers.db.DbDriver._report_state' sleeping for 119.99 seconds {{(pid=93366) _run_loop /opt/stack/data/venv/lib/python3.12/site-packages/oslo_service/backend/_threading/loopingcall.py:125}}
Aug 17 06:14:56.641258 np0000007454 nova-scheduler[93358]: DEBUG oslo.service.backend._threading.loopingcall [-] Fixed interval looping call 'nova.servicegroup.drivers.db.DbDriver._report_state' sleeping for 119.98 seconds {{(pid=93358) _run_loop /opt/stack/data/venv/lib/python3.12/site-packages/oslo_service/backend/_threading/loopingcall.py:125}}
Aug 17 06:14:56.641552 np0000007454 nova-scheduler[93363]: DEBUG oslo.service.backend._threading.loopingcall [-] Fixed interval looping call 'nova.servicegroup.drivers.db.DbDriver._report_state' sleeping for 119.99 seconds {{(pid=93363) _run_loop /opt/stack/data/venv/lib/python3.12/site-packages/oslo_service/backend/_threading/loopingcall.py:125}}
Aug 17 06:15:00.205780 np0000007454 nova-scheduler[92142]: DEBUG dbcounter [-] [92142] Writing DB stats nova_api:SELECT=3 {{(pid=92142) stat_writer /opt/stack/data/venv/lib/python3.12/site-packages/dbcounter.py:115}}
Aug 17 06:15:00.340841 np0000007454 nova-scheduler[92142]: DEBUG dbcounter [-] [92142] Writing DB stats nova_cell0:SELECT=1 {{(pid=92142) stat_writer /opt/stack/data/venv/lib/python3.12/site-packages/dbcounter.py:115}}
Aug 17 06:15:00.345757 np0000007454 nova-scheduler[92142]: DEBUG dbcounter [-] [92142] Writing DB stats nova_cell1:SELECT=1 {{(pid=92142) stat_writer /opt/stack/data/venv/lib/python3.12/site-packages/dbcounter.py:115}}
Aug 17 06:15:06.631406 np0000007454 nova-scheduler[93366]: DEBUG dbcounter [-] [93366] Writing DB stats nova_cell0:SELECT=4,nova_cell0:INSERT=1,nova_cell0:UPDATE=1 {{(pid=93366) stat_writer /opt/stack/data/venv/lib/python3.12/site-packages/dbcounter.py:115}}
Aug 17 06:15:06.634354 np0000007454 nova-scheduler[93358]: DEBUG dbcounter [-] [93358] Writing DB stats nova_cell0:SELECT=4,nova_cell0:INSERT=1,nova_cell0:UPDATE=1 {{(pid=93358) stat_writer /opt/stack/data/venv/lib/python3.12/site-packages/dbcounter.py:115}}
Aug 17 06:15:06.639156 np0000007454 nova-scheduler[93363]: DEBUG dbcounter [-] [93363] Writing DB stats nova_cell0:SELECT=3,nova_cell0:UPDATE=1 {{(pid=93363) stat_writer /opt/stack/data/venv/lib/python3.12/site-packages/dbcounter.py:115}}
Aug 17 06:15:36.626613 np0000007454 nova-scheduler[93363]: DEBUG oslo.service.backend._threading.loopingcall [None req-06b38f0c-af81-4ca2-af05-93369ab016a2 None None] Dynamic interval looping call 'nova.service.Service.periodic_tasks' sleeping for 60.00 seconds {{(pid=93363) _run_loop /opt/stack/data/venv/lib/python3.12/site-packages/oslo_service/backend/_threading/loopingcall.py:125}}
Aug 17 06:15:49.625438 np0000007454 nova-scheduler[93366]: DEBUG oslo.service.backend._threading.loopingcall [None req-6f5c0f14-da05-4321-964d-fe9c83ceb1c5 None None] Dynamic interval looping call 'nova.service.Service.periodic_tasks' sleeping for 60.00 seconds {{(pid=93366) _run_loop /opt/stack/data/venv/lib/python3.12/site-packages/oslo_service/backend/_threading/loopingcall.py:125}}
Aug 17 06:15:55.622113 np0000007454 nova-scheduler[93358]: DEBUG oslo.service.backend._threading.loopingcall [None req-220da08d-a12e-4d48-bcd0-d6bf6606d7bb None None] Dynamic interval looping call 'nova.service.Service.periodic_tasks' sleeping for 60.00 seconds {{(pid=93358) _run_loop /opt/stack/data/venv/lib/python3.12/site-packages/oslo_service/backend/_threading/loopingcall.py:125}}
Aug 17 06:16:36.627723 np0000007454 nova-scheduler[93363]: DEBUG oslo.service.backend._threading.loopingcall [None req-06b38f0c-af81-4ca2-af05-93369ab016a2 None None] Dynamic interval looping call 'nova.service.Service.periodic_tasks' sleeping for 60.00 seconds {{(pid=93363) _run_loop /opt/stack/data/venv/lib/python3.12/site-packages/oslo_service/backend/_threading/loopingcall.py:125}}
Aug 17 06:16:49.625786 np0000007454 nova-scheduler[93366]: DEBUG oslo.service.backend._threading.loopingcall [None req-6f5c0f14-da05-4321-964d-fe9c83ceb1c5 None None] Dynamic interval looping call 'nova.service.Service.periodic_tasks' sleeping for 60.00 seconds {{(pid=93366) _run_loop /opt/stack/data/venv/lib/python3.12/site-packages/oslo_service/backend/_threading/loopingcall.py:125}}
Aug 17 06:16:55.622771 np0000007454 nova-scheduler[93358]: DEBUG oslo.service.backend._threading.loopingcall [None req-220da08d-a12e-4d48-bcd0-d6bf6606d7bb None None] Dynamic interval looping call 'nova.service.Service.periodic_tasks' sleeping for 60.00 seconds {{(pid=93358) _run_loop /opt/stack/data/venv/lib/python3.12/site-packages/oslo_service/backend/_threading/loopingcall.py:125}}
Aug 17 06:16:56.627723 np0000007454 nova-scheduler[93358]: DEBUG oslo.service.backend._threading.loopingcall [-] Fixed interval looping call 'nova.servicegroup.drivers.db.DbDriver._report_state' sleeping for 119.99 seconds {{(pid=93358) _run_loop /opt/stack/data/venv/lib/python3.12/site-packages/oslo_service/backend/_threading/loopingcall.py:125}}
Aug 17 06:16:56.632928 np0000007454 nova-scheduler[93366]: DEBUG oslo.service.backend._threading.loopingcall [-] Fixed interval looping call 'nova.servicegroup.drivers.db.DbDriver._report_state' sleeping for 120.00 seconds {{(pid=93366) _run_loop /opt/stack/data/venv/lib/python3.12/site-packages/oslo_service/backend/_threading/loopingcall.py:125}}
Aug 17 06:16:56.641870 np0000007454 nova-scheduler[93363]: DEBUG oslo.service.backend._threading.loopingcall [-] Fixed interval looping call 'nova.servicegroup.drivers.db.DbDriver._report_state' sleeping for 119.99 seconds {{(pid=93363) _run_loop /opt/stack/data/venv/lib/python3.12/site-packages/oslo_service/backend/_threading/loopingcall.py:125}}
Aug 17 06:17:06.625462 np0000007454 nova-scheduler[93358]: DEBUG dbcounter [-] [93358] Writing DB stats nova_cell0:SELECT=1,nova_cell0:UPDATE=1 {{(pid=93358) stat_writer /opt/stack/data/venv/lib/python3.12/site-packages/dbcounter.py:115}}
Aug 17 06:17:06.631345 np0000007454 nova-scheduler[93366]: DEBUG dbcounter [-] [93366] Writing DB stats nova_cell0:SELECT=1 {{(pid=93366) stat_writer /opt/stack/data/venv/lib/python3.12/site-packages/dbcounter.py:115}}
Aug 17 06:17:06.641621 np0000007454 nova-scheduler[93363]: DEBUG dbcounter [-] [93363] Writing DB stats nova_cell0:SELECT=1 {{(pid=93363) stat_writer /opt/stack/data/venv/lib/python3.12/site-packages/dbcounter.py:115}}
Aug 17 06:17:08.129249 np0000007454 nova-scheduler[93358]: DEBUG nova.scheduler.manager [None req-260986a6-1505-4f2c-b700-c76e312667b4 tempest-DeleteServersTestJSON-1329162935 tempest-DeleteServersTestJSON-1329162935-project-member] Starting to schedule for instances: ['04c2d9ca-81c4-4960-b362-a90b8a0ca764'] {{(pid=93358) select_destinations /opt/stack/nova/nova/scheduler/manager.py:197}}
Aug 17 06:17:08.130728 np0000007454 nova-scheduler[93358]: DEBUG nova.scheduler.request_filter [None req-260986a6-1505-4f2c-b700-c76e312667b4 tempest-DeleteServersTestJSON-1329162935 tempest-DeleteServersTestJSON-1329162935-project-member] compute_status_filter request filter added forbidden trait COMPUTE_STATUS_DISABLED {{(pid=93358) compute_status_filter /opt/stack/nova/nova/scheduler/request_filter.py:253}}
Aug 17 06:17:08.130728 np0000007454 nova-scheduler[93358]: DEBUG nova.scheduler.request_filter [None req-260986a6-1505-4f2c-b700-c76e312667b4 tempest-DeleteServersTestJSON-1329162935 tempest-DeleteServersTestJSON-1329162935-project-member] Request filter 'compute_status_filter' took 0.0 seconds {{(pid=93358) wrapper /opt/stack/nova/nova/scheduler/request_filter.py:46}}
Aug 17 06:17:08.130728 np0000007454 nova-scheduler[93358]: DEBUG nova.scheduler.request_filter [None req-260986a6-1505-4f2c-b700-c76e312667b4 tempest-DeleteServersTestJSON-1329162935 tempest-DeleteServersTestJSON-1329162935-project-member] Request filter 'accelerators_filter' took 0.0 seconds {{(pid=93358) wrapper /opt/stack/nova/nova/scheduler/request_filter.py:46}}
Aug 17 06:17:08.130825 np0000007454 nova-scheduler[93358]: DEBUG nova.scheduler.request_filter [None req-260986a6-1505-4f2c-b700-c76e312667b4 tempest-DeleteServersTestJSON-1329162935 tempest-DeleteServersTestJSON-1329162935-project-member] Request filter 'packed_virtqueue_filter' took 0.0 seconds {{(pid=93358) wrapper /opt/stack/nova/nova/scheduler/request_filter.py:46}}
Aug 17 06:17:08.131065 np0000007454 nova-scheduler[93358]: DEBUG nova.scheduler.request_filter [None req-260986a6-1505-4f2c-b700-c76e312667b4 tempest-DeleteServersTestJSON-1329162935 tempest-DeleteServersTestJSON-1329162935-project-member] Request filter 'remote_managed_ports_filter' took 0.0 seconds {{(pid=93358) wrapper /opt/stack/nova/nova/scheduler/request_filter.py:46}}
Aug 17 06:17:08.131220 np0000007454 nova-scheduler[93358]: DEBUG nova.scheduler.request_filter [None req-260986a6-1505-4f2c-b700-c76e312667b4 tempest-DeleteServersTestJSON-1329162935 tempest-DeleteServersTestJSON-1329162935-project-member] ephemeral_encryption_filter skipped {{(pid=93358) ephemeral_encryption_filter /opt/stack/nova/nova/scheduler/request_filter.py:426}}
Aug 17 06:17:08.131537 np0000007454 nova-scheduler[93358]: DEBUG nova.scheduler.request_filter [None req-260986a6-1505-4f2c-b700-c76e312667b4 tempest-DeleteServersTestJSON-1329162935 tempest-DeleteServersTestJSON-1329162935-project-member] virtio_sound_filter skipped {{(pid=93358) virtio_sound_filter /opt/stack/nova/nova/scheduler/request_filter.py:460}}
Aug 17 06:17:08.133430 np0000007454 nova-scheduler[93358]: DEBUG nova.scheduler.request_filter [None req-260986a6-1505-4f2c-b700-c76e312667b4 tempest-DeleteServersTestJSON-1329162935 tempest-DeleteServersTestJSON-1329162935-project-member] tpm_secret_security_filter skipped {{(pid=93358) tpm_secret_security_filter /opt/stack/nova/nova/scheduler/request_filter.py:477}}
Aug 17 06:17:08.850239 np0000007454 nova-scheduler[93358]: INFO nova.utils [None req-260986a6-1505-4f2c-b700-c76e312667b4 tempest-DeleteServersTestJSON-1329162935 tempest-DeleteServersTestJSON-1329162935-project-member] The cell worker thread pool ForkProcess-1.cell_worker is initialized
Aug 17 06:17:08.850734 np0000007454 nova-scheduler[93358]: DEBUG oslo_concurrency.lockutils [None req-260986a6-1505-4f2c-b700-c76e312667b4 tempest-DeleteServersTestJSON-1329162935 tempest-DeleteServersTestJSON-1329162935-project-member] Acquiring lock "471968ad-c0a4-49d6-a585-00b8f16499f6" by "nova.context.set_target_cell..get_or_set_cached_cell_and_set_connections" {{(pid=93358) inner /opt/stack/data/venv/lib/python3.12/site-packages/oslo_concurrency/lockutils.py:512}}
Aug 17 06:17:08.850931 np0000007454 nova-scheduler[93358]: DEBUG oslo_concurrency.lockutils [None req-260986a6-1505-4f2c-b700-c76e312667b4 tempest-DeleteServersTestJSON-1329162935 tempest-DeleteServersTestJSON-1329162935-project-member] Lock "471968ad-c0a4-49d6-a585-00b8f16499f6" acquired by "nova.context.set_target_cell..get_or_set_cached_cell_and_set_connections" :: waited 0.000s {{(pid=93358) inner /opt/stack/data/venv/lib/python3.12/site-packages/oslo_concurrency/lockutils.py:525}}
Aug 17 06:17:08.852505 np0000007454 nova-scheduler[93358]: DEBUG oslo_concurrency.lockutils [None req-260986a6-1505-4f2c-b700-c76e312667b4 tempest-DeleteServersTestJSON-1329162935 tempest-DeleteServersTestJSON-1329162935-project-member] Lock "471968ad-c0a4-49d6-a585-00b8f16499f6" "released" by "nova.context.set_target_cell..get_or_set_cached_cell_and_set_connections" :: held 0.001s {{(pid=93358) inner /opt/stack/data/venv/lib/python3.12/site-packages/oslo_concurrency/lockutils.py:544}}
Aug 17 06:17:08.854587 np0000007454 nova-scheduler[93358]: INFO dbcounter [None req-260986a6-1505-4f2c-b700-c76e312667b4 tempest-DeleteServersTestJSON-1329162935 tempest-DeleteServersTestJSON-1329162935-project-member] Registered counter for database nova_cell1
Aug 17 06:17:08.896410 np0000007454 nova-scheduler[93358]: DEBUG oslo_db.sqlalchemy.engines [None req-260986a6-1505-4f2c-b700-c76e312667b4 tempest-DeleteServersTestJSON-1329162935 tempest-DeleteServersTestJSON-1329162935-project-member] MySQL server mode set to STRICT_TRANS_TABLES,STRICT_ALL_TABLES,NO_ZERO_IN_DATE,NO_ZERO_DATE,ERROR_FOR_DIVISION_BY_ZERO,TRADITIONAL,NO_ENGINE_SUBSTITUTION {{(pid=93358) _check_effective_sql_mode /opt/stack/data/venv/lib/python3.12/site-packages/oslo_db/sqlalchemy/engines.py:325}}
Aug 17 06:17:08.898136 np0000007454 nova-scheduler[93358]: DEBUG dbcounter [-] [93358] Writer thread running {{(pid=93358) stat_writer /opt/stack/data/venv/lib/python3.12/site-packages/dbcounter.py:102}}
Aug 17 06:17:08.907511 np0000007454 nova-scheduler[93358]: DEBUG oslo_db.sqlalchemy.engines [None req-260986a6-1505-4f2c-b700-c76e312667b4 tempest-DeleteServersTestJSON-1329162935 tempest-DeleteServersTestJSON-1329162935-project-member] Parent process 92142 forked (93358) with an open database connection, which is being discarded and recreated. {{(pid=93358) checkout /opt/stack/data/venv/lib/python3.12/site-packages/oslo_db/sqlalchemy/engines.py:402}}
Aug 17 06:17:08.948439 np0000007454 nova-scheduler[93358]: DEBUG dbcounter [-] [93358] Writer thread running {{(pid=93358) stat_writer /opt/stack/data/venv/lib/python3.12/site-packages/dbcounter.py:102}}
Aug 17 06:17:08.955372 np0000007454 nova-scheduler[93358]: DEBUG oslo_concurrency.lockutils [None req-260986a6-1505-4f2c-b700-c76e312667b4 tempest-DeleteServersTestJSON-1329162935 tempest-DeleteServersTestJSON-1329162935-project-member] Acquiring lock "471968ad-c0a4-49d6-a585-00b8f16499f6" by "nova.context.set_target_cell..get_or_set_cached_cell_and_set_connections" {{(pid=93358) inner /opt/stack/data/venv/lib/python3.12/site-packages/oslo_concurrency/lockutils.py:512}}
Aug 17 06:17:08.955592 np0000007454 nova-scheduler[93358]: DEBUG oslo_concurrency.lockutils [None req-260986a6-1505-4f2c-b700-c76e312667b4 tempest-DeleteServersTestJSON-1329162935 tempest-DeleteServersTestJSON-1329162935-project-member] Lock "471968ad-c0a4-49d6-a585-00b8f16499f6" acquired by "nova.context.set_target_cell..get_or_set_cached_cell_and_set_connections" :: waited 0.000s {{(pid=93358) inner /opt/stack/data/venv/lib/python3.12/site-packages/oslo_concurrency/lockutils.py:525}}
Aug 17 06:17:08.955770 np0000007454 nova-scheduler[93358]: DEBUG oslo_concurrency.lockutils [None req-260986a6-1505-4f2c-b700-c76e312667b4 tempest-DeleteServersTestJSON-1329162935 tempest-DeleteServersTestJSON-1329162935-project-member] Lock "471968ad-c0a4-49d6-a585-00b8f16499f6" "released" by "nova.context.set_target_cell..get_or_set_cached_cell_and_set_connections" :: held 0.000s {{(pid=93358) inner /opt/stack/data/venv/lib/python3.12/site-packages/oslo_concurrency/lockutils.py:544}}
Aug 17 06:17:08.960694 np0000007454 nova-scheduler[93358]: DEBUG oslo_concurrency.lockutils [None req-260986a6-1505-4f2c-b700-c76e312667b4 tempest-DeleteServersTestJSON-1329162935 tempest-DeleteServersTestJSON-1329162935-project-member] Acquiring lock "np0000007454-np0000007454" by "nova.scheduler.host_manager.HostState.update.._locked_update" {{(pid=93358) inner /opt/stack/data/venv/lib/python3.12/site-packages/oslo_concurrency/lockutils.py:512}}
Aug 17 06:17:08.960839 np0000007454 nova-scheduler[93358]: DEBUG oslo_concurrency.lockutils [None req-260986a6-1505-4f2c-b700-c76e312667b4 tempest-DeleteServersTestJSON-1329162935 tempest-DeleteServersTestJSON-1329162935-project-member] Lock "np0000007454-np0000007454" acquired by "nova.scheduler.host_manager.HostState.update.._locked_update" :: waited 0.000s {{(pid=93358) inner /opt/stack/data/venv/lib/python3.12/site-packages/oslo_concurrency/lockutils.py:525}}
Aug 17 06:17:08.963347 np0000007454 nova-scheduler[93358]: DEBUG nova.scheduler.host_manager [None req-260986a6-1505-4f2c-b700-c76e312667b4 tempest-DeleteServersTestJSON-1329162935 tempest-DeleteServersTestJSON-1329162935-project-member] Update host state from compute node: ComputeNode(cpu_allocation_ratio=4.0,cpu_info='{"arch": "x86_64", "model": "EPYC-Milan", "vendor": "AMD", "topology": {"cells": 1, "sockets": 16, "cores": 1, "threads": 1}, "maxphysaddr": {"mode": "emulate", "bits": 40}, "features": ["amd-ssbd", "pge", "svme-addr-chk", "pfthreshold", "topoext", "vpclmulqdq", "tsc_adjust", "xsave", "lm", "virt-ssbd", "clwb", "f16c", "misalignsse", "cr8legacy", "fpu", "xsavec", "ssse3", "avx2", "rdrand", "erms", "xsaveopt", "mtrr", "clflushopt", "perfctr_core", "cmp_legacy", "flushbyasid", "lahf_lm", "nrip-save", "sse", "clzero", "sep", "aes", "adx", "bmi1", "de", "gds-no", "null-sel-clr-base", "x2apic", "pause-filter", "tsc-scale", "sse4a", "pae", "amd-stibp", "vmcb-clean", "rdtscp", "hypervisor", "no-nested-data-bp", "arat", "rdpid", "rdseed", "ibpb", "pse", "pcid", "mds-no", "invpcid", "smep", "v-vmsave-vmload", "stibp", "pdpe1gb", "vme", "arch-capabilities", "tsc-deadline", "vaes", "msr", "fxsr_opt", "sha-ni", "xgetbv1", "cx8", "nx", "pni", "3dnowprefetch", "mca", "apic", "popcnt", "smap", "syscall", "amd-psfd", "fxsr", "avx", "wbnoinvd", "npt", "sse4.2", "pku", "skip-l1dfl-vmentry", "movbe", "osvw", "sse4.1", "umip", "mce", "spec-ctrl", "fsgsbase", "cmov", "lfence-always-serializing", "svm", "vgif", "bmi2", "pse36", "tsc", "ibrs", "xsaves", "pclmuldq", "xsaveerptr", "clflush", "lbrv", "pschange-mc-no", "pat", "stibp-always-on", "fma", "abm", "cx16", "rdctl-no", "fsrm", "ssbd", "sse2", "mmx", "mmxext"]}',created_at=2026-08-17T06:15:12Z,current_workload=0,deleted=False,deleted_at=None,disk_allocation_ratio=1.0,disk_available_least=73,free_disk_gb=95,free_ram_mb=62765,host='np0000007454',host_ip=10.4.3.62,hypervisor_hostname='np0000007454',hypervisor_type='QEMU',hypervisor_version=8002002,id=1,local_gb=95,local_gb_used=0,mapped=1,memory_mb=63277,memory_mb_used=512,metrics='[]',numa_topology='{"nova_object.name": "NUMATopology", "nova_object.namespace": "nova", "nova_object.version": "1.2", "nova_object.data": {"cells": [{"nova_object.name": "NUMACell", "nova_object.namespace": "nova", "nova_object.version": "1.5", "nova_object.data": {"id": 0, "cpuset": [0, 1, 2, 3, 4, 5, 6, 7, 8, 9, 10, 11, 12, 13, 14, 15], "pcpuset": [0, 1, 2, 3, 4, 5, 6, 7, 8, 9, 10, 11, 12, 13, 14, 15], "memory": 63277, "cpu_usage": 0, "memory_usage": 0, "pinned_cpus": [], "siblings": [[6], [12], [2], [15], [5], [11], [8], [14], [4], [1], [7], [10], [0], [13], [3], [9]], "mempages": [{"nova_object.name": "NUMAPagesTopology", "nova_object.namespace": "nova", "nova_object.version": "1.1", "nova_object.data": {"size_kb": 4, "total": 16177929, "used": 0, "reserved": 0}, "nova_object.changes": ["used", "reserved", "size_kb", "total"]}, {"nova_object.name": "NUMAPagesTopology", "nova_object.namespace": "nova", "nova_object.version": "1.1", "nova_object.data": {"size_kb": 2048, "total": 41, "used": 0, "reserved": 0}, "nova_object.changes": ["used", "reserved", "size_kb", "total"]}, {"nova_object.name": "NUMAPagesTopology", "nova_object.namespace": "nova", "nova_object.version": "1.1", "nova_object.data": {"size_kb": 1048576, "total": 0, "used": 0, "reserved": 0}, "nova_object.changes": ["used", "reserved", "size_kb", "total"]}], "network_metadata": {"nova_object.name": "NetworkMetadata", "nova_object.namespace": "nova", "nova_object.version": "1.0", "nova_object.data": {"physnets": [], "tunneled": false}, "nova_object.changes": ["physnets", "tunneled"]}, "socket": null}, "nova_object.changes": ["cpuset", "id", "siblings", "pinned_cpus", "mempages", "pcpuset", "memory_usage", "socket", "memory", "network_metadata", "cpu_usage"]}]}, "nova_object.changes": ["cells"]}',pci_device_pools=PciDevicePoolList,ram_allocation_ratio=1.0,running_vms=0,service_id=2,stats={failed_builds='0',uptime=' 06:17:01 up 13 min, 2 users, load average: 2.30, 1.45, 0.77
Aug 17 06:17:08.963347 np0000007454 nova-scheduler[93358]: '},supported_hv_specs=[HVSpec,HVSpec,HVSpec,HVSpec,HVSpec,HVSpec,HVSpec,HVSpec,HVSpec,HVSpec,HVSpec,HVSpec,HVSpec,HVSpec,HVSpec,HVSpec,HVSpec,HVSpec,HVSpec,HVSpec,HVSpec,HVSpec,HVSpec,HVSpec,HVSpec],updated_at=2026-08-17T06:17:02Z,uuid=eff5a1a4-0b0e-47d1-a0e7-650d4b6774bb,vcpus=16,vcpus_used=0) {{(pid=93358) _locked_update /opt/stack/nova/nova/scheduler/host_manager.py:168}}
Aug 17 06:17:08.964050 np0000007454 nova-scheduler[93358]: DEBUG nova.scheduler.host_manager [None req-260986a6-1505-4f2c-b700-c76e312667b4 tempest-DeleteServersTestJSON-1329162935 tempest-DeleteServersTestJSON-1329162935-project-member] Update host state with aggregates: [] {{(pid=93358) _locked_update /opt/stack/nova/nova/scheduler/host_manager.py:171}}
Aug 17 06:17:08.964157 np0000007454 nova-scheduler[93358]: DEBUG nova.scheduler.host_manager [None req-260986a6-1505-4f2c-b700-c76e312667b4 tempest-DeleteServersTestJSON-1329162935 tempest-DeleteServersTestJSON-1329162935-project-member] Update host state with service dict: {'id': 2, 'uuid': '18920345-4a0d-4d8e-91b8-956492504601', 'host': 'np0000007454', 'binary': 'nova-compute', 'topic': 'compute', 'report_count': 1, 'disabled': False, 'disabled_reason': None, 'last_seen_up': datetime.datetime(2026, 8, 17, 6, 15, 19, tzinfo=datetime.timezone.utc), 'forced_down': False, 'version': 72, 'created_at': datetime.datetime(2026, 8, 17, 6, 15, 12, tzinfo=datetime.timezone.utc), 'updated_at': datetime.datetime(2026, 8, 17, 6, 15, 19, tzinfo=datetime.timezone.utc), 'deleted_at': None, 'deleted': False} {{(pid=93358) _locked_update /opt/stack/nova/nova/scheduler/host_manager.py:174}}
Aug 17 06:17:08.964277 np0000007454 nova-scheduler[93358]: DEBUG nova.scheduler.host_manager [None req-260986a6-1505-4f2c-b700-c76e312667b4 tempest-DeleteServersTestJSON-1329162935 tempest-DeleteServersTestJSON-1329162935-project-member] Update host state with instances: [] {{(pid=93358) _locked_update /opt/stack/nova/nova/scheduler/host_manager.py:177}}
Aug 17 06:17:08.964404 np0000007454 nova-scheduler[93358]: DEBUG oslo_concurrency.lockutils [None req-260986a6-1505-4f2c-b700-c76e312667b4 tempest-DeleteServersTestJSON-1329162935 tempest-DeleteServersTestJSON-1329162935-project-member] Lock "np0000007454-np0000007454" "released" by "nova.scheduler.host_manager.HostState.update.._locked_update" :: held 0.004s {{(pid=93358) inner /opt/stack/data/venv/lib/python3.12/site-packages/oslo_concurrency/lockutils.py:544}}
Aug 17 06:17:08.964751 np0000007454 nova-scheduler[93358]: DEBUG nova.filters [None req-260986a6-1505-4f2c-b700-c76e312667b4 tempest-DeleteServersTestJSON-1329162935 tempest-DeleteServersTestJSON-1329162935-project-member] Starting with 1 host(s) {{(pid=93358) get_filtered_objects /opt/stack/nova/nova/filters.py:70}}
Aug 17 06:17:08.964939 np0000007454 nova-scheduler[93358]: DEBUG nova.filters [None req-260986a6-1505-4f2c-b700-c76e312667b4 tempest-DeleteServersTestJSON-1329162935 tempest-DeleteServersTestJSON-1329162935-project-member] Filter ComputeFilter returned 1 host(s) {{(pid=93358) get_filtered_objects /opt/stack/nova/nova/filters.py:102}}
Aug 17 06:17:08.965069 np0000007454 nova-scheduler[93358]: DEBUG nova.filters [None req-260986a6-1505-4f2c-b700-c76e312667b4 tempest-DeleteServersTestJSON-1329162935 tempest-DeleteServersTestJSON-1329162935-project-member] Filter ComputeCapabilitiesFilter returned 1 host(s) {{(pid=93358) get_filtered_objects /opt/stack/nova/nova/filters.py:102}}
Aug 17 06:17:08.965282 np0000007454 nova-scheduler[93358]: DEBUG nova.filters [None req-260986a6-1505-4f2c-b700-c76e312667b4 tempest-DeleteServersTestJSON-1329162935 tempest-DeleteServersTestJSON-1329162935-project-member] Filter ImagePropertiesFilter returned 1 host(s) {{(pid=93358) get_filtered_objects /opt/stack/nova/nova/filters.py:102}}
Aug 17 06:17:08.965444 np0000007454 nova-scheduler[93358]: DEBUG nova.filters [None req-260986a6-1505-4f2c-b700-c76e312667b4 tempest-DeleteServersTestJSON-1329162935 tempest-DeleteServersTestJSON-1329162935-project-member] Filter ServerGroupAntiAffinityFilter returned 1 host(s) {{(pid=93358) get_filtered_objects /opt/stack/nova/nova/filters.py:102}}
Aug 17 06:17:08.965570 np0000007454 nova-scheduler[93358]: DEBUG nova.filters [None req-260986a6-1505-4f2c-b700-c76e312667b4 tempest-DeleteServersTestJSON-1329162935 tempest-DeleteServersTestJSON-1329162935-project-member] Filter ServerGroupAffinityFilter returned 1 host(s) {{(pid=93358) get_filtered_objects /opt/stack/nova/nova/filters.py:102}}
Aug 17 06:17:08.965696 np0000007454 nova-scheduler[93358]: DEBUG nova.filters [None req-260986a6-1505-4f2c-b700-c76e312667b4 tempest-DeleteServersTestJSON-1329162935 tempest-DeleteServersTestJSON-1329162935-project-member] Filter SameHostFilter returned 1 host(s) {{(pid=93358) get_filtered_objects /opt/stack/nova/nova/filters.py:102}}
Aug 17 06:17:08.965797 np0000007454 nova-scheduler[93358]: DEBUG nova.filters [None req-260986a6-1505-4f2c-b700-c76e312667b4 tempest-DeleteServersTestJSON-1329162935 tempest-DeleteServersTestJSON-1329162935-project-member] Filter DifferentHostFilter returned 1 host(s) {{(pid=93358) get_filtered_objects /opt/stack/nova/nova/filters.py:102}}
Aug 17 06:17:08.965933 np0000007454 nova-scheduler[93358]: DEBUG nova.scheduler.manager [None req-260986a6-1505-4f2c-b700-c76e312667b4 tempest-DeleteServersTestJSON-1329162935 tempest-DeleteServersTestJSON-1329162935-project-member] Filtered [(np0000007454, np0000007454) ram: 62765MB disk: 74752MB io_ops: 0 instances: 0, allocation_candidates: 1] {{(pid=93358) _get_sorted_hosts /opt/stack/nova/nova/scheduler/manager.py:730}}
Aug 17 06:17:08.966105 np0000007454 nova-scheduler[93358]: DEBUG nova.scheduler.manager [None req-260986a6-1505-4f2c-b700-c76e312667b4 tempest-DeleteServersTestJSON-1329162935 tempest-DeleteServersTestJSON-1329162935-project-member] Weighed [WeighedHost [host: (np0000007454, np0000007454) ram: 62765MB disk: 74752MB io_ops: 0 instances: 0, allocation_candidates: 1, weight: 0.0]] {{(pid=93358) _get_sorted_hosts /opt/stack/nova/nova/scheduler/manager.py:752}}
Aug 17 06:17:08.966265 np0000007454 nova-scheduler[93358]: DEBUG nova.scheduler.utils [None req-260986a6-1505-4f2c-b700-c76e312667b4 tempest-DeleteServersTestJSON-1329162935 tempest-DeleteServersTestJSON-1329162935-project-member] Attempting to claim resources in the placement API for instance 04c2d9ca-81c4-4960-b362-a90b8a0ca764 {{(pid=93358) claim_resources /opt/stack/nova/nova/scheduler/utils.py:1345}}
Aug 17 06:17:09.127893 np0000007454 nova-scheduler[93358]: DEBUG nova.scheduler.manager [None req-260986a6-1505-4f2c-b700-c76e312667b4 tempest-DeleteServersTestJSON-1329162935 tempest-DeleteServersTestJSON-1329162935-project-member] [instance: 04c2d9ca-81c4-4960-b362-a90b8a0ca764] Selected host: (np0000007454, np0000007454) ram: 62765MB disk: 74752MB io_ops: 0 instances: 0, allocation_candidates: 1 {{(pid=93358) _consume_selected_host /opt/stack/nova/nova/scheduler/manager.py:612}}
Aug 17 06:17:09.128185 np0000007454 nova-scheduler[93358]: DEBUG oslo_concurrency.lockutils [None req-260986a6-1505-4f2c-b700-c76e312667b4 tempest-DeleteServersTestJSON-1329162935 tempest-DeleteServersTestJSON-1329162935-project-member] Acquiring lock "np0000007454-np0000007454" by "nova.scheduler.host_manager.HostState.consume_from_request.._locked" {{(pid=93358) inner /opt/stack/data/venv/lib/python3.12/site-packages/oslo_concurrency/lockutils.py:512}}
Aug 17 06:17:09.128365 np0000007454 nova-scheduler[93358]: DEBUG oslo_concurrency.lockutils [None req-260986a6-1505-4f2c-b700-c76e312667b4 tempest-DeleteServersTestJSON-1329162935 tempest-DeleteServersTestJSON-1329162935-project-member] Lock "np0000007454-np0000007454" acquired by "nova.scheduler.host_manager.HostState.consume_from_request.._locked" :: waited 0.000s {{(pid=93358) inner /opt/stack/data/venv/lib/python3.12/site-packages/oslo_concurrency/lockutils.py:525}}
Aug 17 06:17:09.128571 np0000007454 nova-scheduler[93358]: DEBUG oslo_concurrency.lockutils [None req-260986a6-1505-4f2c-b700-c76e312667b4 tempest-DeleteServersTestJSON-1329162935 tempest-DeleteServersTestJSON-1329162935-project-member] Lock "np0000007454-np0000007454" "released" by "nova.scheduler.host_manager.HostState.consume_from_request.._locked" :: held 0.000s {{(pid=93358) inner /opt/stack/data/venv/lib/python3.12/site-packages/oslo_concurrency/lockutils.py:544}}
Aug 17 06:17:10.187480 np0000007454 nova-scheduler[93366]: DEBUG nova.scheduler.manager [None req-f082dd22-9344-4b2f-ac34-92956d923a34 tempest-ServerActionsTestOtherB-1663549174 tempest-ServerActionsTestOtherB-1663549174-project-member] Starting to schedule for instances: ['c166342d-05d4-44d0-ad12-3e14089757ca'] {{(pid=93366) select_destinations /opt/stack/nova/nova/scheduler/manager.py:197}}
Aug 17 06:17:10.187989 np0000007454 nova-scheduler[93366]: DEBUG nova.scheduler.request_filter [None req-f082dd22-9344-4b2f-ac34-92956d923a34 tempest-ServerActionsTestOtherB-1663549174 tempest-ServerActionsTestOtherB-1663549174-project-member] compute_status_filter request filter added forbidden trait COMPUTE_STATUS_DISABLED {{(pid=93366) compute_status_filter /opt/stack/nova/nova/scheduler/request_filter.py:253}}
Aug 17 06:17:10.188116 np0000007454 nova-scheduler[93366]: DEBUG nova.scheduler.request_filter [None req-f082dd22-9344-4b2f-ac34-92956d923a34 tempest-ServerActionsTestOtherB-1663549174 tempest-ServerActionsTestOtherB-1663549174-project-member] Request filter 'compute_status_filter' took 0.0 seconds {{(pid=93366) wrapper /opt/stack/nova/nova/scheduler/request_filter.py:46}}
Aug 17 06:17:10.188326 np0000007454 nova-scheduler[93366]: DEBUG nova.scheduler.request_filter [None req-f082dd22-9344-4b2f-ac34-92956d923a34 tempest-ServerActionsTestOtherB-1663549174 tempest-ServerActionsTestOtherB-1663549174-project-member] Request filter 'accelerators_filter' took 0.0 seconds {{(pid=93366) wrapper /opt/stack/nova/nova/scheduler/request_filter.py:46}}
Aug 17 06:17:10.188546 np0000007454 nova-scheduler[93366]: DEBUG nova.scheduler.request_filter [None req-f082dd22-9344-4b2f-ac34-92956d923a34 tempest-ServerActionsTestOtherB-1663549174 tempest-ServerActionsTestOtherB-1663549174-project-member] Request filter 'packed_virtqueue_filter' took 0.0 seconds {{(pid=93366) wrapper /opt/stack/nova/nova/scheduler/request_filter.py:46}}
Aug 17 06:17:10.188827 np0000007454 nova-scheduler[93366]: DEBUG nova.scheduler.request_filter [None req-f082dd22-9344-4b2f-ac34-92956d923a34 tempest-ServerActionsTestOtherB-1663549174 tempest-ServerActionsTestOtherB-1663549174-project-member] Request filter 'remote_managed_ports_filter' took 0.0 seconds {{(pid=93366) wrapper /opt/stack/nova/nova/scheduler/request_filter.py:46}}
Aug 17 06:17:10.188977 np0000007454 nova-scheduler[93366]: DEBUG nova.scheduler.request_filter [None req-f082dd22-9344-4b2f-ac34-92956d923a34 tempest-ServerActionsTestOtherB-1663549174 tempest-ServerActionsTestOtherB-1663549174-project-member] ephemeral_encryption_filter skipped {{(pid=93366) ephemeral_encryption_filter /opt/stack/nova/nova/scheduler/request_filter.py:426}}
Aug 17 06:17:10.189126 np0000007454 nova-scheduler[93366]: DEBUG nova.scheduler.request_filter [None req-f082dd22-9344-4b2f-ac34-92956d923a34 tempest-ServerActionsTestOtherB-1663549174 tempest-ServerActionsTestOtherB-1663549174-project-member] virtio_sound_filter skipped {{(pid=93366) virtio_sound_filter /opt/stack/nova/nova/scheduler/request_filter.py:460}}
Aug 17 06:17:10.189299 np0000007454 nova-scheduler[93366]: DEBUG nova.scheduler.request_filter [None req-f082dd22-9344-4b2f-ac34-92956d923a34 tempest-ServerActionsTestOtherB-1663549174 tempest-ServerActionsTestOtherB-1663549174-project-member] tpm_secret_security_filter skipped {{(pid=93366) tpm_secret_security_filter /opt/stack/nova/nova/scheduler/request_filter.py:477}}
Aug 17 06:17:10.310987 np0000007454 nova-scheduler[93366]: INFO nova.utils [None req-f082dd22-9344-4b2f-ac34-92956d923a34 tempest-ServerActionsTestOtherB-1663549174 tempest-ServerActionsTestOtherB-1663549174-project-member] The cell worker thread pool ForkProcess-3.cell_worker is initialized
