Aug 17 06:14:56.859136 np0000007454 nova-conductor[95863]: DEBUG cotyledon.oslo_config_glue [-] oslo_messaging_rabbit.rabbit_quorum_delivery_limit = 0 {{(pid=95863) log_opt_values /opt/stack/data/venv/lib/python3.12/site-packages/oslo_config/cfg.py:3560}}
Aug 17 06:14:56.859136 np0000007454 nova-conductor[95863]: DEBUG cotyledon.oslo_config_glue [-] oslo_messaging_rabbit.rabbit_quorum_max_memory_bytes = 0 {{(pid=95863) log_opt_values /opt/stack/data/venv/lib/python3.12/site-packages/oslo_config/cfg.py:3560}}
Aug 17 06:14:56.859318 np0000007454 nova-conductor[95863]: DEBUG cotyledon.oslo_config_glue [-] oslo_messaging_rabbit.rabbit_quorum_max_memory_length = 0 {{(pid=95863) log_opt_values /opt/stack/data/venv/lib/python3.12/site-packages/oslo_config/cfg.py:3560}}
Aug 17 06:14:56.859318 np0000007454 nova-conductor[95863]: DEBUG cotyledon.oslo_config_glue [-] oslo_messaging_rabbit.rabbit_quorum_queue = False {{(pid=95863) log_opt_values /opt/stack/data/venv/lib/python3.12/site-packages/oslo_config/cfg.py:3560}}
Aug 17 06:14:56.859318 np0000007454 nova-conductor[95863]: DEBUG cotyledon.oslo_config_glue [-] oslo_messaging_rabbit.rabbit_retry_backoff = 2 {{(pid=95863) log_opt_values /opt/stack/data/venv/lib/python3.12/site-packages/oslo_config/cfg.py:3560}}
Aug 17 06:14:56.859318 np0000007454 nova-conductor[95863]: DEBUG cotyledon.oslo_config_glue [-] oslo_messaging_rabbit.rabbit_retry_interval = 1 {{(pid=95863) log_opt_values /opt/stack/data/venv/lib/python3.12/site-packages/oslo_config/cfg.py:3560}}
Aug 17 06:14:56.859318 np0000007454 nova-conductor[95863]: DEBUG cotyledon.oslo_config_glue [-] oslo_messaging_rabbit.rabbit_stream_fanout = False {{(pid=95863) log_opt_values /opt/stack/data/venv/lib/python3.12/site-packages/oslo_config/cfg.py:3560}}
Aug 17 06:14:56.859318 np0000007454 nova-conductor[95863]: DEBUG cotyledon.oslo_config_glue [-] oslo_messaging_rabbit.rabbit_transient_queues_ttl = 1800 {{(pid=95863) log_opt_values /opt/stack/data/venv/lib/python3.12/site-packages/oslo_config/cfg.py:3560}}
Aug 17 06:14:56.859318 np0000007454 nova-conductor[95863]: DEBUG cotyledon.oslo_config_glue [-] oslo_messaging_rabbit.rabbit_transient_quorum_queue = False {{(pid=95863) log_opt_values /opt/stack/data/venv/lib/python3.12/site-packages/oslo_config/cfg.py:3560}}
Aug 17 06:14:56.859318 np0000007454 nova-conductor[95863]: DEBUG cotyledon.oslo_config_glue [-] oslo_messaging_rabbit.rpc_conn_pool_size = 30 {{(pid=95863) log_opt_values /opt/stack/data/venv/lib/python3.12/site-packages/oslo_config/cfg.py:3560}}
Aug 17 06:14:56.859318 np0000007454 nova-conductor[95863]: DEBUG cotyledon.oslo_config_glue [-] oslo_messaging_rabbit.ssl = False {{(pid=95863) log_opt_values /opt/stack/data/venv/lib/python3.12/site-packages/oslo_config/cfg.py:3560}}
Aug 17 06:14:56.859498 np0000007454 nova-conductor[95863]: DEBUG cotyledon.oslo_config_glue [-] oslo_messaging_rabbit.ssl_ca_file = {{(pid=95863) log_opt_values /opt/stack/data/venv/lib/python3.12/site-packages/oslo_config/cfg.py:3560}}
Aug 17 06:14:56.859498 np0000007454 nova-conductor[95863]: DEBUG cotyledon.oslo_config_glue [-] oslo_messaging_rabbit.ssl_cert_file = {{(pid=95863) log_opt_values /opt/stack/data/venv/lib/python3.12/site-packages/oslo_config/cfg.py:3560}}
Aug 17 06:14:56.859498 np0000007454 nova-conductor[95863]: DEBUG cotyledon.oslo_config_glue [-] oslo_messaging_rabbit.ssl_enforce_fips_mode = False {{(pid=95863) log_opt_values /opt/stack/data/venv/lib/python3.12/site-packages/oslo_config/cfg.py:3560}}
Aug 17 06:14:56.859498 np0000007454 nova-conductor[95863]: DEBUG cotyledon.oslo_config_glue [-] oslo_messaging_rabbit.ssl_enforce_hostname_verification = True {{(pid=95863) log_opt_values /opt/stack/data/venv/lib/python3.12/site-packages/oslo_config/cfg.py:3560}}
Aug 17 06:14:56.859498 np0000007454 nova-conductor[95863]: DEBUG cotyledon.oslo_config_glue [-] oslo_messaging_rabbit.ssl_key_file = {{(pid=95863) log_opt_values /opt/stack/data/venv/lib/python3.12/site-packages/oslo_config/cfg.py:3560}}
Aug 17 06:14:56.859498 np0000007454 nova-conductor[95863]: DEBUG cotyledon.oslo_config_glue [-] oslo_messaging_rabbit.ssl_version = {{(pid=95863) log_opt_values /opt/stack/data/venv/lib/python3.12/site-packages/oslo_config/cfg.py:3560}}
Aug 17 06:14:56.859498 np0000007454 nova-conductor[95863]: DEBUG cotyledon.oslo_config_glue [-] oslo_messaging_rabbit.use_queue_manager = False {{(pid=95863) log_opt_values /opt/stack/data/venv/lib/python3.12/site-packages/oslo_config/cfg.py:3560}}
Aug 17 06:14:56.859498 np0000007454 nova-conductor[95863]: DEBUG cotyledon.oslo_config_glue [-] oslo_messaging_notifications.driver = ['messagingv2'] {{(pid=95863) log_opt_values /opt/stack/data/venv/lib/python3.12/site-packages/oslo_config/cfg.py:3560}}
Aug 17 06:14:56.859498 np0000007454 nova-conductor[95863]: DEBUG cotyledon.oslo_config_glue [-] oslo_messaging_notifications.retry = -1 {{(pid=95863) log_opt_values /opt/stack/data/venv/lib/python3.12/site-packages/oslo_config/cfg.py:3560}}
Aug 17 06:14:56.859698 np0000007454 nova-conductor[95863]: DEBUG cotyledon.oslo_config_glue [-] oslo_messaging_notifications.topics = ['notifications'] {{(pid=95863) log_opt_values /opt/stack/data/venv/lib/python3.12/site-packages/oslo_config/cfg.py:3560}}
Aug 17 06:14:56.859698 np0000007454 nova-conductor[95863]: DEBUG cotyledon.oslo_config_glue [-] oslo_messaging_notifications.transport_url = **** {{(pid=95863) log_opt_values /opt/stack/data/venv/lib/python3.12/site-packages/oslo_config/cfg.py:3560}}
Aug 17 06:14:56.859698 np0000007454 nova-conductor[95863]: DEBUG cotyledon.oslo_config_glue [-] oslo_limit.auth_section = None {{(pid=95863) log_opt_values /opt/stack/data/venv/lib/python3.12/site-packages/oslo_config/cfg.py:3560}}
Aug 17 06:14:56.859698 np0000007454 nova-conductor[95863]: DEBUG cotyledon.oslo_config_glue [-] oslo_limit.auth_type = None {{(pid=95863) log_opt_values /opt/stack/data/venv/lib/python3.12/site-packages/oslo_config/cfg.py:3560}}
Aug 17 06:14:56.859698 np0000007454 nova-conductor[95863]: DEBUG cotyledon.oslo_config_glue [-] oslo_limit.cafile = None {{(pid=95863) log_opt_values /opt/stack/data/venv/lib/python3.12/site-packages/oslo_config/cfg.py:3560}}
Aug 17 06:14:56.859698 np0000007454 nova-conductor[95863]: DEBUG cotyledon.oslo_config_glue [-] oslo_limit.certfile = None {{(pid=95863) log_opt_values /opt/stack/data/venv/lib/python3.12/site-packages/oslo_config/cfg.py:3560}}
Aug 17 06:14:56.859698 np0000007454 nova-conductor[95863]: DEBUG cotyledon.oslo_config_glue [-] oslo_limit.collect_timing = False {{(pid=95863) log_opt_values /opt/stack/data/venv/lib/python3.12/site-packages/oslo_config/cfg.py:3560}}
Aug 17 06:14:56.859698 np0000007454 nova-conductor[95863]: DEBUG cotyledon.oslo_config_glue [-] oslo_limit.connect_retries = None {{(pid=95863) log_opt_values /opt/stack/data/venv/lib/python3.12/site-packages/oslo_config/cfg.py:3560}}
Aug 17 06:14:56.859698 np0000007454 nova-conductor[95863]: DEBUG cotyledon.oslo_config_glue [-] oslo_limit.connect_retry_delay = None {{(pid=95863) log_opt_values /opt/stack/data/venv/lib/python3.12/site-packages/oslo_config/cfg.py:3560}}
Aug 17 06:14:56.859855 np0000007454 nova-conductor[95863]: DEBUG cotyledon.oslo_config_glue [-] oslo_limit.endpoint_id = None {{(pid=95863) log_opt_values /opt/stack/data/venv/lib/python3.12/site-packages/oslo_config/cfg.py:3560}}
Aug 17 06:14:56.859855 np0000007454 nova-conductor[95863]: DEBUG cotyledon.oslo_config_glue [-] oslo_limit.endpoint_interface = public {{(pid=95863) log_opt_values /opt/stack/data/venv/lib/python3.12/site-packages/oslo_config/cfg.py:3560}}
Aug 17 06:14:56.859855 np0000007454 nova-conductor[95863]: DEBUG cotyledon.oslo_config_glue [-] oslo_limit.endpoint_override = None {{(pid=95863) log_opt_values /opt/stack/data/venv/lib/python3.12/site-packages/oslo_config/cfg.py:3560}}
Aug 17 06:14:56.859855 np0000007454 nova-conductor[95863]: DEBUG cotyledon.oslo_config_glue [-] oslo_limit.endpoint_region_name = None {{(pid=95863) log_opt_values /opt/stack/data/venv/lib/python3.12/site-packages/oslo_config/cfg.py:3560}}
Aug 17 06:14:56.859855 np0000007454 nova-conductor[95863]: DEBUG cotyledon.oslo_config_glue [-] oslo_limit.endpoint_service_name = None {{(pid=95863) log_opt_values /opt/stack/data/venv/lib/python3.12/site-packages/oslo_config/cfg.py:3560}}
Aug 17 06:14:56.859855 np0000007454 nova-conductor[95863]: DEBUG cotyledon.oslo_config_glue [-] oslo_limit.endpoint_service_type = None {{(pid=95863) log_opt_values /opt/stack/data/venv/lib/python3.12/site-packages/oslo_config/cfg.py:3560}}
Aug 17 06:14:56.859855 np0000007454 nova-conductor[95863]: DEBUG cotyledon.oslo_config_glue [-] oslo_limit.insecure = False {{(pid=95863) log_opt_values /opt/stack/data/venv/lib/python3.12/site-packages/oslo_config/cfg.py:3560}}
Aug 17 06:14:56.859855 np0000007454 nova-conductor[95863]: DEBUG cotyledon.oslo_config_glue [-] oslo_limit.keyfile = None {{(pid=95863) log_opt_values /opt/stack/data/venv/lib/python3.12/site-packages/oslo_config/cfg.py:3560}}
Aug 17 06:14:56.859855 np0000007454 nova-conductor[95863]: DEBUG cotyledon.oslo_config_glue [-] oslo_limit.max_version = None {{(pid=95863) log_opt_values /opt/stack/data/venv/lib/python3.12/site-packages/oslo_config/cfg.py:3560}}
Aug 17 06:14:56.860019 np0000007454 nova-conductor[95863]: DEBUG cotyledon.oslo_config_glue [-] oslo_limit.min_version = None {{(pid=95863) log_opt_values /opt/stack/data/venv/lib/python3.12/site-packages/oslo_config/cfg.py:3560}}
Aug 17 06:14:56.860019 np0000007454 nova-conductor[95863]: DEBUG cotyledon.oslo_config_glue [-] oslo_limit.region_name = None {{(pid=95863) log_opt_values /opt/stack/data/venv/lib/python3.12/site-packages/oslo_config/cfg.py:3560}}
Aug 17 06:14:56.860019 np0000007454 nova-conductor[95863]: DEBUG cotyledon.oslo_config_glue [-] oslo_limit.retriable_status_codes = None {{(pid=95863) log_opt_values /opt/stack/data/venv/lib/python3.12/site-packages/oslo_config/cfg.py:3560}}
Aug 17 06:14:56.860019 np0000007454 nova-conductor[95863]: DEBUG cotyledon.oslo_config_glue [-] oslo_limit.service_name = None {{(pid=95863) log_opt_values /opt/stack/data/venv/lib/python3.12/site-packages/oslo_config/cfg.py:3560}}
Aug 17 06:14:56.860019 np0000007454 nova-conductor[95863]: DEBUG cotyledon.oslo_config_glue [-] oslo_limit.service_type = None {{(pid=95863) log_opt_values /opt/stack/data/venv/lib/python3.12/site-packages/oslo_config/cfg.py:3560}}
Aug 17 06:14:56.860019 np0000007454 nova-conductor[95863]: DEBUG cotyledon.oslo_config_glue [-] oslo_limit.split_loggers = False {{(pid=95863) log_opt_values /opt/stack/data/venv/lib/python3.12/site-packages/oslo_config/cfg.py:3560}}
Aug 17 06:14:56.860019 np0000007454 nova-conductor[95863]: DEBUG cotyledon.oslo_config_glue [-] oslo_limit.status_code_retries = None {{(pid=95863) log_opt_values /opt/stack/data/venv/lib/python3.12/site-packages/oslo_config/cfg.py:3560}}
Aug 17 06:14:56.860019 np0000007454 nova-conductor[95863]: DEBUG cotyledon.oslo_config_glue [-] oslo_limit.status_code_retry_delay = None {{(pid=95863) log_opt_values /opt/stack/data/venv/lib/python3.12/site-packages/oslo_config/cfg.py:3560}}
Aug 17 06:14:56.860019 np0000007454 nova-conductor[95863]: DEBUG cotyledon.oslo_config_glue [-] oslo_limit.timeout = None {{(pid=95863) log_opt_values /opt/stack/data/venv/lib/python3.12/site-packages/oslo_config/cfg.py:3560}}
Aug 17 06:14:56.860196 np0000007454 nova-conductor[95863]: DEBUG cotyledon.oslo_config_glue [-] oslo_limit.valid_interfaces = None {{(pid=95863) log_opt_values /opt/stack/data/venv/lib/python3.12/site-packages/oslo_config/cfg.py:3560}}
Aug 17 06:14:56.860196 np0000007454 nova-conductor[95863]: DEBUG cotyledon.oslo_config_glue [-] oslo_limit.version = None {{(pid=95863) log_opt_values /opt/stack/data/venv/lib/python3.12/site-packages/oslo_config/cfg.py:3560}}
Aug 17 06:14:56.860196 np0000007454 nova-conductor[95863]: DEBUG cotyledon.oslo_config_glue [-] oslo_reports.file_event_handler = None {{(pid=95863) log_opt_values /opt/stack/data/venv/lib/python3.12/site-packages/oslo_config/cfg.py:3560}}
Aug 17 06:14:56.860196 np0000007454 nova-conductor[95863]: DEBUG cotyledon.oslo_config_glue [-] oslo_reports.file_event_handler_interval = 1 {{(pid=95863) log_opt_values /opt/stack/data/venv/lib/python3.12/site-packages/oslo_config/cfg.py:3560}}
Aug 17 06:14:56.860196 np0000007454 nova-conductor[95863]: DEBUG cotyledon.oslo_config_glue [-] oslo_reports.log_dir = None {{(pid=95863) log_opt_values /opt/stack/data/venv/lib/python3.12/site-packages/oslo_config/cfg.py:3560}}
Aug 17 06:14:56.860196 np0000007454 nova-conductor[95863]: DEBUG cotyledon.oslo_config_glue [-] ******************************************************************************** {{(pid=95863) log_opt_values /opt/stack/data/venv/lib/python3.12/site-packages/oslo_config/cfg.py:3567}}
Aug 17 06:14:56.860196 np0000007454 nova-conductor[95863]: DEBUG cotyledon._service_worker [-] Run service ServiceWrapper(2) [95863] {{(pid=95863) wait_forever /opt/stack/data/venv/lib/python3.12/site-packages/cotyledon/_service_worker.py:218}}
Aug 17 06:14:56.860196 np0000007454 nova-conductor[95863]: INFO nova.service [-] Starting conductor node (version 33.1.0)
Aug 17 06:14:56.860196 np0000007454 nova-conductor[95863]: INFO dbcounter [None req-fb0a80c5-bd62-4726-94c8-190dbea83a4e None None] Registered counter for database nova_cell0
Aug 17 06:14:56.860354 np0000007454 nova-conductor[95861]: DEBUG oslo_db.sqlalchemy.engines [None req-6e8a1094-3072-4712-b8a1-367e9aa82c4f None None] MySQL server mode set to STRICT_TRANS_TABLES,STRICT_ALL_TABLES,NO_ZERO_IN_DATE,NO_ZERO_DATE,ERROR_FOR_DIVISION_BY_ZERO,TRADITIONAL,NO_ENGINE_SUBSTITUTION {{(pid=95861) _check_effective_sql_mode /opt/stack/data/venv/lib/python3.12/site-packages/oslo_db/sqlalchemy/engines.py:325}}
Aug 17 06:14:56.864433 np0000007454 nova-conductor[95861]: DEBUG dbcounter [-] [95861] Writer thread running {{(pid=95861) stat_writer /opt/stack/data/venv/lib/python3.12/site-packages/dbcounter.py:102}}
Aug 17 06:14:56.870686 np0000007454 nova-conductor[95855]: DEBUG oslo_db.sqlalchemy.engines [None req-d1753401-1f44-4b5f-bd65-2f3184d07b9f None None] MySQL server mode set to STRICT_TRANS_TABLES,STRICT_ALL_TABLES,NO_ZERO_IN_DATE,NO_ZERO_DATE,ERROR_FOR_DIVISION_BY_ZERO,TRADITIONAL,NO_ENGINE_SUBSTITUTION {{(pid=95855) _check_effective_sql_mode /opt/stack/data/venv/lib/python3.12/site-packages/oslo_db/sqlalchemy/engines.py:325}}
Aug 17 06:14:56.876888 np0000007454 nova-conductor[95861]: DEBUG nova.service [None req-6e8a1094-3072-4712-b8a1-367e9aa82c4f None None] Creating RPC server for service: nova-conductor on topic: conductor {{(pid=95861) start /opt/stack/nova/nova/service.py:262}}
Aug 17 06:14:56.881046 np0000007454 nova-conductor[95855]: DEBUG dbcounter [-] [95855] Writer thread running {{(pid=95855) stat_writer /opt/stack/data/venv/lib/python3.12/site-packages/dbcounter.py:102}}
Aug 17 06:14:56.884056 np0000007454 nova-conductor[95855]: DEBUG nova.service [None req-d1753401-1f44-4b5f-bd65-2f3184d07b9f None None] Creating RPC server for service: nova-conductor on topic: conductor {{(pid=95855) start /opt/stack/nova/nova/service.py:262}}
Aug 17 06:14:56.891196 np0000007454 nova-conductor[95863]: DEBUG oslo_db.sqlalchemy.engines [None req-fb0a80c5-bd62-4726-94c8-190dbea83a4e None None] MySQL server mode set to STRICT_TRANS_TABLES,STRICT_ALL_TABLES,NO_ZERO_IN_DATE,NO_ZERO_DATE,ERROR_FOR_DIVISION_BY_ZERO,TRADITIONAL,NO_ENGINE_SUBSTITUTION {{(pid=95863) _check_effective_sql_mode /opt/stack/data/venv/lib/python3.12/site-packages/oslo_db/sqlalchemy/engines.py:325}}
Aug 17 06:14:56.898035 np0000007454 nova-conductor[95861]: DEBUG nova.service [None req-6e8a1094-3072-4712-b8a1-367e9aa82c4f None None] Join ServiceGroup membership for this service conductor {{(pid=95861) start /opt/stack/nova/nova/service.py:288}}
Aug 17 06:14:56.898258 np0000007454 nova-conductor[95861]: DEBUG nova.servicegroup.drivers.db [None req-6e8a1094-3072-4712-b8a1-367e9aa82c4f None None] DB_Driver: join new ServiceGroup member np0000007454 to the conductor group, service = {{(pid=95861) join /opt/stack/nova/nova/servicegroup/drivers/db.py:44}}
Aug 17 06:14:56.900415 np0000007454 nova-conductor[95863]: DEBUG dbcounter [-] [95863] Writer thread running {{(pid=95863) stat_writer /opt/stack/data/venv/lib/python3.12/site-packages/dbcounter.py:102}}
Aug 17 06:14:56.902934 np0000007454 nova-conductor[95863]: DEBUG nova.service [None req-fb0a80c5-bd62-4726-94c8-190dbea83a4e None None] Creating RPC server for service: nova-conductor on topic: conductor {{(pid=95863) start /opt/stack/nova/nova/service.py:262}}
Aug 17 06:14:56.908695 np0000007454 nova-conductor[95855]: DEBUG nova.service [None req-d1753401-1f44-4b5f-bd65-2f3184d07b9f None None] Join ServiceGroup membership for this service conductor {{(pid=95855) start /opt/stack/nova/nova/service.py:288}}
Aug 17 06:14:56.908942 np0000007454 nova-conductor[95855]: DEBUG nova.servicegroup.drivers.db [None req-d1753401-1f44-4b5f-bd65-2f3184d07b9f None None] DB_Driver: join new ServiceGroup member np0000007454 to the conductor group, service = {{(pid=95855) join /opt/stack/nova/nova/servicegroup/drivers/db.py:44}}
Aug 17 06:14:56.919237 np0000007454 nova-conductor[95863]: DEBUG nova.service [None req-fb0a80c5-bd62-4726-94c8-190dbea83a4e None None] Join ServiceGroup membership for this service conductor {{(pid=95863) start /opt/stack/nova/nova/service.py:288}}
Aug 17 06:14:56.919423 np0000007454 nova-conductor[95863]: DEBUG nova.servicegroup.drivers.db [None req-fb0a80c5-bd62-4726-94c8-190dbea83a4e None None] DB_Driver: join new ServiceGroup member np0000007454 to the conductor group, service = {{(pid=95863) join /opt/stack/nova/nova/servicegroup/drivers/db.py:44}}
Aug 17 06:15:01.917671 np0000007454 nova-conductor[95861]: DEBUG oslo.service.backend._threading.loopingcall [-] Fixed interval looping call 'nova.servicegroup.drivers.db.DbDriver._report_state' sleeping for 119.98 seconds {{(pid=95861) _run_loop /opt/stack/data/venv/lib/python3.12/site-packages/oslo_service/backend/_threading/loopingcall.py:125}}
Aug 17 06:15:01.921760 np0000007454 nova-conductor[95863]: DEBUG oslo.service.backend._threading.loopingcall [None req-dbd91fbd-c371-4fa9-b43a-17129a51e14c None None] Dynamic interval looping call 'nova.service.Service.periodic_tasks' sleeping for 60.00 seconds {{(pid=95863) _run_loop /opt/stack/data/venv/lib/python3.12/site-packages/oslo_service/backend/_threading/loopingcall.py:125}}
Aug 17 06:15:01.925467 np0000007454 nova-conductor[95855]: DEBUG oslo.service.backend._threading.loopingcall [-] Fixed interval looping call 'nova.servicegroup.drivers.db.DbDriver._report_state' sleeping for 119.99 seconds {{(pid=95855) _run_loop /opt/stack/data/venv/lib/python3.12/site-packages/oslo_service/backend/_threading/loopingcall.py:125}}
Aug 17 06:15:01.941527 np0000007454 nova-conductor[95863]: DEBUG oslo.service.backend._threading.loopingcall [-] Fixed interval looping call 'nova.servicegroup.drivers.db.DbDriver._report_state' sleeping for 119.98 seconds {{(pid=95863) _run_loop /opt/stack/data/venv/lib/python3.12/site-packages/oslo_service/backend/_threading/loopingcall.py:125}}
Aug 17 06:15:05.481610 np0000007454 nova-conductor[94348]: DEBUG dbcounter [-] [94348] Writing DB stats nova_api:SELECT=1 {{(pid=94348) stat_writer /opt/stack/data/venv/lib/python3.12/site-packages/dbcounter.py:115}}
Aug 17 06:15:05.611177 np0000007454 nova-conductor[94348]: DEBUG dbcounter [-] [94348] Writing DB stats nova_cell1:SELECT=1 {{(pid=94348) stat_writer /opt/stack/data/venv/lib/python3.12/site-packages/dbcounter.py:115}}
Aug 17 06:15:05.616794 np0000007454 nova-conductor[94348]: DEBUG dbcounter [-] [94348] Writing DB stats nova_cell0:SELECT=1 {{(pid=94348) stat_writer /opt/stack/data/venv/lib/python3.12/site-packages/dbcounter.py:115}}
Aug 17 06:15:11.911582 np0000007454 nova-conductor[95861]: DEBUG dbcounter [-] [95861] Writing DB stats nova_cell0:SELECT=4,nova_cell0:INSERT=1,nova_cell0:UPDATE=1 {{(pid=95861) stat_writer /opt/stack/data/venv/lib/python3.12/site-packages/dbcounter.py:115}}
Aug 17 06:15:11.922617 np0000007454 nova-conductor[95855]: DEBUG dbcounter [-] [95855] Writing DB stats nova_cell0:SELECT=3 {{(pid=95855) stat_writer /opt/stack/data/venv/lib/python3.12/site-packages/dbcounter.py:115}}
Aug 17 06:15:11.940335 np0000007454 nova-conductor[95863]: DEBUG dbcounter [-] [95863] Writing DB stats nova_cell0:SELECT=3 {{(pid=95863) stat_writer /opt/stack/data/venv/lib/python3.12/site-packages/dbcounter.py:115}}
Aug 17 06:15:20.900158 np0000007454 nova-conductor[95861]: DEBUG oslo.service.backend._threading.loopingcall [None req-fd1005cc-3289-4c89-b528-0dd87ad0a773 None None] Dynamic interval looping call 'nova.service.Service.periodic_tasks' sleeping for 60.00 seconds {{(pid=95861) _run_loop /opt/stack/data/venv/lib/python3.12/site-packages/oslo_service/backend/_threading/loopingcall.py:125}}
Aug 17 06:15:53.911522 np0000007454 nova-conductor[95855]: DEBUG oslo.service.backend._threading.loopingcall [None req-a6264ee5-2508-433c-b8ea-472c5f3156ae None None] Dynamic interval looping call 'nova.service.Service.periodic_tasks' sleeping for 60.00 seconds {{(pid=95855) _run_loop /opt/stack/data/venv/lib/python3.12/site-packages/oslo_service/backend/_threading/loopingcall.py:125}}
Aug 17 06:16:01.922260 np0000007454 nova-conductor[95863]: DEBUG oslo.service.backend._threading.loopingcall [None req-dbd91fbd-c371-4fa9-b43a-17129a51e14c None None] Dynamic interval looping call 'nova.service.Service.periodic_tasks' sleeping for 60.00 seconds {{(pid=95863) _run_loop /opt/stack/data/venv/lib/python3.12/site-packages/oslo_service/backend/_threading/loopingcall.py:125}}
Aug 17 06:16:20.900607 np0000007454 nova-conductor[95861]: DEBUG oslo.service.backend._threading.loopingcall [None req-fd1005cc-3289-4c89-b528-0dd87ad0a773 None None] Dynamic interval looping call 'nova.service.Service.periodic_tasks' sleeping for 60.00 seconds {{(pid=95861) _run_loop /opt/stack/data/venv/lib/python3.12/site-packages/oslo_service/backend/_threading/loopingcall.py:125}}
Aug 17 06:16:53.912081 np0000007454 nova-conductor[95855]: DEBUG oslo.service.backend._threading.loopingcall [None req-a6264ee5-2508-433c-b8ea-472c5f3156ae None None] Dynamic interval looping call 'nova.service.Service.periodic_tasks' sleeping for 60.00 seconds {{(pid=95855) _run_loop /opt/stack/data/venv/lib/python3.12/site-packages/oslo_service/backend/_threading/loopingcall.py:125}}
Aug 17 06:17:01.904848 np0000007454 nova-conductor[95861]: DEBUG oslo.service.backend._threading.loopingcall [-] Fixed interval looping call 'nova.servicegroup.drivers.db.DbDriver._report_state' sleeping for 119.99 seconds {{(pid=95861) _run_loop /opt/stack/data/venv/lib/python3.12/site-packages/oslo_service/backend/_threading/loopingcall.py:125}}
Aug 17 06:17:01.919663 np0000007454 nova-conductor[95855]: DEBUG oslo.service.backend._threading.loopingcall [-] Fixed interval looping call 'nova.servicegroup.drivers.db.DbDriver._report_state' sleeping for 120.00 seconds {{(pid=95855) _run_loop /opt/stack/data/venv/lib/python3.12/site-packages/oslo_service/backend/_threading/loopingcall.py:125}}
Aug 17 06:17:01.922820 np0000007454 nova-conductor[95863]: DEBUG oslo.service.backend._threading.loopingcall [None req-dbd91fbd-c371-4fa9-b43a-17129a51e14c None None] Dynamic interval looping call 'nova.service.Service.periodic_tasks' sleeping for 60.00 seconds {{(pid=95863) _run_loop /opt/stack/data/venv/lib/python3.12/site-packages/oslo_service/backend/_threading/loopingcall.py:125}}
Aug 17 06:17:01.925864 np0000007454 nova-conductor[95863]: DEBUG oslo.service.backend._threading.loopingcall [-] Fixed interval looping call 'nova.servicegroup.drivers.db.DbDriver._report_state' sleeping for 120.00 seconds {{(pid=95863) _run_loop /opt/stack/data/venv/lib/python3.12/site-packages/oslo_service/backend/_threading/loopingcall.py:125}}
Aug 17 06:17:08.048895 np0000007454 nova-conductor[95861]: DEBUG oslo_db.sqlalchemy.engines [None req-260986a6-1505-4f2c-b700-c76e312667b4 tempest-DeleteServersTestJSON-1329162935 tempest-DeleteServersTestJSON-1329162935-project-member] Parent process 94348 forked (95861) with an open database connection, which is being discarded and recreated. {{(pid=95861) checkout /opt/stack/data/venv/lib/python3.12/site-packages/oslo_db/sqlalchemy/engines.py:402}}
Aug 17 06:17:08.094537 np0000007454 nova-conductor[95861]: DEBUG dbcounter [-] [95861] Writer thread running {{(pid=95861) stat_writer /opt/stack/data/venv/lib/python3.12/site-packages/dbcounter.py:102}}
Aug 17 06:17:09.141170 np0000007454 nova-conductor[95861]: DEBUG nova.conductor.manager [None req-260986a6-1505-4f2c-b700-c76e312667b4 tempest-DeleteServersTestJSON-1329162935 tempest-DeleteServersTestJSON-1329162935-project-member] Took 1.04 seconds to select destinations for 1 instance(s). {{(pid=95861) _schedule_instances /opt/stack/nova/nova/conductor/manager.py:956}}
Aug 17 06:17:09.173037 np0000007454 nova-conductor[95861]: DEBUG oslo_concurrency.lockutils [None req-260986a6-1505-4f2c-b700-c76e312667b4 tempest-DeleteServersTestJSON-1329162935 tempest-DeleteServersTestJSON-1329162935-project-member] Acquiring lock "471968ad-c0a4-49d6-a585-00b8f16499f6" by "nova.context.set_target_cell..get_or_set_cached_cell_and_set_connections" {{(pid=95861) inner /opt/stack/data/venv/lib/python3.12/site-packages/oslo_concurrency/lockutils.py:512}}
Aug 17 06:17:09.173250 np0000007454 nova-conductor[95861]: DEBUG oslo_concurrency.lockutils [None req-260986a6-1505-4f2c-b700-c76e312667b4 tempest-DeleteServersTestJSON-1329162935 tempest-DeleteServersTestJSON-1329162935-project-member] Lock "471968ad-c0a4-49d6-a585-00b8f16499f6" acquired by "nova.context.set_target_cell..get_or_set_cached_cell_and_set_connections" :: waited 0.000s {{(pid=95861) inner /opt/stack/data/venv/lib/python3.12/site-packages/oslo_concurrency/lockutils.py:525}}
Aug 17 06:17:09.175007 np0000007454 nova-conductor[95861]: DEBUG oslo_concurrency.lockutils [None req-260986a6-1505-4f2c-b700-c76e312667b4 tempest-DeleteServersTestJSON-1329162935 tempest-DeleteServersTestJSON-1329162935-project-member] Lock "471968ad-c0a4-49d6-a585-00b8f16499f6" "released" by "nova.context.set_target_cell..get_or_set_cached_cell_and_set_connections" :: held 0.002s {{(pid=95861) inner /opt/stack/data/venv/lib/python3.12/site-packages/oslo_concurrency/lockutils.py:544}}
Aug 17 06:17:09.176542 np0000007454 nova-conductor[95861]: INFO dbcounter [None req-260986a6-1505-4f2c-b700-c76e312667b4 tempest-DeleteServersTestJSON-1329162935 tempest-DeleteServersTestJSON-1329162935-project-member] Registered counter for database nova_cell1
Aug 17 06:17:09.211713 np0000007454 nova-conductor[95861]: DEBUG oslo_db.sqlalchemy.engines [None req-260986a6-1505-4f2c-b700-c76e312667b4 tempest-DeleteServersTestJSON-1329162935 tempest-DeleteServersTestJSON-1329162935-project-member] MySQL server mode set to STRICT_TRANS_TABLES,STRICT_ALL_TABLES,NO_ZERO_IN_DATE,NO_ZERO_DATE,ERROR_FOR_DIVISION_BY_ZERO,TRADITIONAL,NO_ENGINE_SUBSTITUTION {{(pid=95861) _check_effective_sql_mode /opt/stack/data/venv/lib/python3.12/site-packages/oslo_db/sqlalchemy/engines.py:325}}
Aug 17 06:17:09.218410 np0000007454 nova-conductor[95861]: DEBUG dbcounter [-] [95861] Writer thread running {{(pid=95861) stat_writer /opt/stack/data/venv/lib/python3.12/site-packages/dbcounter.py:102}}
Aug 17 06:17:09.273691 np0000007454 nova-conductor[95861]: INFO nova.utils [None req-260986a6-1505-4f2c-b700-c76e312667b4 tempest-DeleteServersTestJSON-1329162935 tempest-DeleteServersTestJSON-1329162935-project-member] The cell worker thread pool ForkProcess-2.cell_worker is initialized
Aug 17 06:17:09.273995 np0000007454 nova-conductor[95861]: DEBUG oslo_concurrency.lockutils [None req-260986a6-1505-4f2c-b700-c76e312667b4 tempest-DeleteServersTestJSON-1329162935 tempest-DeleteServersTestJSON-1329162935-project-member] Acquiring lock "00000000-0000-0000-0000-000000000000" by "nova.context.set_target_cell..get_or_set_cached_cell_and_set_connections" {{(pid=95861) inner /opt/stack/data/venv/lib/python3.12/site-packages/oslo_concurrency/lockutils.py:512}}
Aug 17 06:17:09.274160 np0000007454 nova-conductor[95861]: DEBUG oslo_concurrency.lockutils [None req-260986a6-1505-4f2c-b700-c76e312667b4 tempest-DeleteServersTestJSON-1329162935 tempest-DeleteServersTestJSON-1329162935-project-member] Lock "00000000-0000-0000-0000-000000000000" acquired by "nova.context.set_target_cell..get_or_set_cached_cell_and_set_connections" :: waited 0.000s {{(pid=95861) inner /opt/stack/data/venv/lib/python3.12/site-packages/oslo_concurrency/lockutils.py:525}}
Aug 17 06:17:09.274571 np0000007454 nova-conductor[95861]: DEBUG oslo_concurrency.lockutils [None req-260986a6-1505-4f2c-b700-c76e312667b4 tempest-DeleteServersTestJSON-1329162935 tempest-DeleteServersTestJSON-1329162935-project-member] Lock "00000000-0000-0000-0000-000000000000" "released" by "nova.context.set_target_cell..get_or_set_cached_cell_and_set_connections" :: held 0.000s {{(pid=95861) inner /opt/stack/data/venv/lib/python3.12/site-packages/oslo_concurrency/lockutils.py:544}}
Aug 17 06:17:09.276283 np0000007454 nova-conductor[95861]: DEBUG oslo_concurrency.lockutils [None req-260986a6-1505-4f2c-b700-c76e312667b4 tempest-DeleteServersTestJSON-1329162935 tempest-DeleteServersTestJSON-1329162935-project-member] Acquiring lock "471968ad-c0a4-49d6-a585-00b8f16499f6" by "nova.context.set_target_cell..get_or_set_cached_cell_and_set_connections" {{(pid=95861) inner /opt/stack/data/venv/lib/python3.12/site-packages/oslo_concurrency/lockutils.py:512}}
Aug 17 06:17:09.276573 np0000007454 nova-conductor[95861]: DEBUG oslo_concurrency.lockutils [None req-260986a6-1505-4f2c-b700-c76e312667b4 tempest-DeleteServersTestJSON-1329162935 tempest-DeleteServersTestJSON-1329162935-project-member] Lock "471968ad-c0a4-49d6-a585-00b8f16499f6" acquired by "nova.context.set_target_cell..get_or_set_cached_cell_and_set_connections" :: waited 0.001s {{(pid=95861) inner /opt/stack/data/venv/lib/python3.12/site-packages/oslo_concurrency/lockutils.py:525}}
Aug 17 06:17:09.276695 np0000007454 nova-conductor[95861]: DEBUG oslo_concurrency.lockutils [None req-260986a6-1505-4f2c-b700-c76e312667b4 tempest-DeleteServersTestJSON-1329162935 tempest-DeleteServersTestJSON-1329162935-project-member] Lock "471968ad-c0a4-49d6-a585-00b8f16499f6" "released" by "nova.context.set_target_cell..get_or_set_cached_cell_and_set_connections" :: held 0.000s {{(pid=95861) inner /opt/stack/data/venv/lib/python3.12/site-packages/oslo_concurrency/lockutils.py:544}}
Aug 17 06:17:09.277410 np0000007454 nova-conductor[95861]: INFO dbcounter [None req-260986a6-1505-4f2c-b700-c76e312667b4 tempest-DeleteServersTestJSON-1329162935 tempest-DeleteServersTestJSON-1329162935-project-member] Registered counter for database nova_cell0
Aug 17 06:17:09.317101 np0000007454 nova-conductor[95861]: DEBUG oslo_db.sqlalchemy.engines [None req-260986a6-1505-4f2c-b700-c76e312667b4 tempest-DeleteServersTestJSON-1329162935 tempest-DeleteServersTestJSON-1329162935-project-member] MySQL server mode set to STRICT_TRANS_TABLES,STRICT_ALL_TABLES,NO_ZERO_IN_DATE,NO_ZERO_DATE,ERROR_FOR_DIVISION_BY_ZERO,TRADITIONAL,NO_ENGINE_SUBSTITUTION {{(pid=95861) _check_effective_sql_mode /opt/stack/data/venv/lib/python3.12/site-packages/oslo_db/sqlalchemy/engines.py:325}}
Aug 17 06:17:09.327863 np0000007454 nova-conductor[95861]: DEBUG dbcounter [-] [95861] Writer thread running {{(pid=95861) stat_writer /opt/stack/data/venv/lib/python3.12/site-packages/dbcounter.py:102}}
Aug 17 06:17:09.341453 np0000007454 nova-conductor[95861]: DEBUG nova.quota [None req-260986a6-1505-4f2c-b700-c76e312667b4 tempest-DeleteServersTestJSON-1329162935 tempest-DeleteServersTestJSON-1329162935-project-member] Getting quotas for project a05de3ef93114bff9c04e1b72e530342. Resources: {'ram', 'cores', 'instances'} {{(pid=95861) _get_quotas /opt/stack/nova/nova/quota.py:389}}
Aug 17 06:17:09.346814 np0000007454 nova-conductor[95861]: DEBUG nova.quota [None req-260986a6-1505-4f2c-b700-c76e312667b4 tempest-DeleteServersTestJSON-1329162935 tempest-DeleteServersTestJSON-1329162935-project-member] Getting quotas for user 4a8683cc09c94a279c3a7d9c3fd4db63 and project a05de3ef93114bff9c04e1b72e530342. Resources: {'ram', 'cores', 'instances'} {{(pid=95861) _get_quotas /opt/stack/nova/nova/quota.py:379}}
Aug 17 06:17:09.357767 np0000007454 nova-conductor[95861]: DEBUG nova.conductor.manager [None req-260986a6-1505-4f2c-b700-c76e312667b4 tempest-DeleteServersTestJSON-1329162935 tempest-DeleteServersTestJSON-1329162935-project-member] [instance: 04c2d9ca-81c4-4960-b362-a90b8a0ca764] Selected host: np0000007454; Selected node: np0000007454; Alternates: [] {{(pid=95861) schedule_and_build_instances /opt/stack/nova/nova/conductor/manager.py:1772}}
Aug 17 06:17:09.358414 np0000007454 nova-conductor[95861]: DEBUG oslo_concurrency.lockutils [None req-260986a6-1505-4f2c-b700-c76e312667b4 tempest-DeleteServersTestJSON-1329162935 tempest-DeleteServersTestJSON-1329162935-project-member] Acquiring lock "471968ad-c0a4-49d6-a585-00b8f16499f6" by "nova.context.set_target_cell..get_or_set_cached_cell_and_set_connections" {{(pid=95861) inner /opt/stack/data/venv/lib/python3.12/site-packages/oslo_concurrency/lockutils.py:512}}
Aug 17 06:17:09.358651 np0000007454 nova-conductor[95861]: DEBUG oslo_concurrency.lockutils [None req-260986a6-1505-4f2c-b700-c76e312667b4 tempest-DeleteServersTestJSON-1329162935 tempest-DeleteServersTestJSON-1329162935-project-member] Lock "471968ad-c0a4-49d6-a585-00b8f16499f6" acquired by "nova.context.set_target_cell..get_or_set_cached_cell_and_set_connections" :: waited 0.000s {{(pid=95861) inner /opt/stack/data/venv/lib/python3.12/site-packages/oslo_concurrency/lockutils.py:525}}
Aug 17 06:17:09.358851 np0000007454 nova-conductor[95861]: DEBUG oslo_concurrency.lockutils [None req-260986a6-1505-4f2c-b700-c76e312667b4 tempest-DeleteServersTestJSON-1329162935 tempest-DeleteServersTestJSON-1329162935-project-member] Lock "471968ad-c0a4-49d6-a585-00b8f16499f6" "released" by "nova.context.set_target_cell..get_or_set_cached_cell_and_set_connections" :: held 0.000s {{(pid=95861) inner /opt/stack/data/venv/lib/python3.12/site-packages/oslo_concurrency/lockutils.py:544}}
Aug 17 06:17:09.373063 np0000007454 nova-conductor[95861]: DEBUG nova.conductor.manager [None req-260986a6-1505-4f2c-b700-c76e312667b4 tempest-DeleteServersTestJSON-1329162935 tempest-DeleteServersTestJSON-1329162935-project-member] [instance: 04c2d9ca-81c4-4960-b362-a90b8a0ca764] block_device_mapping [BlockDeviceMapping(attachment_id=,boot_index=0,connection_info=None,created_at=,delete_on_termination=True,deleted=,deleted_at=,destination_type='local',device_name=None,device_type='disk',disk_bus=None,encrypted=False,encryption_format=None,encryption_options=None,encryption_secret_uuid=None,guest_format=None,id=,image_id='cef080e2-cf41-4aa7-bf4e-cba9485d5373',instance=,instance_uuid=,no_device=False,snapshot_id=None,source_type='image',tag=None,updated_at=,uuid=,volume_id=None,volume_size=None,volume_type=None)] {{(pid=95861) _create_block_device_mapping /opt/stack/nova/nova/conductor/manager.py:1517}}
Aug 17 06:17:09.374719 np0000007454 nova-conductor[95861]: DEBUG oslo_concurrency.lockutils [None req-260986a6-1505-4f2c-b700-c76e312667b4 tempest-DeleteServersTestJSON-1329162935 tempest-DeleteServersTestJSON-1329162935-project-member] Acquiring lock "471968ad-c0a4-49d6-a585-00b8f16499f6" by "nova.context.set_target_cell..get_or_set_cached_cell_and_set_connections" {{(pid=95861) inner /opt/stack/data/venv/lib/python3.12/site-packages/oslo_concurrency/lockutils.py:512}}
Aug 17 06:17:09.375071 np0000007454 nova-conductor[95861]: DEBUG oslo_concurrency.lockutils [None req-260986a6-1505-4f2c-b700-c76e312667b4 tempest-DeleteServersTestJSON-1329162935 tempest-DeleteServersTestJSON-1329162935-project-member] Lock "471968ad-c0a4-49d6-a585-00b8f16499f6" acquired by "nova.context.set_target_cell..get_or_set_cached_cell_and_set_connections" :: waited 0.000s {{(pid=95861) inner /opt/stack/data/venv/lib/python3.12/site-packages/oslo_concurrency/lockutils.py:525}}
Aug 17 06:17:09.375139 np0000007454 nova-conductor[95861]: DEBUG oslo_concurrency.lockutils [None req-260986a6-1505-4f2c-b700-c76e312667b4 tempest-DeleteServersTestJSON-1329162935 tempest-DeleteServersTestJSON-1329162935-project-member] Lock "471968ad-c0a4-49d6-a585-00b8f16499f6" "released" by "nova.context.set_target_cell..get_or_set_cached_cell_and_set_connections" :: held 0.000s {{(pid=95861) inner /opt/stack/data/venv/lib/python3.12/site-packages/oslo_concurrency/lockutils.py:544}}
Aug 17 06:17:09.417750 np0000007454 nova-conductor[95861]: DEBUG oslo_concurrency.lockutils [None req-260986a6-1505-4f2c-b700-c76e312667b4 tempest-DeleteServersTestJSON-1329162935 tempest-DeleteServersTestJSON-1329162935-project-member] Acquiring lock "471968ad-c0a4-49d6-a585-00b8f16499f6" by "nova.context.set_target_cell..get_or_set_cached_cell_and_set_connections" {{(pid=95861) inner /opt/stack/data/venv/lib/python3.12/site-packages/oslo_concurrency/lockutils.py:512}}
Aug 17 06:17:09.417945 np0000007454 nova-conductor[95861]: DEBUG oslo_concurrency.lockutils [None req-260986a6-1505-4f2c-b700-c76e312667b4 tempest-DeleteServersTestJSON-1329162935 tempest-DeleteServersTestJSON-1329162935-project-member] Lock "471968ad-c0a4-49d6-a585-00b8f16499f6" acquired by "nova.context.set_target_cell..get_or_set_cached_cell_and_set_connections" :: waited 0.000s {{(pid=95861) inner /opt/stack/data/venv/lib/python3.12/site-packages/oslo_concurrency/lockutils.py:525}}
Aug 17 06:17:09.418100 np0000007454 nova-conductor[95861]: DEBUG oslo_concurrency.lockutils [None req-260986a6-1505-4f2c-b700-c76e312667b4 tempest-DeleteServersTestJSON-1329162935 tempest-DeleteServersTestJSON-1329162935-project-member] Lock "471968ad-c0a4-49d6-a585-00b8f16499f6" "released" by "nova.context.set_target_cell..get_or_set_cached_cell_and_set_connections" :: held 0.000s {{(pid=95861) inner /opt/stack/data/venv/lib/python3.12/site-packages/oslo_concurrency/lockutils.py:544}}
Aug 17 06:17:09.418322 np0000007454 nova-conductor[95861]: DEBUG oslo_concurrency.lockutils [None req-260986a6-1505-4f2c-b700-c76e312667b4 tempest-DeleteServersTestJSON-1329162935 tempest-DeleteServersTestJSON-1329162935-project-member] Acquiring lock "compute-rpcapi-router" {{(pid=95861) lock /opt/stack/data/venv/lib/python3.12/site-packages/oslo_concurrency/lockutils.py:396}}
Aug 17 06:17:09.418547 np0000007454 nova-conductor[95861]: DEBUG oslo_concurrency.lockutils [None req-260986a6-1505-4f2c-b700-c76e312667b4 tempest-DeleteServersTestJSON-1329162935 tempest-DeleteServersTestJSON-1329162935-project-member] Acquired lock "compute-rpcapi-router" {{(pid=95861) lock /opt/stack/data/venv/lib/python3.12/site-packages/oslo_concurrency/lockutils.py:399}}
Aug 17 06:17:09.418907 np0000007454 nova-conductor[95861]: DEBUG oslo_concurrency.lockutils [None req-92ddb23f-f84f-4b3b-ac2d-f303d46fdec9 None None] Acquiring lock "00000000-0000-0000-0000-000000000000" by "nova.context.set_target_cell..get_or_set_cached_cell_and_set_connections" {{(pid=95861) inner /opt/stack/data/venv/lib/python3.12/site-packages/oslo_concurrency/lockutils.py:512}}
Aug 17 06:17:09.419018 np0000007454 nova-conductor[95861]: DEBUG oslo_concurrency.lockutils [None req-92ddb23f-f84f-4b3b-ac2d-f303d46fdec9 None None] Lock "00000000-0000-0000-0000-000000000000" acquired by "nova.context.set_target_cell..get_or_set_cached_cell_and_set_connections" :: waited 0.000s {{(pid=95861) inner /opt/stack/data/venv/lib/python3.12/site-packages/oslo_concurrency/lockutils.py:525}}
Aug 17 06:17:09.419114 np0000007454 nova-conductor[95861]: DEBUG oslo_concurrency.lockutils [None req-92ddb23f-f84f-4b3b-ac2d-f303d46fdec9 None None] Lock "00000000-0000-0000-0000-000000000000" "released" by "nova.context.set_target_cell..get_or_set_cached_cell_and_set_connections" :: held 0.000s {{(pid=95861) inner /opt/stack/data/venv/lib/python3.12/site-packages/oslo_concurrency/lockutils.py:544}}
Aug 17 06:17:09.419664 np0000007454 nova-conductor[95861]: DEBUG oslo_concurrency.lockutils [None req-92ddb23f-f84f-4b3b-ac2d-f303d46fdec9 None None] Acquiring lock "471968ad-c0a4-49d6-a585-00b8f16499f6" by "nova.context.set_target_cell..get_or_set_cached_cell_and_set_connections" {{(pid=95861) inner /opt/stack/data/venv/lib/python3.12/site-packages/oslo_concurrency/lockutils.py:512}}
Aug 17 06:17:09.420791 np0000007454 nova-conductor[95861]: DEBUG oslo_concurrency.lockutils [None req-92ddb23f-f84f-4b3b-ac2d-f303d46fdec9 None None] Lock "471968ad-c0a4-49d6-a585-00b8f16499f6" acquired by "nova.context.set_target_cell..get_or_set_cached_cell_and_set_connections" :: waited 0.001s {{(pid=95861) inner /opt/stack/data/venv/lib/python3.12/site-packages/oslo_concurrency/lockutils.py:525}}
Aug 17 06:17:09.420955 np0000007454 nova-conductor[95861]: DEBUG oslo_concurrency.lockutils [None req-92ddb23f-f84f-4b3b-ac2d-f303d46fdec9 None None] Lock "471968ad-c0a4-49d6-a585-00b8f16499f6" "released" by "nova.context.set_target_cell..get_or_set_cached_cell_and_set_connections" :: held 0.000s {{(pid=95861) inner /opt/stack/data/venv/lib/python3.12/site-packages/oslo_concurrency/lockutils.py:544}}
Aug 17 06:17:09.430513 np0000007454 nova-conductor[95861]: INFO nova.compute.rpcapi [None req-92ddb23f-f84f-4b3b-ac2d-f303d46fdec9 None None] Automatically selected compute RPC version 6.5 from minimum service version 72
Aug 17 06:17:09.430941 np0000007454 nova-conductor[95861]: DEBUG oslo_concurrency.lockutils [None req-92ddb23f-f84f-4b3b-ac2d-f303d46fdec9 None None] Releasing lock "compute-rpcapi-router" {{(pid=95861) lock /opt/stack/data/venv/lib/python3.12/site-packages/oslo_concurrency/lockutils.py:419}}
Aug 17 06:17:10.161646 np0000007454 nova-conductor[95855]: DEBUG dbcounter [-] [95855] Writer thread running {{(pid=95855) stat_writer /opt/stack/data/venv/lib/python3.12/site-packages/dbcounter.py:102}}
Aug 17 06:17:10.576467 np0000007454 nova-conductor[95855]: DEBUG nova.conductor.manager [None req-f082dd22-9344-4b2f-ac34-92956d923a34 tempest-ServerActionsTestOtherB-1663549174 tempest-ServerActionsTestOtherB-1663549174-project-member] Took 0.41 seconds to select destinations for 1 instance(s). {{(pid=95855) _schedule_instances /opt/stack/nova/nova/conductor/manager.py:956}}
Aug 17 06:17:10.609640 np0000007454 nova-conductor[95855]: DEBUG oslo_concurrency.lockutils [None req-f082dd22-9344-4b2f-ac34-92956d923a34 tempest-ServerActionsTestOtherB-1663549174 tempest-ServerActionsTestOtherB-1663549174-project-member] Acquiring lock "471968ad-c0a4-49d6-a585-00b8f16499f6" by "nova.context.set_target_cell..get_or_set_cached_cell_and_set_connections" {{(pid=95855) inner /opt/stack/data/venv/lib/python3.12/site-packages/oslo_concurrency/lockutils.py:512}}
Aug 17 06:17:10.609956 np0000007454 nova-conductor[95855]: DEBUG oslo_concurrency.lockutils [None req-f082dd22-9344-4b2f-ac34-92956d923a34 tempest-ServerActionsTestOtherB-1663549174 tempest-ServerActionsTestOtherB-1663549174-project-member] Lock "471968ad-c0a4-49d6-a585-00b8f16499f6" acquired by "nova.context.set_target_cell..get_or_set_cached_cell_and_set_connections" :: waited 0.001s {{(pid=95855) inner /opt/stack/data/venv/lib/python3.12/site-packages/oslo_concurrency/lockutils.py:525}}
Aug 17 06:17:10.611601 np0000007454 nova-conductor[95855]: DEBUG oslo_concurrency.lockutils [None req-f082dd22-9344-4b2f-ac34-92956d923a34 tempest-ServerActionsTestOtherB-1663549174 tempest-ServerActionsTestOtherB-1663549174-project-member] Lock "471968ad-c0a4-49d6-a585-00b8f16499f6" "released" by "nova.context.set_target_cell..get_or_set_cached_cell_and_set_connections" :: held 0.002s {{(pid=95855) inner /opt/stack/data/venv/lib/python3.12/site-packages/oslo_concurrency/lockutils.py:544}}
Aug 17 06:17:10.613773 np0000007454 nova-conductor[95855]: INFO dbcounter [None req-f082dd22-9344-4b2f-ac34-92956d923a34 tempest-ServerActionsTestOtherB-1663549174 tempest-ServerActionsTestOtherB-1663549174-project-member] Registered counter for database nova_cell1
Aug 17 06:17:10.644717 np0000007454 nova-conductor[95855]: DEBUG oslo_db.sqlalchemy.engines [None req-f082dd22-9344-4b2f-ac34-92956d923a34 tempest-ServerActionsTestOtherB-1663549174 tempest-ServerActionsTestOtherB-1663549174-project-member] MySQL server mode set to STRICT_TRANS_TABLES,STRICT_ALL_TABLES,NO_ZERO_IN_DATE,NO_ZERO_DATE,ERROR_FOR_DIVISION_BY_ZERO,TRADITIONAL,NO_ENGINE_SUBSTITUTION {{(pid=95855) _check_effective_sql_mode /opt/stack/data/venv/lib/python3.12/site-packages/oslo_db/sqlalchemy/engines.py:325}}
Aug 17 06:17:10.651530 np0000007454 nova-conductor[95855]: DEBUG dbcounter [-] [95855] Writer thread running {{(pid=95855) stat_writer /opt/stack/data/venv/lib/python3.12/site-packages/dbcounter.py:102}}
Aug 17 06:17:10.711405 np0000007454 nova-conductor[95855]: INFO nova.utils [None req-f082dd22-9344-4b2f-ac34-92956d923a34 tempest-ServerActionsTestOtherB-1663549174 tempest-ServerActionsTestOtherB-1663549174-project-member] The cell worker thread pool ForkProcess-1.cell_worker is initialized
Aug 17 06:17:10.711405 np0000007454 nova-conductor[95855]: DEBUG oslo_concurrency.lockutils [None req-f082dd22-9344-4b2f-ac34-92956d923a34 tempest-ServerActionsTestOtherB-1663549174 tempest-ServerActionsTestOtherB-1663549174-project-member] Acquiring lock "00000000-0000-0000-0000-000000000000" by "nova.context.set_target_cell..get_or_set_cached_cell_and_set_connections" {{(pid=95855) inner /opt/stack/data/venv/lib/python3.12/site-packages/oslo_concurrency/lockutils.py:512}}
Aug 17 06:17:10.711599 np0000007454 nova-conductor[95855]: DEBUG oslo_concurrency.lockutils [None req-f082dd22-9344-4b2f-ac34-92956d923a34 tempest-ServerActionsTestOtherB-1663549174 tempest-ServerActionsTestOtherB-1663549174-project-member] Lock "00000000-0000-0000-0000-000000000000" acquired by "nova.context.set_target_cell..get_or_set_cached_cell_and_set_connections" :: waited 0.000s {{(pid=95855) inner /opt/stack/data/venv/lib/python3.12/site-packages/oslo_concurrency/lockutils.py:525}}
Aug 17 06:17:10.711888 np0000007454 nova-conductor[95855]: DEBUG oslo_concurrency.lockutils [None req-f082dd22-9344-4b2f-ac34-92956d923a34 tempest-ServerActionsTestOtherB-1663549174 tempest-ServerActionsTestOtherB-1663549174-project-member] Lock "00000000-0000-0000-0000-000000000000" "released" by "nova.context.set_target_cell..get_or_set_cached_cell_and_set_connections" :: held 0.000s {{(pid=95855) inner /opt/stack/data/venv/lib/python3.12/site-packages/oslo_concurrency/lockutils.py:544}}
Aug 17 06:17:10.713008 np0000007454 nova-conductor[95855]: DEBUG oslo_concurrency.lockutils [None req-f082dd22-9344-4b2f-ac34-92956d923a34 tempest-ServerActionsTestOtherB-1663549174 tempest-ServerActionsTestOtherB-1663549174-project-member] Acquiring lock "471968ad-c0a4-49d6-a585-00b8f16499f6" by "nova.context.set_target_cell..get_or_set_cached_cell_and_set_connections" {{(pid=95855) inner /opt/stack/data/venv/lib/python3.12/site-packages/oslo_concurrency/lockutils.py:512}}
Aug 17 06:17:10.714344 np0000007454 nova-conductor[95855]: INFO dbcounter [None req-f082dd22-9344-4b2f-ac34-92956d923a34 tempest-ServerActionsTestOtherB-1663549174 tempest-ServerActionsTestOtherB-1663549174-project-member] Registered counter for database nova_cell0
Aug 17 06:17:10.715562 np0000007454 nova-conductor[95855]: DEBUG oslo_concurrency.lockutils [None req-f082dd22-9344-4b2f-ac34-92956d923a34 tempest-ServerActionsTestOtherB-1663549174 tempest-ServerActionsTestOtherB-1663549174-project-member] Lock "471968ad-c0a4-49d6-a585-00b8f16499f6" acquired by "nova.context.set_target_cell..get_or_set_cached_cell_and_set_connections" :: waited 0.001s {{(pid=95855) inner /opt/stack/data/venv/lib/python3.12/site-packages/oslo_concurrency/lockutils.py:525}}
Aug 17 06:17:10.715841 np0000007454 nova-conductor[95855]: DEBUG oslo_concurrency.lockutils [None req-f082dd22-9344-4b2f-ac34-92956d923a34 tempest-ServerActionsTestOtherB-1663549174 tempest-ServerActionsTestOtherB-1663549174-project-member] Lock "471968ad-c0a4-49d6-a585-00b8f16499f6" "released" by "nova.context.set_target_cell..get_or_set_cached_cell_and_set_connections" :: held 0.001s {{(pid=95855) inner /opt/stack/data/venv/lib/python3.12/site-packages/oslo_concurrency/lockutils.py:544}}
Aug 17 06:17:10.751219 np0000007454 nova-conductor[95855]: DEBUG oslo_db.sqlalchemy.engines [None req-f082dd22-9344-4b2f-ac34-92956d923a34 tempest-ServerActionsTestOtherB-1663549174 tempest-ServerActionsTestOtherB-1663549174-project-member] MySQL server mode set to STRICT_TRANS_TABLES,STRICT_ALL_TABLES,NO_ZERO_IN_DATE,NO_ZERO_DATE,ERROR_FOR_DIVISION_BY_ZERO,TRADITIONAL,NO_ENGINE_SUBSTITUTION {{(pid=95855) _check_effective_sql_mode /opt/stack/data/venv/lib/python3.12/site-packages/oslo_db/sqlalchemy/engines.py:325}}
Aug 17 06:17:10.756186 np0000007454 nova-conductor[95855]: DEBUG dbcounter [-] [95855] Writer thread running {{(pid=95855) stat_writer /opt/stack/data/venv/lib/python3.12/site-packages/dbcounter.py:102}}
Aug 17 06:17:10.768100 np0000007454 nova-conductor[95855]: DEBUG nova.quota [None req-f082dd22-9344-4b2f-ac34-92956d923a34 tempest-ServerActionsTestOtherB-1663549174 tempest-ServerActionsTestOtherB-1663549174-project-member] Getting quotas for project 0bba339374cc489089c99dcf7af32371. Resources: {'ram', 'cores', 'instances'} {{(pid=95855) _get_quotas /opt/stack/nova/nova/quota.py:389}}
Aug 17 06:17:10.773744 np0000007454 nova-conductor[95855]: DEBUG nova.quota [None req-f082dd22-9344-4b2f-ac34-92956d923a34 tempest-ServerActionsTestOtherB-1663549174 tempest-ServerActionsTestOtherB-1663549174-project-member] Getting quotas for user 1d706a6a99454b86958d65b828887493 and project 0bba339374cc489089c99dcf7af32371. Resources: {'ram', 'cores', 'instances'} {{(pid=95855) _get_quotas /opt/stack/nova/nova/quota.py:379}}
