Jun 03 16:39:45.389599 np0000002078 nova-scheduler[95790]: DEBUG cotyledon.oslo_config_glue [-] oslo_limit.connect_retries = None {{(pid=95790) log_opt_values /opt/stack/data/venv/lib/python3.12/site-packages/oslo_config/cfg.py:3256}}
Jun 03 16:39:45.389599 np0000002078 nova-scheduler[95790]: DEBUG cotyledon.oslo_config_glue [-] oslo_limit.connect_retry_delay = None {{(pid=95790) log_opt_values /opt/stack/data/venv/lib/python3.12/site-packages/oslo_config/cfg.py:3256}}
Jun 03 16:39:45.389599 np0000002078 nova-scheduler[95790]: DEBUG cotyledon.oslo_config_glue [-] oslo_limit.endpoint_id = None {{(pid=95790) log_opt_values /opt/stack/data/venv/lib/python3.12/site-packages/oslo_config/cfg.py:3256}}
Jun 03 16:39:45.389599 np0000002078 nova-scheduler[95790]: DEBUG cotyledon.oslo_config_glue [-] oslo_limit.endpoint_interface = public {{(pid=95790) log_opt_values /opt/stack/data/venv/lib/python3.12/site-packages/oslo_config/cfg.py:3256}}
Jun 03 16:39:45.389599 np0000002078 nova-scheduler[95790]: DEBUG cotyledon.oslo_config_glue [-] oslo_limit.endpoint_override = None {{(pid=95790) log_opt_values /opt/stack/data/venv/lib/python3.12/site-packages/oslo_config/cfg.py:3256}}
Jun 03 16:39:45.389599 np0000002078 nova-scheduler[95790]: DEBUG cotyledon.oslo_config_glue [-] oslo_limit.endpoint_region_name = None {{(pid=95790) log_opt_values /opt/stack/data/venv/lib/python3.12/site-packages/oslo_config/cfg.py:3256}}
Jun 03 16:39:45.389599 np0000002078 nova-scheduler[95790]: DEBUG cotyledon.oslo_config_glue [-] oslo_limit.endpoint_service_name = None {{(pid=95790) log_opt_values /opt/stack/data/venv/lib/python3.12/site-packages/oslo_config/cfg.py:3256}}
Jun 03 16:39:45.389762 np0000002078 nova-scheduler[95790]: DEBUG cotyledon.oslo_config_glue [-] oslo_limit.endpoint_service_type = None {{(pid=95790) log_opt_values /opt/stack/data/venv/lib/python3.12/site-packages/oslo_config/cfg.py:3256}}
Jun 03 16:39:45.389762 np0000002078 nova-scheduler[95790]: DEBUG cotyledon.oslo_config_glue [-] oslo_limit.insecure = False {{(pid=95790) log_opt_values /opt/stack/data/venv/lib/python3.12/site-packages/oslo_config/cfg.py:3256}}
Jun 03 16:39:45.389762 np0000002078 nova-scheduler[95790]: DEBUG cotyledon.oslo_config_glue [-] oslo_limit.keyfile = None {{(pid=95790) log_opt_values /opt/stack/data/venv/lib/python3.12/site-packages/oslo_config/cfg.py:3256}}
Jun 03 16:39:45.389762 np0000002078 nova-scheduler[95790]: DEBUG cotyledon.oslo_config_glue [-] oslo_limit.max_version = None {{(pid=95790) log_opt_values /opt/stack/data/venv/lib/python3.12/site-packages/oslo_config/cfg.py:3256}}
Jun 03 16:39:45.389762 np0000002078 nova-scheduler[95790]: DEBUG cotyledon.oslo_config_glue [-] oslo_limit.min_version = None {{(pid=95790) log_opt_values /opt/stack/data/venv/lib/python3.12/site-packages/oslo_config/cfg.py:3256}}
Jun 03 16:39:45.389762 np0000002078 nova-scheduler[95790]: DEBUG cotyledon.oslo_config_glue [-] oslo_limit.region_name = None {{(pid=95790) log_opt_values /opt/stack/data/venv/lib/python3.12/site-packages/oslo_config/cfg.py:3256}}
Jun 03 16:39:45.389762 np0000002078 nova-scheduler[95790]: DEBUG cotyledon.oslo_config_glue [-] oslo_limit.retriable_status_codes = None {{(pid=95790) log_opt_values /opt/stack/data/venv/lib/python3.12/site-packages/oslo_config/cfg.py:3256}}
Jun 03 16:39:45.389762 np0000002078 nova-scheduler[95790]: DEBUG cotyledon.oslo_config_glue [-] oslo_limit.service_name = None {{(pid=95790) log_opt_values /opt/stack/data/venv/lib/python3.12/site-packages/oslo_config/cfg.py:3256}}
Jun 03 16:39:45.389762 np0000002078 nova-scheduler[95790]: DEBUG cotyledon.oslo_config_glue [-] oslo_limit.service_type = None {{(pid=95790) log_opt_values /opt/stack/data/venv/lib/python3.12/site-packages/oslo_config/cfg.py:3256}}
Jun 03 16:39:45.389924 np0000002078 nova-scheduler[95790]: DEBUG cotyledon.oslo_config_glue [-] oslo_limit.split_loggers = False {{(pid=95790) log_opt_values /opt/stack/data/venv/lib/python3.12/site-packages/oslo_config/cfg.py:3256}}
Jun 03 16:39:45.389924 np0000002078 nova-scheduler[95790]: DEBUG cotyledon.oslo_config_glue [-] oslo_limit.status_code_retries = None {{(pid=95790) log_opt_values /opt/stack/data/venv/lib/python3.12/site-packages/oslo_config/cfg.py:3256}}
Jun 03 16:39:45.389924 np0000002078 nova-scheduler[95790]: DEBUG cotyledon.oslo_config_glue [-] oslo_limit.status_code_retry_delay = None {{(pid=95790) log_opt_values /opt/stack/data/venv/lib/python3.12/site-packages/oslo_config/cfg.py:3256}}
Jun 03 16:39:45.389924 np0000002078 nova-scheduler[95790]: DEBUG cotyledon.oslo_config_glue [-] oslo_limit.timeout = None {{(pid=95790) log_opt_values /opt/stack/data/venv/lib/python3.12/site-packages/oslo_config/cfg.py:3256}}
Jun 03 16:39:45.389924 np0000002078 nova-scheduler[95790]: DEBUG cotyledon.oslo_config_glue [-] oslo_limit.valid_interfaces = None {{(pid=95790) log_opt_values /opt/stack/data/venv/lib/python3.12/site-packages/oslo_config/cfg.py:3256}}
Jun 03 16:39:45.389924 np0000002078 nova-scheduler[95790]: DEBUG cotyledon.oslo_config_glue [-] oslo_limit.version = None {{(pid=95790) log_opt_values /opt/stack/data/venv/lib/python3.12/site-packages/oslo_config/cfg.py:3256}}
Jun 03 16:39:45.389924 np0000002078 nova-scheduler[95790]: DEBUG cotyledon.oslo_config_glue [-] oslo_reports.file_event_handler = None {{(pid=95790) log_opt_values /opt/stack/data/venv/lib/python3.12/site-packages/oslo_config/cfg.py:3256}}
Jun 03 16:39:45.389924 np0000002078 nova-scheduler[95790]: DEBUG cotyledon.oslo_config_glue [-] oslo_reports.file_event_handler_interval = 1 {{(pid=95790) log_opt_values /opt/stack/data/venv/lib/python3.12/site-packages/oslo_config/cfg.py:3256}}
Jun 03 16:39:45.389924 np0000002078 nova-scheduler[95790]: DEBUG cotyledon.oslo_config_glue [-] oslo_reports.log_dir = None {{(pid=95790) log_opt_values /opt/stack/data/venv/lib/python3.12/site-packages/oslo_config/cfg.py:3256}}
Jun 03 16:39:45.390092 np0000002078 nova-scheduler[95790]: DEBUG cotyledon.oslo_config_glue [-] ******************************************************************************** {{(pid=95790) log_opt_values /opt/stack/data/venv/lib/python3.12/site-packages/oslo_config/cfg.py:3263}}
Jun 03 16:39:45.390092 np0000002078 nova-scheduler[95790]: DEBUG cotyledon._service_worker [-] Run service ServiceWrapper(2) [95790] {{(pid=95790) wait_forever /opt/stack/data/venv/lib/python3.12/site-packages/cotyledon/_service_worker.py:218}}
Jun 03 16:39:45.390092 np0000002078 nova-scheduler[95790]: INFO nova.service [-] Starting scheduler node (version 33.1.0)
Jun 03 16:39:45.390092 np0000002078 nova-scheduler[95790]: INFO dbcounter [None req-6fde3b8b-96f7-4957-8eb5-53cafd263138 None None] Registered counter for database nova_cell0
Jun 03 16:39:45.397455 np0000002078 nova-scheduler[95764]: DEBUG oslo_db.sqlalchemy.engines [None req-ad373e62-e54b-44f0-954c-628af696bc9e None None] MySQL server mode set to STRICT_TRANS_TABLES,STRICT_ALL_TABLES,NO_ZERO_IN_DATE,NO_ZERO_DATE,ERROR_FOR_DIVISION_BY_ZERO,TRADITIONAL,NO_ENGINE_SUBSTITUTION {{(pid=95764) _check_effective_sql_mode /opt/stack/data/venv/lib/python3.12/site-packages/oslo_db/sqlalchemy/engines.py:325}}
Jun 03 16:39:45.406804 np0000002078 nova-scheduler[95764]: DEBUG dbcounter [-] [95764] Writer thread running {{(pid=95764) stat_writer /opt/stack/data/venv/lib/python3.12/site-packages/dbcounter.py:102}}
Jun 03 16:39:45.410869 np0000002078 nova-scheduler[95752]: DEBUG oslo_db.sqlalchemy.engines [None req-549ec89f-86ae-43f4-9909-ffc448a233cd None None] MySQL server mode set to STRICT_TRANS_TABLES,STRICT_ALL_TABLES,NO_ZERO_IN_DATE,NO_ZERO_DATE,ERROR_FOR_DIVISION_BY_ZERO,TRADITIONAL,NO_ENGINE_SUBSTITUTION {{(pid=95752) _check_effective_sql_mode /opt/stack/data/venv/lib/python3.12/site-packages/oslo_db/sqlalchemy/engines.py:325}}
Jun 03 16:39:45.420883 np0000002078 nova-scheduler[95752]: DEBUG dbcounter [-] [95752] Writer thread running {{(pid=95752) stat_writer /opt/stack/data/venv/lib/python3.12/site-packages/dbcounter.py:102}}
Jun 03 16:39:45.421640 np0000002078 nova-scheduler[95764]: DEBUG nova.service [None req-ad373e62-e54b-44f0-954c-628af696bc9e None None] Creating RPC server for service: nova-scheduler on topic: scheduler {{(pid=95764) start /opt/stack/nova/nova/service.py:195}}
Jun 03 16:39:45.426124 np0000002078 nova-scheduler[95752]: DEBUG nova.service [None req-549ec89f-86ae-43f4-9909-ffc448a233cd None None] Creating RPC server for service: nova-scheduler on topic: scheduler {{(pid=95752) start /opt/stack/nova/nova/service.py:195}}
Jun 03 16:39:45.427497 np0000002078 nova-scheduler[95790]: DEBUG oslo_db.sqlalchemy.engines [None req-6fde3b8b-96f7-4957-8eb5-53cafd263138 None None] MySQL server mode set to STRICT_TRANS_TABLES,STRICT_ALL_TABLES,NO_ZERO_IN_DATE,NO_ZERO_DATE,ERROR_FOR_DIVISION_BY_ZERO,TRADITIONAL,NO_ENGINE_SUBSTITUTION {{(pid=95790) _check_effective_sql_mode /opt/stack/data/venv/lib/python3.12/site-packages/oslo_db/sqlalchemy/engines.py:325}}
Jun 03 16:39:45.437712 np0000002078 nova-scheduler[95790]: DEBUG dbcounter [-] [95790] Writer thread running {{(pid=95790) stat_writer /opt/stack/data/venv/lib/python3.12/site-packages/dbcounter.py:102}}
Jun 03 16:39:45.441067 np0000002078 nova-scheduler[95790]: DEBUG nova.service [None req-6fde3b8b-96f7-4957-8eb5-53cafd263138 None None] Creating RPC server for service: nova-scheduler on topic: scheduler {{(pid=95790) start /opt/stack/nova/nova/service.py:195}}
Jun 03 16:39:45.451735 np0000002078 nova-scheduler[95764]: DEBUG nova.service [None req-ad373e62-e54b-44f0-954c-628af696bc9e None None] Join ServiceGroup membership for this service scheduler {{(pid=95764) start /opt/stack/nova/nova/service.py:221}}
Jun 03 16:39:45.451892 np0000002078 nova-scheduler[95764]: DEBUG nova.servicegroup.drivers.db [None req-ad373e62-e54b-44f0-954c-628af696bc9e None None] DB_Driver: join new ServiceGroup member np0000002078 to the scheduler group, service = {{(pid=95764) join /opt/stack/nova/nova/servicegroup/drivers/db.py:44}}
Jun 03 16:39:45.458423 np0000002078 nova-scheduler[95752]: DEBUG nova.service [None req-549ec89f-86ae-43f4-9909-ffc448a233cd None None] Join ServiceGroup membership for this service scheduler {{(pid=95752) start /opt/stack/nova/nova/service.py:221}}
Jun 03 16:39:45.458690 np0000002078 nova-scheduler[95752]: DEBUG nova.servicegroup.drivers.db [None req-549ec89f-86ae-43f4-9909-ffc448a233cd None None] DB_Driver: join new ServiceGroup member np0000002078 to the scheduler group, service = {{(pid=95752) join /opt/stack/nova/nova/servicegroup/drivers/db.py:44}}
Jun 03 16:39:45.464688 np0000002078 nova-scheduler[95790]: DEBUG nova.service [None req-6fde3b8b-96f7-4957-8eb5-53cafd263138 None None] Join ServiceGroup membership for this service scheduler {{(pid=95790) start /opt/stack/nova/nova/service.py:221}}
Jun 03 16:39:45.464881 np0000002078 nova-scheduler[95790]: DEBUG nova.servicegroup.drivers.db [None req-6fde3b8b-96f7-4957-8eb5-53cafd263138 None None] DB_Driver: join new ServiceGroup member np0000002078 to the scheduler group, service = {{(pid=95790) join /opt/stack/nova/nova/servicegroup/drivers/db.py:44}}
Jun 03 16:39:50.475837 np0000002078 nova-scheduler[95764]: DEBUG oslo.service.backend._threading.loopingcall [-] Fixed interval looping call 'nova.servicegroup.drivers.db.DbDriver._report_state' sleeping for 119.98 seconds {{(pid=95764) _run_loop /opt/stack/data/venv/lib/python3.12/site-packages/oslo_service/backend/_threading/loopingcall.py:125}}
Jun 03 16:39:50.481921 np0000002078 nova-scheduler[95752]: DEBUG oslo.service.backend._threading.loopingcall [-] Fixed interval looping call 'nova.servicegroup.drivers.db.DbDriver._report_state' sleeping for 119.98 seconds {{(pid=95752) _run_loop /opt/stack/data/venv/lib/python3.12/site-packages/oslo_service/backend/_threading/loopingcall.py:125}}
Jun 03 16:39:50.488513 np0000002078 nova-scheduler[95790]: DEBUG oslo.service.backend._threading.loopingcall [-] Fixed interval looping call 'nova.servicegroup.drivers.db.DbDriver._report_state' sleeping for 119.98 seconds {{(pid=95790) _run_loop /opt/stack/data/venv/lib/python3.12/site-packages/oslo_service/backend/_threading/loopingcall.py:125}}
Jun 03 16:39:53.464435 np0000002078 nova-scheduler[95752]: DEBUG oslo.service.backend._threading.loopingcall [None req-a9bc73e8-4b8e-493f-bc90-a4d4fba037f4 None None] Dynamic interval looping call 'nova.service.Service.periodic_tasks' sleeping for 60.00 seconds {{(pid=95752) _run_loop /opt/stack/data/venv/lib/python3.12/site-packages/oslo_service/backend/_threading/loopingcall.py:125}}
Jun 03 16:39:54.023869 np0000002078 nova-scheduler[94555]: DEBUG dbcounter [-] [94555] Writing DB stats nova_api:SELECT=3 {{(pid=94555) stat_writer /opt/stack/data/venv/lib/python3.12/site-packages/dbcounter.py:115}}
Jun 03 16:39:54.146071 np0000002078 nova-scheduler[94555]: DEBUG dbcounter [-] [94555] Writing DB stats nova_cell1:SELECT=1 {{(pid=94555) stat_writer /opt/stack/data/venv/lib/python3.12/site-packages/dbcounter.py:115}}
Jun 03 16:39:54.151440 np0000002078 nova-scheduler[94555]: DEBUG dbcounter [-] [94555] Writing DB stats nova_cell0:SELECT=1 {{(pid=94555) stat_writer /opt/stack/data/venv/lib/python3.12/site-packages/dbcounter.py:115}}
Jun 03 16:40:00.466275 np0000002078 nova-scheduler[95764]: DEBUG dbcounter [-] [95764] Writing DB stats nova_cell0:SELECT=4,nova_cell0:INSERT=1,nova_cell0:UPDATE=1 {{(pid=95764) stat_writer /opt/stack/data/venv/lib/python3.12/site-packages/dbcounter.py:115}}
Jun 03 16:40:00.479405 np0000002078 nova-scheduler[95752]: DEBUG dbcounter [-] [95752] Writing DB stats nova_cell0:SELECT=3,nova_cell0:UPDATE=1 {{(pid=95752) stat_writer /opt/stack/data/venv/lib/python3.12/site-packages/dbcounter.py:115}}
Jun 03 16:40:00.484314 np0000002078 nova-scheduler[95790]: DEBUG dbcounter [-] [95790] Writing DB stats nova_cell0:SELECT=3 {{(pid=95790) stat_writer /opt/stack/data/venv/lib/python3.12/site-packages/dbcounter.py:115}}
Jun 03 16:40:07.467140 np0000002078 nova-scheduler[95790]: DEBUG oslo.service.backend._threading.loopingcall [None req-4937d6d7-d114-4d66-8ea8-5a0888770ee0 None None] Dynamic interval looping call 'nova.service.Service.periodic_tasks' sleeping for 60.00 seconds {{(pid=95790) _run_loop /opt/stack/data/venv/lib/python3.12/site-packages/oslo_service/backend/_threading/loopingcall.py:125}}
Jun 03 16:40:27.454170 np0000002078 nova-scheduler[95764]: DEBUG oslo.service.backend._threading.loopingcall [None req-407881d9-bc38-487d-ae2e-241b67031d51 None None] Dynamic interval looping call 'nova.service.Service.periodic_tasks' sleeping for 60.00 seconds {{(pid=95764) _run_loop /opt/stack/data/venv/lib/python3.12/site-packages/oslo_service/backend/_threading/loopingcall.py:125}}
Jun 03 16:40:53.464992 np0000002078 nova-scheduler[95752]: DEBUG oslo.service.backend._threading.loopingcall [None req-a9bc73e8-4b8e-493f-bc90-a4d4fba037f4 None None] Dynamic interval looping call 'nova.service.Service.periodic_tasks' sleeping for 60.00 seconds {{(pid=95752) _run_loop /opt/stack/data/venv/lib/python3.12/site-packages/oslo_service/backend/_threading/loopingcall.py:125}}
Jun 03 16:41:07.467526 np0000002078 nova-scheduler[95790]: DEBUG oslo.service.backend._threading.loopingcall [None req-4937d6d7-d114-4d66-8ea8-5a0888770ee0 None None] Dynamic interval looping call 'nova.service.Service.periodic_tasks' sleeping for 60.00 seconds {{(pid=95790) _run_loop /opt/stack/data/venv/lib/python3.12/site-packages/oslo_service/backend/_threading/loopingcall.py:125}}
Jun 03 16:41:27.454702 np0000002078 nova-scheduler[95764]: DEBUG oslo.service.backend._threading.loopingcall [None req-407881d9-bc38-487d-ae2e-241b67031d51 None None] Dynamic interval looping call 'nova.service.Service.periodic_tasks' sleeping for 60.00 seconds {{(pid=95764) _run_loop /opt/stack/data/venv/lib/python3.12/site-packages/oslo_service/backend/_threading/loopingcall.py:125}}
Jun 03 16:41:50.465919 np0000002078 nova-scheduler[95764]: DEBUG oslo.service.backend._threading.loopingcall [-] Fixed interval looping call 'nova.servicegroup.drivers.db.DbDriver._report_state' sleeping for 119.99 seconds {{(pid=95764) _run_loop /opt/stack/data/venv/lib/python3.12/site-packages/oslo_service/backend/_threading/loopingcall.py:125}}
Jun 03 16:41:50.467075 np0000002078 nova-scheduler[95752]: DEBUG oslo.service.backend._threading.loopingcall [-] Fixed interval looping call 'nova.servicegroup.drivers.db.DbDriver._report_state' sleeping for 120.00 seconds {{(pid=95752) _run_loop /opt/stack/data/venv/lib/python3.12/site-packages/oslo_service/backend/_threading/loopingcall.py:125}}
Jun 03 16:41:50.472246 np0000002078 nova-scheduler[95790]: DEBUG oslo.service.backend._threading.loopingcall [-] Fixed interval looping call 'nova.servicegroup.drivers.db.DbDriver._report_state' sleeping for 120.00 seconds {{(pid=95790) _run_loop /opt/stack/data/venv/lib/python3.12/site-packages/oslo_service/backend/_threading/loopingcall.py:125}}
Jun 03 16:41:53.465416 np0000002078 nova-scheduler[95752]: DEBUG oslo.service.backend._threading.loopingcall [None req-a9bc73e8-4b8e-493f-bc90-a4d4fba037f4 None None] Dynamic interval looping call 'nova.service.Service.periodic_tasks' sleeping for 60.00 seconds {{(pid=95752) _run_loop /opt/stack/data/venv/lib/python3.12/site-packages/oslo_service/backend/_threading/loopingcall.py:125}}
Jun 03 16:42:00.460063 np0000002078 nova-scheduler[95764]: DEBUG dbcounter [-] [95764] Writing DB stats nova_cell0:SELECT=1,nova_cell0:UPDATE=1 {{(pid=95764) stat_writer /opt/stack/data/venv/lib/python3.12/site-packages/dbcounter.py:115}}
Jun 03 16:42:00.465257 np0000002078 nova-scheduler[95752]: DEBUG dbcounter [-] [95752] Writing DB stats nova_cell0:SELECT=1,nova_cell0:UPDATE=1 {{(pid=95752) stat_writer /opt/stack/data/venv/lib/python3.12/site-packages/dbcounter.py:115}}
Jun 03 16:42:00.470719 np0000002078 nova-scheduler[95790]: DEBUG dbcounter [-] [95790] Writing DB stats nova_cell0:SELECT=1 {{(pid=95790) stat_writer /opt/stack/data/venv/lib/python3.12/site-packages/dbcounter.py:115}}
Jun 03 16:42:07.468154 np0000002078 nova-scheduler[95790]: DEBUG oslo.service.backend._threading.loopingcall [None req-4937d6d7-d114-4d66-8ea8-5a0888770ee0 None None] Dynamic interval looping call 'nova.service.Service.periodic_tasks' sleeping for 60.00 seconds {{(pid=95790) _run_loop /opt/stack/data/venv/lib/python3.12/site-packages/oslo_service/backend/_threading/loopingcall.py:125}}
Jun 03 16:42:23.986882 np0000002078 nova-scheduler[95764]: DEBUG nova.scheduler.manager [None req-bdfe7714-880d-4eb9-a033-bb5dd120f3b0 tempest-ServerActionsTestOtherB-216386607 tempest-ServerActionsTestOtherB-216386607-project-member] Starting to schedule for instances: ['89676eb8-f488-4378-9d09-5ffd4bf656eb'] {{(pid=95764) select_destinations /opt/stack/nova/nova/scheduler/manager.py:210}}
Jun 03 16:42:23.988073 np0000002078 nova-scheduler[95764]: DEBUG nova.scheduler.request_filter [None req-bdfe7714-880d-4eb9-a033-bb5dd120f3b0 tempest-ServerActionsTestOtherB-216386607 tempest-ServerActionsTestOtherB-216386607-project-member] compute_status_filter request filter added forbidden trait COMPUTE_STATUS_DISABLED {{(pid=95764) compute_status_filter /opt/stack/nova/nova/scheduler/request_filter.py:253}}
Jun 03 16:42:23.988217 np0000002078 nova-scheduler[95764]: DEBUG nova.scheduler.request_filter [None req-bdfe7714-880d-4eb9-a033-bb5dd120f3b0 tempest-ServerActionsTestOtherB-216386607 tempest-ServerActionsTestOtherB-216386607-project-member] Request filter 'compute_status_filter' took 0.0 seconds {{(pid=95764) wrapper /opt/stack/nova/nova/scheduler/request_filter.py:46}}
Jun 03 16:42:23.988401 np0000002078 nova-scheduler[95764]: DEBUG nova.scheduler.request_filter [None req-bdfe7714-880d-4eb9-a033-bb5dd120f3b0 tempest-ServerActionsTestOtherB-216386607 tempest-ServerActionsTestOtherB-216386607-project-member] Request filter 'accelerators_filter' took 0.0 seconds {{(pid=95764) wrapper /opt/stack/nova/nova/scheduler/request_filter.py:46}}
Jun 03 16:42:23.988601 np0000002078 nova-scheduler[95764]: DEBUG nova.scheduler.request_filter [None req-bdfe7714-880d-4eb9-a033-bb5dd120f3b0 tempest-ServerActionsTestOtherB-216386607 tempest-ServerActionsTestOtherB-216386607-project-member] Request filter 'packed_virtqueue_filter' took 0.0 seconds {{(pid=95764) wrapper /opt/stack/nova/nova/scheduler/request_filter.py:46}}
Jun 03 16:42:23.988870 np0000002078 nova-scheduler[95764]: DEBUG nova.scheduler.request_filter [None req-bdfe7714-880d-4eb9-a033-bb5dd120f3b0 tempest-ServerActionsTestOtherB-216386607 tempest-ServerActionsTestOtherB-216386607-project-member] Request filter 'remote_managed_ports_filter' took 0.0 seconds {{(pid=95764) wrapper /opt/stack/nova/nova/scheduler/request_filter.py:46}}
Jun 03 16:42:23.988974 np0000002078 nova-scheduler[95764]: DEBUG nova.scheduler.request_filter [None req-bdfe7714-880d-4eb9-a033-bb5dd120f3b0 tempest-ServerActionsTestOtherB-216386607 tempest-ServerActionsTestOtherB-216386607-project-member] ephemeral_encryption_filter skipped {{(pid=95764) ephemeral_encryption_filter /opt/stack/nova/nova/scheduler/request_filter.py:426}}
Jun 03 16:42:23.989114 np0000002078 nova-scheduler[95764]: DEBUG nova.scheduler.request_filter [None req-bdfe7714-880d-4eb9-a033-bb5dd120f3b0 tempest-ServerActionsTestOtherB-216386607 tempest-ServerActionsTestOtherB-216386607-project-member] virtio_sound_filter skipped {{(pid=95764) virtio_sound_filter /opt/stack/nova/nova/scheduler/request_filter.py:460}}
Jun 03 16:42:23.989427 np0000002078 nova-scheduler[95764]: DEBUG nova.scheduler.request_filter [None req-bdfe7714-880d-4eb9-a033-bb5dd120f3b0 tempest-ServerActionsTestOtherB-216386607 tempest-ServerActionsTestOtherB-216386607-project-member] tpm_secret_security_filter skipped {{(pid=95764) tpm_secret_security_filter /opt/stack/nova/nova/scheduler/request_filter.py:477}}
Jun 03 16:42:24.548413 np0000002078 nova-scheduler[95764]: INFO nova.utils [None req-bdfe7714-880d-4eb9-a033-bb5dd120f3b0 tempest-ServerActionsTestOtherB-216386607 tempest-ServerActionsTestOtherB-216386607-project-member] The cell worker thread pool ForkProcess-2.cell_worker is initialized
Jun 03 16:42:24.548413 np0000002078 nova-scheduler[95764]: DEBUG oslo_concurrency.lockutils [None req-bdfe7714-880d-4eb9-a033-bb5dd120f3b0 tempest-ServerActionsTestOtherB-216386607 tempest-ServerActionsTestOtherB-216386607-project-member] Acquiring lock "8e3feaea-f40a-465e-91fe-791b0d652c54" by "nova.context.set_target_cell..get_or_set_cached_cell_and_set_connections" {{(pid=95764) inner /opt/stack/data/venv/lib/python3.12/site-packages/oslo_concurrency/lockutils.py:511}}
Jun 03 16:42:24.548413 np0000002078 nova-scheduler[95764]: DEBUG oslo_concurrency.lockutils [None req-bdfe7714-880d-4eb9-a033-bb5dd120f3b0 tempest-ServerActionsTestOtherB-216386607 tempest-ServerActionsTestOtherB-216386607-project-member] Lock "8e3feaea-f40a-465e-91fe-791b0d652c54" acquired by "nova.context.set_target_cell..get_or_set_cached_cell_and_set_connections" :: waited 0.000s {{(pid=95764) inner /opt/stack/data/venv/lib/python3.12/site-packages/oslo_concurrency/lockutils.py:524}}
Jun 03 16:42:24.548413 np0000002078 nova-scheduler[95764]: DEBUG oslo_concurrency.lockutils [None req-bdfe7714-880d-4eb9-a033-bb5dd120f3b0 tempest-ServerActionsTestOtherB-216386607 tempest-ServerActionsTestOtherB-216386607-project-member] Lock "8e3feaea-f40a-465e-91fe-791b0d652c54" "released" by "nova.context.set_target_cell..get_or_set_cached_cell_and_set_connections" :: held 0.001s {{(pid=95764) inner /opt/stack/data/venv/lib/python3.12/site-packages/oslo_concurrency/lockutils.py:543}}
Jun 03 16:42:24.552192 np0000002078 nova-scheduler[95764]: INFO dbcounter [None req-bdfe7714-880d-4eb9-a033-bb5dd120f3b0 tempest-ServerActionsTestOtherB-216386607 tempest-ServerActionsTestOtherB-216386607-project-member] Registered counter for database nova_cell1
Jun 03 16:42:24.596037 np0000002078 nova-scheduler[95764]: DEBUG oslo_db.sqlalchemy.engines [None req-bdfe7714-880d-4eb9-a033-bb5dd120f3b0 tempest-ServerActionsTestOtherB-216386607 tempest-ServerActionsTestOtherB-216386607-project-member] MySQL server mode set to STRICT_TRANS_TABLES,STRICT_ALL_TABLES,NO_ZERO_IN_DATE,NO_ZERO_DATE,ERROR_FOR_DIVISION_BY_ZERO,TRADITIONAL,NO_ENGINE_SUBSTITUTION {{(pid=95764) _check_effective_sql_mode /opt/stack/data/venv/lib/python3.12/site-packages/oslo_db/sqlalchemy/engines.py:325}}
Jun 03 16:42:24.603033 np0000002078 nova-scheduler[95764]: DEBUG dbcounter [-] [95764] Writer thread running {{(pid=95764) stat_writer /opt/stack/data/venv/lib/python3.12/site-packages/dbcounter.py:102}}
Jun 03 16:42:24.624487 np0000002078 nova-scheduler[95764]: DEBUG oslo_db.sqlalchemy.engines [None req-bdfe7714-880d-4eb9-a033-bb5dd120f3b0 tempest-ServerActionsTestOtherB-216386607 tempest-ServerActionsTestOtherB-216386607-project-member] Parent process 94555 forked (95764) with an open database connection, which is being discarded and recreated. {{(pid=95764) checkout /opt/stack/data/venv/lib/python3.12/site-packages/oslo_db/sqlalchemy/engines.py:402}}
Jun 03 16:42:24.665891 np0000002078 nova-scheduler[95764]: DEBUG dbcounter [-] [95764] Writer thread running {{(pid=95764) stat_writer /opt/stack/data/venv/lib/python3.12/site-packages/dbcounter.py:102}}
Jun 03 16:42:24.670018 np0000002078 nova-scheduler[95764]: DEBUG oslo_concurrency.lockutils [None req-bdfe7714-880d-4eb9-a033-bb5dd120f3b0 tempest-ServerActionsTestOtherB-216386607 tempest-ServerActionsTestOtherB-216386607-project-member] Acquiring lock "8e3feaea-f40a-465e-91fe-791b0d652c54" by "nova.context.set_target_cell..get_or_set_cached_cell_and_set_connections" {{(pid=95764) inner /opt/stack/data/venv/lib/python3.12/site-packages/oslo_concurrency/lockutils.py:511}}
Jun 03 16:42:24.670018 np0000002078 nova-scheduler[95764]: DEBUG oslo_concurrency.lockutils [None req-bdfe7714-880d-4eb9-a033-bb5dd120f3b0 tempest-ServerActionsTestOtherB-216386607 tempest-ServerActionsTestOtherB-216386607-project-member] Lock "8e3feaea-f40a-465e-91fe-791b0d652c54" acquired by "nova.context.set_target_cell..get_or_set_cached_cell_and_set_connections" :: waited 0.000s {{(pid=95764) inner /opt/stack/data/venv/lib/python3.12/site-packages/oslo_concurrency/lockutils.py:524}}
Jun 03 16:42:24.670018 np0000002078 nova-scheduler[95764]: DEBUG oslo_concurrency.lockutils [None req-bdfe7714-880d-4eb9-a033-bb5dd120f3b0 tempest-ServerActionsTestOtherB-216386607 tempest-ServerActionsTestOtherB-216386607-project-member] Lock "8e3feaea-f40a-465e-91fe-791b0d652c54" "released" by "nova.context.set_target_cell..get_or_set_cached_cell_and_set_connections" :: held 0.001s {{(pid=95764) inner /opt/stack/data/venv/lib/python3.12/site-packages/oslo_concurrency/lockutils.py:543}}
Jun 03 16:42:24.673477 np0000002078 nova-scheduler[95764]: DEBUG oslo_concurrency.lockutils [None req-bdfe7714-880d-4eb9-a033-bb5dd120f3b0 tempest-ServerActionsTestOtherB-216386607 tempest-ServerActionsTestOtherB-216386607-project-member] Acquiring lock "('np0000002078', 'np0000002078')" by "nova.scheduler.host_manager.HostState.update.._locked_update" {{(pid=95764) inner /opt/stack/data/venv/lib/python3.12/site-packages/oslo_concurrency/lockutils.py:511}}
Jun 03 16:42:24.674007 np0000002078 nova-scheduler[95764]: DEBUG oslo_concurrency.lockutils [None req-bdfe7714-880d-4eb9-a033-bb5dd120f3b0 tempest-ServerActionsTestOtherB-216386607 tempest-ServerActionsTestOtherB-216386607-project-member] Lock "('np0000002078', 'np0000002078')" acquired by "nova.scheduler.host_manager.HostState.update.._locked_update" :: waited 0.000s {{(pid=95764) inner /opt/stack/data/venv/lib/python3.12/site-packages/oslo_concurrency/lockutils.py:524}}
Jun 03 16:42:24.674897 np0000002078 nova-scheduler[95764]: DEBUG nova.scheduler.host_manager [None req-bdfe7714-880d-4eb9-a033-bb5dd120f3b0 tempest-ServerActionsTestOtherB-216386607 tempest-ServerActionsTestOtherB-216386607-project-member] Update host state from compute node: ComputeNode(cpu_allocation_ratio=4.0,cpu_info='{"arch": "x86_64", "model": "EPYC-Milan", "vendor": "AMD", "topology": {"cells": 1, "sockets": 12, "cores": 1, "threads": 1}, "maxphysaddr": {"mode": "emulate", "bits": 40}, "features": ["clwb", "ssbd", "nx", "erms", "xsaveopt", "osvw", "hypervisor", "vaes", "pni", "xsavec", "sha-ni", "pse36", "tsc-deadline", "abm", "lm", "rdtscp", "clzero", "rdrand", "lfence-always-serializing", "syscall", "ibpb", "fsrm", "cmp_legacy", "cr8legacy", "xgetbv1", "clflushopt", "x2apic", "ssse3", "pschange-mc-no", "xsaveerptr", "fma", "sse4.1", "smep", "fsgsbase", "svme-addr-chk", "rdpid", "tsc-scale", "flushbyasid", "null-sel-clr-base", "stibp-always-on", "virt-ssbd", "svm", "pae", "no-nested-data-bp", "fpu", "amd-stibp", "mce", "sse4.2", "perfctr_core", "mtrr", "rdseed", "movbe", "sse2", "vme", "pat", "sep", "vpclmulqdq", "ibrs", "spec-ctrl", "misalignsse", "invpcid", "pge", "tsc", "f16c", "xsaves", "popcnt", "mmx", "nrip-save", "wbnoinvd", "pse", "mca", "clflush", "smap", "rdctl-no", "mmxext", "arat", "pfthreshold", "pku", "tsc_adjust", "mds-no", "arch-capabilities", "npt", "vmcb-clean", "lahf_lm", "bmi2", "stibp", "fxsr", "vgif", "amd-ssbd", "topoext", "v-vmsave-vmload", "avx", "cmov", "skip-l1dfl-vmentry", "sse", "fxsr_opt", "msr", "bmi1", "avx2", "3dnowprefetch", "xsave", "pause-filter", "pcid", "pdpe1gb", "aes", "gds-no", "sse4a", "lbrv", "amd-psfd", "apic", "umip", "adx", "pclmuldq", "cx8", "cx16", "de"]}',created_at=2026-06-03T16:40:10Z,current_workload=0,deleted=False,deleted_at=None,disk_allocation_ratio=1.0,disk_available_least=74,free_disk_gb=95,free_ram_mb=23518,host='np0000002078',host_ip=10.4.3.34,hypervisor_hostname='np0000002078',hypervisor_type='QEMU',hypervisor_version=8002002,id=1,local_gb=95,local_gb_used=0,mapped=1,memory_mb=24030,memory_mb_used=512,metrics='[]',numa_topology='{"nova_object.name": "NUMATopology", "nova_object.namespace": "nova", "nova_object.version": "1.2", "nova_object.data": {"cells": [{"nova_object.name": "NUMACell", "nova_object.namespace": "nova", "nova_object.version": "1.5", "nova_object.data": {"id": 0, "cpuset": [0, 1, 2, 3, 4, 5, 6, 7, 8, 9, 10, 11], "pcpuset": [0, 1, 2, 3, 4, 5, 6, 7, 8, 9, 10, 11], "memory": 24030, "cpu_usage": 0, "memory_usage": 0, "pinned_cpus": [], "siblings": [[6], [2], [5], [11], [8], [4], [1], [7], [10], [0], [3], [9]], "mempages": [{"nova_object.name": "NUMAPagesTopology", "nova_object.namespace": "nova", "nova_object.version": "1.1", "nova_object.data": {"size_kb": 4, "total": 6151798, "used": 0, "reserved": 0}, "nova_object.changes": ["size_kb", "reserved", "used", "total"]}, {"nova_object.name": "NUMAPagesTopology", "nova_object.namespace": "nova", "nova_object.version": "1.1", "nova_object.data": {"size_kb": 2048, "total": 0, "used": 0, "reserved": 0}, "nova_object.changes": ["size_kb", "reserved", "used", "total"]}, {"nova_object.name": "NUMAPagesTopology", "nova_object.namespace": "nova", "nova_object.version": "1.1", "nova_object.data": {"size_kb": 1048576, "total": 0, "used": 0, "reserved": 0}, "nova_object.changes": ["size_kb", "reserved", "used", "total"]}], "network_metadata": {"nova_object.name": "NetworkMetadata", "nova_object.namespace": "nova", "nova_object.version": "1.0", "nova_object.data": {"physnets": [], "tunneled": false}, "nova_object.changes": ["tunneled", "physnets"]}, "socket": null}, "nova_object.changes": ["network_metadata", "memory_usage", "siblings", "id", "memory", "pcpuset", "cpuset", "cpu_usage", "pinned_cpus", "socket", "mempages"]}]}, "nova_object.changes": ["cells"]}',pci_device_pools=PciDevicePoolList,ram_allocation_ratio=1.0,running_vms=0,service_id=4,stats={failed_builds='0',uptime=' 16:41:56 up 27 min, 2 users, load average: 1.61, 1.49, 0.83
Jun 03 16:42:24.674897 np0000002078 nova-scheduler[95764]: '},supported_hv_specs=[HVSpec,HVSpec,HVSpec,HVSpec,HVSpec,HVSpec,HVSpec,HVSpec,HVSpec,HVSpec,HVSpec,HVSpec,HVSpec,HVSpec,HVSpec,HVSpec,HVSpec,HVSpec,HVSpec,HVSpec,HVSpec,HVSpec,HVSpec,HVSpec,HVSpec],updated_at=2026-06-03T16:41:58Z,uuid=6e9fc41b-594d-4903-925a-3c366b2e6b9f,vcpus=12,vcpus_used=0) {{(pid=95764) _locked_update /opt/stack/nova/nova/scheduler/host_manager.py:168}}
Jun 03 16:42:24.676374 np0000002078 nova-scheduler[95764]: DEBUG nova.scheduler.host_manager [None req-bdfe7714-880d-4eb9-a033-bb5dd120f3b0 tempest-ServerActionsTestOtherB-216386607 tempest-ServerActionsTestOtherB-216386607-project-member] Update host state with aggregates: [] {{(pid=95764) _locked_update /opt/stack/nova/nova/scheduler/host_manager.py:171}}
Jun 03 16:42:24.676374 np0000002078 nova-scheduler[95764]: DEBUG nova.scheduler.host_manager [None req-bdfe7714-880d-4eb9-a033-bb5dd120f3b0 tempest-ServerActionsTestOtherB-216386607 tempest-ServerActionsTestOtherB-216386607-project-member] Update host state with service dict: {'id': 4, 'uuid': '8af43226-f091-4a47-b7b9-99aaa140bc19', 'host': 'np0000002078', 'binary': 'nova-compute', 'topic': 'compute', 'report_count': 2, 'disabled': False, 'disabled_reason': None, 'last_seen_up': datetime.datetime(2026, 6, 3, 16, 42, 19, tzinfo=datetime.timezone.utc), 'forced_down': False, 'version': 72, 'created_at': datetime.datetime(2026, 6, 3, 16, 40, 9, tzinfo=datetime.timezone.utc), 'updated_at': datetime.datetime(2026, 6, 3, 16, 42, 19, tzinfo=datetime.timezone.utc), 'deleted_at': None, 'deleted': False} {{(pid=95764) _locked_update /opt/stack/nova/nova/scheduler/host_manager.py:174}}
Jun 03 16:42:24.676374 np0000002078 nova-scheduler[95764]: DEBUG nova.scheduler.host_manager [None req-bdfe7714-880d-4eb9-a033-bb5dd120f3b0 tempest-ServerActionsTestOtherB-216386607 tempest-ServerActionsTestOtherB-216386607-project-member] Update host state with instances: [] {{(pid=95764) _locked_update /opt/stack/nova/nova/scheduler/host_manager.py:177}}
Jun 03 16:42:24.676734 np0000002078 nova-scheduler[95764]: DEBUG oslo_concurrency.lockutils [None req-bdfe7714-880d-4eb9-a033-bb5dd120f3b0 tempest-ServerActionsTestOtherB-216386607 tempest-ServerActionsTestOtherB-216386607-project-member] Lock "('np0000002078', 'np0000002078')" "released" by "nova.scheduler.host_manager.HostState.update.._locked_update" :: held 0.003s {{(pid=95764) inner /opt/stack/data/venv/lib/python3.12/site-packages/oslo_concurrency/lockutils.py:543}}
Jun 03 16:42:24.677394 np0000002078 nova-scheduler[95764]: DEBUG nova.filters [None req-bdfe7714-880d-4eb9-a033-bb5dd120f3b0 tempest-ServerActionsTestOtherB-216386607 tempest-ServerActionsTestOtherB-216386607-project-member] Starting with 1 host(s) {{(pid=95764) get_filtered_objects /opt/stack/nova/nova/filters.py:70}}
Jun 03 16:42:24.677736 np0000002078 nova-scheduler[95764]: DEBUG nova.filters [None req-bdfe7714-880d-4eb9-a033-bb5dd120f3b0 tempest-ServerActionsTestOtherB-216386607 tempest-ServerActionsTestOtherB-216386607-project-member] Filter ComputeFilter returned 1 host(s) {{(pid=95764) get_filtered_objects /opt/stack/nova/nova/filters.py:102}}
Jun 03 16:42:24.677875 np0000002078 nova-scheduler[95764]: DEBUG nova.filters [None req-bdfe7714-880d-4eb9-a033-bb5dd120f3b0 tempest-ServerActionsTestOtherB-216386607 tempest-ServerActionsTestOtherB-216386607-project-member] Filter ComputeCapabilitiesFilter returned 1 host(s) {{(pid=95764) get_filtered_objects /opt/stack/nova/nova/filters.py:102}}
Jun 03 16:42:24.678171 np0000002078 nova-scheduler[95764]: DEBUG nova.filters [None req-bdfe7714-880d-4eb9-a033-bb5dd120f3b0 tempest-ServerActionsTestOtherB-216386607 tempest-ServerActionsTestOtherB-216386607-project-member] Filter ImagePropertiesFilter returned 1 host(s) {{(pid=95764) get_filtered_objects /opt/stack/nova/nova/filters.py:102}}
Jun 03 16:42:24.678693 np0000002078 nova-scheduler[95764]: DEBUG nova.filters [None req-bdfe7714-880d-4eb9-a033-bb5dd120f3b0 tempest-ServerActionsTestOtherB-216386607 tempest-ServerActionsTestOtherB-216386607-project-member] Filter ServerGroupAntiAffinityFilter returned 1 host(s) {{(pid=95764) get_filtered_objects /opt/stack/nova/nova/filters.py:102}}
Jun 03 16:42:24.678693 np0000002078 nova-scheduler[95764]: DEBUG nova.filters [None req-bdfe7714-880d-4eb9-a033-bb5dd120f3b0 tempest-ServerActionsTestOtherB-216386607 tempest-ServerActionsTestOtherB-216386607-project-member] Filter ServerGroupAffinityFilter returned 1 host(s) {{(pid=95764) get_filtered_objects /opt/stack/nova/nova/filters.py:102}}
Jun 03 16:42:24.678693 np0000002078 nova-scheduler[95764]: DEBUG nova.filters [None req-bdfe7714-880d-4eb9-a033-bb5dd120f3b0 tempest-ServerActionsTestOtherB-216386607 tempest-ServerActionsTestOtherB-216386607-project-member] Filter SameHostFilter returned 1 host(s) {{(pid=95764) get_filtered_objects /opt/stack/nova/nova/filters.py:102}}
Jun 03 16:42:24.678859 np0000002078 nova-scheduler[95764]: DEBUG nova.filters [None req-bdfe7714-880d-4eb9-a033-bb5dd120f3b0 tempest-ServerActionsTestOtherB-216386607 tempest-ServerActionsTestOtherB-216386607-project-member] Filter DifferentHostFilter returned 1 host(s) {{(pid=95764) get_filtered_objects /opt/stack/nova/nova/filters.py:102}}
Jun 03 16:42:24.679280 np0000002078 nova-scheduler[95764]: DEBUG nova.scheduler.manager [None req-bdfe7714-880d-4eb9-a033-bb5dd120f3b0 tempest-ServerActionsTestOtherB-216386607 tempest-ServerActionsTestOtherB-216386607-project-member] Filtered [(np0000002078, np0000002078) ram: 23518MB disk: 75776MB io_ops: 0 instances: 0, allocation_candidates: 1] {{(pid=95764) _get_sorted_hosts /opt/stack/nova/nova/scheduler/manager.py:743}}
Jun 03 16:42:24.679339 np0000002078 nova-scheduler[95764]: DEBUG nova.scheduler.manager [None req-bdfe7714-880d-4eb9-a033-bb5dd120f3b0 tempest-ServerActionsTestOtherB-216386607 tempest-ServerActionsTestOtherB-216386607-project-member] Weighed [WeighedHost [host: (np0000002078, np0000002078) ram: 23518MB disk: 75776MB io_ops: 0 instances: 0, allocation_candidates: 1, weight: 0.0]] {{(pid=95764) _get_sorted_hosts /opt/stack/nova/nova/scheduler/manager.py:765}}
Jun 03 16:42:24.679634 np0000002078 nova-scheduler[95764]: DEBUG nova.scheduler.utils [None req-bdfe7714-880d-4eb9-a033-bb5dd120f3b0 tempest-ServerActionsTestOtherB-216386607 tempest-ServerActionsTestOtherB-216386607-project-member] Attempting to claim resources in the placement API for instance 89676eb8-f488-4378-9d09-5ffd4bf656eb {{(pid=95764) claim_resources /opt/stack/nova/nova/scheduler/utils.py:1345}}
Jun 03 16:42:24.872512 np0000002078 nova-scheduler[95764]: DEBUG nova.scheduler.manager [None req-bdfe7714-880d-4eb9-a033-bb5dd120f3b0 tempest-ServerActionsTestOtherB-216386607 tempest-ServerActionsTestOtherB-216386607-project-member] [instance: 89676eb8-f488-4378-9d09-5ffd4bf656eb] Selected host: (np0000002078, np0000002078) ram: 23518MB disk: 75776MB io_ops: 0 instances: 0, allocation_candidates: 1 {{(pid=95764) _consume_selected_host /opt/stack/nova/nova/scheduler/manager.py:625}}
Jun 03 16:42:24.872772 np0000002078 nova-scheduler[95764]: DEBUG oslo_concurrency.lockutils [None req-bdfe7714-880d-4eb9-a033-bb5dd120f3b0 tempest-ServerActionsTestOtherB-216386607 tempest-ServerActionsTestOtherB-216386607-project-member] Acquiring lock "('np0000002078', 'np0000002078')" by "nova.scheduler.host_manager.HostState.consume_from_request.._locked" {{(pid=95764) inner /opt/stack/data/venv/lib/python3.12/site-packages/oslo_concurrency/lockutils.py:511}}
Jun 03 16:42:24.872941 np0000002078 nova-scheduler[95764]: DEBUG oslo_concurrency.lockutils [None req-bdfe7714-880d-4eb9-a033-bb5dd120f3b0 tempest-ServerActionsTestOtherB-216386607 tempest-ServerActionsTestOtherB-216386607-project-member] Lock "('np0000002078', 'np0000002078')" acquired by "nova.scheduler.host_manager.HostState.consume_from_request.._locked" :: waited 0.000s {{(pid=95764) inner /opt/stack/data/venv/lib/python3.12/site-packages/oslo_concurrency/lockutils.py:524}}
Jun 03 16:42:24.873123 np0000002078 nova-scheduler[95764]: DEBUG oslo_concurrency.lockutils [None req-bdfe7714-880d-4eb9-a033-bb5dd120f3b0 tempest-ServerActionsTestOtherB-216386607 tempest-ServerActionsTestOtherB-216386607-project-member] Lock "('np0000002078', 'np0000002078')" "released" by "nova.scheduler.host_manager.HostState.consume_from_request.._locked" :: held 0.000s {{(pid=95764) inner /opt/stack/data/venv/lib/python3.12/site-packages/oslo_concurrency/lockutils.py:543}}
Jun 03 16:42:25.650078 np0000002078 nova-scheduler[95752]: DEBUG nova.scheduler.manager [None req-a18a6c15-1519-441c-b92a-d7c85b3b129f tempest-ServerStableDeviceRescueTest-1883477586 tempest-ServerStableDeviceRescueTest-1883477586-project-member] Starting to schedule for instances: ['7dc184af-da95-458b-abae-0cb7bf18e6fa'] {{(pid=95752) select_destinations /opt/stack/nova/nova/scheduler/manager.py:210}}
Jun 03 16:42:25.650653 np0000002078 nova-scheduler[95752]: DEBUG nova.scheduler.request_filter [None req-a18a6c15-1519-441c-b92a-d7c85b3b129f tempest-ServerStableDeviceRescueTest-1883477586 tempest-ServerStableDeviceRescueTest-1883477586-project-member] compute_status_filter request filter added forbidden trait COMPUTE_STATUS_DISABLED {{(pid=95752) compute_status_filter /opt/stack/nova/nova/scheduler/request_filter.py:253}}
Jun 03 16:42:25.650819 np0000002078 nova-scheduler[95752]: DEBUG nova.scheduler.request_filter [None req-a18a6c15-1519-441c-b92a-d7c85b3b129f tempest-ServerStableDeviceRescueTest-1883477586 tempest-ServerStableDeviceRescueTest-1883477586-project-member] Request filter 'compute_status_filter' took 0.0 seconds {{(pid=95752) wrapper /opt/stack/nova/nova/scheduler/request_filter.py:46}}
Jun 03 16:42:25.651664 np0000002078 nova-scheduler[95752]: DEBUG nova.scheduler.request_filter [None req-a18a6c15-1519-441c-b92a-d7c85b3b129f tempest-ServerStableDeviceRescueTest-1883477586 tempest-ServerStableDeviceRescueTest-1883477586-project-member] Request filter 'accelerators_filter' took 0.0 seconds {{(pid=95752) wrapper /opt/stack/nova/nova/scheduler/request_filter.py:46}}
Jun 03 16:42:25.651948 np0000002078 nova-scheduler[95752]: DEBUG nova.scheduler.request_filter [None req-a18a6c15-1519-441c-b92a-d7c85b3b129f tempest-ServerStableDeviceRescueTest-1883477586 tempest-ServerStableDeviceRescueTest-1883477586-project-member] Request filter 'packed_virtqueue_filter' took 0.0 seconds {{(pid=95752) wrapper /opt/stack/nova/nova/scheduler/request_filter.py:46}}
Jun 03 16:42:25.652324 np0000002078 nova-scheduler[95752]: DEBUG nova.scheduler.request_filter [None req-a18a6c15-1519-441c-b92a-d7c85b3b129f tempest-ServerStableDeviceRescueTest-1883477586 tempest-ServerStableDeviceRescueTest-1883477586-project-member] Request filter 'remote_managed_ports_filter' took 0.0 seconds {{(pid=95752) wrapper /opt/stack/nova/nova/scheduler/request_filter.py:46}}
Jun 03 16:42:25.652533 np0000002078 nova-scheduler[95752]: DEBUG nova.scheduler.request_filter [None req-a18a6c15-1519-441c-b92a-d7c85b3b129f tempest-ServerStableDeviceRescueTest-1883477586 tempest-ServerStableDeviceRescueTest-1883477586-project-member] ephemeral_encryption_filter skipped {{(pid=95752) ephemeral_encryption_filter /opt/stack/nova/nova/scheduler/request_filter.py:426}}
Jun 03 16:42:25.653568 np0000002078 nova-scheduler[95752]: DEBUG nova.scheduler.request_filter [None req-a18a6c15-1519-441c-b92a-d7c85b3b129f tempest-ServerStableDeviceRescueTest-1883477586 tempest-ServerStableDeviceRescueTest-1883477586-project-member] virtio_sound_filter skipped {{(pid=95752) virtio_sound_filter /opt/stack/nova/nova/scheduler/request_filter.py:460}}
Jun 03 16:42:25.653756 np0000002078 nova-scheduler[95752]: DEBUG nova.scheduler.request_filter [None req-a18a6c15-1519-441c-b92a-d7c85b3b129f tempest-ServerStableDeviceRescueTest-1883477586 tempest-ServerStableDeviceRescueTest-1883477586-project-member] tpm_secret_security_filter skipped {{(pid=95752) tpm_secret_security_filter /opt/stack/nova/nova/scheduler/request_filter.py:477}}
Jun 03 16:42:25.762963 np0000002078 nova-scheduler[95752]: INFO nova.utils [None req-a18a6c15-1519-441c-b92a-d7c85b3b129f tempest-ServerStableDeviceRescueTest-1883477586 tempest-ServerStableDeviceRescueTest-1883477586-project-member] The cell worker thread pool ForkProcess-1.cell_worker is initialized
Jun 03 16:42:25.763597 np0000002078 nova-scheduler[95752]: DEBUG oslo_concurrency.lockutils [None req-a18a6c15-1519-441c-b92a-d7c85b3b129f tempest-ServerStableDeviceRescueTest-1883477586 tempest-ServerStableDeviceRescueTest-1883477586-project-member] Acquiring lock "8e3feaea-f40a-465e-91fe-791b0d652c54" by "nova.context.set_target_cell..get_or_set_cached_cell_and_set_connections" {{(pid=95752) inner /opt/stack/data/venv/lib/python3.12/site-packages/oslo_concurrency/lockutils.py:511}}
Jun 03 16:42:25.763681 np0000002078 nova-scheduler[95752]: DEBUG oslo_concurrency.lockutils [None req-a18a6c15-1519-441c-b92a-d7c85b3b129f tempest-ServerStableDeviceRescueTest-1883477586 tempest-ServerStableDeviceRescueTest-1883477586-project-member] Lock "8e3feaea-f40a-465e-91fe-791b0d652c54" acquired by "nova.context.set_target_cell..get_or_set_cached_cell_and_set_connections" :: waited 0.000s {{(pid=95752) inner /opt/stack/data/venv/lib/python3.12/site-packages/oslo_concurrency/lockutils.py:524}}
Jun 03 16:42:25.764868 np0000002078 nova-scheduler[95752]: DEBUG oslo_concurrency.lockutils [None req-a18a6c15-1519-441c-b92a-d7c85b3b129f tempest-ServerStableDeviceRescueTest-1883477586 tempest-ServerStableDeviceRescueTest-1883477586-project-member] Lock "8e3feaea-f40a-465e-91fe-791b0d652c54" "released" by "nova.context.set_target_cell..get_or_set_cached_cell_and_set_connections" :: held 0.001s {{(pid=95752) inner /opt/stack/data/venv/lib/python3.12/site-packages/oslo_concurrency/lockutils.py:543}}
Jun 03 16:42:25.766711 np0000002078 nova-scheduler[95752]: INFO dbcounter [None req-a18a6c15-1519-441c-b92a-d7c85b3b129f tempest-ServerStableDeviceRescueTest-1883477586 tempest-ServerStableDeviceRescueTest-1883477586-project-member] Registered counter for database nova_cell1
Jun 03 16:42:25.819054 np0000002078 nova-scheduler[95752]: DEBUG oslo_db.sqlalchemy.engines [None req-a18a6c15-1519-441c-b92a-d7c85b3b129f tempest-ServerStableDeviceRescueTest-1883477586 tempest-ServerStableDeviceRescueTest-1883477586-project-member] MySQL server mode set to STRICT_TRANS_TABLES,STRICT_ALL_TABLES,NO_ZERO_IN_DATE,NO_ZERO_DATE,ERROR_FOR_DIVISION_BY_ZERO,TRADITIONAL,NO_ENGINE_SUBSTITUTION {{(pid=95752) _check_effective_sql_mode /opt/stack/data/venv/lib/python3.12/site-packages/oslo_db/sqlalchemy/engines.py:325}}
Jun 03 16:42:25.828415 np0000002078 nova-scheduler[95752]: DEBUG dbcounter [-] [95752] Writer thread running {{(pid=95752) stat_writer /opt/stack/data/venv/lib/python3.12/site-packages/dbcounter.py:102}}
Jun 03 16:42:25.895217 np0000002078 nova-scheduler[95752]: DEBUG dbcounter [-] [95752] Writer thread running {{(pid=95752) stat_writer /opt/stack/data/venv/lib/python3.12/site-packages/dbcounter.py:102}}
Jun 03 16:42:25.902046 np0000002078 nova-scheduler[95752]: DEBUG oslo_concurrency.lockutils [None req-a18a6c15-1519-441c-b92a-d7c85b3b129f tempest-ServerStableDeviceRescueTest-1883477586 tempest-ServerStableDeviceRescueTest-1883477586-project-member] Acquiring lock "8e3feaea-f40a-465e-91fe-791b0d652c54" by "nova.context.set_target_cell..get_or_set_cached_cell_and_set_connections" {{(pid=95752) inner /opt/stack/data/venv/lib/python3.12/site-packages/oslo_concurrency/lockutils.py:511}}
Jun 03 16:42:25.902241 np0000002078 nova-scheduler[95752]: DEBUG oslo_concurrency.lockutils [None req-a18a6c15-1519-441c-b92a-d7c85b3b129f tempest-ServerStableDeviceRescueTest-1883477586 tempest-ServerStableDeviceRescueTest-1883477586-project-member] Lock "8e3feaea-f40a-465e-91fe-791b0d652c54" acquired by "nova.context.set_target_cell..get_or_set_cached_cell_and_set_connections" :: waited 0.000s {{(pid=95752) inner /opt/stack/data/venv/lib/python3.12/site-packages/oslo_concurrency/lockutils.py:524}}
Jun 03 16:42:25.902396 np0000002078 nova-scheduler[95752]: DEBUG oslo_concurrency.lockutils [None req-a18a6c15-1519-441c-b92a-d7c85b3b129f tempest-ServerStableDeviceRescueTest-1883477586 tempest-ServerStableDeviceRescueTest-1883477586-project-member] Lock "8e3feaea-f40a-465e-91fe-791b0d652c54" "released" by "nova.context.set_target_cell..get_or_set_cached_cell_and_set_connections" :: held 0.000s {{(pid=95752) inner /opt/stack/data/venv/lib/python3.12/site-packages/oslo_concurrency/lockutils.py:543}}
Jun 03 16:42:25.909753 np0000002078 nova-scheduler[95752]: DEBUG oslo_concurrency.lockutils [None req-a18a6c15-1519-441c-b92a-d7c85b3b129f tempest-ServerStableDeviceRescueTest-1883477586 tempest-ServerStableDeviceRescueTest-1883477586-project-member] Acquiring lock "('np0000002078', 'np0000002078')" by "nova.scheduler.host_manager.HostState.update.._locked_update" {{(pid=95752) inner /opt/stack/data/venv/lib/python3.12/site-packages/oslo_concurrency/lockutils.py:511}}
Jun 03 16:42:25.910042 np0000002078 nova-scheduler[95752]: DEBUG oslo_concurrency.lockutils [None req-a18a6c15-1519-441c-b92a-d7c85b3b129f tempest-ServerStableDeviceRescueTest-1883477586 tempest-ServerStableDeviceRescueTest-1883477586-project-member] Lock "('np0000002078', 'np0000002078')" acquired by "nova.scheduler.host_manager.HostState.update.._locked_update" :: waited 0.000s {{(pid=95752) inner /opt/stack/data/venv/lib/python3.12/site-packages/oslo_concurrency/lockutils.py:524}}
