Jul 12 15:19:15.238248 np0000005096 systemd[1]: Starting devstack@n-api-meta.service - Devstack devstack@n-api-meta.service...
Jul 12 15:19:15.243956 np0000005096 devstack@n-api-meta.service[95924]: [uWSGI] getting INI configuration from /etc/nova/nova-metadata-uwsgi.ini
Jul 12 15:19:15.246263 np0000005096 devstack@n-api-meta.service[95924]: *** Starting uWSGI 2.0.24-debian (64bit) on [Sun Jul 12 15:19:15 2026] ***
Jul 12 15:19:15.246263 np0000005096 devstack@n-api-meta.service[95924]: compiled with version: 13.2.0 on 17 April 2024 16:23:48
Jul 12 15:19:15.246263 np0000005096 devstack@n-api-meta.service[95924]: os: Linux-6.8.0-100-generic #100-Ubuntu SMP PREEMPT_DYNAMIC Tue Jan 13 16:40:06 UTC 2026
Jul 12 15:19:15.246263 np0000005096 devstack@n-api-meta.service[95924]: nodename: np0000005096
Jul 12 15:19:15.246263 np0000005096 devstack@n-api-meta.service[95924]: machine: x86_64
Jul 12 15:19:15.246263 np0000005096 devstack@n-api-meta.service[95924]: clock source: unix
Jul 12 15:19:15.246263 np0000005096 devstack@n-api-meta.service[95924]: pcre jit disabled
Jul 12 15:19:15.246263 np0000005096 devstack@n-api-meta.service[95924]: detected number of CPU cores: 16
Jul 12 15:19:15.246263 np0000005096 devstack@n-api-meta.service[95924]: current working directory: /
Jul 12 15:19:15.246263 np0000005096 devstack@n-api-meta.service[95924]: detected binary path: /usr/bin/uwsgi-core
Jul 12 15:19:15.246263 np0000005096 devstack@n-api-meta.service[95924]: your processes number limit is 257052
Jul 12 15:19:15.246263 np0000005096 devstack@n-api-meta.service[95924]: your memory page size is 4096 bytes
Jul 12 15:19:15.246263 np0000005096 devstack@n-api-meta.service[95924]: detected max file descriptor number: 2048
Jul 12 15:19:15.246263 np0000005096 devstack@n-api-meta.service[95924]: lock engine: pthread robust mutexes
Jul 12 15:19:15.246580 np0000005096 devstack@n-api-meta.service[95924]: thunder lock: enabled
Jul 12 15:19:15.246680 np0000005096 devstack@n-api-meta.service[95924]: uWSGI http bound on 0.0.0.0:8775 fd 5
Jul 12 15:19:15.246720 np0000005096 devstack@n-api-meta.service[95924]: uwsgi socket 0 bound to TCP address 127.0.0.1:41061 (port auto-assigned) fd 4
Jul 12 15:19:15.246720 np0000005096 devstack@n-api-meta.service[95924]: Python version: 3.12.3 (main, Jun 19 2026, 12:46:00) [GCC 13.3.0]
Jul 12 15:19:15.246807 np0000005096 devstack@n-api-meta.service[95924]: PEP 405 virtualenv detected: /opt/stack/data/venv
Jul 12 15:19:15.246807 np0000005096 devstack@n-api-meta.service[95924]: Set PythonHome to /opt/stack/data/venv
Jul 12 15:19:15.280753 np0000005096 devstack@n-api-meta.service[95924]: Python main interpreter initialized at 0x7c78410a4668
Jul 12 15:19:15.280796 np0000005096 devstack@n-api-meta.service[95924]: python threads support enabled
Jul 12 15:19:15.280796 np0000005096 devstack@n-api-meta.service[95924]: your server socket listen backlog is limited to 100 connections
Jul 12 15:19:15.280796 np0000005096 devstack@n-api-meta.service[95924]: your mercy for graceful operations on workers is 80 seconds
Jul 12 15:19:15.281309 np0000005096 devstack@n-api-meta.service[95924]: mapped 671795 bytes (656 KB) for 4 cores
Jul 12 15:19:15.281464 np0000005096 devstack@n-api-meta.service[95924]: *** Operational MODE: preforking ***
Jul 12 15:19:15.281689 np0000005096 devstack@n-api-meta.service[95924]: *** uWSGI is running in multiple interpreter mode ***
Jul 12 15:19:15.281689 np0000005096 devstack@n-api-meta.service[95924]: spawned uWSGI master process (pid: 95924)
Jul 12 15:19:15.281849 np0000005096 systemd[1]: Started devstack@n-api-meta.service - Devstack devstack@n-api-meta.service.
Jul 12 15:19:15.282323 np0000005096 devstack@n-api-meta.service[95924]: spawned uWSGI worker 1 (pid: 95927, cores: 1)
Jul 12 15:19:15.282757 np0000005096 devstack@n-api-meta.service[95924]: spawned uWSGI worker 2 (pid: 95928, cores: 1)
Jul 12 15:19:15.283149 np0000005096 devstack@n-api-meta.service[95924]: spawned uWSGI worker 3 (pid: 95929, cores: 1)
Jul 12 15:19:15.283652 np0000005096 devstack@n-api-meta.service[95924]: spawned uWSGI worker 4 (pid: 95930, cores: 1)
Jul 12 15:19:15.284092 np0000005096 devstack@n-api-meta.service[95924]: spawned uWSGI http 1 (pid: 95931)
Jul 12 15:19:15.284092 np0000005096 devstack@n-api-meta.service[95924]: running "unix_signal:15 gracefully_kill_them_all" (master-start)...
Jul 12 15:19:16.972241 np0000005096 devstack@n-api-meta.service[95927]: INFO dbcounter [None req-d7ef6dc6-c257-43f6-a2d7-459f1dc37295 None None] Registered counter for database nova_api
Jul 12 15:19:16.990294 np0000005096 devstack@n-api-meta.service[95929]: INFO dbcounter [None req-c2e6bb17-e999-4528-a9f1-83a11da9afc1 None None] Registered counter for database nova_api
Jul 12 15:19:17.012342 np0000005096 devstack@n-api-meta.service[95927]: DEBUG oslo_db.sqlalchemy.engines [None req-d7ef6dc6-c257-43f6-a2d7-459f1dc37295 None None] MySQL server mode set to STRICT_TRANS_TABLES,STRICT_ALL_TABLES,NO_ZERO_IN_DATE,NO_ZERO_DATE,ERROR_FOR_DIVISION_BY_ZERO,TRADITIONAL,NO_ENGINE_SUBSTITUTION {{(pid=95927) _check_effective_sql_mode /opt/stack/data/venv/lib/python3.12/site-packages/oslo_db/sqlalchemy/engines.py:325}}
Jul 12 15:19:17.020802 np0000005096 devstack@n-api-meta.service[95930]: INFO dbcounter [None req-23f5d7f2-24b2-41fd-b955-8bcc7da2a19c None None] Registered counter for database nova_api
Jul 12 15:19:17.040093 np0000005096 devstack@n-api-meta.service[95927]: DEBUG dbcounter [-] [95927] Writer thread running {{(pid=95927) stat_writer /opt/stack/data/venv/lib/python3.12/site-packages/dbcounter.py:102}}
Jul 12 15:19:17.042210 np0000005096 devstack@n-api-meta.service[95927]: DEBUG nova.context [None req-d7ef6dc6-c257-43f6-a2d7-459f1dc37295 None None] Found 2 cells: 00000000-0000-0000-0000-000000000000(cell0),0a0fbe84-b27c-4af1-81c2-f48bcaf880c9(cell1) {{(pid=95927) load_cells /opt/stack/nova/nova/context.py:509}}
Jul 12 15:19:17.042440 np0000005096 devstack@n-api-meta.service[95927]: INFO nova.utils [None req-d7ef6dc6-c257-43f6-a2d7-459f1dc37295 None None] The cell worker thread pool MainProcess.cell_worker is initialized
Jul 12 15:19:17.044050 np0000005096 devstack@n-api-meta.service[95927]: DEBUG oslo_concurrency.lockutils [None req-d7ef6dc6-c257-43f6-a2d7-459f1dc37295 None None] Acquiring lock "00000000-0000-0000-0000-000000000000" by "nova.context.set_target_cell..get_or_set_cached_cell_and_set_connections" {{(pid=95927) inner /opt/stack/data/venv/lib/python3.12/site-packages/oslo_concurrency/lockutils.py:511}}
Jul 12 15:19:17.044197 np0000005096 devstack@n-api-meta.service[95927]: DEBUG oslo_concurrency.lockutils [None req-d7ef6dc6-c257-43f6-a2d7-459f1dc37295 None None] Lock "00000000-0000-0000-0000-000000000000" acquired by "nova.context.set_target_cell..get_or_set_cached_cell_and_set_connections" :: waited 0.000s {{(pid=95927) inner /opt/stack/data/venv/lib/python3.12/site-packages/oslo_concurrency/lockutils.py:524}}
Jul 12 15:19:17.044537 np0000005096 devstack@n-api-meta.service[95927]: DEBUG oslo_concurrency.lockutils [None req-d7ef6dc6-c257-43f6-a2d7-459f1dc37295 None None] Lock "00000000-0000-0000-0000-000000000000" "released" by "nova.context.set_target_cell..get_or_set_cached_cell_and_set_connections" :: held 0.000s {{(pid=95927) inner /opt/stack/data/venv/lib/python3.12/site-packages/oslo_concurrency/lockutils.py:543}}
Jul 12 15:19:17.045249 np0000005096 devstack@n-api-meta.service[95927]: DEBUG oslo_concurrency.lockutils [None req-d7ef6dc6-c257-43f6-a2d7-459f1dc37295 None None] Acquiring lock "0a0fbe84-b27c-4af1-81c2-f48bcaf880c9" by "nova.context.set_target_cell..get_or_set_cached_cell_and_set_connections" {{(pid=95927) inner /opt/stack/data/venv/lib/python3.12/site-packages/oslo_concurrency/lockutils.py:511}}
Jul 12 15:19:17.045405 np0000005096 devstack@n-api-meta.service[95927]: DEBUG oslo_concurrency.lockutils [None req-d7ef6dc6-c257-43f6-a2d7-459f1dc37295 None None] Lock "0a0fbe84-b27c-4af1-81c2-f48bcaf880c9" acquired by "nova.context.set_target_cell..get_or_set_cached_cell_and_set_connections" :: waited 0.000s {{(pid=95927) inner /opt/stack/data/venv/lib/python3.12/site-packages/oslo_concurrency/lockutils.py:524}}
Jul 12 15:19:17.046271 np0000005096 devstack@n-api-meta.service[95927]: DEBUG oslo_concurrency.lockutils [None req-d7ef6dc6-c257-43f6-a2d7-459f1dc37295 None None] Lock "0a0fbe84-b27c-4af1-81c2-f48bcaf880c9" "released" by "nova.context.set_target_cell..get_or_set_cached_cell_and_set_connections" :: held 0.001s {{(pid=95927) inner /opt/stack/data/venv/lib/python3.12/site-packages/oslo_concurrency/lockutils.py:543}}
Jul 12 15:19:17.048027 np0000005096 devstack@n-api-meta.service[95927]: INFO dbcounter [None req-d7ef6dc6-c257-43f6-a2d7-459f1dc37295 None None] Registered counter for database nova_cell0
Jul 12 15:19:17.051155 np0000005096 devstack@n-api-meta.service[95927]: INFO dbcounter [None req-d7ef6dc6-c257-43f6-a2d7-459f1dc37295 None None] Registered counter for database nova_cell1
Jul 12 15:19:17.051452 np0000005096 devstack@n-api-meta.service[95929]: DEBUG oslo_db.sqlalchemy.engines [None req-c2e6bb17-e999-4528-a9f1-83a11da9afc1 None None] MySQL server mode set to STRICT_TRANS_TABLES,STRICT_ALL_TABLES,NO_ZERO_IN_DATE,NO_ZERO_DATE,ERROR_FOR_DIVISION_BY_ZERO,TRADITIONAL,NO_ENGINE_SUBSTITUTION {{(pid=95929) _check_effective_sql_mode /opt/stack/data/venv/lib/python3.12/site-packages/oslo_db/sqlalchemy/engines.py:325}}
Jul 12 15:19:17.066664 np0000005096 devstack@n-api-meta.service[95930]: DEBUG oslo_db.sqlalchemy.engines [None req-23f5d7f2-24b2-41fd-b955-8bcc7da2a19c None None] MySQL server mode set to STRICT_TRANS_TABLES,STRICT_ALL_TABLES,NO_ZERO_IN_DATE,NO_ZERO_DATE,ERROR_FOR_DIVISION_BY_ZERO,TRADITIONAL,NO_ENGINE_SUBSTITUTION {{(pid=95930) _check_effective_sql_mode /opt/stack/data/venv/lib/python3.12/site-packages/oslo_db/sqlalchemy/engines.py:325}}
Jul 12 15:19:17.090616 np0000005096 devstack@n-api-meta.service[95929]: DEBUG dbcounter [-] [95929] Writer thread running {{(pid=95929) stat_writer /opt/stack/data/venv/lib/python3.12/site-packages/dbcounter.py:102}}
Jul 12 15:19:17.093265 np0000005096 devstack@n-api-meta.service[95929]: DEBUG nova.context [None req-c2e6bb17-e999-4528-a9f1-83a11da9afc1 None None] Found 2 cells: 00000000-0000-0000-0000-000000000000(cell0),0a0fbe84-b27c-4af1-81c2-f48bcaf880c9(cell1) {{(pid=95929) load_cells /opt/stack/nova/nova/context.py:509}}
Jul 12 15:19:17.093568 np0000005096 devstack@n-api-meta.service[95929]: INFO nova.utils [None req-c2e6bb17-e999-4528-a9f1-83a11da9afc1 None None] The cell worker thread pool MainProcess.cell_worker is initialized
Jul 12 15:19:17.095841 np0000005096 devstack@n-api-meta.service[95929]: DEBUG oslo_concurrency.lockutils [None req-c2e6bb17-e999-4528-a9f1-83a11da9afc1 None None] Acquiring lock "00000000-0000-0000-0000-000000000000" by "nova.context.set_target_cell..get_or_set_cached_cell_and_set_connections" {{(pid=95929) inner /opt/stack/data/venv/lib/python3.12/site-packages/oslo_concurrency/lockutils.py:511}}
Jul 12 15:19:17.096055 np0000005096 devstack@n-api-meta.service[95929]: DEBUG oslo_concurrency.lockutils [None req-c2e6bb17-e999-4528-a9f1-83a11da9afc1 None None] Lock "00000000-0000-0000-0000-000000000000" acquired by "nova.context.set_target_cell..get_or_set_cached_cell_and_set_connections" :: waited 0.000s {{(pid=95929) inner /opt/stack/data/venv/lib/python3.12/site-packages/oslo_concurrency/lockutils.py:524}}
Jul 12 15:19:17.096546 np0000005096 devstack@n-api-meta.service[95929]: DEBUG oslo_concurrency.lockutils [None req-c2e6bb17-e999-4528-a9f1-83a11da9afc1 None None] Lock "00000000-0000-0000-0000-000000000000" "released" by "nova.context.set_target_cell..get_or_set_cached_cell_and_set_connections" :: held 0.000s {{(pid=95929) inner /opt/stack/data/venv/lib/python3.12/site-packages/oslo_concurrency/lockutils.py:543}}
Jul 12 15:19:17.097579 np0000005096 devstack@n-api-meta.service[95929]: DEBUG oslo_concurrency.lockutils [None req-c2e6bb17-e999-4528-a9f1-83a11da9afc1 None None] Acquiring lock "0a0fbe84-b27c-4af1-81c2-f48bcaf880c9" by "nova.context.set_target_cell..get_or_set_cached_cell_and_set_connections" {{(pid=95929) inner /opt/stack/data/venv/lib/python3.12/site-packages/oslo_concurrency/lockutils.py:511}}
Jul 12 15:19:17.097579 np0000005096 devstack@n-api-meta.service[95929]: DEBUG oslo_concurrency.lockutils [None req-c2e6bb17-e999-4528-a9f1-83a11da9afc1 None None] Lock "0a0fbe84-b27c-4af1-81c2-f48bcaf880c9" acquired by "nova.context.set_target_cell..get_or_set_cached_cell_and_set_connections" :: waited 0.000s {{(pid=95929) inner /opt/stack/data/venv/lib/python3.12/site-packages/oslo_concurrency/lockutils.py:524}}
Jul 12 15:19:17.098648 np0000005096 devstack@n-api-meta.service[95929]: DEBUG oslo_concurrency.lockutils [None req-c2e6bb17-e999-4528-a9f1-83a11da9afc1 None None] Lock "0a0fbe84-b27c-4af1-81c2-f48bcaf880c9" "released" by "nova.context.set_target_cell..get_or_set_cached_cell_and_set_connections" :: held 0.001s {{(pid=95929) inner /opt/stack/data/venv/lib/python3.12/site-packages/oslo_concurrency/lockutils.py:543}}
Jul 12 15:19:17.098842 np0000005096 devstack@n-api-meta.service[95930]: DEBUG dbcounter [-] [95930] Writer thread running {{(pid=95930) stat_writer /opt/stack/data/venv/lib/python3.12/site-packages/dbcounter.py:102}}
Jul 12 15:19:17.100669 np0000005096 devstack@n-api-meta.service[95929]: INFO dbcounter [None req-c2e6bb17-e999-4528-a9f1-83a11da9afc1 None None] Registered counter for database nova_cell0
Jul 12 15:19:17.101383 np0000005096 devstack@n-api-meta.service[95930]: DEBUG nova.context [None req-23f5d7f2-24b2-41fd-b955-8bcc7da2a19c None None] Found 2 cells: 00000000-0000-0000-0000-000000000000(cell0),0a0fbe84-b27c-4af1-81c2-f48bcaf880c9(cell1) {{(pid=95930) load_cells /opt/stack/nova/nova/context.py:509}}
Jul 12 15:19:17.101629 np0000005096 devstack@n-api-meta.service[95930]: INFO nova.utils [None req-23f5d7f2-24b2-41fd-b955-8bcc7da2a19c None None] The cell worker thread pool MainProcess.cell_worker is initialized
Jul 12 15:19:17.103352 np0000005096 devstack@n-api-meta.service[95930]: DEBUG oslo_concurrency.lockutils [None req-23f5d7f2-24b2-41fd-b955-8bcc7da2a19c None None] Acquiring lock "00000000-0000-0000-0000-000000000000" by "nova.context.set_target_cell..get_or_set_cached_cell_and_set_connections" {{(pid=95930) inner /opt/stack/data/venv/lib/python3.12/site-packages/oslo_concurrency/lockutils.py:511}}
Jul 12 15:19:17.103502 np0000005096 devstack@n-api-meta.service[95930]: DEBUG oslo_concurrency.lockutils [None req-23f5d7f2-24b2-41fd-b955-8bcc7da2a19c None None] Lock "00000000-0000-0000-0000-000000000000" acquired by "nova.context.set_target_cell..get_or_set_cached_cell_and_set_connections" :: waited 0.000s {{(pid=95930) inner /opt/stack/data/venv/lib/python3.12/site-packages/oslo_concurrency/lockutils.py:524}}
Jul 12 15:19:17.103637 np0000005096 devstack@n-api-meta.service[95929]: INFO dbcounter [None req-c2e6bb17-e999-4528-a9f1-83a11da9afc1 None None] Registered counter for database nova_cell1
Jul 12 15:19:17.103881 np0000005096 devstack@n-api-meta.service[95930]: DEBUG oslo_concurrency.lockutils [None req-23f5d7f2-24b2-41fd-b955-8bcc7da2a19c None None] Lock "00000000-0000-0000-0000-000000000000" "released" by "nova.context.set_target_cell..get_or_set_cached_cell_and_set_connections" :: held 0.000s {{(pid=95930) inner /opt/stack/data/venv/lib/python3.12/site-packages/oslo_concurrency/lockutils.py:543}}
Jul 12 15:19:17.104528 np0000005096 devstack@n-api-meta.service[95930]: DEBUG oslo_concurrency.lockutils [None req-23f5d7f2-24b2-41fd-b955-8bcc7da2a19c None None] Acquiring lock "0a0fbe84-b27c-4af1-81c2-f48bcaf880c9" by "nova.context.set_target_cell..get_or_set_cached_cell_and_set_connections" {{(pid=95930) inner /opt/stack/data/venv/lib/python3.12/site-packages/oslo_concurrency/lockutils.py:511}}
Jul 12 15:19:17.104692 np0000005096 devstack@n-api-meta.service[95930]: DEBUG oslo_concurrency.lockutils [None req-23f5d7f2-24b2-41fd-b955-8bcc7da2a19c None None] Lock "0a0fbe84-b27c-4af1-81c2-f48bcaf880c9" acquired by "nova.context.set_target_cell..get_or_set_cached_cell_and_set_connections" :: waited 0.000s {{(pid=95930) inner /opt/stack/data/venv/lib/python3.12/site-packages/oslo_concurrency/lockutils.py:524}}
Jul 12 15:19:17.107365 np0000005096 devstack@n-api-meta.service[95930]: INFO dbcounter [None req-23f5d7f2-24b2-41fd-b955-8bcc7da2a19c None None] Registered counter for database nova_cell0
Jul 12 15:19:17.110815 np0000005096 devstack@n-api-meta.service[95930]: DEBUG oslo_concurrency.lockutils [None req-23f5d7f2-24b2-41fd-b955-8bcc7da2a19c None None] Lock "0a0fbe84-b27c-4af1-81c2-f48bcaf880c9" "released" by "nova.context.set_target_cell..get_or_set_cached_cell_and_set_connections" :: held 0.002s {{(pid=95930) inner /opt/stack/data/venv/lib/python3.12/site-packages/oslo_concurrency/lockutils.py:543}}
Jul 12 15:19:17.111492 np0000005096 devstack@n-api-meta.service[95930]: INFO dbcounter [None req-23f5d7f2-24b2-41fd-b955-8bcc7da2a19c None None] Registered counter for database nova_cell1
Jul 12 15:19:17.114478 np0000005096 devstack@n-api-meta.service[95928]: INFO dbcounter [None req-baa691ac-578f-47ec-8ce9-759d9e0c6fa0 None None] Registered counter for database nova_api
Jul 12 15:19:17.116535 np0000005096 devstack@n-api-meta.service[95927]: DEBUG oslo_db.sqlalchemy.engines [None req-d7ef6dc6-c257-43f6-a2d7-459f1dc37295 None None] MySQL server mode set to STRICT_TRANS_TABLES,STRICT_ALL_TABLES,NO_ZERO_IN_DATE,NO_ZERO_DATE,ERROR_FOR_DIVISION_BY_ZERO,TRADITIONAL,NO_ENGINE_SUBSTITUTION {{(pid=95927) _check_effective_sql_mode /opt/stack/data/venv/lib/python3.12/site-packages/oslo_db/sqlalchemy/engines.py:325}}
Jul 12 15:19:17.119760 np0000005096 devstack@n-api-meta.service[95927]: DEBUG oslo_db.sqlalchemy.engines [None req-d7ef6dc6-c257-43f6-a2d7-459f1dc37295 None None] MySQL server mode set to STRICT_TRANS_TABLES,STRICT_ALL_TABLES,NO_ZERO_IN_DATE,NO_ZERO_DATE,ERROR_FOR_DIVISION_BY_ZERO,TRADITIONAL,NO_ENGINE_SUBSTITUTION {{(pid=95927) _check_effective_sql_mode /opt/stack/data/venv/lib/python3.12/site-packages/oslo_db/sqlalchemy/engines.py:325}}
Jul 12 15:19:17.155768 np0000005096 devstack@n-api-meta.service[95929]: DEBUG oslo_db.sqlalchemy.engines [None req-c2e6bb17-e999-4528-a9f1-83a11da9afc1 None None] MySQL server mode set to STRICT_TRANS_TABLES,STRICT_ALL_TABLES,NO_ZERO_IN_DATE,NO_ZERO_DATE,ERROR_FOR_DIVISION_BY_ZERO,TRADITIONAL,NO_ENGINE_SUBSTITUTION {{(pid=95929) _check_effective_sql_mode /opt/stack/data/venv/lib/python3.12/site-packages/oslo_db/sqlalchemy/engines.py:325}}
Jul 12 15:19:17.159808 np0000005096 devstack@n-api-meta.service[95930]: DEBUG oslo_db.sqlalchemy.engines [None req-23f5d7f2-24b2-41fd-b955-8bcc7da2a19c None None] MySQL server mode set to STRICT_TRANS_TABLES,STRICT_ALL_TABLES,NO_ZERO_IN_DATE,NO_ZERO_DATE,ERROR_FOR_DIVISION_BY_ZERO,TRADITIONAL,NO_ENGINE_SUBSTITUTION {{(pid=95930) _check_effective_sql_mode /opt/stack/data/venv/lib/python3.12/site-packages/oslo_db/sqlalchemy/engines.py:325}}
Jul 12 15:19:17.163470 np0000005096 devstack@n-api-meta.service[95928]: DEBUG oslo_db.sqlalchemy.engines [None req-baa691ac-578f-47ec-8ce9-759d9e0c6fa0 None None] MySQL server mode set to STRICT_TRANS_TABLES,STRICT_ALL_TABLES,NO_ZERO_IN_DATE,NO_ZERO_DATE,ERROR_FOR_DIVISION_BY_ZERO,TRADITIONAL,NO_ENGINE_SUBSTITUTION {{(pid=95928) _check_effective_sql_mode /opt/stack/data/venv/lib/python3.12/site-packages/oslo_db/sqlalchemy/engines.py:325}}
Jul 12 15:19:17.194209 np0000005096 devstack@n-api-meta.service[95928]: DEBUG dbcounter [-] [95928] Writer thread running {{(pid=95928) stat_writer /opt/stack/data/venv/lib/python3.12/site-packages/dbcounter.py:102}}
Jul 12 15:19:17.196859 np0000005096 devstack@n-api-meta.service[95928]: DEBUG nova.context [None req-baa691ac-578f-47ec-8ce9-759d9e0c6fa0 None None] Found 2 cells: 00000000-0000-0000-0000-000000000000(cell0),0a0fbe84-b27c-4af1-81c2-f48bcaf880c9(cell1) {{(pid=95928) load_cells /opt/stack/nova/nova/context.py:509}}
Jul 12 15:19:17.197171 np0000005096 devstack@n-api-meta.service[95928]: INFO nova.utils [None req-baa691ac-578f-47ec-8ce9-759d9e0c6fa0 None None] The cell worker thread pool MainProcess.cell_worker is initialized
Jul 12 15:19:17.198982 np0000005096 devstack@n-api-meta.service[95928]: DEBUG oslo_concurrency.lockutils [None req-baa691ac-578f-47ec-8ce9-759d9e0c6fa0 None None] Acquiring lock "00000000-0000-0000-0000-000000000000" by "nova.context.set_target_cell..get_or_set_cached_cell_and_set_connections" {{(pid=95928) inner /opt/stack/data/venv/lib/python3.12/site-packages/oslo_concurrency/lockutils.py:511}}
Jul 12 15:19:17.199173 np0000005096 devstack@n-api-meta.service[95928]: DEBUG oslo_concurrency.lockutils [None req-baa691ac-578f-47ec-8ce9-759d9e0c6fa0 None None] Lock "00000000-0000-0000-0000-000000000000" acquired by "nova.context.set_target_cell..get_or_set_cached_cell_and_set_connections" :: waited 0.000s {{(pid=95928) inner /opt/stack/data/venv/lib/python3.12/site-packages/oslo_concurrency/lockutils.py:524}}
Jul 12 15:19:17.199586 np0000005096 devstack@n-api-meta.service[95928]: DEBUG oslo_concurrency.lockutils [None req-baa691ac-578f-47ec-8ce9-759d9e0c6fa0 None None] Lock "00000000-0000-0000-0000-000000000000" "released" by "nova.context.set_target_cell..get_or_set_cached_cell_and_set_connections" :: held 0.000s {{(pid=95928) inner /opt/stack/data/venv/lib/python3.12/site-packages/oslo_concurrency/lockutils.py:543}}
Jul 12 15:19:17.200295 np0000005096 devstack@n-api-meta.service[95928]: DEBUG oslo_concurrency.lockutils [None req-baa691ac-578f-47ec-8ce9-759d9e0c6fa0 None None] Acquiring lock "0a0fbe84-b27c-4af1-81c2-f48bcaf880c9" by "nova.context.set_target_cell..get_or_set_cached_cell_and_set_connections" {{(pid=95928) inner /opt/stack/data/venv/lib/python3.12/site-packages/oslo_concurrency/lockutils.py:511}}
Jul 12 15:19:17.200458 np0000005096 devstack@n-api-meta.service[95928]: DEBUG oslo_concurrency.lockutils [None req-baa691ac-578f-47ec-8ce9-759d9e0c6fa0 None None] Lock "0a0fbe84-b27c-4af1-81c2-f48bcaf880c9" acquired by "nova.context.set_target_cell..get_or_set_cached_cell_and_set_connections" :: waited 0.000s {{(pid=95928) inner /opt/stack/data/venv/lib/python3.12/site-packages/oslo_concurrency/lockutils.py:524}}
Jul 12 15:19:17.201269 np0000005096 devstack@n-api-meta.service[95928]: DEBUG oslo_concurrency.lockutils [None req-baa691ac-578f-47ec-8ce9-759d9e0c6fa0 None None] Lock "0a0fbe84-b27c-4af1-81c2-f48bcaf880c9" "released" by "nova.context.set_target_cell..get_or_set_cached_cell_and_set_connections" :: held 0.001s {{(pid=95928) inner /opt/stack/data/venv/lib/python3.12/site-packages/oslo_concurrency/lockutils.py:543}}
Jul 12 15:19:17.203142 np0000005096 devstack@n-api-meta.service[95928]: INFO dbcounter [None req-baa691ac-578f-47ec-8ce9-759d9e0c6fa0 None None] Registered counter for database nova_cell0
Jul 12 15:19:17.205670 np0000005096 devstack@n-api-meta.service[95928]: INFO dbcounter [None req-baa691ac-578f-47ec-8ce9-759d9e0c6fa0 None None] Registered counter for database nova_cell1
Jul 12 15:19:17.209183 np0000005096 devstack@n-api-meta.service[95927]: DEBUG dbcounter [-] [95927] Writer thread running {{(pid=95927) stat_writer /opt/stack/data/venv/lib/python3.12/site-packages/dbcounter.py:102}}
Jul 12 15:19:17.211197 np0000005096 devstack@n-api-meta.service[95927]: DEBUG dbcounter [-] [95927] Writer thread running {{(pid=95927) stat_writer /opt/stack/data/venv/lib/python3.12/site-packages/dbcounter.py:102}}
Jul 12 15:19:17.215987 np0000005096 devstack@n-api-meta.service[95927]: INFO dbcounter [None req-d7ef6dc6-c257-43f6-a2d7-459f1dc37295 None None] Registered counter for database nova_cell0
Jul 12 15:19:17.230395 np0000005096 devstack@n-api-meta.service[95929]: DEBUG oslo_db.sqlalchemy.engines [None req-c2e6bb17-e999-4528-a9f1-83a11da9afc1 None None] MySQL server mode set to STRICT_TRANS_TABLES,STRICT_ALL_TABLES,NO_ZERO_IN_DATE,NO_ZERO_DATE,ERROR_FOR_DIVISION_BY_ZERO,TRADITIONAL,NO_ENGINE_SUBSTITUTION {{(pid=95929) _check_effective_sql_mode /opt/stack/data/venv/lib/python3.12/site-packages/oslo_db/sqlalchemy/engines.py:325}}
Jul 12 15:19:17.241344 np0000005096 devstack@n-api-meta.service[95929]: DEBUG dbcounter [-] [95929] Writer thread running {{(pid=95929) stat_writer /opt/stack/data/venv/lib/python3.12/site-packages/dbcounter.py:102}}
Jul 12 15:19:17.245674 np0000005096 devstack@n-api-meta.service[95928]: DEBUG oslo_db.sqlalchemy.engines [None req-baa691ac-578f-47ec-8ce9-759d9e0c6fa0 None None] MySQL server mode set to STRICT_TRANS_TABLES,STRICT_ALL_TABLES,NO_ZERO_IN_DATE,NO_ZERO_DATE,ERROR_FOR_DIVISION_BY_ZERO,TRADITIONAL,NO_ENGINE_SUBSTITUTION {{(pid=95928) _check_effective_sql_mode /opt/stack/data/venv/lib/python3.12/site-packages/oslo_db/sqlalchemy/engines.py:325}}
Jul 12 15:19:17.249491 np0000005096 devstack@n-api-meta.service[95929]: DEBUG dbcounter [-] [95929] Writer thread running {{(pid=95929) stat_writer /opt/stack/data/venv/lib/python3.12/site-packages/dbcounter.py:102}}
Jul 12 15:19:17.249604 np0000005096 devstack@n-api-meta.service[95927]: DEBUG oslo_db.sqlalchemy.engines [None req-d7ef6dc6-c257-43f6-a2d7-459f1dc37295 None None] MySQL server mode set to STRICT_TRANS_TABLES,STRICT_ALL_TABLES,NO_ZERO_IN_DATE,NO_ZERO_DATE,ERROR_FOR_DIVISION_BY_ZERO,TRADITIONAL,NO_ENGINE_SUBSTITUTION {{(pid=95927) _check_effective_sql_mode /opt/stack/data/venv/lib/python3.12/site-packages/oslo_db/sqlalchemy/engines.py:325}}
Jul 12 15:19:17.252535 np0000005096 devstack@n-api-meta.service[95929]: INFO dbcounter [None req-c2e6bb17-e999-4528-a9f1-83a11da9afc1 None None] Registered counter for database nova_cell0
Jul 12 15:19:17.254496 np0000005096 devstack@n-api-meta.service[95927]: DEBUG dbcounter [-] [95927] Writer thread running {{(pid=95927) stat_writer /opt/stack/data/venv/lib/python3.12/site-packages/dbcounter.py:102}}
Jul 12 15:19:17.262592 np0000005096 devstack@n-api-meta.service[95930]: DEBUG dbcounter [-] [95930] Writer thread running {{(pid=95930) stat_writer /opt/stack/data/venv/lib/python3.12/site-packages/dbcounter.py:102}}
Jul 12 15:19:17.267592 np0000005096 devstack@n-api-meta.service[95930]: DEBUG oslo_db.sqlalchemy.engines [None req-23f5d7f2-24b2-41fd-b955-8bcc7da2a19c None None] MySQL server mode set to STRICT_TRANS_TABLES,STRICT_ALL_TABLES,NO_ZERO_IN_DATE,NO_ZERO_DATE,ERROR_FOR_DIVISION_BY_ZERO,TRADITIONAL,NO_ENGINE_SUBSTITUTION {{(pid=95930) _check_effective_sql_mode /opt/stack/data/venv/lib/python3.12/site-packages/oslo_db/sqlalchemy/engines.py:325}}
Jul 12 15:19:17.274297 np0000005096 devstack@n-api-meta.service[95930]: DEBUG dbcounter [-] [95930] Writer thread running {{(pid=95930) stat_writer /opt/stack/data/venv/lib/python3.12/site-packages/dbcounter.py:102}}
Jul 12 15:19:17.278766 np0000005096 devstack@n-api-meta.service[95930]: INFO dbcounter [None req-23f5d7f2-24b2-41fd-b955-8bcc7da2a19c None None] Registered counter for database nova_cell0
Jul 12 15:19:17.289503 np0000005096 devstack@n-api-meta.service[95927]: WARNING nova.api.metadata.handler [None req-d7ef6dc6-c257-43f6-a2d7-459f1dc37295 None None] metadata_proxy_shared_secret is not configured, the metadata information returned by the proxy cannot be trusted
Jul 12 15:19:17.290725 np0000005096 devstack@n-api-meta.service[95929]: DEBUG oslo_db.sqlalchemy.engines [None req-c2e6bb17-e999-4528-a9f1-83a11da9afc1 None None] MySQL server mode set to STRICT_TRANS_TABLES,STRICT_ALL_TABLES,NO_ZERO_IN_DATE,NO_ZERO_DATE,ERROR_FOR_DIVISION_BY_ZERO,TRADITIONAL,NO_ENGINE_SUBSTITUTION {{(pid=95929) _check_effective_sql_mode /opt/stack/data/venv/lib/python3.12/site-packages/oslo_db/sqlalchemy/engines.py:325}}
Jul 12 15:19:17.291461 np0000005096 devstack@n-api-meta.service[95927]: DEBUG nova.api.openstack.wsgi_app [None req-d7ef6dc6-c257-43f6-a2d7-459f1dc37295 None None] ******************************************************************************** {{(pid=95927) log_opt_values /opt/stack/data/venv/lib/python3.12/site-packages/oslo_config/cfg.py:3226}}
Jul 12 15:19:17.291570 np0000005096 devstack@n-api-meta.service[95927]: DEBUG nova.api.openstack.wsgi_app [None req-d7ef6dc6-c257-43f6-a2d7-459f1dc37295 None None] Configuration options gathered from: {{(pid=95927) log_opt_values /opt/stack/data/venv/lib/python3.12/site-packages/oslo_config/cfg.py:3227}}
Jul 12 15:19:17.291675 np0000005096 devstack@n-api-meta.service[95927]: DEBUG nova.api.openstack.wsgi_app [None req-d7ef6dc6-c257-43f6-a2d7-459f1dc37295 None None] command line args: [] {{(pid=95927) log_opt_values /opt/stack/data/venv/lib/python3.12/site-packages/oslo_config/cfg.py:3228}}
Jul 12 15:19:17.291831 np0000005096 devstack@n-api-meta.service[95927]: DEBUG nova.api.openstack.wsgi_app [None req-d7ef6dc6-c257-43f6-a2d7-459f1dc37295 None None] config files: ['/etc/nova/api-paste.ini', '/etc/nova/nova.conf'] {{(pid=95927) log_opt_values /opt/stack/data/venv/lib/python3.12/site-packages/oslo_config/cfg.py:3229}}
Jul 12 15:19:17.291927 np0000005096 devstack@n-api-meta.service[95927]: DEBUG nova.api.openstack.wsgi_app [None req-d7ef6dc6-c257-43f6-a2d7-459f1dc37295 None None] ================================================================================ {{(pid=95927) log_opt_values /opt/stack/data/venv/lib/python3.12/site-packages/oslo_config/cfg.py:3234}}
Jul 12 15:19:17.292088 np0000005096 devstack@n-api-meta.service[95927]: DEBUG nova.api.openstack.wsgi_app [None req-d7ef6dc6-c257-43f6-a2d7-459f1dc37295 None None] allow_resize_to_same_host = True {{(pid=95927) log_opt_values /opt/stack/data/venv/lib/python3.12/site-packages/oslo_config/cfg.py:3242}}
Jul 12 15:19:17.292212 np0000005096 devstack@n-api-meta.service[95927]: DEBUG nova.api.openstack.wsgi_app [None req-d7ef6dc6-c257-43f6-a2d7-459f1dc37295 None None] arq_binding_timeout = 300 {{(pid=95927) log_opt_values /opt/stack/data/venv/lib/python3.12/site-packages/oslo_config/cfg.py:3242}}
Jul 12 15:19:17.292341 np0000005096 devstack@n-api-meta.service[95927]: DEBUG nova.api.openstack.wsgi_app [None req-d7ef6dc6-c257-43f6-a2d7-459f1dc37295 None None] block_device_allocate_retries = 60 {{(pid=95927) log_opt_values /opt/stack/data/venv/lib/python3.12/site-packages/oslo_config/cfg.py:3242}}
Jul 12 15:19:17.292466 np0000005096 devstack@n-api-meta.service[95927]: DEBUG nova.api.openstack.wsgi_app [None req-d7ef6dc6-c257-43f6-a2d7-459f1dc37295 None None] block_device_allocate_retries_interval = 3 {{(pid=95927) log_opt_values /opt/stack/data/venv/lib/python3.12/site-packages/oslo_config/cfg.py:3242}}
Jul 12 15:19:17.292580 np0000005096 devstack@n-api-meta.service[95927]: DEBUG nova.api.openstack.wsgi_app [None req-d7ef6dc6-c257-43f6-a2d7-459f1dc37295 None None] cell_worker_thread_pool_size = 5 {{(pid=95927) log_opt_values /opt/stack/data/venv/lib/python3.12/site-packages/oslo_config/cfg.py:3242}}
Jul 12 15:19:17.292701 np0000005096 devstack@n-api-meta.service[95927]: DEBUG nova.api.openstack.wsgi_app [None req-d7ef6dc6-c257-43f6-a2d7-459f1dc37295 None None] cert = self.pem {{(pid=95927) log_opt_values /opt/stack/data/venv/lib/python3.12/site-packages/oslo_config/cfg.py:3242}}
Jul 12 15:19:17.293834 np0000005096 devstack@n-api-meta.service[95927]: DEBUG nova.api.openstack.wsgi_app [None req-d7ef6dc6-c257-43f6-a2d7-459f1dc37295 None None] compute_driver = libvirt.LibvirtDriver {{(pid=95927) log_opt_values /opt/stack/data/venv/lib/python3.12/site-packages/oslo_config/cfg.py:3242}}
Jul 12 15:19:17.293834 np0000005096 devstack@n-api-meta.service[95927]: DEBUG nova.api.openstack.wsgi_app [None req-d7ef6dc6-c257-43f6-a2d7-459f1dc37295 None None] compute_monitors = [] {{(pid=95927) log_opt_values /opt/stack/data/venv/lib/python3.12/site-packages/oslo_config/cfg.py:3242}}
Jul 12 15:19:17.293834 np0000005096 devstack@n-api-meta.service[95927]: DEBUG nova.api.openstack.wsgi_app [None req-d7ef6dc6-c257-43f6-a2d7-459f1dc37295 None None] concurrency_backend = auto {{(pid=95927) log_opt_values /opt/stack/data/venv/lib/python3.12/site-packages/oslo_config/cfg.py:3242}}
Jul 12 15:19:17.293834 np0000005096 devstack@n-api-meta.service[95927]: DEBUG nova.api.openstack.wsgi_app [None req-d7ef6dc6-c257-43f6-a2d7-459f1dc37295 None None] config_dir = [] {{(pid=95927) log_opt_values /opt/stack/data/venv/lib/python3.12/site-packages/oslo_config/cfg.py:3242}}
Jul 12 15:19:17.293834 np0000005096 devstack@n-api-meta.service[95927]: DEBUG nova.api.openstack.wsgi_app [None req-d7ef6dc6-c257-43f6-a2d7-459f1dc37295 None None] config_drive_format = iso9660 {{(pid=95927) log_opt_values /opt/stack/data/venv/lib/python3.12/site-packages/oslo_config/cfg.py:3242}}
Jul 12 15:19:17.293834 np0000005096 devstack@n-api-meta.service[95927]: DEBUG nova.api.openstack.wsgi_app [None req-d7ef6dc6-c257-43f6-a2d7-459f1dc37295 None None] config_file = ['/etc/nova/api-paste.ini', '/etc/nova/nova.conf'] {{(pid=95927) log_opt_values /opt/stack/data/venv/lib/python3.12/site-packages/oslo_config/cfg.py:3242}}
Jul 12 15:19:17.293834 np0000005096 devstack@n-api-meta.service[95927]: DEBUG nova.api.openstack.wsgi_app [None req-d7ef6dc6-c257-43f6-a2d7-459f1dc37295 None None] config_source = [] {{(pid=95927) log_opt_values /opt/stack/data/venv/lib/python3.12/site-packages/oslo_config/cfg.py:3242}}
Jul 12 15:19:17.294168 np0000005096 devstack@n-api-meta.service[95927]: DEBUG nova.api.openstack.wsgi_app [None req-d7ef6dc6-c257-43f6-a2d7-459f1dc37295 None None] console_host = np0000005096 {{(pid=95927) log_opt_values /opt/stack/data/venv/lib/python3.12/site-packages/oslo_config/cfg.py:3242}}
Jul 12 15:19:17.294168 np0000005096 devstack@n-api-meta.service[95927]: DEBUG nova.api.openstack.wsgi_app [None req-d7ef6dc6-c257-43f6-a2d7-459f1dc37295 None None] control_exchange = nova {{(pid=95927) log_opt_values /opt/stack/data/venv/lib/python3.12/site-packages/oslo_config/cfg.py:3242}}
Jul 12 15:19:17.294168 np0000005096 devstack@n-api-meta.service[95927]: DEBUG nova.api.openstack.wsgi_app [None req-d7ef6dc6-c257-43f6-a2d7-459f1dc37295 None None] cpu_allocation_ratio = None {{(pid=95927) log_opt_values /opt/stack/data/venv/lib/python3.12/site-packages/oslo_config/cfg.py:3242}}
Jul 12 15:19:17.294168 np0000005096 devstack@n-api-meta.service[95927]: DEBUG nova.api.openstack.wsgi_app [None req-d7ef6dc6-c257-43f6-a2d7-459f1dc37295 None None] daemon = False {{(pid=95927) log_opt_values /opt/stack/data/venv/lib/python3.12/site-packages/oslo_config/cfg.py:3242}}
Jul 12 15:19:17.294168 np0000005096 devstack@n-api-meta.service[95927]: DEBUG nova.api.openstack.wsgi_app [None req-d7ef6dc6-c257-43f6-a2d7-459f1dc37295 None None] debug = True {{(pid=95927) log_opt_values /opt/stack/data/venv/lib/python3.12/site-packages/oslo_config/cfg.py:3242}}
Jul 12 15:19:17.294392 np0000005096 devstack@n-api-meta.service[95927]: DEBUG nova.api.openstack.wsgi_app [None req-d7ef6dc6-c257-43f6-a2d7-459f1dc37295 None None] default_access_ip_network_name = None {{(pid=95927) log_opt_values /opt/stack/data/venv/lib/python3.12/site-packages/oslo_config/cfg.py:3242}}
Jul 12 15:19:17.294392 np0000005096 devstack@n-api-meta.service[95927]: DEBUG nova.api.openstack.wsgi_app [None req-d7ef6dc6-c257-43f6-a2d7-459f1dc37295 None None] default_availability_zone = nova {{(pid=95927) log_opt_values /opt/stack/data/venv/lib/python3.12/site-packages/oslo_config/cfg.py:3242}}
Jul 12 15:19:17.294483 np0000005096 devstack@n-api-meta.service[95927]: DEBUG nova.api.openstack.wsgi_app [None req-d7ef6dc6-c257-43f6-a2d7-459f1dc37295 None None] default_ephemeral_format = ext4 {{(pid=95927) log_opt_values /opt/stack/data/venv/lib/python3.12/site-packages/oslo_config/cfg.py:3242}}
Jul 12 15:19:17.294589 np0000005096 devstack@n-api-meta.service[95927]: DEBUG nova.api.openstack.wsgi_app [None req-d7ef6dc6-c257-43f6-a2d7-459f1dc37295 None None] default_green_pool_size = 1000 {{(pid=95927) log_opt_values /opt/stack/data/venv/lib/python3.12/site-packages/oslo_config/cfg.py:3242}}
Jul 12 15:19:17.294784 np0000005096 devstack@n-api-meta.service[95927]: DEBUG nova.api.openstack.wsgi_app [None req-d7ef6dc6-c257-43f6-a2d7-459f1dc37295 None None] default_log_levels = ['amqp=WARN', 'boto=WARN', 'sqlalchemy=WARN', 'suds=INFO', 'oslo.messaging=INFO', 'oslo_messaging=INFO', 'iso8601=WARN', 'requests.packages.urllib3.connectionpool=WARN', 'urllib3.connectionpool=WARN', 'websocket=WARN', 'requests.packages.urllib3.util.retry=WARN', 'urllib3.util.retry=WARN', 'keystonemiddleware=WARN', 'routes.middleware=WARN', 'stevedore=WARN', 'taskflow=WARN', 'keystoneauth=WARN', 'oslo.cache=INFO', 'oslo_policy=INFO', 'dogpile.core.dogpile=INFO', 'glanceclient=WARN', 'oslo.privsep.daemon=INFO'] {{(pid=95927) log_opt_values /opt/stack/data/venv/lib/python3.12/site-packages/oslo_config/cfg.py:3242}}
Jul 12 15:19:17.294900 np0000005096 devstack@n-api-meta.service[95927]: DEBUG nova.api.openstack.wsgi_app [None req-d7ef6dc6-c257-43f6-a2d7-459f1dc37295 None None] default_schedule_zone = None {{(pid=95927) log_opt_values /opt/stack/data/venv/lib/python3.12/site-packages/oslo_config/cfg.py:3242}}
Jul 12 15:19:17.295020 np0000005096 devstack@n-api-meta.service[95927]: DEBUG nova.api.openstack.wsgi_app [None req-d7ef6dc6-c257-43f6-a2d7-459f1dc37295 None None] default_thread_pool_size = 10 {{(pid=95927) log_opt_values /opt/stack/data/venv/lib/python3.12/site-packages/oslo_config/cfg.py:3242}}
Jul 12 15:19:17.296440 np0000005096 devstack@n-api-meta.service[95927]: DEBUG nova.api.openstack.wsgi_app [None req-d7ef6dc6-c257-43f6-a2d7-459f1dc37295 None None] disk_allocation_ratio = None {{(pid=95927) log_opt_values /opt/stack/data/venv/lib/python3.12/site-packages/oslo_config/cfg.py:3242}}
Jul 12 15:19:17.296440 np0000005096 devstack@n-api-meta.service[95927]: DEBUG nova.api.openstack.wsgi_app [None req-d7ef6dc6-c257-43f6-a2d7-459f1dc37295 None None] enable_new_services = True {{(pid=95927) log_opt_values /opt/stack/data/venv/lib/python3.12/site-packages/oslo_config/cfg.py:3242}}
Jul 12 15:19:17.296440 np0000005096 devstack@n-api-meta.service[95927]: DEBUG nova.api.openstack.wsgi_app [None req-d7ef6dc6-c257-43f6-a2d7-459f1dc37295 None None] flat_injected = False {{(pid=95927) log_opt_values /opt/stack/data/venv/lib/python3.12/site-packages/oslo_config/cfg.py:3242}}
Jul 12 15:19:17.296440 np0000005096 devstack@n-api-meta.service[95927]: DEBUG nova.api.openstack.wsgi_app [None req-d7ef6dc6-c257-43f6-a2d7-459f1dc37295 None None] force_config_drive = True {{(pid=95927) log_opt_values /opt/stack/data/venv/lib/python3.12/site-packages/oslo_config/cfg.py:3242}}
Jul 12 15:19:17.296440 np0000005096 devstack@n-api-meta.service[95927]: DEBUG nova.api.openstack.wsgi_app [None req-d7ef6dc6-c257-43f6-a2d7-459f1dc37295 None None] force_raw_images = True {{(pid=95927) log_opt_values /opt/stack/data/venv/lib/python3.12/site-packages/oslo_config/cfg.py:3242}}
Jul 12 15:19:17.296440 np0000005096 devstack@n-api-meta.service[95927]: DEBUG nova.api.openstack.wsgi_app [None req-d7ef6dc6-c257-43f6-a2d7-459f1dc37295 None None] graceful_shutdown_timeout = 5 {{(pid=95927) log_opt_values /opt/stack/data/venv/lib/python3.12/site-packages/oslo_config/cfg.py:3242}}
Jul 12 15:19:17.296440 np0000005096 devstack@n-api-meta.service[95927]: DEBUG nova.api.openstack.wsgi_app [None req-d7ef6dc6-c257-43f6-a2d7-459f1dc37295 None None] heal_instance_info_cache_interval = -1 {{(pid=95927) log_opt_values /opt/stack/data/venv/lib/python3.12/site-packages/oslo_config/cfg.py:3242}}
Jul 12 15:19:17.296718 np0000005096 devstack@n-api-meta.service[95927]: DEBUG nova.api.openstack.wsgi_app [None req-d7ef6dc6-c257-43f6-a2d7-459f1dc37295 None None] host = np0000005096 {{(pid=95927) log_opt_values /opt/stack/data/venv/lib/python3.12/site-packages/oslo_config/cfg.py:3242}}
Jul 12 15:19:17.296718 np0000005096 devstack@n-api-meta.service[95927]: DEBUG nova.api.openstack.wsgi_app [None req-d7ef6dc6-c257-43f6-a2d7-459f1dc37295 None None] initial_cpu_allocation_ratio = 4.0 {{(pid=95927) log_opt_values /opt/stack/data/venv/lib/python3.12/site-packages/oslo_config/cfg.py:3242}}
Jul 12 15:19:17.296718 np0000005096 devstack@n-api-meta.service[95927]: DEBUG nova.api.openstack.wsgi_app [None req-d7ef6dc6-c257-43f6-a2d7-459f1dc37295 None None] initial_disk_allocation_ratio = 1.0 {{(pid=95927) log_opt_values /opt/stack/data/venv/lib/python3.12/site-packages/oslo_config/cfg.py:3242}}
Jul 12 15:19:17.296718 np0000005096 devstack@n-api-meta.service[95927]: DEBUG nova.api.openstack.wsgi_app [None req-d7ef6dc6-c257-43f6-a2d7-459f1dc37295 None None] initial_ram_allocation_ratio = 1.0 {{(pid=95927) log_opt_values /opt/stack/data/venv/lib/python3.12/site-packages/oslo_config/cfg.py:3242}}
Jul 12 15:19:17.296718 np0000005096 devstack@n-api-meta.service[95927]: DEBUG nova.api.openstack.wsgi_app [None req-d7ef6dc6-c257-43f6-a2d7-459f1dc37295 None None] injected_network_template = /opt/stack/nova/nova/virt/interfaces.template {{(pid=95927) log_opt_values /opt/stack/data/venv/lib/python3.12/site-packages/oslo_config/cfg.py:3242}}
Jul 12 15:19:17.296718 np0000005096 devstack@n-api-meta.service[95927]: DEBUG nova.api.openstack.wsgi_app [None req-d7ef6dc6-c257-43f6-a2d7-459f1dc37295 None None] instance_build_timeout = 0 {{(pid=95927) log_opt_values /opt/stack/data/venv/lib/python3.12/site-packages/oslo_config/cfg.py:3242}}
Jul 12 15:19:17.296718 np0000005096 devstack@n-api-meta.service[95927]: DEBUG nova.api.openstack.wsgi_app [None req-d7ef6dc6-c257-43f6-a2d7-459f1dc37295 None None] instance_delete_interval = 300 {{(pid=95927) log_opt_values /opt/stack/data/venv/lib/python3.12/site-packages/oslo_config/cfg.py:3242}}
Jul 12 15:19:17.296999 np0000005096 devstack@n-api-meta.service[95927]: DEBUG nova.api.openstack.wsgi_app [None req-d7ef6dc6-c257-43f6-a2d7-459f1dc37295 None None] instance_format = [instance: %(uuid)s] {{(pid=95927) log_opt_values /opt/stack/data/venv/lib/python3.12/site-packages/oslo_config/cfg.py:3242}}
Jul 12 15:19:17.296999 np0000005096 devstack@n-api-meta.service[95927]: DEBUG nova.api.openstack.wsgi_app [None req-d7ef6dc6-c257-43f6-a2d7-459f1dc37295 None None] instance_name_template = instance-%08x {{(pid=95927) log_opt_values /opt/stack/data/venv/lib/python3.12/site-packages/oslo_config/cfg.py:3242}}
Jul 12 15:19:17.297076 np0000005096 devstack@n-api-meta.service[95929]: DEBUG dbcounter [-] [95929] Writer thread running {{(pid=95929) stat_writer /opt/stack/data/venv/lib/python3.12/site-packages/dbcounter.py:102}}
Jul 12 15:19:17.297125 np0000005096 devstack@n-api-meta.service[95927]: DEBUG nova.api.openstack.wsgi_app [None req-d7ef6dc6-c257-43f6-a2d7-459f1dc37295 None None] instance_usage_audit = False {{(pid=95927) log_opt_values /opt/stack/data/venv/lib/python3.12/site-packages/oslo_config/cfg.py:3242}}
Jul 12 15:19:17.297243 np0000005096 devstack@n-api-meta.service[95927]: DEBUG nova.api.openstack.wsgi_app [None req-d7ef6dc6-c257-43f6-a2d7-459f1dc37295 None None] instance_usage_audit_period = month {{(pid=95927) log_opt_values /opt/stack/data/venv/lib/python3.12/site-packages/oslo_config/cfg.py:3242}}
Jul 12 15:19:17.298131 np0000005096 devstack@n-api-meta.service[95927]: DEBUG nova.api.openstack.wsgi_app [None req-d7ef6dc6-c257-43f6-a2d7-459f1dc37295 None None] instance_uuid_format = [instance: %(uuid)s] {{(pid=95927) log_opt_values /opt/stack/data/venv/lib/python3.12/site-packages/oslo_config/cfg.py:3242}}
Jul 12 15:19:17.298131 np0000005096 devstack@n-api-meta.service[95927]: DEBUG nova.api.openstack.wsgi_app [None req-d7ef6dc6-c257-43f6-a2d7-459f1dc37295 None None] instances_path = /opt/stack/data/nova/instances {{(pid=95927) log_opt_values /opt/stack/data/venv/lib/python3.12/site-packages/oslo_config/cfg.py:3242}}
Jul 12 15:19:17.298131 np0000005096 devstack@n-api-meta.service[95927]: DEBUG nova.api.openstack.wsgi_app [None req-d7ef6dc6-c257-43f6-a2d7-459f1dc37295 None None] internal_service_availability_zone = internal {{(pid=95927) log_opt_values /opt/stack/data/venv/lib/python3.12/site-packages/oslo_config/cfg.py:3242}}
Jul 12 15:19:17.298131 np0000005096 devstack@n-api-meta.service[95927]: DEBUG nova.api.openstack.wsgi_app [None req-d7ef6dc6-c257-43f6-a2d7-459f1dc37295 None None] key = None {{(pid=95927) log_opt_values /opt/stack/data/venv/lib/python3.12/site-packages/oslo_config/cfg.py:3242}}
Jul 12 15:19:17.298131 np0000005096 devstack@n-api-meta.service[95927]: DEBUG nova.api.openstack.wsgi_app [None req-d7ef6dc6-c257-43f6-a2d7-459f1dc37295 None None] live_migration_retry_count = 30 {{(pid=95927) log_opt_values /opt/stack/data/venv/lib/python3.12/site-packages/oslo_config/cfg.py:3242}}
Jul 12 15:19:17.298131 np0000005096 devstack@n-api-meta.service[95927]: DEBUG nova.api.openstack.wsgi_app [None req-d7ef6dc6-c257-43f6-a2d7-459f1dc37295 None None] log_color = False {{(pid=95927) log_opt_values /opt/stack/data/venv/lib/python3.12/site-packages/oslo_config/cfg.py:3242}}
Jul 12 15:19:17.298131 np0000005096 devstack@n-api-meta.service[95927]: DEBUG nova.api.openstack.wsgi_app [None req-d7ef6dc6-c257-43f6-a2d7-459f1dc37295 None None] log_config_append = None {{(pid=95927) log_opt_values /opt/stack/data/venv/lib/python3.12/site-packages/oslo_config/cfg.py:3242}}
Jul 12 15:19:17.298410 np0000005096 devstack@n-api-meta.service[95927]: DEBUG nova.api.openstack.wsgi_app [None req-d7ef6dc6-c257-43f6-a2d7-459f1dc37295 None None] log_date_format = %Y-%m-%d %H:%M:%S {{(pid=95927) log_opt_values /opt/stack/data/venv/lib/python3.12/site-packages/oslo_config/cfg.py:3242}}
Jul 12 15:19:17.298410 np0000005096 devstack@n-api-meta.service[95927]: DEBUG nova.api.openstack.wsgi_app [None req-d7ef6dc6-c257-43f6-a2d7-459f1dc37295 None None] log_dir = None {{(pid=95927) log_opt_values /opt/stack/data/venv/lib/python3.12/site-packages/oslo_config/cfg.py:3242}}
Jul 12 15:19:17.298410 np0000005096 devstack@n-api-meta.service[95927]: DEBUG nova.api.openstack.wsgi_app [None req-d7ef6dc6-c257-43f6-a2d7-459f1dc37295 None None] log_file = None {{(pid=95927) log_opt_values /opt/stack/data/venv/lib/python3.12/site-packages/oslo_config/cfg.py:3242}}
Jul 12 15:19:17.298410 np0000005096 devstack@n-api-meta.service[95927]: DEBUG nova.api.openstack.wsgi_app [None req-d7ef6dc6-c257-43f6-a2d7-459f1dc37295 None None] log_options = True {{(pid=95927) log_opt_values /opt/stack/data/venv/lib/python3.12/site-packages/oslo_config/cfg.py:3242}}
Jul 12 15:19:17.298564 np0000005096 devstack@n-api-meta.service[95927]: DEBUG nova.api.openstack.wsgi_app [None req-d7ef6dc6-c257-43f6-a2d7-459f1dc37295 None None] log_rotate_interval = 1 {{(pid=95927) log_opt_values /opt/stack/data/venv/lib/python3.12/site-packages/oslo_config/cfg.py:3242}}
Jul 12 15:19:17.298614 np0000005096 devstack@n-api-meta.service[95927]: DEBUG nova.api.openstack.wsgi_app [None req-d7ef6dc6-c257-43f6-a2d7-459f1dc37295 None None] log_rotate_interval_type = days {{(pid=95927) log_opt_values /opt/stack/data/venv/lib/python3.12/site-packages/oslo_config/cfg.py:3242}}
Jul 12 15:19:17.298733 np0000005096 devstack@n-api-meta.service[95927]: DEBUG nova.api.openstack.wsgi_app [None req-d7ef6dc6-c257-43f6-a2d7-459f1dc37295 None None] log_rotation_type = none {{(pid=95927) log_opt_values /opt/stack/data/venv/lib/python3.12/site-packages/oslo_config/cfg.py:3242}}
Jul 12 15:19:17.298846 np0000005096 devstack@n-api-meta.service[95927]: DEBUG nova.api.openstack.wsgi_app [None req-d7ef6dc6-c257-43f6-a2d7-459f1dc37295 None None] logging_context_format_string = %(color)s%(levelname)s %(name)s [%(global_request_id)s %(request_id)s %(project_name)s %(user_name)s%(color)s] %(instance)s%(color)s%(message)s {{(pid=95927) log_opt_values /opt/stack/data/venv/lib/python3.12/site-packages/oslo_config/cfg.py:3242}}
Jul 12 15:19:17.298934 np0000005096 devstack@n-api-meta.service[95927]: DEBUG nova.api.openstack.wsgi_app [None req-d7ef6dc6-c257-43f6-a2d7-459f1dc37295 None None] logging_debug_format_suffix = {{(pid=%(process)d) %(funcName)s %(pathname)s:%(lineno)d}} {{(pid=95927) log_opt_values /opt/stack/data/venv/lib/python3.12/site-packages/oslo_config/cfg.py:3242}}
Jul 12 15:19:17.299051 np0000005096 devstack@n-api-meta.service[95927]: DEBUG nova.api.openstack.wsgi_app [None req-d7ef6dc6-c257-43f6-a2d7-459f1dc37295 None None] logging_default_format_string = %(color)s%(levelname)s %(name)s [-%(color)s] %(instance)s%(color)s%(message)s {{(pid=95927) log_opt_values /opt/stack/data/venv/lib/python3.12/site-packages/oslo_config/cfg.py:3242}}
Jul 12 15:19:17.299163 np0000005096 devstack@n-api-meta.service[95927]: DEBUG nova.api.openstack.wsgi_app [None req-d7ef6dc6-c257-43f6-a2d7-459f1dc37295 None None] logging_exception_prefix = ERROR %(name)s %(instance)s {{(pid=95927) log_opt_values /opt/stack/data/venv/lib/python3.12/site-packages/oslo_config/cfg.py:3242}}
Jul 12 15:19:17.299265 np0000005096 devstack@n-api-meta.service[95927]: DEBUG nova.api.openstack.wsgi_app [None req-d7ef6dc6-c257-43f6-a2d7-459f1dc37295 None None] logging_user_identity_format = %(user)s %(project)s %(domain)s %(system_scope)s %(user_domain)s %(project_domain)s {{(pid=95927) log_opt_values /opt/stack/data/venv/lib/python3.12/site-packages/oslo_config/cfg.py:3242}}
Jul 12 15:19:17.299378 np0000005096 devstack@n-api-meta.service[95927]: DEBUG nova.api.openstack.wsgi_app [None req-d7ef6dc6-c257-43f6-a2d7-459f1dc37295 None None] long_rpc_timeout = 1800 {{(pid=95927) log_opt_values /opt/stack/data/venv/lib/python3.12/site-packages/oslo_config/cfg.py:3242}}
Jul 12 15:19:17.299490 np0000005096 devstack@n-api-meta.service[95927]: DEBUG nova.api.openstack.wsgi_app [None req-d7ef6dc6-c257-43f6-a2d7-459f1dc37295 None None] manager_shutdown_timeout = 160 {{(pid=95927) log_opt_values /opt/stack/data/venv/lib/python3.12/site-packages/oslo_config/cfg.py:3242}}
Jul 12 15:19:17.299597 np0000005096 devstack@n-api-meta.service[95927]: DEBUG nova.api.openstack.wsgi_app [None req-d7ef6dc6-c257-43f6-a2d7-459f1dc37295 None None] max_concurrent_builds = 10 {{(pid=95927) log_opt_values /opt/stack/data/venv/lib/python3.12/site-packages/oslo_config/cfg.py:3242}}
