Jul 12 15:19:22.163622 np0000005096 nova-conductor[98923]: DEBUG cotyledon.oslo_config_glue [-] vnc.vencrypt_client_cert = None {{(pid=98923) log_opt_values /opt/stack/data/venv/lib/python3.12/site-packages/oslo_config/cfg.py:3253}}
Jul 12 15:19:22.163622 np0000005096 nova-conductor[98923]: DEBUG cotyledon.oslo_config_glue [-] vnc.vencrypt_client_key = None {{(pid=98923) log_opt_values /opt/stack/data/venv/lib/python3.12/site-packages/oslo_config/cfg.py:3253}}
Jul 12 15:19:22.163622 np0000005096 nova-conductor[98923]: DEBUG cotyledon.oslo_config_glue [-] workarounds.disable_compute_service_check_for_ffu = False {{(pid=98923) log_opt_values /opt/stack/data/venv/lib/python3.12/site-packages/oslo_config/cfg.py:3253}}
Jul 12 15:19:22.163622 np0000005096 nova-conductor[98923]: DEBUG cotyledon.oslo_config_glue [-] workarounds.disable_deep_image_inspection = False {{(pid=98923) log_opt_values /opt/stack/data/venv/lib/python3.12/site-packages/oslo_config/cfg.py:3253}}
Jul 12 15:19:22.163622 np0000005096 nova-conductor[98923]: DEBUG cotyledon.oslo_config_glue [-] workarounds.disable_fallback_pcpu_query = False {{(pid=98923) log_opt_values /opt/stack/data/venv/lib/python3.12/site-packages/oslo_config/cfg.py:3253}}
Jul 12 15:19:22.163622 np0000005096 nova-conductor[98923]: DEBUG cotyledon.oslo_config_glue [-] workarounds.disable_group_policy_check_upcall = False {{(pid=98923) log_opt_values /opt/stack/data/venv/lib/python3.12/site-packages/oslo_config/cfg.py:3253}}
Jul 12 15:19:22.163622 np0000005096 nova-conductor[98923]: DEBUG cotyledon.oslo_config_glue [-] workarounds.disable_libvirt_livesnapshot = False {{(pid=98923) log_opt_values /opt/stack/data/venv/lib/python3.12/site-packages/oslo_config/cfg.py:3253}}
Jul 12 15:19:22.163622 np0000005096 nova-conductor[98923]: DEBUG cotyledon.oslo_config_glue [-] workarounds.disable_rootwrap = False {{(pid=98923) log_opt_values /opt/stack/data/venv/lib/python3.12/site-packages/oslo_config/cfg.py:3253}}
Jul 12 15:19:22.163896 np0000005096 nova-conductor[98923]: DEBUG cotyledon.oslo_config_glue [-] workarounds.enable_numa_live_migration = False {{(pid=98923) log_opt_values /opt/stack/data/venv/lib/python3.12/site-packages/oslo_config/cfg.py:3253}}
Jul 12 15:19:22.163896 np0000005096 nova-conductor[98923]: DEBUG cotyledon.oslo_config_glue [-] workarounds.enable_qemu_monitor_announce_self = False {{(pid=98923) log_opt_values /opt/stack/data/venv/lib/python3.12/site-packages/oslo_config/cfg.py:3253}}
Jul 12 15:19:22.163896 np0000005096 nova-conductor[98923]: DEBUG cotyledon.oslo_config_glue [-] workarounds.ensure_libvirt_rbd_instance_dir_cleanup = False {{(pid=98923) log_opt_values /opt/stack/data/venv/lib/python3.12/site-packages/oslo_config/cfg.py:3253}}
Jul 12 15:19:22.163896 np0000005096 nova-conductor[98923]: DEBUG cotyledon.oslo_config_glue [-] workarounds.handle_virt_lifecycle_events = True {{(pid=98923) log_opt_values /opt/stack/data/venv/lib/python3.12/site-packages/oslo_config/cfg.py:3253}}
Jul 12 15:19:22.163896 np0000005096 nova-conductor[98923]: DEBUG cotyledon.oslo_config_glue [-] workarounds.libvirt_disable_apic = False {{(pid=98923) log_opt_values /opt/stack/data/venv/lib/python3.12/site-packages/oslo_config/cfg.py:3253}}
Jul 12 15:19:22.163896 np0000005096 nova-conductor[98923]: DEBUG cotyledon.oslo_config_glue [-] workarounds.never_download_image_if_on_rbd = False {{(pid=98923) log_opt_values /opt/stack/data/venv/lib/python3.12/site-packages/oslo_config/cfg.py:3253}}
Jul 12 15:19:22.163896 np0000005096 nova-conductor[98923]: DEBUG cotyledon.oslo_config_glue [-] workarounds.qemu_monitor_announce_self_count = 3 {{(pid=98923) log_opt_values /opt/stack/data/venv/lib/python3.12/site-packages/oslo_config/cfg.py:3253}}
Jul 12 15:19:22.163896 np0000005096 nova-conductor[98923]: DEBUG cotyledon.oslo_config_glue [-] workarounds.qemu_monitor_announce_self_interval = 1 {{(pid=98923) log_opt_values /opt/stack/data/venv/lib/python3.12/site-packages/oslo_config/cfg.py:3253}}
Jul 12 15:19:22.163896 np0000005096 nova-conductor[98923]: DEBUG cotyledon.oslo_config_glue [-] workarounds.reserve_disk_resource_for_image_cache = False {{(pid=98923) log_opt_values /opt/stack/data/venv/lib/python3.12/site-packages/oslo_config/cfg.py:3253}}
Jul 12 15:19:22.164167 np0000005096 nova-conductor[98923]: DEBUG cotyledon.oslo_config_glue [-] workarounds.skip_cpu_compare_at_startup = False {{(pid=98923) log_opt_values /opt/stack/data/venv/lib/python3.12/site-packages/oslo_config/cfg.py:3253}}
Jul 12 15:19:22.164167 np0000005096 nova-conductor[98923]: DEBUG cotyledon.oslo_config_glue [-] workarounds.skip_cpu_compare_on_dest = False {{(pid=98923) log_opt_values /opt/stack/data/venv/lib/python3.12/site-packages/oslo_config/cfg.py:3253}}
Jul 12 15:19:22.164167 np0000005096 nova-conductor[98923]: DEBUG cotyledon.oslo_config_glue [-] workarounds.skip_hypervisor_version_check_on_lm = False {{(pid=98923) log_opt_values /opt/stack/data/venv/lib/python3.12/site-packages/oslo_config/cfg.py:3253}}
Jul 12 15:19:22.164167 np0000005096 nova-conductor[98923]: DEBUG cotyledon.oslo_config_glue [-] workarounds.skip_reserve_in_use_ironic_nodes = False {{(pid=98923) log_opt_values /opt/stack/data/venv/lib/python3.12/site-packages/oslo_config/cfg.py:3253}}
Jul 12 15:19:22.164167 np0000005096 nova-conductor[98923]: DEBUG cotyledon.oslo_config_glue [-] workarounds.unified_limits_count_pcpu_as_vcpu = False {{(pid=98923) log_opt_values /opt/stack/data/venv/lib/python3.12/site-packages/oslo_config/cfg.py:3253}}
Jul 12 15:19:22.164167 np0000005096 nova-conductor[98923]: DEBUG cotyledon.oslo_config_glue [-] workarounds.wait_for_vif_plugged_event_during_hard_reboot = [] {{(pid=98923) log_opt_values /opt/stack/data/venv/lib/python3.12/site-packages/oslo_config/cfg.py:3253}}
Jul 12 15:19:22.164167 np0000005096 nova-conductor[98923]: DEBUG cotyledon.oslo_config_glue [-] wsgi.api_paste_config = /etc/nova/api-paste.ini {{(pid=98923) log_opt_values /opt/stack/data/venv/lib/python3.12/site-packages/oslo_config/cfg.py:3253}}
Jul 12 15:19:22.164167 np0000005096 nova-conductor[98923]: DEBUG cotyledon.oslo_config_glue [-] wsgi.secure_proxy_ssl_header = None {{(pid=98923) log_opt_values /opt/stack/data/venv/lib/python3.12/site-packages/oslo_config/cfg.py:3253}}
Jul 12 15:19:22.164167 np0000005096 nova-conductor[98923]: DEBUG cotyledon.oslo_config_glue [-] zvm.ca_file = None {{(pid=98923) log_opt_values /opt/stack/data/venv/lib/python3.12/site-packages/oslo_config/cfg.py:3253}}
Jul 12 15:19:22.164529 np0000005096 nova-conductor[98923]: DEBUG cotyledon.oslo_config_glue [-] zvm.cloud_connector_url = None {{(pid=98923) log_opt_values /opt/stack/data/venv/lib/python3.12/site-packages/oslo_config/cfg.py:3253}}
Jul 12 15:19:22.164529 np0000005096 nova-conductor[98923]: DEBUG cotyledon.oslo_config_glue [-] zvm.image_tmp_path = /opt/stack/data/nova/images {{(pid=98923) log_opt_values /opt/stack/data/venv/lib/python3.12/site-packages/oslo_config/cfg.py:3253}}
Jul 12 15:19:22.164529 np0000005096 nova-conductor[98923]: DEBUG cotyledon.oslo_config_glue [-] zvm.reachable_timeout = 300 {{(pid=98923) log_opt_values /opt/stack/data/venv/lib/python3.12/site-packages/oslo_config/cfg.py:3253}}
Jul 12 15:19:22.164529 np0000005096 nova-conductor[98923]: DEBUG cotyledon.oslo_config_glue [-] oslo_versionedobjects.fatal_exception_format_errors = False {{(pid=98923) log_opt_values /opt/stack/data/venv/lib/python3.12/site-packages/oslo_config/cfg.py:3253}}
Jul 12 15:19:22.164529 np0000005096 nova-conductor[98923]: DEBUG cotyledon.oslo_config_glue [-] oslo_middleware.http_basic_auth_user_file = /etc/htpasswd {{(pid=98923) log_opt_values /opt/stack/data/venv/lib/python3.12/site-packages/oslo_config/cfg.py:3253}}
Jul 12 15:19:22.164529 np0000005096 nova-conductor[98923]: DEBUG cotyledon.oslo_config_glue [-] profiler.connection_string = messaging:// {{(pid=98923) log_opt_values /opt/stack/data/venv/lib/python3.12/site-packages/oslo_config/cfg.py:3253}}
Jul 12 15:19:22.164529 np0000005096 nova-conductor[98923]: DEBUG cotyledon.oslo_config_glue [-] profiler.enabled = False {{(pid=98923) log_opt_values /opt/stack/data/venv/lib/python3.12/site-packages/oslo_config/cfg.py:3253}}
Jul 12 15:19:22.164850 np0000005096 nova-conductor[98906]: DEBUG oslo_db.sqlalchemy.engines [None req-6de68a23-adff-4dab-a1f5-7c81e0996725 None None] MySQL server mode set to STRICT_TRANS_TABLES,STRICT_ALL_TABLES,NO_ZERO_IN_DATE,NO_ZERO_DATE,ERROR_FOR_DIVISION_BY_ZERO,TRADITIONAL,NO_ENGINE_SUBSTITUTION {{(pid=98906) _check_effective_sql_mode /opt/stack/data/venv/lib/python3.12/site-packages/oslo_db/sqlalchemy/engines.py:325}}
Jul 12 15:19:22.164900 np0000005096 nova-conductor[98923]: DEBUG cotyledon.oslo_config_glue [-] profiler.es_doc_type = notification {{(pid=98923) log_opt_values /opt/stack/data/venv/lib/python3.12/site-packages/oslo_config/cfg.py:3253}}
Jul 12 15:19:22.164900 np0000005096 nova-conductor[98923]: DEBUG cotyledon.oslo_config_glue [-] profiler.es_scroll_size = 10000 {{(pid=98923) log_opt_values /opt/stack/data/venv/lib/python3.12/site-packages/oslo_config/cfg.py:3253}}
Jul 12 15:19:22.164900 np0000005096 nova-conductor[98923]: DEBUG cotyledon.oslo_config_glue [-] profiler.es_scroll_time = 2m {{(pid=98923) log_opt_values /opt/stack/data/venv/lib/python3.12/site-packages/oslo_config/cfg.py:3253}}
Jul 12 15:19:22.164900 np0000005096 nova-conductor[98923]: DEBUG cotyledon.oslo_config_glue [-] profiler.filter_error_trace = False {{(pid=98923) log_opt_values /opt/stack/data/venv/lib/python3.12/site-packages/oslo_config/cfg.py:3253}}
Jul 12 15:19:22.164900 np0000005096 nova-conductor[98923]: DEBUG cotyledon.oslo_config_glue [-] profiler.hmac_keys = **** {{(pid=98923) log_opt_values /opt/stack/data/venv/lib/python3.12/site-packages/oslo_config/cfg.py:3253}}
Jul 12 15:19:22.164900 np0000005096 nova-conductor[98923]: DEBUG cotyledon.oslo_config_glue [-] profiler.sentinel_service_name = mymaster {{(pid=98923) log_opt_values /opt/stack/data/venv/lib/python3.12/site-packages/oslo_config/cfg.py:3253}}
Jul 12 15:19:22.164900 np0000005096 nova-conductor[98923]: DEBUG cotyledon.oslo_config_glue [-] profiler.socket_timeout = 0.1 {{(pid=98923) log_opt_values /opt/stack/data/venv/lib/python3.12/site-packages/oslo_config/cfg.py:3253}}
Jul 12 15:19:22.164900 np0000005096 nova-conductor[98923]: DEBUG cotyledon.oslo_config_glue [-] profiler.trace_requests = False {{(pid=98923) log_opt_values /opt/stack/data/venv/lib/python3.12/site-packages/oslo_config/cfg.py:3253}}
Jul 12 15:19:22.164900 np0000005096 nova-conductor[98923]: DEBUG cotyledon.oslo_config_glue [-] profiler.trace_sqlalchemy = False {{(pid=98923) log_opt_values /opt/stack/data/venv/lib/python3.12/site-packages/oslo_config/cfg.py:3253}}
Jul 12 15:19:22.165161 np0000005096 nova-conductor[98923]: DEBUG cotyledon.oslo_config_glue [-] profiler_jaeger.process_tags = {} {{(pid=98923) log_opt_values /opt/stack/data/venv/lib/python3.12/site-packages/oslo_config/cfg.py:3253}}
Jul 12 15:19:22.165161 np0000005096 nova-conductor[98923]: DEBUG cotyledon.oslo_config_glue [-] profiler_jaeger.service_name_prefix = None {{(pid=98923) log_opt_values /opt/stack/data/venv/lib/python3.12/site-packages/oslo_config/cfg.py:3253}}
Jul 12 15:19:22.165161 np0000005096 nova-conductor[98923]: DEBUG cotyledon.oslo_config_glue [-] profiler_otlp.service_name_prefix = None {{(pid=98923) log_opt_values /opt/stack/data/venv/lib/python3.12/site-packages/oslo_config/cfg.py:3253}}
Jul 12 15:19:22.165161 np0000005096 nova-conductor[98923]: DEBUG cotyledon.oslo_config_glue [-] oslo_messaging_rabbit.amqp_auto_delete = False {{(pid=98923) log_opt_values /opt/stack/data/venv/lib/python3.12/site-packages/oslo_config/cfg.py:3253}}
Jul 12 15:19:22.165161 np0000005096 nova-conductor[98923]: DEBUG cotyledon.oslo_config_glue [-] oslo_messaging_rabbit.amqp_durable_queues = False {{(pid=98923) log_opt_values /opt/stack/data/venv/lib/python3.12/site-packages/oslo_config/cfg.py:3253}}
Jul 12 15:19:22.165161 np0000005096 nova-conductor[98923]: DEBUG cotyledon.oslo_config_glue [-] oslo_messaging_rabbit.conn_pool_min_size = 2 {{(pid=98923) log_opt_values /opt/stack/data/venv/lib/python3.12/site-packages/oslo_config/cfg.py:3253}}
Jul 12 15:19:22.165161 np0000005096 nova-conductor[98923]: DEBUG cotyledon.oslo_config_glue [-] oslo_messaging_rabbit.conn_pool_ttl = 1200 {{(pid=98923) log_opt_values /opt/stack/data/venv/lib/python3.12/site-packages/oslo_config/cfg.py:3253}}
Jul 12 15:19:22.165161 np0000005096 nova-conductor[98923]: DEBUG cotyledon.oslo_config_glue [-] oslo_messaging_rabbit.direct_mandatory_flag = True {{(pid=98923) log_opt_values /opt/stack/data/venv/lib/python3.12/site-packages/oslo_config/cfg.py:3253}}
Jul 12 15:19:22.165161 np0000005096 nova-conductor[98923]: DEBUG cotyledon.oslo_config_glue [-] oslo_messaging_rabbit.enable_cancel_on_failover = False {{(pid=98923) log_opt_values /opt/stack/data/venv/lib/python3.12/site-packages/oslo_config/cfg.py:3253}}
Jul 12 15:19:22.165437 np0000005096 nova-conductor[98923]: DEBUG cotyledon.oslo_config_glue [-] oslo_messaging_rabbit.heartbeat_rate = 3 {{(pid=98923) log_opt_values /opt/stack/data/venv/lib/python3.12/site-packages/oslo_config/cfg.py:3253}}
Jul 12 15:19:22.165437 np0000005096 nova-conductor[98923]: DEBUG cotyledon.oslo_config_glue [-] oslo_messaging_rabbit.heartbeat_timeout_threshold = 60 {{(pid=98923) log_opt_values /opt/stack/data/venv/lib/python3.12/site-packages/oslo_config/cfg.py:3253}}
Jul 12 15:19:22.165437 np0000005096 nova-conductor[98923]: DEBUG cotyledon.oslo_config_glue [-] oslo_messaging_rabbit.hostname = np0000005096 {{(pid=98923) log_opt_values /opt/stack/data/venv/lib/python3.12/site-packages/oslo_config/cfg.py:3253}}
Jul 12 15:19:22.165437 np0000005096 nova-conductor[98923]: DEBUG cotyledon.oslo_config_glue [-] oslo_messaging_rabbit.kombu_compression = None {{(pid=98923) log_opt_values /opt/stack/data/venv/lib/python3.12/site-packages/oslo_config/cfg.py:3253}}
Jul 12 15:19:22.165437 np0000005096 nova-conductor[98923]: DEBUG cotyledon.oslo_config_glue [-] oslo_messaging_rabbit.kombu_failover_strategy = round-robin {{(pid=98923) log_opt_values /opt/stack/data/venv/lib/python3.12/site-packages/oslo_config/cfg.py:3253}}
Jul 12 15:19:22.165437 np0000005096 nova-conductor[98923]: DEBUG cotyledon.oslo_config_glue [-] oslo_messaging_rabbit.kombu_missing_consumer_retry_timeout = 60 {{(pid=98923) log_opt_values /opt/stack/data/venv/lib/python3.12/site-packages/oslo_config/cfg.py:3253}}
Jul 12 15:19:22.165437 np0000005096 nova-conductor[98923]: DEBUG cotyledon.oslo_config_glue [-] oslo_messaging_rabbit.kombu_reconnect_delay = 1.0 {{(pid=98923) log_opt_values /opt/stack/data/venv/lib/python3.12/site-packages/oslo_config/cfg.py:3253}}
Jul 12 15:19:22.165437 np0000005096 nova-conductor[98923]: DEBUG cotyledon.oslo_config_glue [-] oslo_messaging_rabbit.kombu_reconnect_splay = 0.0 {{(pid=98923) log_opt_values /opt/stack/data/venv/lib/python3.12/site-packages/oslo_config/cfg.py:3253}}
Jul 12 15:19:22.165437 np0000005096 nova-conductor[98923]: DEBUG cotyledon.oslo_config_glue [-] oslo_messaging_rabbit.processname = nova-conductor {{(pid=98923) log_opt_values /opt/stack/data/venv/lib/python3.12/site-packages/oslo_config/cfg.py:3253}}
Jul 12 15:19:22.165667 np0000005096 nova-conductor[98923]: DEBUG cotyledon.oslo_config_glue [-] oslo_messaging_rabbit.rabbit_ha_queues = False {{(pid=98923) log_opt_values /opt/stack/data/venv/lib/python3.12/site-packages/oslo_config/cfg.py:3253}}
Jul 12 15:19:22.165667 np0000005096 nova-conductor[98923]: DEBUG cotyledon.oslo_config_glue [-] oslo_messaging_rabbit.rabbit_interval_max = 30 {{(pid=98923) log_opt_values /opt/stack/data/venv/lib/python3.12/site-packages/oslo_config/cfg.py:3253}}
Jul 12 15:19:22.165667 np0000005096 nova-conductor[98923]: DEBUG cotyledon.oslo_config_glue [-] oslo_messaging_rabbit.rabbit_login_method = AMQPLAIN {{(pid=98923) log_opt_values /opt/stack/data/venv/lib/python3.12/site-packages/oslo_config/cfg.py:3253}}
Jul 12 15:19:22.165667 np0000005096 nova-conductor[98923]: DEBUG cotyledon.oslo_config_glue [-] oslo_messaging_rabbit.rabbit_qos_prefetch_count = 0 {{(pid=98923) log_opt_values /opt/stack/data/venv/lib/python3.12/site-packages/oslo_config/cfg.py:3253}}
Jul 12 15:19:22.165667 np0000005096 nova-conductor[98923]: DEBUG cotyledon.oslo_config_glue [-] oslo_messaging_rabbit.rabbit_quorum_delivery_limit = 0 {{(pid=98923) log_opt_values /opt/stack/data/venv/lib/python3.12/site-packages/oslo_config/cfg.py:3253}}
Jul 12 15:19:22.165667 np0000005096 nova-conductor[98923]: DEBUG cotyledon.oslo_config_glue [-] oslo_messaging_rabbit.rabbit_quorum_max_memory_bytes = 0 {{(pid=98923) log_opt_values /opt/stack/data/venv/lib/python3.12/site-packages/oslo_config/cfg.py:3253}}
Jul 12 15:19:22.165667 np0000005096 nova-conductor[98923]: DEBUG cotyledon.oslo_config_glue [-] oslo_messaging_rabbit.rabbit_quorum_max_memory_length = 0 {{(pid=98923) log_opt_values /opt/stack/data/venv/lib/python3.12/site-packages/oslo_config/cfg.py:3253}}
Jul 12 15:19:22.165667 np0000005096 nova-conductor[98923]: DEBUG cotyledon.oslo_config_glue [-] oslo_messaging_rabbit.rabbit_quorum_queue = False {{(pid=98923) log_opt_values /opt/stack/data/venv/lib/python3.12/site-packages/oslo_config/cfg.py:3253}}
Jul 12 15:19:22.165667 np0000005096 nova-conductor[98923]: DEBUG cotyledon.oslo_config_glue [-] oslo_messaging_rabbit.rabbit_retry_backoff = 2 {{(pid=98923) log_opt_values /opt/stack/data/venv/lib/python3.12/site-packages/oslo_config/cfg.py:3253}}
Jul 12 15:19:22.165866 np0000005096 nova-conductor[98923]: DEBUG cotyledon.oslo_config_glue [-] oslo_messaging_rabbit.rabbit_retry_interval = 1 {{(pid=98923) log_opt_values /opt/stack/data/venv/lib/python3.12/site-packages/oslo_config/cfg.py:3253}}
Jul 12 15:19:22.165866 np0000005096 nova-conductor[98923]: DEBUG cotyledon.oslo_config_glue [-] oslo_messaging_rabbit.rabbit_stream_fanout = False {{(pid=98923) log_opt_values /opt/stack/data/venv/lib/python3.12/site-packages/oslo_config/cfg.py:3253}}
Jul 12 15:19:22.165866 np0000005096 nova-conductor[98923]: DEBUG cotyledon.oslo_config_glue [-] oslo_messaging_rabbit.rabbit_transient_queues_ttl = 1800 {{(pid=98923) log_opt_values /opt/stack/data/venv/lib/python3.12/site-packages/oslo_config/cfg.py:3253}}
Jul 12 15:19:22.165866 np0000005096 nova-conductor[98923]: DEBUG cotyledon.oslo_config_glue [-] oslo_messaging_rabbit.rabbit_transient_quorum_queue = False {{(pid=98923) log_opt_values /opt/stack/data/venv/lib/python3.12/site-packages/oslo_config/cfg.py:3253}}
Jul 12 15:19:22.165866 np0000005096 nova-conductor[98923]: DEBUG cotyledon.oslo_config_glue [-] oslo_messaging_rabbit.rpc_conn_pool_size = 30 {{(pid=98923) log_opt_values /opt/stack/data/venv/lib/python3.12/site-packages/oslo_config/cfg.py:3253}}
Jul 12 15:19:22.165866 np0000005096 nova-conductor[98923]: DEBUG cotyledon.oslo_config_glue [-] oslo_messaging_rabbit.ssl = False {{(pid=98923) log_opt_values /opt/stack/data/venv/lib/python3.12/site-packages/oslo_config/cfg.py:3253}}
Jul 12 15:19:22.165866 np0000005096 nova-conductor[98923]: DEBUG cotyledon.oslo_config_glue [-] oslo_messaging_rabbit.ssl_ca_file = {{(pid=98923) log_opt_values /opt/stack/data/venv/lib/python3.12/site-packages/oslo_config/cfg.py:3253}}
Jul 12 15:19:22.165866 np0000005096 nova-conductor[98923]: DEBUG cotyledon.oslo_config_glue [-] oslo_messaging_rabbit.ssl_cert_file = {{(pid=98923) log_opt_values /opt/stack/data/venv/lib/python3.12/site-packages/oslo_config/cfg.py:3253}}
Jul 12 15:19:22.165866 np0000005096 nova-conductor[98923]: DEBUG cotyledon.oslo_config_glue [-] oslo_messaging_rabbit.ssl_enforce_fips_mode = False {{(pid=98923) log_opt_values /opt/stack/data/venv/lib/python3.12/site-packages/oslo_config/cfg.py:3253}}
Jul 12 15:19:22.166052 np0000005096 nova-conductor[98923]: DEBUG cotyledon.oslo_config_glue [-] oslo_messaging_rabbit.ssl_enforce_hostname_verification = True {{(pid=98923) log_opt_values /opt/stack/data/venv/lib/python3.12/site-packages/oslo_config/cfg.py:3253}}
Jul 12 15:19:22.166052 np0000005096 nova-conductor[98923]: DEBUG cotyledon.oslo_config_glue [-] oslo_messaging_rabbit.ssl_key_file = {{(pid=98923) log_opt_values /opt/stack/data/venv/lib/python3.12/site-packages/oslo_config/cfg.py:3253}}
Jul 12 15:19:22.166052 np0000005096 nova-conductor[98923]: DEBUG cotyledon.oslo_config_glue [-] oslo_messaging_rabbit.ssl_version = {{(pid=98923) log_opt_values /opt/stack/data/venv/lib/python3.12/site-packages/oslo_config/cfg.py:3253}}
Jul 12 15:19:22.166052 np0000005096 nova-conductor[98923]: DEBUG cotyledon.oslo_config_glue [-] oslo_messaging_rabbit.use_queue_manager = False {{(pid=98923) log_opt_values /opt/stack/data/venv/lib/python3.12/site-packages/oslo_config/cfg.py:3253}}
Jul 12 15:19:22.166052 np0000005096 nova-conductor[98923]: DEBUG cotyledon.oslo_config_glue [-] oslo_messaging_notifications.driver = ['messagingv2'] {{(pid=98923) log_opt_values /opt/stack/data/venv/lib/python3.12/site-packages/oslo_config/cfg.py:3253}}
Jul 12 15:19:22.166052 np0000005096 nova-conductor[98923]: DEBUG cotyledon.oslo_config_glue [-] oslo_messaging_notifications.retry = -1 {{(pid=98923) log_opt_values /opt/stack/data/venv/lib/python3.12/site-packages/oslo_config/cfg.py:3253}}
Jul 12 15:19:22.166052 np0000005096 nova-conductor[98923]: DEBUG cotyledon.oslo_config_glue [-] oslo_messaging_notifications.topics = ['notifications'] {{(pid=98923) log_opt_values /opt/stack/data/venv/lib/python3.12/site-packages/oslo_config/cfg.py:3253}}
Jul 12 15:19:22.166197 np0000005096 nova-conductor[98893]: DEBUG oslo_db.sqlalchemy.engines [None req-63a189bf-991d-4dad-bacd-7af1ae7ecf70 None None] MySQL server mode set to STRICT_TRANS_TABLES,STRICT_ALL_TABLES,NO_ZERO_IN_DATE,NO_ZERO_DATE,ERROR_FOR_DIVISION_BY_ZERO,TRADITIONAL,NO_ENGINE_SUBSTITUTION {{(pid=98893) _check_effective_sql_mode /opt/stack/data/venv/lib/python3.12/site-packages/oslo_db/sqlalchemy/engines.py:325}}
Jul 12 15:19:22.166231 np0000005096 nova-conductor[98923]: DEBUG cotyledon.oslo_config_glue [-] oslo_messaging_notifications.transport_url = **** {{(pid=98923) log_opt_values /opt/stack/data/venv/lib/python3.12/site-packages/oslo_config/cfg.py:3253}}
Jul 12 15:19:22.166231 np0000005096 nova-conductor[98923]: DEBUG cotyledon.oslo_config_glue [-] oslo_limit.auth_section = None {{(pid=98923) log_opt_values /opt/stack/data/venv/lib/python3.12/site-packages/oslo_config/cfg.py:3253}}
Jul 12 15:19:22.166231 np0000005096 nova-conductor[98923]: DEBUG cotyledon.oslo_config_glue [-] oslo_limit.auth_type = None {{(pid=98923) log_opt_values /opt/stack/data/venv/lib/python3.12/site-packages/oslo_config/cfg.py:3253}}
Jul 12 15:19:22.166231 np0000005096 nova-conductor[98923]: DEBUG cotyledon.oslo_config_glue [-] oslo_limit.cafile = None {{(pid=98923) log_opt_values /opt/stack/data/venv/lib/python3.12/site-packages/oslo_config/cfg.py:3253}}
Jul 12 15:19:22.166231 np0000005096 nova-conductor[98923]: DEBUG cotyledon.oslo_config_glue [-] oslo_limit.certfile = None {{(pid=98923) log_opt_values /opt/stack/data/venv/lib/python3.12/site-packages/oslo_config/cfg.py:3253}}
Jul 12 15:19:22.166231 np0000005096 nova-conductor[98923]: DEBUG cotyledon.oslo_config_glue [-] oslo_limit.collect_timing = False {{(pid=98923) log_opt_values /opt/stack/data/venv/lib/python3.12/site-packages/oslo_config/cfg.py:3253}}
Jul 12 15:19:22.166231 np0000005096 nova-conductor[98923]: DEBUG cotyledon.oslo_config_glue [-] oslo_limit.connect_retries = None {{(pid=98923) log_opt_values /opt/stack/data/venv/lib/python3.12/site-packages/oslo_config/cfg.py:3253}}
Jul 12 15:19:22.166231 np0000005096 nova-conductor[98923]: DEBUG cotyledon.oslo_config_glue [-] oslo_limit.connect_retry_delay = None {{(pid=98923) log_opt_values /opt/stack/data/venv/lib/python3.12/site-packages/oslo_config/cfg.py:3253}}
Jul 12 15:19:22.166231 np0000005096 nova-conductor[98923]: DEBUG cotyledon.oslo_config_glue [-] oslo_limit.endpoint_id = None {{(pid=98923) log_opt_values /opt/stack/data/venv/lib/python3.12/site-packages/oslo_config/cfg.py:3253}}
Jul 12 15:19:22.166433 np0000005096 nova-conductor[98923]: DEBUG cotyledon.oslo_config_glue [-] oslo_limit.endpoint_interface = public {{(pid=98923) log_opt_values /opt/stack/data/venv/lib/python3.12/site-packages/oslo_config/cfg.py:3253}}
Jul 12 15:19:22.166433 np0000005096 nova-conductor[98923]: DEBUG cotyledon.oslo_config_glue [-] oslo_limit.endpoint_override = None {{(pid=98923) log_opt_values /opt/stack/data/venv/lib/python3.12/site-packages/oslo_config/cfg.py:3253}}
Jul 12 15:19:22.166433 np0000005096 nova-conductor[98923]: DEBUG cotyledon.oslo_config_glue [-] oslo_limit.endpoint_region_name = None {{(pid=98923) log_opt_values /opt/stack/data/venv/lib/python3.12/site-packages/oslo_config/cfg.py:3253}}
Jul 12 15:19:22.166433 np0000005096 nova-conductor[98923]: DEBUG cotyledon.oslo_config_glue [-] oslo_limit.endpoint_service_name = None {{(pid=98923) log_opt_values /opt/stack/data/venv/lib/python3.12/site-packages/oslo_config/cfg.py:3253}}
Jul 12 15:19:22.166433 np0000005096 nova-conductor[98923]: DEBUG cotyledon.oslo_config_glue [-] oslo_limit.endpoint_service_type = None {{(pid=98923) log_opt_values /opt/stack/data/venv/lib/python3.12/site-packages/oslo_config/cfg.py:3253}}
Jul 12 15:19:22.166433 np0000005096 nova-conductor[98923]: DEBUG cotyledon.oslo_config_glue [-] oslo_limit.insecure = False {{(pid=98923) log_opt_values /opt/stack/data/venv/lib/python3.12/site-packages/oslo_config/cfg.py:3253}}
Jul 12 15:19:22.166433 np0000005096 nova-conductor[98923]: DEBUG cotyledon.oslo_config_glue [-] oslo_limit.keyfile = None {{(pid=98923) log_opt_values /opt/stack/data/venv/lib/python3.12/site-packages/oslo_config/cfg.py:3253}}
Jul 12 15:19:22.166433 np0000005096 nova-conductor[98923]: DEBUG cotyledon.oslo_config_glue [-] oslo_limit.max_version = None {{(pid=98923) log_opt_values /opt/stack/data/venv/lib/python3.12/site-packages/oslo_config/cfg.py:3253}}
Jul 12 15:19:22.166433 np0000005096 nova-conductor[98923]: DEBUG cotyledon.oslo_config_glue [-] oslo_limit.min_version = None {{(pid=98923) log_opt_values /opt/stack/data/venv/lib/python3.12/site-packages/oslo_config/cfg.py:3253}}
Jul 12 15:19:22.166634 np0000005096 nova-conductor[98923]: DEBUG cotyledon.oslo_config_glue [-] oslo_limit.region_name = None {{(pid=98923) log_opt_values /opt/stack/data/venv/lib/python3.12/site-packages/oslo_config/cfg.py:3253}}
Jul 12 15:19:22.166634 np0000005096 nova-conductor[98923]: DEBUG cotyledon.oslo_config_glue [-] oslo_limit.retriable_status_codes = None {{(pid=98923) log_opt_values /opt/stack/data/venv/lib/python3.12/site-packages/oslo_config/cfg.py:3253}}
Jul 12 15:19:22.166634 np0000005096 nova-conductor[98923]: DEBUG cotyledon.oslo_config_glue [-] oslo_limit.service_name = None {{(pid=98923) log_opt_values /opt/stack/data/venv/lib/python3.12/site-packages/oslo_config/cfg.py:3253}}
Jul 12 15:19:22.166634 np0000005096 nova-conductor[98923]: DEBUG cotyledon.oslo_config_glue [-] oslo_limit.service_type = None {{(pid=98923) log_opt_values /opt/stack/data/venv/lib/python3.12/site-packages/oslo_config/cfg.py:3253}}
Jul 12 15:19:22.166634 np0000005096 nova-conductor[98923]: DEBUG cotyledon.oslo_config_glue [-] oslo_limit.split_loggers = False {{(pid=98923) log_opt_values /opt/stack/data/venv/lib/python3.12/site-packages/oslo_config/cfg.py:3253}}
Jul 12 15:19:22.166634 np0000005096 nova-conductor[98923]: DEBUG cotyledon.oslo_config_glue [-] oslo_limit.status_code_retries = None {{(pid=98923) log_opt_values /opt/stack/data/venv/lib/python3.12/site-packages/oslo_config/cfg.py:3253}}
Jul 12 15:19:22.166634 np0000005096 nova-conductor[98923]: DEBUG cotyledon.oslo_config_glue [-] oslo_limit.status_code_retry_delay = None {{(pid=98923) log_opt_values /opt/stack/data/venv/lib/python3.12/site-packages/oslo_config/cfg.py:3253}}
Jul 12 15:19:22.166634 np0000005096 nova-conductor[98923]: DEBUG cotyledon.oslo_config_glue [-] oslo_limit.timeout = None {{(pid=98923) log_opt_values /opt/stack/data/venv/lib/python3.12/site-packages/oslo_config/cfg.py:3253}}
Jul 12 15:19:22.166634 np0000005096 nova-conductor[98923]: DEBUG cotyledon.oslo_config_glue [-] oslo_limit.valid_interfaces = None {{(pid=98923) log_opt_values /opt/stack/data/venv/lib/python3.12/site-packages/oslo_config/cfg.py:3253}}
Jul 12 15:19:22.166831 np0000005096 nova-conductor[98923]: DEBUG cotyledon.oslo_config_glue [-] oslo_limit.version = None {{(pid=98923) log_opt_values /opt/stack/data/venv/lib/python3.12/site-packages/oslo_config/cfg.py:3253}}
Jul 12 15:19:22.166831 np0000005096 nova-conductor[98923]: DEBUG cotyledon.oslo_config_glue [-] oslo_reports.file_event_handler = None {{(pid=98923) log_opt_values /opt/stack/data/venv/lib/python3.12/site-packages/oslo_config/cfg.py:3253}}
Jul 12 15:19:22.166831 np0000005096 nova-conductor[98923]: DEBUG cotyledon.oslo_config_glue [-] oslo_reports.file_event_handler_interval = 1 {{(pid=98923) log_opt_values /opt/stack/data/venv/lib/python3.12/site-packages/oslo_config/cfg.py:3253}}
Jul 12 15:19:22.166831 np0000005096 nova-conductor[98923]: DEBUG cotyledon.oslo_config_glue [-] oslo_reports.log_dir = None {{(pid=98923) log_opt_values /opt/stack/data/venv/lib/python3.12/site-packages/oslo_config/cfg.py:3253}}
Jul 12 15:19:22.166831 np0000005096 nova-conductor[98923]: DEBUG cotyledon.oslo_config_glue [-] ******************************************************************************** {{(pid=98923) log_opt_values /opt/stack/data/venv/lib/python3.12/site-packages/oslo_config/cfg.py:3260}}
Jul 12 15:19:22.166831 np0000005096 nova-conductor[98923]: DEBUG cotyledon._service_worker [-] Run service ServiceWrapper(3) [98923] {{(pid=98923) wait_forever /opt/stack/data/venv/lib/python3.12/site-packages/cotyledon/_service_worker.py:218}}
Jul 12 15:19:22.166831 np0000005096 nova-conductor[98923]: INFO nova.service [-] Starting conductor node (version 33.1.0)
Jul 12 15:19:22.170209 np0000005096 nova-conductor[98906]: DEBUG dbcounter [-] [98906] Writer thread running {{(pid=98906) stat_writer /opt/stack/data/venv/lib/python3.12/site-packages/dbcounter.py:102}}
Jul 12 15:19:22.171592 np0000005096 nova-conductor[98923]: INFO dbcounter [None req-46f42e10-61f8-4653-8db4-037cca577153 None None] Registered counter for database nova_cell0
Jul 12 15:19:22.172900 np0000005096 nova-conductor[98893]: DEBUG dbcounter [-] [98893] Writer thread running {{(pid=98893) stat_writer /opt/stack/data/venv/lib/python3.12/site-packages/dbcounter.py:102}}
Jul 12 15:19:22.178866 np0000005096 nova-conductor[98916]: DEBUG oslo_db.sqlalchemy.engines [None req-3082e137-32a3-42ca-b290-7523f648d817 None None] MySQL server mode set to STRICT_TRANS_TABLES,STRICT_ALL_TABLES,NO_ZERO_IN_DATE,NO_ZERO_DATE,ERROR_FOR_DIVISION_BY_ZERO,TRADITIONAL,NO_ENGINE_SUBSTITUTION {{(pid=98916) _check_effective_sql_mode /opt/stack/data/venv/lib/python3.12/site-packages/oslo_db/sqlalchemy/engines.py:325}}
Jul 12 15:19:22.186127 np0000005096 nova-conductor[98906]: DEBUG nova.service [None req-6de68a23-adff-4dab-a1f5-7c81e0996725 None None] Creating RPC server for service: nova-conductor on topic: conductor {{(pid=98906) start /opt/stack/nova/nova/service.py:196}}
Jul 12 15:19:22.189291 np0000005096 nova-conductor[98916]: DEBUG dbcounter [-] [98916] Writer thread running {{(pid=98916) stat_writer /opt/stack/data/venv/lib/python3.12/site-packages/dbcounter.py:102}}
Jul 12 15:19:22.190768 np0000005096 nova-conductor[98893]: DEBUG nova.service [None req-63a189bf-991d-4dad-bacd-7af1ae7ecf70 None None] Creating RPC server for service: nova-conductor on topic: conductor {{(pid=98893) start /opt/stack/nova/nova/service.py:196}}
Jul 12 15:19:22.192090 np0000005096 nova-conductor[98916]: DEBUG nova.service [None req-3082e137-32a3-42ca-b290-7523f648d817 None None] Creating RPC server for service: nova-conductor on topic: conductor {{(pid=98916) start /opt/stack/nova/nova/service.py:196}}
Jul 12 15:19:22.213604 np0000005096 nova-conductor[98916]: DEBUG nova.service [None req-3082e137-32a3-42ca-b290-7523f648d817 None None] Join ServiceGroup membership for this service conductor {{(pid=98916) start /opt/stack/nova/nova/service.py:222}}
Jul 12 15:19:22.213676 np0000005096 nova-conductor[98893]: DEBUG nova.service [None req-63a189bf-991d-4dad-bacd-7af1ae7ecf70 None None] Join ServiceGroup membership for this service conductor {{(pid=98893) start /opt/stack/nova/nova/service.py:222}}
Jul 12 15:19:22.213771 np0000005096 nova-conductor[98906]: DEBUG nova.service [None req-6de68a23-adff-4dab-a1f5-7c81e0996725 None None] Join ServiceGroup membership for this service conductor {{(pid=98906) start /opt/stack/nova/nova/service.py:222}}
Jul 12 15:19:22.213843 np0000005096 nova-conductor[98916]: DEBUG nova.servicegroup.drivers.db [None req-3082e137-32a3-42ca-b290-7523f648d817 None None] DB_Driver: join new ServiceGroup member np0000005096 to the conductor group, service = {{(pid=98916) join /opt/stack/nova/nova/servicegroup/drivers/db.py:44}}
Jul 12 15:19:22.213881 np0000005096 nova-conductor[98893]: DEBUG nova.servicegroup.drivers.db [None req-63a189bf-991d-4dad-bacd-7af1ae7ecf70 None None] DB_Driver: join new ServiceGroup member np0000005096 to the conductor group, service = {{(pid=98893) join /opt/stack/nova/nova/servicegroup/drivers/db.py:44}}
Jul 12 15:19:22.214104 np0000005096 nova-conductor[98906]: DEBUG nova.servicegroup.drivers.db [None req-6de68a23-adff-4dab-a1f5-7c81e0996725 None None] DB_Driver: join new ServiceGroup member np0000005096 to the conductor group, service = {{(pid=98906) join /opt/stack/nova/nova/servicegroup/drivers/db.py:44}}
Jul 12 15:19:22.215453 np0000005096 nova-conductor[98923]: DEBUG oslo_db.sqlalchemy.engines [None req-46f42e10-61f8-4653-8db4-037cca577153 None None] MySQL server mode set to STRICT_TRANS_TABLES,STRICT_ALL_TABLES,NO_ZERO_IN_DATE,NO_ZERO_DATE,ERROR_FOR_DIVISION_BY_ZERO,TRADITIONAL,NO_ENGINE_SUBSTITUTION {{(pid=98923) _check_effective_sql_mode /opt/stack/data/venv/lib/python3.12/site-packages/oslo_db/sqlalchemy/engines.py:325}}
Jul 12 15:19:22.224727 np0000005096 nova-conductor[98923]: DEBUG dbcounter [-] [98923] Writer thread running {{(pid=98923) stat_writer /opt/stack/data/venv/lib/python3.12/site-packages/dbcounter.py:102}}
Jul 12 15:19:22.227699 np0000005096 nova-conductor[98923]: DEBUG nova.service [None req-46f42e10-61f8-4653-8db4-037cca577153 None None] Creating RPC server for service: nova-conductor on topic: conductor {{(pid=98923) start /opt/stack/nova/nova/service.py:196}}
Jul 12 15:19:22.244616 np0000005096 nova-conductor[98923]: DEBUG nova.service [None req-46f42e10-61f8-4653-8db4-037cca577153 None None] Join ServiceGroup membership for this service conductor {{(pid=98923) start /opt/stack/nova/nova/service.py:222}}
Jul 12 15:19:22.244795 np0000005096 nova-conductor[98923]: DEBUG nova.servicegroup.drivers.db [None req-46f42e10-61f8-4653-8db4-037cca577153 None None] DB_Driver: join new ServiceGroup member np0000005096 to the conductor group, service = {{(pid=98923) join /opt/stack/nova/nova/servicegroup/drivers/db.py:44}}
Jul 12 15:19:27.219353 np0000005096 nova-conductor[98916]: DEBUG oslo.service.backend._threading.loopingcall [None req-5f2a9f36-e09f-4242-8a79-adc4cc7ab853 None None] Dynamic interval looping call 'nova.service.Service.periodic_tasks' sleeping for 60.00 seconds {{(pid=98916) _run_loop /opt/stack/data/venv/lib/python3.12/site-packages/oslo_service/backend/_threading/loopingcall.py:125}}
Jul 12 15:19:27.229437 np0000005096 nova-conductor[98893]: DEBUG oslo.service.backend._threading.loopingcall [-] Fixed interval looping call 'nova.servicegroup.drivers.db.DbDriver._report_state' sleeping for 119.99 seconds {{(pid=98893) _run_loop /opt/stack/data/venv/lib/python3.12/site-packages/oslo_service/backend/_threading/loopingcall.py:125}}
Jul 12 15:19:27.230126 np0000005096 nova-conductor[98916]: DEBUG oslo.service.backend._threading.loopingcall [-] Fixed interval looping call 'nova.servicegroup.drivers.db.DbDriver._report_state' sleeping for 119.99 seconds {{(pid=98916) _run_loop /opt/stack/data/venv/lib/python3.12/site-packages/oslo_service/backend/_threading/loopingcall.py:125}}
Jul 12 15:19:27.234098 np0000005096 nova-conductor[98906]: DEBUG oslo.service.backend._threading.loopingcall [-] Fixed interval looping call 'nova.servicegroup.drivers.db.DbDriver._report_state' sleeping for 119.98 seconds {{(pid=98906) _run_loop /opt/stack/data/venv/lib/python3.12/site-packages/oslo_service/backend/_threading/loopingcall.py:125}}
Jul 12 15:19:27.257639 np0000005096 nova-conductor[98923]: DEBUG oslo.service.backend._threading.loopingcall [-] Fixed interval looping call 'nova.servicegroup.drivers.db.DbDriver._report_state' sleeping for 119.99 seconds {{(pid=98923) _run_loop /opt/stack/data/venv/lib/python3.12/site-packages/oslo_service/backend/_threading/loopingcall.py:125}}
Jul 12 15:19:30.772091 np0000005096 nova-conductor[97445]: DEBUG dbcounter [-] [97445] Writing DB stats nova_api:SELECT=1 {{(pid=97445) stat_writer /opt/stack/data/venv/lib/python3.12/site-packages/dbcounter.py:115}}
Jul 12 15:19:30.915033 np0000005096 nova-conductor[97445]: DEBUG dbcounter [-] [97445] Writing DB stats nova_cell1:SELECT=1 {{(pid=97445) stat_writer /opt/stack/data/venv/lib/python3.12/site-packages/dbcounter.py:115}}
Jul 12 15:19:30.919911 np0000005096 nova-conductor[97445]: DEBUG dbcounter [-] [97445] Writing DB stats nova_cell0:SELECT=1 {{(pid=97445) stat_writer /opt/stack/data/venv/lib/python3.12/site-packages/dbcounter.py:115}}
Jul 12 15:19:37.224547 np0000005096 nova-conductor[98893]: DEBUG dbcounter [-] [98893] Writing DB stats nova_cell0:SELECT=5,nova_cell0:INSERT=1,nova_cell0:UPDATE=1 {{(pid=98893) stat_writer /opt/stack/data/venv/lib/python3.12/site-packages/dbcounter.py:115}}
Jul 12 15:19:37.226537 np0000005096 nova-conductor[98906]: DEBUG dbcounter [-] [98906] Writing DB stats nova_cell0:SELECT=4,nova_cell0:INSERT=1,nova_cell0:UPDATE=1 {{(pid=98906) stat_writer /opt/stack/data/venv/lib/python3.12/site-packages/dbcounter.py:115}}
Jul 12 15:19:37.226844 np0000005096 nova-conductor[98916]: DEBUG dbcounter [-] [98916] Writing DB stats nova_cell0:SELECT=3,nova_cell0:UPDATE=1 {{(pid=98916) stat_writer /opt/stack/data/venv/lib/python3.12/site-packages/dbcounter.py:115}}
Jul 12 15:19:37.257083 np0000005096 nova-conductor[98923]: DEBUG dbcounter [-] [98923] Writing DB stats nova_cell0:SELECT=3 {{(pid=98923) stat_writer /opt/stack/data/venv/lib/python3.12/site-packages/dbcounter.py:115}}
Jul 12 15:19:45.216443 np0000005096 nova-conductor[98906]: DEBUG oslo.service.backend._threading.loopingcall [None req-350c5212-1ed3-4ae6-a69f-db19990bea85 None None] Dynamic interval looping call 'nova.service.Service.periodic_tasks' sleeping for 60.00 seconds {{(pid=98906) _run_loop /opt/stack/data/venv/lib/python3.12/site-packages/oslo_service/backend/_threading/loopingcall.py:125}}
Jul 12 15:20:00.216179 np0000005096 nova-conductor[98893]: DEBUG oslo.service.backend._threading.loopingcall [None req-009daa01-ac4f-4f82-98aa-3dcc1909a47e None None] Dynamic interval looping call 'nova.service.Service.periodic_tasks' sleeping for 60.00 seconds {{(pid=98893) _run_loop /opt/stack/data/venv/lib/python3.12/site-packages/oslo_service/backend/_threading/loopingcall.py:125}}
Jul 12 15:20:18.247214 np0000005096 nova-conductor[98923]: DEBUG oslo.service.backend._threading.loopingcall [None req-c1615db8-0b4d-4f5d-b5bb-2aeed9428864 None None] Dynamic interval looping call 'nova.service.Service.periodic_tasks' sleeping for 60.00 seconds {{(pid=98923) _run_loop /opt/stack/data/venv/lib/python3.12/site-packages/oslo_service/backend/_threading/loopingcall.py:125}}
Jul 12 15:20:27.219926 np0000005096 nova-conductor[98916]: DEBUG oslo.service.backend._threading.loopingcall [None req-5f2a9f36-e09f-4242-8a79-adc4cc7ab853 None None] Dynamic interval looping call 'nova.service.Service.periodic_tasks' sleeping for 60.00 seconds {{(pid=98916) _run_loop /opt/stack/data/venv/lib/python3.12/site-packages/oslo_service/backend/_threading/loopingcall.py:125}}
Jul 12 15:20:45.217033 np0000005096 nova-conductor[98906]: DEBUG oslo.service.backend._threading.loopingcall [None req-350c5212-1ed3-4ae6-a69f-db19990bea85 None None] Dynamic interval looping call 'nova.service.Service.periodic_tasks' sleeping for 60.00 seconds {{(pid=98906) _run_loop /opt/stack/data/venv/lib/python3.12/site-packages/oslo_service/backend/_threading/loopingcall.py:125}}
Jul 12 15:21:00.216632 np0000005096 nova-conductor[98893]: DEBUG oslo.service.backend._threading.loopingcall [None req-009daa01-ac4f-4f82-98aa-3dcc1909a47e None None] Dynamic interval looping call 'nova.service.Service.periodic_tasks' sleeping for 60.00 seconds {{(pid=98893) _run_loop /opt/stack/data/venv/lib/python3.12/site-packages/oslo_service/backend/_threading/loopingcall.py:125}}
Jul 12 15:21:18.247608 np0000005096 nova-conductor[98923]: DEBUG oslo.service.backend._threading.loopingcall [None req-c1615db8-0b4d-4f5d-b5bb-2aeed9428864 None None] Dynamic interval looping call 'nova.service.Service.periodic_tasks' sleeping for 60.00 seconds {{(pid=98923) _run_loop /opt/stack/data/venv/lib/python3.12/site-packages/oslo_service/backend/_threading/loopingcall.py:125}}
Jul 12 15:21:27.220455 np0000005096 nova-conductor[98916]: DEBUG oslo.service.backend._threading.loopingcall [None req-5f2a9f36-e09f-4242-8a79-adc4cc7ab853 None None] Dynamic interval looping call 'nova.service.Service.periodic_tasks' sleeping for 60.00 seconds {{(pid=98916) _run_loop /opt/stack/data/venv/lib/python3.12/site-packages/oslo_service/backend/_threading/loopingcall.py:125}}
Jul 12 15:21:27.221841 np0000005096 nova-conductor[98906]: DEBUG oslo.service.backend._threading.loopingcall [-] Fixed interval looping call 'nova.servicegroup.drivers.db.DbDriver._report_state' sleeping for 119.99 seconds {{(pid=98906) _run_loop /opt/stack/data/venv/lib/python3.12/site-packages/oslo_service/backend/_threading/loopingcall.py:125}}
Jul 12 15:21:27.225347 np0000005096 nova-conductor[98916]: DEBUG oslo.service.backend._threading.loopingcall [-] Fixed interval looping call 'nova.servicegroup.drivers.db.DbDriver._report_state' sleeping for 120.00 seconds {{(pid=98916) _run_loop /opt/stack/data/venv/lib/python3.12/site-packages/oslo_service/backend/_threading/loopingcall.py:125}}
Jul 12 15:21:27.225871 np0000005096 nova-conductor[98893]: DEBUG oslo.service.backend._threading.loopingcall [-] Fixed interval looping call 'nova.servicegroup.drivers.db.DbDriver._report_state' sleeping for 119.99 seconds {{(pid=98893) _run_loop /opt/stack/data/venv/lib/python3.12/site-packages/oslo_service/backend/_threading/loopingcall.py:125}}
Jul 12 15:21:27.251705 np0000005096 nova-conductor[98923]: DEBUG oslo.service.backend._threading.loopingcall [-] Fixed interval looping call 'nova.servicegroup.drivers.db.DbDriver._report_state' sleeping for 120.00 seconds {{(pid=98923) _run_loop /opt/stack/data/venv/lib/python3.12/site-packages/oslo_service/backend/_threading/loopingcall.py:125}}
Jul 12 15:21:37.217521 np0000005096 nova-conductor[98906]: DEBUG dbcounter [-] [98906] Writing DB stats nova_cell0:SELECT=1,nova_cell0:UPDATE=1 {{(pid=98906) stat_writer /opt/stack/data/venv/lib/python3.12/site-packages/dbcounter.py:115}}
Jul 12 15:21:37.222768 np0000005096 nova-conductor[98893]: DEBUG dbcounter [-] [98893] Writing DB stats nova_cell0:SELECT=1 {{(pid=98893) stat_writer /opt/stack/data/venv/lib/python3.12/site-packages/dbcounter.py:115}}
Jul 12 15:21:37.223317 np0000005096 nova-conductor[98916]: DEBUG dbcounter [-] [98916] Writing DB stats nova_cell0:SELECT=1 {{(pid=98916) stat_writer /opt/stack/data/venv/lib/python3.12/site-packages/dbcounter.py:115}}
Jul 12 15:21:37.250299 np0000005096 nova-conductor[98923]: DEBUG dbcounter [-] [98923] Writing DB stats nova_cell0:SELECT=1 {{(pid=98923) stat_writer /opt/stack/data/venv/lib/python3.12/site-packages/dbcounter.py:115}}
Jul 12 15:21:45.218760 np0000005096 nova-conductor[98906]: DEBUG oslo.service.backend._threading.loopingcall [None req-350c5212-1ed3-4ae6-a69f-db19990bea85 None None] Dynamic interval looping call 'nova.service.Service.periodic_tasks' sleeping for 60.00 seconds {{(pid=98906) _run_loop /opt/stack/data/venv/lib/python3.12/site-packages/oslo_service/backend/_threading/loopingcall.py:125}}
Jul 12 15:21:46.138059 np0000005096 nova-conductor[98893]: DEBUG oslo_db.sqlalchemy.engines [None req-919863a0-b7e9-40a7-abbc-7d3694898dae tempest-ServersNegativeTestJSON-62531554 tempest-ServersNegativeTestJSON-62531554-project-member] Parent process 97445 forked (98893) with an open database connection, which is being discarded and recreated. {{(pid=98893) checkout /opt/stack/data/venv/lib/python3.12/site-packages/oslo_db/sqlalchemy/engines.py:402}}
Jul 12 15:21:46.197937 np0000005096 nova-conductor[98893]: DEBUG dbcounter [-] [98893] Writer thread running {{(pid=98893) stat_writer /opt/stack/data/venv/lib/python3.12/site-packages/dbcounter.py:102}}
Jul 12 15:21:47.221794 np0000005096 nova-conductor[98893]: DEBUG nova.conductor.manager [None req-919863a0-b7e9-40a7-abbc-7d3694898dae tempest-ServersNegativeTestJSON-62531554 tempest-ServersNegativeTestJSON-62531554-project-member] Took 1.02 seconds to select destinations for 1 instance(s). {{(pid=98893) _schedule_instances /opt/stack/nova/nova/conductor/manager.py:968}}
Jul 12 15:21:47.257449 np0000005096 nova-conductor[98893]: DEBUG oslo_concurrency.lockutils [None req-919863a0-b7e9-40a7-abbc-7d3694898dae tempest-ServersNegativeTestJSON-62531554 tempest-ServersNegativeTestJSON-62531554-project-member] Acquiring lock "0a0fbe84-b27c-4af1-81c2-f48bcaf880c9" by "nova.context.set_target_cell..get_or_set_cached_cell_and_set_connections" {{(pid=98893) inner /opt/stack/data/venv/lib/python3.12/site-packages/oslo_concurrency/lockutils.py:511}}
Jul 12 15:21:47.257576 np0000005096 nova-conductor[98893]: DEBUG oslo_concurrency.lockutils [None req-919863a0-b7e9-40a7-abbc-7d3694898dae tempest-ServersNegativeTestJSON-62531554 tempest-ServersNegativeTestJSON-62531554-project-member] Lock "0a0fbe84-b27c-4af1-81c2-f48bcaf880c9" acquired by "nova.context.set_target_cell..get_or_set_cached_cell_and_set_connections" :: waited 0.000s {{(pid=98893) inner /opt/stack/data/venv/lib/python3.12/site-packages/oslo_concurrency/lockutils.py:524}}
Jul 12 15:21:47.259036 np0000005096 nova-conductor[98893]: DEBUG oslo_concurrency.lockutils [None req-919863a0-b7e9-40a7-abbc-7d3694898dae tempest-ServersNegativeTestJSON-62531554 tempest-ServersNegativeTestJSON-62531554-project-member] Lock "0a0fbe84-b27c-4af1-81c2-f48bcaf880c9" "released" by "nova.context.set_target_cell..get_or_set_cached_cell_and_set_connections" :: held 0.001s {{(pid=98893) inner /opt/stack/data/venv/lib/python3.12/site-packages/oslo_concurrency/lockutils.py:543}}
Jul 12 15:21:47.261475 np0000005096 nova-conductor[98893]: INFO dbcounter [None req-919863a0-b7e9-40a7-abbc-7d3694898dae tempest-ServersNegativeTestJSON-62531554 tempest-ServersNegativeTestJSON-62531554-project-member] Registered counter for database nova_cell1
Jul 12 15:21:47.305271 np0000005096 nova-conductor[98893]: DEBUG oslo_db.sqlalchemy.engines [None req-919863a0-b7e9-40a7-abbc-7d3694898dae tempest-ServersNegativeTestJSON-62531554 tempest-ServersNegativeTestJSON-62531554-project-member] MySQL server mode set to STRICT_TRANS_TABLES,STRICT_ALL_TABLES,NO_ZERO_IN_DATE,NO_ZERO_DATE,ERROR_FOR_DIVISION_BY_ZERO,TRADITIONAL,NO_ENGINE_SUBSTITUTION {{(pid=98893) _check_effective_sql_mode /opt/stack/data/venv/lib/python3.12/site-packages/oslo_db/sqlalchemy/engines.py:325}}
Jul 12 15:21:47.311924 np0000005096 nova-conductor[98893]: DEBUG dbcounter [-] [98893] Writer thread running {{(pid=98893) stat_writer /opt/stack/data/venv/lib/python3.12/site-packages/dbcounter.py:102}}
Jul 12 15:21:47.380389 np0000005096 nova-conductor[98893]: INFO nova.utils [None req-919863a0-b7e9-40a7-abbc-7d3694898dae tempest-ServersNegativeTestJSON-62531554 tempest-ServersNegativeTestJSON-62531554-project-member] The cell worker thread pool ForkProcess-1.cell_worker is initialized
Jul 12 15:21:47.380671 np0000005096 nova-conductor[98893]: DEBUG oslo_concurrency.lockutils [None req-919863a0-b7e9-40a7-abbc-7d3694898dae tempest-ServersNegativeTestJSON-62531554 tempest-ServersNegativeTestJSON-62531554-project-member] Acquiring lock "00000000-0000-0000-0000-000000000000" by "nova.context.set_target_cell..get_or_set_cached_cell_and_set_connections" {{(pid=98893) inner /opt/stack/data/venv/lib/python3.12/site-packages/oslo_concurrency/lockutils.py:511}}
Jul 12 15:21:47.380921 np0000005096 nova-conductor[98893]: DEBUG oslo_concurrency.lockutils [None req-919863a0-b7e9-40a7-abbc-7d3694898dae tempest-ServersNegativeTestJSON-62531554 tempest-ServersNegativeTestJSON-62531554-project-member] Lock "00000000-0000-0000-0000-000000000000" acquired by "nova.context.set_target_cell..get_or_set_cached_cell_and_set_connections" :: waited 0.000s {{(pid=98893) inner /opt/stack/data/venv/lib/python3.12/site-packages/oslo_concurrency/lockutils.py:524}}
Jul 12 15:21:47.381602 np0000005096 nova-conductor[98893]: DEBUG oslo_concurrency.lockutils [None req-919863a0-b7e9-40a7-abbc-7d3694898dae tempest-ServersNegativeTestJSON-62531554 tempest-ServersNegativeTestJSON-62531554-project-member] Lock "00000000-0000-0000-0000-000000000000" "released" by "nova.context.set_target_cell..get_or_set_cached_cell_and_set_connections" :: held 0.000s {{(pid=98893) inner /opt/stack/data/venv/lib/python3.12/site-packages/oslo_concurrency/lockutils.py:543}}
Jul 12 15:21:47.381995 np0000005096 nova-conductor[98893]: DEBUG oslo_concurrency.lockutils [None req-919863a0-b7e9-40a7-abbc-7d3694898dae tempest-ServersNegativeTestJSON-62531554 tempest-ServersNegativeTestJSON-62531554-project-member] Acquiring lock "0a0fbe84-b27c-4af1-81c2-f48bcaf880c9" by "nova.context.set_target_cell..get_or_set_cached_cell_and_set_connections" {{(pid=98893) inner /opt/stack/data/venv/lib/python3.12/site-packages/oslo_concurrency/lockutils.py:511}}
