Jul 11 23:38:15.831711 np0000005087 devstack@c-api.service[96949]: DEBUG cinder.api.middleware.request_id [req-062d6c3c-bd4f-4bf4-9c79-d2b2f46e1dc9 req-cbecf1b5-0404-46bf-993f-3bb862d99df6 None None] RequestId filter calling following filter/app {{(pid=96949) _context_setter /opt/stack/cinder/cinder/api/middleware/request_id.py:62}}
Jul 11 23:38:15.835809 np0000005087 devstack@c-api.service[96949]: INFO cinder.api.openstack.wsgi [req-062d6c3c-bd4f-4bf4-9c79-d2b2f46e1dc9 req-cbecf1b5-0404-46bf-993f-3bb862d99df6 tempest-AttachSCSIVolumeTestJSON-1419865661 tempest-AttachSCSIVolumeTestJSON-1419865661-project-member] GET https://10.4.3.191/volume/v3/volumes/324c8661-ed65-4287-8bd0-b7fa4cb2d69d
Jul 11 23:38:15.837617 np0000005087 devstack@c-api.service[96949]: DEBUG cinder.api.openstack.wsgi [req-062d6c3c-bd4f-4bf4-9c79-d2b2f46e1dc9 req-cbecf1b5-0404-46bf-993f-3bb862d99df6 tempest-AttachSCSIVolumeTestJSON-1419865661 tempest-AttachSCSIVolumeTestJSON-1419865661-project-member] Empty body provided in request {{(pid=96949) get_body /opt/stack/cinder/cinder/api/openstack/wsgi.py:725}}
Jul 11 23:38:15.837617 np0000005087 devstack@c-api.service[96949]: DEBUG cinder.api.openstack.wsgi [req-062d6c3c-bd4f-4bf4-9c79-d2b2f46e1dc9 req-cbecf1b5-0404-46bf-993f-3bb862d99df6 tempest-AttachSCSIVolumeTestJSON-1419865661 tempest-AttachSCSIVolumeTestJSON-1419865661-project-member] Calling method 'show' {{(pid=96949) _process_stack /opt/stack/cinder/cinder/api/openstack/wsgi.py:878}}
Jul 11 23:38:15.884294 np0000005087 devstack@c-api.service[96949]: /opt/stack/data/venv/lib/python3.12/site-packages/oslo_context/context.py:102: DeprecationWarning: Policy enforcement is depending on the value of is_admin. This key is deprecated. Please update your policy file to use the standard policy values.
Jul 11 23:38:15.884294 np0000005087 devstack@c-api.service[96949]: warnings.warn(
Jul 11 23:38:15.887244 np0000005087 devstack@c-api.service[96951]: DEBUG cinder.api.middleware.request_id [None req-02fc3cde-a002-445f-91c8-b33b742bc2ed None None] RequestId filter calling following filter/app {{(pid=96951) _context_setter /opt/stack/cinder/cinder/api/middleware/request_id.py:62}}
Jul 11 23:38:15.889968 np0000005087 devstack@c-api.service[96951]: INFO cinder.api.openstack.wsgi [None req-02fc3cde-a002-445f-91c8-b33b742bc2ed tempest-VolumesAssistedSnapshotsTest-806673224 tempest-VolumesAssistedSnapshotsTest-806673224-project-admin] GET https://10.4.3.191/volume/v3/volumes/c7e55b6d-f553-4222-b124-a55f89c46aa1
Jul 11 23:38:15.890352 np0000005087 devstack@c-api.service[96951]: DEBUG cinder.api.openstack.wsgi [None req-02fc3cde-a002-445f-91c8-b33b742bc2ed tempest-VolumesAssistedSnapshotsTest-806673224 tempest-VolumesAssistedSnapshotsTest-806673224-project-admin] Empty body provided in request {{(pid=96951) get_body /opt/stack/cinder/cinder/api/openstack/wsgi.py:725}}
Jul 11 23:38:15.890814 np0000005087 devstack@c-api.service[96951]: DEBUG cinder.api.openstack.wsgi [None req-02fc3cde-a002-445f-91c8-b33b742bc2ed tempest-VolumesAssistedSnapshotsTest-806673224 tempest-VolumesAssistedSnapshotsTest-806673224-project-admin] Calling method 'show' {{(pid=96951) _process_stack /opt/stack/cinder/cinder/api/openstack/wsgi.py:878}}
Jul 11 23:38:15.902651 np0000005087 devstack@c-api.service[96949]: INFO cinder.volume.api [req-062d6c3c-bd4f-4bf4-9c79-d2b2f46e1dc9 req-cbecf1b5-0404-46bf-993f-3bb862d99df6 tempest-AttachSCSIVolumeTestJSON-1419865661 tempest-AttachSCSIVolumeTestJSON-1419865661-project-member] Volume info retrieved successfully.
Jul 11 23:38:15.912589 np0000005087 devstack@c-api.service[96951]: INFO cinder.api.openstack.wsgi [None req-02fc3cde-a002-445f-91c8-b33b742bc2ed tempest-VolumesAssistedSnapshotsTest-806673224 tempest-VolumesAssistedSnapshotsTest-806673224-project-admin] https://10.4.3.191/volume/v3/volumes/c7e55b6d-f553-4222-b124-a55f89c46aa1 returned with HTTP 404
Jul 11 23:38:15.915074 np0000005087 devstack@c-api.service[96951]: [pid: 96951|app: 0|req: 145/426] 10.4.3.191 () {66 vars in 1348 bytes} [Sat Jul 11 23:38:15 2026] GET /volume/v3/volumes/c7e55b6d-f553-4222-b124-a55f89c46aa1 => generated 109 bytes in 27 msecs (HTTP/1.1 404) 7 headers in 292 bytes (1 switches on core 0)
Jul 11 23:38:15.920816 np0000005087 devstack@c-api.service[96949]: INFO cinder.api.openstack.wsgi [req-062d6c3c-bd4f-4bf4-9c79-d2b2f46e1dc9 req-cbecf1b5-0404-46bf-993f-3bb862d99df6 tempest-AttachSCSIVolumeTestJSON-1419865661 tempest-AttachSCSIVolumeTestJSON-1419865661-project-member] https://10.4.3.191/volume/v3/volumes/324c8661-ed65-4287-8bd0-b7fa4cb2d69d returned with HTTP 200
Jul 11 23:38:15.920816 np0000005087 devstack@c-api.service[96949]: [pid: 96949|app: 0|req: 139/427] 10.4.3.191 () {70 vars in 1639 bytes} [Sat Jul 11 23:38:15 2026] GET /volume/v3/volumes/324c8661-ed65-4287-8bd0-b7fa4cb2d69d => generated 1323 bytes in 88 msecs (HTTP/1.1 200) 7 headers in 287 bytes (1 switches on core 0)
Jul 11 23:38:16.331171 np0000005087 devstack@c-api.service[96950]: DEBUG cinder.api.middleware.request_id [None req-c998cb50-291c-43d1-b84d-9d224f280ae9 None None] RequestId filter calling following filter/app {{(pid=96950) _context_setter /opt/stack/cinder/cinder/api/middleware/request_id.py:62}}
Jul 11 23:38:16.336550 np0000005087 devstack@c-api.service[96950]: INFO cinder.api.openstack.wsgi [None req-c998cb50-291c-43d1-b84d-9d224f280ae9 tempest-UserMessagesTest-1231279735 tempest-UserMessagesTest-1231279735-project-member] GET https://10.4.3.191/volume/v3/volumes/524015dd-c479-4f7e-bf20-8f81e09a6454
Jul 11 23:38:16.336925 np0000005087 devstack@c-api.service[96950]: DEBUG cinder.api.openstack.wsgi [None req-c998cb50-291c-43d1-b84d-9d224f280ae9 tempest-UserMessagesTest-1231279735 tempest-UserMessagesTest-1231279735-project-member] Empty body provided in request {{(pid=96950) get_body /opt/stack/cinder/cinder/api/openstack/wsgi.py:725}}
Jul 11 23:38:16.337303 np0000005087 devstack@c-api.service[96950]: DEBUG cinder.api.openstack.wsgi [None req-c998cb50-291c-43d1-b84d-9d224f280ae9 tempest-UserMessagesTest-1231279735 tempest-UserMessagesTest-1231279735-project-member] Calling method 'show' {{(pid=96950) _process_stack /opt/stack/cinder/cinder/api/openstack/wsgi.py:878}}
Jul 11 23:38:16.345741 np0000005087 devstack@c-api.service[96951]: DEBUG cinder.api.middleware.request_id [req-062d6c3c-bd4f-4bf4-9c79-d2b2f46e1dc9 req-b53327d6-cc2c-44a7-af28-6c859e7e8118 None None] RequestId filter calling following filter/app {{(pid=96951) _context_setter /opt/stack/cinder/cinder/api/middleware/request_id.py:62}}
Jul 11 23:38:16.349626 np0000005087 devstack@c-api.service[96950]: /opt/stack/data/venv/lib/python3.12/site-packages/oslo_context/context.py:102: DeprecationWarning: Policy enforcement is depending on the value of is_admin. This key is deprecated. Please update your policy file to use the standard policy values.
Jul 11 23:38:16.349626 np0000005087 devstack@c-api.service[96950]: warnings.warn(
Jul 11 23:38:16.350357 np0000005087 devstack@c-api.service[96951]: INFO cinder.api.openstack.wsgi [req-062d6c3c-bd4f-4bf4-9c79-d2b2f46e1dc9 req-b53327d6-cc2c-44a7-af28-6c859e7e8118 tempest-AttachSCSIVolumeTestJSON-1419865661 tempest-AttachSCSIVolumeTestJSON-1419865661-project-member] DELETE https://10.4.3.191/volume/v3/attachments/033c5f08-b00d-4a76-9534-92e961f6ed6e
Jul 11 23:38:16.350752 np0000005087 devstack@c-api.service[96951]: DEBUG cinder.api.openstack.wsgi [req-062d6c3c-bd4f-4bf4-9c79-d2b2f46e1dc9 req-b53327d6-cc2c-44a7-af28-6c859e7e8118 tempest-AttachSCSIVolumeTestJSON-1419865661 tempest-AttachSCSIVolumeTestJSON-1419865661-project-member] Empty body provided in request {{(pid=96951) get_body /opt/stack/cinder/cinder/api/openstack/wsgi.py:725}}
Jul 11 23:38:16.351295 np0000005087 devstack@c-api.service[96951]: DEBUG cinder.api.openstack.wsgi [req-062d6c3c-bd4f-4bf4-9c79-d2b2f46e1dc9 req-b53327d6-cc2c-44a7-af28-6c859e7e8118 tempest-AttachSCSIVolumeTestJSON-1419865661 tempest-AttachSCSIVolumeTestJSON-1419865661-project-member] Calling method 'version_select' {{(pid=96951) _process_stack /opt/stack/cinder/cinder/api/openstack/wsgi.py:878}}
Jul 11 23:38:16.358410 np0000005087 devstack@c-api.service[96950]: INFO cinder.volume.api [None req-c998cb50-291c-43d1-b84d-9d224f280ae9 tempest-UserMessagesTest-1231279735 tempest-UserMessagesTest-1231279735-project-member] Volume info retrieved successfully.
Jul 11 23:38:16.370578 np0000005087 devstack@c-api.service[96950]: INFO cinder.api.openstack.wsgi [None req-c998cb50-291c-43d1-b84d-9d224f280ae9 tempest-UserMessagesTest-1231279735 tempest-UserMessagesTest-1231279735-project-member] https://10.4.3.191/volume/v3/volumes/524015dd-c479-4f7e-bf20-8f81e09a6454 returned with HTTP 200
Jul 11 23:38:16.371173 np0000005087 devstack@c-api.service[96950]: [pid: 96950|app: 0|req: 144/428] 10.4.3.191 () {68 vars in 1388 bytes} [Sat Jul 11 23:38:16 2026] GET /volume/v3/volumes/524015dd-c479-4f7e-bf20-8f81e09a6454 => generated 873 bytes in 41 msecs (HTTP/1.1 200) 7 headers in 285 bytes (1 switches on core 0)
Jul 11 23:38:16.377575 np0000005087 devstack@c-api.service[96951]: /opt/stack/data/venv/lib/python3.12/site-packages/oslo_context/context.py:102: DeprecationWarning: Policy enforcement is depending on the value of is_admin. This key is deprecated. Please update your policy file to use the standard policy values.
Jul 11 23:38:16.377575 np0000005087 devstack@c-api.service[96951]: warnings.warn(
Jul 11 23:38:16.396506 np0000005087 devstack@c-api.service[96949]: DEBUG cinder.api.middleware.request_id [None req-983ba4f8-f78d-4793-a3f6-a2bc75bf532e None None] RequestId filter calling following filter/app {{(pid=96949) _context_setter /opt/stack/cinder/cinder/api/middleware/request_id.py:62}}
Jul 11 23:38:16.405358 np0000005087 devstack@c-api.service[96949]: INFO cinder.api.openstack.wsgi [None req-983ba4f8-f78d-4793-a3f6-a2bc75bf532e tempest-UserMessagesTest-1231279735 tempest-UserMessagesTest-1231279735-project-member] GET https://10.4.3.191/volume/v3/messages
Jul 11 23:38:16.408011 np0000005087 devstack@c-api.service[96949]: DEBUG cinder.api.openstack.wsgi [None req-983ba4f8-f78d-4793-a3f6-a2bc75bf532e tempest-UserMessagesTest-1231279735 tempest-UserMessagesTest-1231279735-project-member] Empty body provided in request {{(pid=96949) get_body /opt/stack/cinder/cinder/api/openstack/wsgi.py:725}}
Jul 11 23:38:16.408371 np0000005087 devstack@c-api.service[96949]: DEBUG cinder.api.openstack.wsgi [None req-983ba4f8-f78d-4793-a3f6-a2bc75bf532e tempest-UserMessagesTest-1231279735 tempest-UserMessagesTest-1231279735-project-member] Calling method 'version_select' {{(pid=96949) _process_stack /opt/stack/cinder/cinder/api/openstack/wsgi.py:878}}
Jul 11 23:38:16.422349 np0000005087 devstack@c-api.service[96949]: INFO cinder.api.openstack.wsgi [None req-983ba4f8-f78d-4793-a3f6-a2bc75bf532e tempest-UserMessagesTest-1231279735 tempest-UserMessagesTest-1231279735-project-member] https://10.4.3.191/volume/v3/messages returned with HTTP 200
Jul 11 23:38:16.423064 np0000005087 devstack@c-api.service[96949]: [pid: 96949|app: 0|req: 140/429] 10.4.3.191 () {68 vars in 1280 bytes} [Sat Jul 11 23:38:16 2026] GET /volume/v3/messages => generated 670 bytes in 28 msecs (HTTP/1.1 200) 7 headers in 285 bytes (1 switches on core 0)
Jul 11 23:38:16.439131 np0000005087 devstack@c-api.service[96950]: DEBUG cinder.api.middleware.request_id [None req-6cbd0e83-03ea-4fa9-b6bc-fc98b32ca0cf None None] RequestId filter calling following filter/app {{(pid=96950) _context_setter /opt/stack/cinder/cinder/api/middleware/request_id.py:62}}
Jul 11 23:38:16.442179 np0000005087 devstack@c-api.service[96950]: INFO cinder.api.openstack.wsgi [None req-6cbd0e83-03ea-4fa9-b6bc-fc98b32ca0cf tempest-UserMessagesTest-1231279735 tempest-UserMessagesTest-1231279735-project-member] GET https://10.4.3.191/volume/v3/messages/f204eef1-977e-4661-b7d9-5289eee98a96
Jul 11 23:38:16.442179 np0000005087 devstack@c-api.service[96950]: DEBUG cinder.api.openstack.wsgi [None req-6cbd0e83-03ea-4fa9-b6bc-fc98b32ca0cf tempest-UserMessagesTest-1231279735 tempest-UserMessagesTest-1231279735-project-member] Empty body provided in request {{(pid=96950) get_body /opt/stack/cinder/cinder/api/openstack/wsgi.py:725}}
Jul 11 23:38:16.442989 np0000005087 devstack@c-api.service[96950]: DEBUG cinder.api.openstack.wsgi [None req-6cbd0e83-03ea-4fa9-b6bc-fc98b32ca0cf tempest-UserMessagesTest-1231279735 tempest-UserMessagesTest-1231279735-project-member] Calling method 'version_select' {{(pid=96950) _process_stack /opt/stack/cinder/cinder/api/openstack/wsgi.py:878}}
Jul 11 23:38:16.448095 np0000005087 devstack@c-api.service[96950]: INFO cinder.api.openstack.wsgi [None req-6cbd0e83-03ea-4fa9-b6bc-fc98b32ca0cf tempest-UserMessagesTest-1231279735 tempest-UserMessagesTest-1231279735-project-member] https://10.4.3.191/volume/v3/messages/f204eef1-977e-4661-b7d9-5289eee98a96 returned with HTTP 200
Jul 11 23:38:16.448619 np0000005087 devstack@c-api.service[96950]: [pid: 96950|app: 0|req: 145/430] 10.4.3.191 () {68 vars in 1391 bytes} [Sat Jul 11 23:38:16 2026] GET /volume/v3/messages/f204eef1-977e-4661-b7d9-5289eee98a96 => generated 667 bytes in 10 msecs (HTTP/1.1 200) 7 headers in 285 bytes (2 switches on core 0)
Jul 11 23:38:16.461654 np0000005087 devstack@c-api.service[96949]: DEBUG cinder.api.middleware.request_id [None req-fcd83a48-48c0-415b-a6dc-5d0117b22e52 None None] RequestId filter calling following filter/app {{(pid=96949) _context_setter /opt/stack/cinder/cinder/api/middleware/request_id.py:62}}
Jul 11 23:38:16.466224 np0000005087 devstack@c-api.service[96949]: INFO cinder.api.openstack.wsgi [None req-fcd83a48-48c0-415b-a6dc-5d0117b22e52 tempest-UserMessagesTest-1231279735 tempest-UserMessagesTest-1231279735-project-member] GET https://10.4.3.191/volume/v3/messages
Jul 11 23:38:16.467501 np0000005087 devstack@c-api.service[96949]: DEBUG cinder.api.openstack.wsgi [None req-fcd83a48-48c0-415b-a6dc-5d0117b22e52 tempest-UserMessagesTest-1231279735 tempest-UserMessagesTest-1231279735-project-member] Empty body provided in request {{(pid=96949) get_body /opt/stack/cinder/cinder/api/openstack/wsgi.py:725}}
Jul 11 23:38:16.467761 np0000005087 devstack@c-api.service[96949]: DEBUG cinder.api.openstack.wsgi [None req-fcd83a48-48c0-415b-a6dc-5d0117b22e52 tempest-UserMessagesTest-1231279735 tempest-UserMessagesTest-1231279735-project-member] Calling method 'version_select' {{(pid=96949) _process_stack /opt/stack/cinder/cinder/api/openstack/wsgi.py:878}}
Jul 11 23:38:16.474305 np0000005087 devstack@c-api.service[96949]: INFO cinder.api.openstack.wsgi [None req-fcd83a48-48c0-415b-a6dc-5d0117b22e52 tempest-UserMessagesTest-1231279735 tempest-UserMessagesTest-1231279735-project-member] https://10.4.3.191/volume/v3/messages returned with HTTP 200
Jul 11 23:38:16.475146 np0000005087 devstack@c-api.service[96949]: [pid: 96949|app: 0|req: 141/431] 10.4.3.191 () {68 vars in 1280 bytes} [Sat Jul 11 23:38:16 2026] GET /volume/v3/messages => generated 670 bytes in 15 msecs (HTTP/1.1 200) 7 headers in 285 bytes (1 switches on core 0)
Jul 11 23:38:16.481443 np0000005087 devstack@c-api.service[96951]: INFO cinder.api.openstack.wsgi [req-062d6c3c-bd4f-4bf4-9c79-d2b2f46e1dc9 req-b53327d6-cc2c-44a7-af28-6c859e7e8118 tempest-AttachSCSIVolumeTestJSON-1419865661 tempest-AttachSCSIVolumeTestJSON-1419865661-project-member] https://10.4.3.191/volume/v3/attachments/033c5f08-b00d-4a76-9534-92e961f6ed6e returned with HTTP 200
Jul 11 23:38:16.482455 np0000005087 devstack@c-api.service[96951]: [pid: 96951|app: 0|req: 146/432] 10.4.3.191 () {72 vars in 1673 bytes} [Sat Jul 11 23:38:16 2026] DELETE /volume/v3/attachments/033c5f08-b00d-4a76-9534-92e961f6ed6e => generated 19 bytes in 137 msecs (HTTP/1.1 200) 7 headers in 285 bytes (1 switches on core 0)
Jul 11 23:38:16.492264 np0000005087 devstack@c-api.service[96950]: DEBUG cinder.api.middleware.request_id [None req-21821b30-2429-43c7-863a-7bdcd4e1d7af None None] RequestId filter calling following filter/app {{(pid=96950) _context_setter /opt/stack/cinder/cinder/api/middleware/request_id.py:62}}
Jul 11 23:38:16.495576 np0000005087 devstack@c-api.service[96950]: INFO cinder.api.openstack.wsgi [None req-21821b30-2429-43c7-863a-7bdcd4e1d7af tempest-UserMessagesTest-1231279735 tempest-UserMessagesTest-1231279735-project-member] DELETE https://10.4.3.191/volume/v3/messages/f204eef1-977e-4661-b7d9-5289eee98a96
Jul 11 23:38:16.496097 np0000005087 devstack@c-api.service[96950]: DEBUG cinder.api.openstack.wsgi [None req-21821b30-2429-43c7-863a-7bdcd4e1d7af tempest-UserMessagesTest-1231279735 tempest-UserMessagesTest-1231279735-project-member] Empty body provided in request {{(pid=96950) get_body /opt/stack/cinder/cinder/api/openstack/wsgi.py:725}}
Jul 11 23:38:16.496097 np0000005087 devstack@c-api.service[96950]: DEBUG cinder.api.openstack.wsgi [None req-21821b30-2429-43c7-863a-7bdcd4e1d7af tempest-UserMessagesTest-1231279735 tempest-UserMessagesTest-1231279735-project-member] Calling method 'version_select' {{(pid=96950) _process_stack /opt/stack/cinder/cinder/api/openstack/wsgi.py:878}}
Jul 11 23:38:16.511739 np0000005087 devstack@c-api.service[96950]: INFO cinder.api.openstack.wsgi [None req-21821b30-2429-43c7-863a-7bdcd4e1d7af tempest-UserMessagesTest-1231279735 tempest-UserMessagesTest-1231279735-project-member] https://10.4.3.191/volume/v3/messages/f204eef1-977e-4661-b7d9-5289eee98a96 returned with HTTP 204
Jul 11 23:38:16.512700 np0000005087 devstack@c-api.service[96950]: [pid: 96950|app: 0|req: 146/433] 10.4.3.191 () {68 vars in 1394 bytes} [Sat Jul 11 23:38:16 2026] DELETE /volume/v3/messages/f204eef1-977e-4661-b7d9-5289eee98a96 => generated 0 bytes in 21 msecs (HTTP/1.1 204) 6 headers in 235 bytes (1 switches on core 0)
Jul 11 23:38:16.525529 np0000005087 devstack@c-api.service[96949]: DEBUG cinder.api.middleware.request_id [None req-71cdae3a-d7e7-4a7b-8d4a-06217c3594e3 None None] RequestId filter calling following filter/app {{(pid=96949) _context_setter /opt/stack/cinder/cinder/api/middleware/request_id.py:62}}
Jul 11 23:38:16.528197 np0000005087 devstack@c-api.service[96949]: INFO cinder.api.openstack.wsgi [None req-71cdae3a-d7e7-4a7b-8d4a-06217c3594e3 tempest-UserMessagesTest-1231279735 tempest-UserMessagesTest-1231279735-project-member] GET https://10.4.3.191/volume/v3/volumes/524015dd-c479-4f7e-bf20-8f81e09a6454
Jul 11 23:38:16.528337 np0000005087 devstack@c-api.service[96949]: DEBUG cinder.api.openstack.wsgi [None req-71cdae3a-d7e7-4a7b-8d4a-06217c3594e3 tempest-UserMessagesTest-1231279735 tempest-UserMessagesTest-1231279735-project-member] Empty body provided in request {{(pid=96949) get_body /opt/stack/cinder/cinder/api/openstack/wsgi.py:725}}
Jul 11 23:38:16.528736 np0000005087 devstack@c-api.service[96949]: DEBUG cinder.api.openstack.wsgi [None req-71cdae3a-d7e7-4a7b-8d4a-06217c3594e3 tempest-UserMessagesTest-1231279735 tempest-UserMessagesTest-1231279735-project-member] Calling method 'show' {{(pid=96949) _process_stack /opt/stack/cinder/cinder/api/openstack/wsgi.py:878}}
Jul 11 23:38:16.543871 np0000005087 devstack@c-api.service[96949]: /opt/stack/data/venv/lib/python3.12/site-packages/oslo_context/context.py:102: DeprecationWarning: Policy enforcement is depending on the value of is_admin. This key is deprecated. Please update your policy file to use the standard policy values.
Jul 11 23:38:16.543871 np0000005087 devstack@c-api.service[96949]: warnings.warn(
Jul 11 23:38:16.551230 np0000005087 devstack@c-api.service[96949]: INFO cinder.volume.api [None req-71cdae3a-d7e7-4a7b-8d4a-06217c3594e3 tempest-UserMessagesTest-1231279735 tempest-UserMessagesTest-1231279735-project-member] Volume info retrieved successfully.
Jul 11 23:38:16.563179 np0000005087 devstack@c-api.service[96949]: INFO cinder.api.openstack.wsgi [None req-71cdae3a-d7e7-4a7b-8d4a-06217c3594e3 tempest-UserMessagesTest-1231279735 tempest-UserMessagesTest-1231279735-project-member] https://10.4.3.191/volume/v3/volumes/524015dd-c479-4f7e-bf20-8f81e09a6454 returned with HTTP 200
Jul 11 23:38:16.564555 np0000005087 devstack@c-api.service[96949]: [pid: 96949|app: 0|req: 142/434] 10.4.3.191 () {68 vars in 1388 bytes} [Sat Jul 11 23:38:16 2026] GET /volume/v3/volumes/524015dd-c479-4f7e-bf20-8f81e09a6454 => generated 873 bytes in 41 msecs (HTTP/1.1 200) 7 headers in 285 bytes (1 switches on core 0)
Jul 11 23:38:16.583339 np0000005087 devstack@c-api.service[96951]: DEBUG cinder.api.middleware.request_id [None req-ec63c44f-21a0-46a9-b6bf-15fbca38c810 None None] RequestId filter calling following filter/app {{(pid=96951) _context_setter /opt/stack/cinder/cinder/api/middleware/request_id.py:62}}
Jul 11 23:38:16.586397 np0000005087 devstack@c-api.service[96951]: INFO cinder.api.openstack.wsgi [None req-ec63c44f-21a0-46a9-b6bf-15fbca38c810 tempest-UserMessagesTest-1231279735 tempest-UserMessagesTest-1231279735-project-member] DELETE https://10.4.3.191/volume/v3/volumes/524015dd-c479-4f7e-bf20-8f81e09a6454
Jul 11 23:38:16.587019 np0000005087 devstack@c-api.service[96951]: DEBUG cinder.api.openstack.wsgi [None req-ec63c44f-21a0-46a9-b6bf-15fbca38c810 tempest-UserMessagesTest-1231279735 tempest-UserMessagesTest-1231279735-project-member] Empty body provided in request {{(pid=96951) get_body /opt/stack/cinder/cinder/api/openstack/wsgi.py:725}}
Jul 11 23:38:16.587019 np0000005087 devstack@c-api.service[96951]: DEBUG cinder.api.openstack.wsgi [None req-ec63c44f-21a0-46a9-b6bf-15fbca38c810 tempest-UserMessagesTest-1231279735 tempest-UserMessagesTest-1231279735-project-member] Calling method 'delete' {{(pid=96951) _process_stack /opt/stack/cinder/cinder/api/openstack/wsgi.py:878}}
Jul 11 23:38:16.587257 np0000005087 devstack@c-api.service[96951]: INFO cinder.api.v3.volumes [None req-ec63c44f-21a0-46a9-b6bf-15fbca38c810 tempest-UserMessagesTest-1231279735 tempest-UserMessagesTest-1231279735-project-member] Delete volume with id: 524015dd-c479-4f7e-bf20-8f81e09a6454
Jul 11 23:38:16.598230 np0000005087 devstack@c-api.service[96951]: /opt/stack/data/venv/lib/python3.12/site-packages/oslo_context/context.py:102: DeprecationWarning: Policy enforcement is depending on the value of is_admin. This key is deprecated. Please update your policy file to use the standard policy values.
Jul 11 23:38:16.598230 np0000005087 devstack@c-api.service[96951]: warnings.warn(
Jul 11 23:38:16.600657 np0000005087 devstack@c-api.service[96951]: INFO cinder.volume.api [None req-ec63c44f-21a0-46a9-b6bf-15fbca38c810 tempest-UserMessagesTest-1231279735 tempest-UserMessagesTest-1231279735-project-member] Volume info retrieved successfully.
Jul 11 23:38:16.602135 np0000005087 devstack@c-api.service[96951]: DEBUG cinder.volume.api [None req-ec63c44f-21a0-46a9-b6bf-15fbca38c810 tempest-UserMessagesTest-1231279735 tempest-UserMessagesTest-1231279735-project-member] Decrease volume quotas for non temporary volume in non error_managing status. {{(pid=96951) delete /opt/stack/cinder/cinder/volume/api.py:434}}
Jul 11 23:38:16.627415 np0000005087 devstack@c-api.service[96951]: WARNING cinder.quota [None req-ec63c44f-21a0-46a9-b6bf-15fbca38c810 tempest-UserMessagesTest-1231279735 tempest-UserMessagesTest-1231279735-project-member] Deprecated: Default quota for resource: volumes_tempest-UserMessagesTest-volume-type-31103697 is set by the default quota flag: quota_volumes_tempest-UserMessagesTest-volume-type-31103697, it is now deprecated. Please use the default quota class for default quota.
Jul 11 23:38:16.627415 np0000005087 devstack@c-api.service[96951]: WARNING cinder.quota [None req-ec63c44f-21a0-46a9-b6bf-15fbca38c810 tempest-UserMessagesTest-1231279735 tempest-UserMessagesTest-1231279735-project-member] Deprecated: Default quota for resource: gigabytes_tempest-UserMessagesTest-volume-type-31103697 is set by the default quota flag: quota_gigabytes_tempest-UserMessagesTest-volume-type-31103697, it is now deprecated. Please use the default quota class for default quota.
Jul 11 23:38:16.644147 np0000005087 devstack@c-api.service[96951]: DEBUG cinder.quota [None req-ec63c44f-21a0-46a9-b6bf-15fbca38c810 tempest-UserMessagesTest-1231279735 tempest-UserMessagesTest-1231279735-project-member] Created reservations ['a47f6816-8542-42e2-a711-1dbd15086eca', '04b559e6-8c63-4313-b9c1-7856c6f3a9e5', '6bd7e11c-e211-426c-8e62-9c990f33f83c', '49881545-e5f3-44c3-8404-b0de2c720559'] {{(pid=96951) reserve /opt/stack/cinder/cinder/quota.py:752}}
Jul 11 23:38:16.670282 np0000005087 devstack@c-api.service[96950]: DEBUG cinder.api.middleware.request_id [None req-f3dd7af5-8aae-4a49-99d1-ebd759614d0f None None] RequestId filter calling following filter/app {{(pid=96950) _context_setter /opt/stack/cinder/cinder/api/middleware/request_id.py:62}}
Jul 11 23:38:16.673813 np0000005087 devstack@c-api.service[96950]: INFO cinder.api.openstack.wsgi [None req-f3dd7af5-8aae-4a49-99d1-ebd759614d0f tempest-VolumesBackupsAdminTest-245908089 tempest-VolumesBackupsAdminTest-245908089-project-member] GET https://10.4.3.191/volume/v3/backups/6b6d290f-2397-44e2-b95b-622556b332f3
Jul 11 23:38:16.673973 np0000005087 devstack@c-api.service[96950]: DEBUG cinder.api.openstack.wsgi [None req-f3dd7af5-8aae-4a49-99d1-ebd759614d0f tempest-VolumesBackupsAdminTest-245908089 tempest-VolumesBackupsAdminTest-245908089-project-member] Empty body provided in request {{(pid=96950) get_body /opt/stack/cinder/cinder/api/openstack/wsgi.py:725}}
Jul 11 23:38:16.674354 np0000005087 devstack@c-api.service[96950]: DEBUG cinder.api.openstack.wsgi [None req-f3dd7af5-8aae-4a49-99d1-ebd759614d0f tempest-VolumesBackupsAdminTest-245908089 tempest-VolumesBackupsAdminTest-245908089-project-member] Calling method 'show' {{(pid=96950) _process_stack /opt/stack/cinder/cinder/api/openstack/wsgi.py:878}}
Jul 11 23:38:16.674537 np0000005087 devstack@c-api.service[96950]: DEBUG cinder.api.v3.backups [None req-f3dd7af5-8aae-4a49-99d1-ebd759614d0f tempest-VolumesBackupsAdminTest-245908089 tempest-VolumesBackupsAdminTest-245908089-project-member] Show backup with id 6b6d290f-2397-44e2-b95b-622556b332f3. {{(pid=96950) show /opt/stack/cinder/cinder/api/v3/backups.py:75}}
Jul 11 23:38:16.681954 np0000005087 devstack@c-api.service[96950]: /opt/stack/data/venv/lib/python3.12/site-packages/oslo_context/context.py:102: DeprecationWarning: Policy enforcement is depending on the value of is_admin. This key is deprecated. Please update your policy file to use the standard policy values.
Jul 11 23:38:16.681954 np0000005087 devstack@c-api.service[96950]: warnings.warn(
Jul 11 23:38:16.683380 np0000005087 devstack@c-api.service[96950]: INFO cinder.api.openstack.wsgi [None req-f3dd7af5-8aae-4a49-99d1-ebd759614d0f tempest-VolumesBackupsAdminTest-245908089 tempest-VolumesBackupsAdminTest-245908089-project-member] https://10.4.3.191/volume/v3/backups/6b6d290f-2397-44e2-b95b-622556b332f3 returned with HTTP 200
Jul 11 23:38:16.684008 np0000005087 devstack@c-api.service[96950]: [pid: 96950|app: 0|req: 147/435] 10.4.3.191 () {66 vars in 1348 bytes} [Sat Jul 11 23:38:16 2026] GET /volume/v3/backups/6b6d290f-2397-44e2-b95b-622556b332f3 => generated 801 bytes in 15 msecs (HTTP/1.1 200) 7 headers in 285 bytes (1 switches on core 0)
Jul 11 23:38:16.701224 np0000005087 devstack@c-api.service[96951]: INFO cinder.volume.api [None req-ec63c44f-21a0-46a9-b6bf-15fbca38c810 tempest-UserMessagesTest-1231279735 tempest-UserMessagesTest-1231279735-project-member] Delete volume request issued successfully.
Jul 11 23:38:16.701500 np0000005087 devstack@c-api.service[96951]: INFO cinder.api.openstack.wsgi [None req-ec63c44f-21a0-46a9-b6bf-15fbca38c810 tempest-UserMessagesTest-1231279735 tempest-UserMessagesTest-1231279735-project-member] https://10.4.3.191/volume/v3/volumes/524015dd-c479-4f7e-bf20-8f81e09a6454 returned with HTTP 202
Jul 11 23:38:16.702618 np0000005087 devstack@c-api.service[96949]: DEBUG cinder.api.middleware.request_id [None req-230e0d51-1d72-435c-9725-a15acdba050f None None] RequestId filter calling following filter/app {{(pid=96949) _context_setter /opt/stack/cinder/cinder/api/middleware/request_id.py:62}}
Jul 11 23:38:16.703316 np0000005087 devstack@c-api.service[96951]: [pid: 96951|app: 0|req: 147/436] 10.4.3.191 () {68 vars in 1391 bytes} [Sat Jul 11 23:38:16 2026] DELETE /volume/v3/volumes/524015dd-c479-4f7e-bf20-8f81e09a6454 => generated 0 bytes in 119 msecs (HTTP/1.1 202) 6 headers in 233 bytes (1 switches on core 0)
Jul 11 23:38:16.705846 np0000005087 devstack@c-api.service[96949]: INFO cinder.api.openstack.wsgi [None req-230e0d51-1d72-435c-9725-a15acdba050f tempest-VolumesBackupsAdminTest-245908089 tempest-VolumesBackupsAdminTest-245908089-project-member] GET https://10.4.3.191/volume/v3/volumes/2ddc8b01-39b3-4dcb-a3b7-1e2250761ad1
Jul 11 23:38:16.706146 np0000005087 devstack@c-api.service[96949]: DEBUG cinder.api.openstack.wsgi [None req-230e0d51-1d72-435c-9725-a15acdba050f tempest-VolumesBackupsAdminTest-245908089 tempest-VolumesBackupsAdminTest-245908089-project-member] Empty body provided in request {{(pid=96949) get_body /opt/stack/cinder/cinder/api/openstack/wsgi.py:725}}
Jul 11 23:38:16.706746 np0000005087 devstack@c-api.service[96949]: DEBUG cinder.api.openstack.wsgi [None req-230e0d51-1d72-435c-9725-a15acdba050f tempest-VolumesBackupsAdminTest-245908089 tempest-VolumesBackupsAdminTest-245908089-project-member] Calling method 'show' {{(pid=96949) _process_stack /opt/stack/cinder/cinder/api/openstack/wsgi.py:878}}
Jul 11 23:38:16.715898 np0000005087 devstack@c-api.service[96950]: DEBUG cinder.api.middleware.request_id [None req-5dfaa38b-c7f2-46e4-b258-9ba512c53f57 None None] RequestId filter calling following filter/app {{(pid=96950) _context_setter /opt/stack/cinder/cinder/api/middleware/request_id.py:62}}
Jul 11 23:38:16.717685 np0000005087 devstack@c-api.service[96949]: /opt/stack/data/venv/lib/python3.12/site-packages/oslo_context/context.py:102: DeprecationWarning: Policy enforcement is depending on the value of is_admin. This key is deprecated. Please update your policy file to use the standard policy values.
Jul 11 23:38:16.717685 np0000005087 devstack@c-api.service[96949]: warnings.warn(
Jul 11 23:38:16.720388 np0000005087 devstack@c-api.service[96950]: INFO cinder.api.openstack.wsgi [None req-5dfaa38b-c7f2-46e4-b258-9ba512c53f57 tempest-UserMessagesTest-1231279735 tempest-UserMessagesTest-1231279735-project-member] GET https://10.4.3.191/volume/v3/volumes/524015dd-c479-4f7e-bf20-8f81e09a6454
Jul 11 23:38:16.720690 np0000005087 devstack@c-api.service[96950]: DEBUG cinder.api.openstack.wsgi [None req-5dfaa38b-c7f2-46e4-b258-9ba512c53f57 tempest-UserMessagesTest-1231279735 tempest-UserMessagesTest-1231279735-project-member] Empty body provided in request {{(pid=96950) get_body /opt/stack/cinder/cinder/api/openstack/wsgi.py:725}}
Jul 11 23:38:16.721010 np0000005087 devstack@c-api.service[96950]: DEBUG cinder.api.openstack.wsgi [None req-5dfaa38b-c7f2-46e4-b258-9ba512c53f57 tempest-UserMessagesTest-1231279735 tempest-UserMessagesTest-1231279735-project-member] Calling method 'show' {{(pid=96950) _process_stack /opt/stack/cinder/cinder/api/openstack/wsgi.py:878}}
Jul 11 23:38:16.725790 np0000005087 devstack@c-api.service[96949]: INFO cinder.volume.api [None req-230e0d51-1d72-435c-9725-a15acdba050f tempest-VolumesBackupsAdminTest-245908089 tempest-VolumesBackupsAdminTest-245908089-project-member] Volume info retrieved successfully.
Jul 11 23:38:16.733520 np0000005087 devstack@c-api.service[96949]: INFO cinder.api.openstack.wsgi [None req-230e0d51-1d72-435c-9725-a15acdba050f tempest-VolumesBackupsAdminTest-245908089 tempest-VolumesBackupsAdminTest-245908089-project-member] https://10.4.3.191/volume/v3/volumes/2ddc8b01-39b3-4dcb-a3b7-1e2250761ad1 returned with HTTP 200
Jul 11 23:38:16.734162 np0000005087 devstack@c-api.service[96949]: [pid: 96949|app: 0|req: 143/437] 10.4.3.191 () {66 vars in 1348 bytes} [Sat Jul 11 23:38:16 2026] GET /volume/v3/volumes/2ddc8b01-39b3-4dcb-a3b7-1e2250761ad1 => generated 846 bytes in 34 msecs (HTTP/1.1 200) 7 headers in 285 bytes (1 switches on core 0)
Jul 11 23:38:16.735100 np0000005087 devstack@c-api.service[96950]: INFO cinder.api.openstack.wsgi [None req-5dfaa38b-c7f2-46e4-b258-9ba512c53f57 tempest-UserMessagesTest-1231279735 tempest-UserMessagesTest-1231279735-project-member] https://10.4.3.191/volume/v3/volumes/524015dd-c479-4f7e-bf20-8f81e09a6454 returned with HTTP 404
Jul 11 23:38:16.735680 np0000005087 devstack@c-api.service[96950]: [pid: 96950|app: 0|req: 148/438] 10.4.3.191 () {68 vars in 1388 bytes} [Sat Jul 11 23:38:16 2026] GET /volume/v3/volumes/524015dd-c479-4f7e-bf20-8f81e09a6454 => generated 109 bytes in 22 msecs (HTTP/1.1 404) 7 headers in 292 bytes (1 switches on core 0)
Jul 11 23:38:16.748992 np0000005087 devstack@c-api.service[96951]: DEBUG cinder.api.middleware.request_id [None req-e297520e-c78a-4387-b82a-73ba52265bda None None] RequestId filter calling following filter/app {{(pid=96951) _context_setter /opt/stack/cinder/cinder/api/middleware/request_id.py:62}}
Jul 11 23:38:16.749844 np0000005087 devstack@c-api.service[96949]: DEBUG cinder.api.middleware.request_id [None req-3a80971e-6aa9-45ca-b115-d4e6a8a0f8bb None None] RequestId filter calling following filter/app {{(pid=96949) _context_setter /opt/stack/cinder/cinder/api/middleware/request_id.py:62}}
Jul 11 23:38:16.750734 np0000005087 devstack@c-api.service[96951]: INFO cinder.api.openstack.wsgi [None req-e297520e-c78a-4387-b82a-73ba52265bda tempest-UserMessagesTest-1982213915 tempest-UserMessagesTest-1982213915-project-admin] DELETE https://10.4.3.191/volume/v3/types/831c7daf-02c3-4846-8aee-a847bb294a3f
Jul 11 23:38:16.750991 np0000005087 devstack@c-api.service[96951]: DEBUG cinder.api.openstack.wsgi [None req-e297520e-c78a-4387-b82a-73ba52265bda tempest-UserMessagesTest-1982213915 tempest-UserMessagesTest-1982213915-project-admin] Empty body provided in request {{(pid=96951) get_body /opt/stack/cinder/cinder/api/openstack/wsgi.py:725}}
Jul 11 23:38:16.751409 np0000005087 devstack@c-api.service[96951]: DEBUG cinder.api.openstack.wsgi [None req-e297520e-c78a-4387-b82a-73ba52265bda tempest-UserMessagesTest-1982213915 tempest-UserMessagesTest-1982213915-project-admin] Calling method '_delete' {{(pid=96951) _process_stack /opt/stack/cinder/cinder/api/openstack/wsgi.py:878}}
Jul 11 23:38:16.811447 np0000005087 devstack@c-api.service[96951]: INFO cinder.api.openstack.wsgi [None req-e297520e-c78a-4387-b82a-73ba52265bda tempest-UserMessagesTest-1982213915 tempest-UserMessagesTest-1982213915-project-admin] https://10.4.3.191/volume/v3/types/831c7daf-02c3-4846-8aee-a847bb294a3f returned with HTTP 202
Jul 11 23:38:16.812097 np0000005087 devstack@c-api.service[96951]: [pid: 96951|app: 0|req: 148/439] 10.4.3.191 () {66 vars in 1345 bytes} [Sat Jul 11 23:38:16 2026] DELETE /volume/v3/types/831c7daf-02c3-4846-8aee-a847bb294a3f => generated 0 bytes in 65 msecs (HTTP/1.1 202) 6 headers in 233 bytes (1 switches on core 0)
Jul 11 23:38:16.825222 np0000005087 devstack@c-api.service[96950]: DEBUG cinder.api.middleware.request_id [None req-f081cf92-e31b-4b1d-af3c-25eadb2006ed None None] RequestId filter calling following filter/app {{(pid=96950) _context_setter /opt/stack/cinder/cinder/api/middleware/request_id.py:62}}
Jul 11 23:38:16.832105 np0000005087 devstack@c-api.service[96951]: DEBUG cinder.api.middleware.request_id [None req-1d307bac-78cf-4133-a349-873b3bbdb5ae None None] RequestId filter calling following filter/app {{(pid=96951) _context_setter /opt/stack/cinder/cinder/api/middleware/request_id.py:62}}
Jul 11 23:38:16.832772 np0000005087 devstack@c-api.service[96950]: INFO cinder.api.openstack.wsgi [None req-f081cf92-e31b-4b1d-af3c-25eadb2006ed tempest-AttachSCSIVolumeTestJSON-1419865661 tempest-AttachSCSIVolumeTestJSON-1419865661-project-reader] GET https://10.4.3.191/volume/v3/volumes/324c8661-ed65-4287-8bd0-b7fa4cb2d69d
Jul 11 23:38:16.834068 np0000005087 devstack@c-api.service[96950]: DEBUG cinder.api.openstack.wsgi [None req-f081cf92-e31b-4b1d-af3c-25eadb2006ed tempest-AttachSCSIVolumeTestJSON-1419865661 tempest-AttachSCSIVolumeTestJSON-1419865661-project-reader] Empty body provided in request {{(pid=96950) get_body /opt/stack/cinder/cinder/api/openstack/wsgi.py:725}}
Jul 11 23:38:16.834334 np0000005087 devstack@c-api.service[96950]: DEBUG cinder.api.openstack.wsgi [None req-f081cf92-e31b-4b1d-af3c-25eadb2006ed tempest-AttachSCSIVolumeTestJSON-1419865661 tempest-AttachSCSIVolumeTestJSON-1419865661-project-reader] Calling method 'show' {{(pid=96950) _process_stack /opt/stack/cinder/cinder/api/openstack/wsgi.py:878}}
Jul 11 23:38:16.834397 np0000005087 devstack@c-api.service[96951]: INFO cinder.api.openstack.wsgi [None req-1d307bac-78cf-4133-a349-873b3bbdb5ae tempest-UserMessagesTest-1982213915 tempest-UserMessagesTest-1982213915-project-admin] GET https://10.4.3.191/volume/v3/types/831c7daf-02c3-4846-8aee-a847bb294a3f
Jul 11 23:38:16.834645 np0000005087 devstack@c-api.service[96951]: DEBUG cinder.api.openstack.wsgi [None req-1d307bac-78cf-4133-a349-873b3bbdb5ae tempest-UserMessagesTest-1982213915 tempest-UserMessagesTest-1982213915-project-admin] Empty body provided in request {{(pid=96951) get_body /opt/stack/cinder/cinder/api/openstack/wsgi.py:725}}
Jul 11 23:38:16.834958 np0000005087 devstack@c-api.service[96951]: DEBUG cinder.api.openstack.wsgi [None req-1d307bac-78cf-4133-a349-873b3bbdb5ae tempest-UserMessagesTest-1982213915 tempest-UserMessagesTest-1982213915-project-admin] Calling method 'show' {{(pid=96951) _process_stack /opt/stack/cinder/cinder/api/openstack/wsgi.py:878}}
Jul 11 23:38:16.842214 np0000005087 devstack@c-api.service[96951]: INFO cinder.api.openstack.wsgi [None req-1d307bac-78cf-4133-a349-873b3bbdb5ae tempest-UserMessagesTest-1982213915 tempest-UserMessagesTest-1982213915-project-admin] https://10.4.3.191/volume/v3/types/831c7daf-02c3-4846-8aee-a847bb294a3f returned with HTTP 404
Jul 11 23:38:16.842378 np0000005087 devstack@c-api.service[96951]: [pid: 96951|app: 0|req: 149/440] 10.4.3.191 () {66 vars in 1342 bytes} [Sat Jul 11 23:38:16 2026] GET /volume/v3/types/831c7daf-02c3-4846-8aee-a847bb294a3f => generated 114 bytes in 11 msecs (HTTP/1.1 404) 7 headers in 292 bytes (1 switches on core 0)
Jul 11 23:38:16.862701 np0000005087 devstack@c-api.service[96950]: /opt/stack/data/venv/lib/python3.12/site-packages/oslo_context/context.py:102: DeprecationWarning: Policy enforcement is depending on the value of is_admin. This key is deprecated. Please update your policy file to use the standard policy values.
Jul 11 23:38:16.862701 np0000005087 devstack@c-api.service[96950]: warnings.warn(
Jul 11 23:38:16.874148 np0000005087 devstack@c-api.service[96950]: INFO cinder.volume.api [None req-f081cf92-e31b-4b1d-af3c-25eadb2006ed tempest-AttachSCSIVolumeTestJSON-1419865661 tempest-AttachSCSIVolumeTestJSON-1419865661-project-reader] Volume info retrieved successfully.
Jul 11 23:38:16.900350 np0000005087 devstack@c-api.service[96950]: INFO cinder.api.openstack.wsgi [None req-f081cf92-e31b-4b1d-af3c-25eadb2006ed tempest-AttachSCSIVolumeTestJSON-1419865661 tempest-AttachSCSIVolumeTestJSON-1419865661-project-reader] https://10.4.3.191/volume/v3/volumes/324c8661-ed65-4287-8bd0-b7fa4cb2d69d returned with HTTP 200
Jul 11 23:38:16.902258 np0000005087 devstack@c-api.service[96950]: [pid: 96950|app: 0|req: 149/441] 10.4.3.191 () {66 vars in 1348 bytes} [Sat Jul 11 23:38:16 2026] GET /volume/v3/volumes/324c8661-ed65-4287-8bd0-b7fa4cb2d69d => generated 847 bytes in 76 msecs (HTTP/1.1 200) 7 headers in 285 bytes (1 switches on core 0)
Jul 11 23:38:17.012641 np0000005087 devstack@c-api.service[96951]: DEBUG cinder.api.middleware.request_id [None req-a3df7115-3470-4a67-a4a9-191b51337200 None None] RequestId filter calling following filter/app {{(pid=96951) _context_setter /opt/stack/cinder/cinder/api/middleware/request_id.py:62}}
Jul 11 23:38:17.020079 np0000005087 devstack@c-api.service[96951]: INFO cinder.api.openstack.wsgi [None req-a3df7115-3470-4a67-a4a9-191b51337200 tempest-AttachSCSIVolumeTestJSON-1419865661 tempest-AttachSCSIVolumeTestJSON-1419865661-project-member] GET https://10.4.3.191/volume/v3/volumes/324c8661-ed65-4287-8bd0-b7fa4cb2d69d
Jul 11 23:38:17.020532 np0000005087 devstack@c-api.service[96951]: DEBUG cinder.api.openstack.wsgi [None req-a3df7115-3470-4a67-a4a9-191b51337200 tempest-AttachSCSIVolumeTestJSON-1419865661 tempest-AttachSCSIVolumeTestJSON-1419865661-project-member] Empty body provided in request {{(pid=96951) get_body /opt/stack/cinder/cinder/api/openstack/wsgi.py:725}}
Jul 11 23:38:17.021039 np0000005087 devstack@c-api.service[96951]: DEBUG cinder.api.openstack.wsgi [None req-a3df7115-3470-4a67-a4a9-191b51337200 tempest-AttachSCSIVolumeTestJSON-1419865661 tempest-AttachSCSIVolumeTestJSON-1419865661-project-member] Calling method 'show' {{(pid=96951) _process_stack /opt/stack/cinder/cinder/api/openstack/wsgi.py:878}}
Jul 11 23:38:17.041131 np0000005087 devstack@c-api.service[96951]: /opt/stack/data/venv/lib/python3.12/site-packages/oslo_context/context.py:102: DeprecationWarning: Policy enforcement is depending on the value of is_admin. This key is deprecated. Please update your policy file to use the standard policy values.
Jul 11 23:38:17.041131 np0000005087 devstack@c-api.service[96951]: warnings.warn(
Jul 11 23:38:17.052117 np0000005087 devstack@c-api.service[96951]: INFO cinder.volume.api [None req-a3df7115-3470-4a67-a4a9-191b51337200 tempest-AttachSCSIVolumeTestJSON-1419865661 tempest-AttachSCSIVolumeTestJSON-1419865661-project-member] Volume info retrieved successfully.
Jul 11 23:38:17.067239 np0000005087 devstack@c-api.service[96951]: INFO cinder.api.openstack.wsgi [None req-a3df7115-3470-4a67-a4a9-191b51337200 tempest-AttachSCSIVolumeTestJSON-1419865661 tempest-AttachSCSIVolumeTestJSON-1419865661-project-member] https://10.4.3.191/volume/v3/volumes/324c8661-ed65-4287-8bd0-b7fa4cb2d69d returned with HTTP 200
Jul 11 23:38:17.067956 np0000005087 devstack@c-api.service[96951]: [pid: 96951|app: 0|req: 150/442] 10.4.3.191 () {66 vars in 1348 bytes} [Sat Jul 11 23:38:17 2026] GET /volume/v3/volumes/324c8661-ed65-4287-8bd0-b7fa4cb2d69d => generated 847 bytes in 56 msecs (HTTP/1.1 200) 7 headers in 285 bytes (1 switches on core 0)
Jul 11 23:38:17.213396 np0000005087 devstack@c-api.service[96950]: DEBUG cinder.api.middleware.request_id [None req-e1404691-3123-4095-913c-572b9140174f None None] RequestId filter calling following filter/app {{(pid=96950) _context_setter /opt/stack/cinder/cinder/api/middleware/request_id.py:62}}
Jul 11 23:38:17.216563 np0000005087 devstack@c-api.service[96950]: INFO cinder.api.openstack.wsgi [None req-e1404691-3123-4095-913c-572b9140174f tempest-AttachSCSIVolumeTestJSON-1419865661 tempest-AttachSCSIVolumeTestJSON-1419865661-project-member] GET https://10.4.3.191/volume/v3/volumes/324c8661-ed65-4287-8bd0-b7fa4cb2d69d
Jul 11 23:38:17.216563 np0000005087 devstack@c-api.service[96950]: DEBUG cinder.api.openstack.wsgi [None req-e1404691-3123-4095-913c-572b9140174f tempest-AttachSCSIVolumeTestJSON-1419865661 tempest-AttachSCSIVolumeTestJSON-1419865661-project-member] Empty body provided in request {{(pid=96950) get_body /opt/stack/cinder/cinder/api/openstack/wsgi.py:725}}
Jul 11 23:38:17.216848 np0000005087 devstack@c-api.service[96950]: DEBUG cinder.api.openstack.wsgi [None req-e1404691-3123-4095-913c-572b9140174f tempest-AttachSCSIVolumeTestJSON-1419865661 tempest-AttachSCSIVolumeTestJSON-1419865661-project-member] Calling method 'show' {{(pid=96950) _process_stack /opt/stack/cinder/cinder/api/openstack/wsgi.py:878}}
Jul 11 23:38:17.247729 np0000005087 devstack@c-api.service[96950]: /opt/stack/data/venv/lib/python3.12/site-packages/oslo_context/context.py:102: DeprecationWarning: Policy enforcement is depending on the value of is_admin. This key is deprecated. Please update your policy file to use the standard policy values.
Jul 11 23:38:17.247729 np0000005087 devstack@c-api.service[96950]: warnings.warn(
Jul 11 23:38:17.255109 np0000005087 devstack@c-api.service[96950]: INFO cinder.volume.api [None req-e1404691-3123-4095-913c-572b9140174f tempest-AttachSCSIVolumeTestJSON-1419865661 tempest-AttachSCSIVolumeTestJSON-1419865661-project-member] Volume info retrieved successfully.
Jul 11 23:38:17.272563 np0000005087 devstack@c-api.service[96950]: INFO cinder.api.openstack.wsgi [None req-e1404691-3123-4095-913c-572b9140174f tempest-AttachSCSIVolumeTestJSON-1419865661 tempest-AttachSCSIVolumeTestJSON-1419865661-project-member] https://10.4.3.191/volume/v3/volumes/324c8661-ed65-4287-8bd0-b7fa4cb2d69d returned with HTTP 200
Jul 11 23:38:17.272563 np0000005087 devstack@c-api.service[96950]: [pid: 96950|app: 0|req: 150/443] 10.4.3.191 () {66 vars in 1348 bytes} [Sat Jul 11 23:38:17 2026] GET /volume/v3/volumes/324c8661-ed65-4287-8bd0-b7fa4cb2d69d => generated 847 bytes in 57 msecs (HTTP/1.1 200) 7 headers in 285 bytes (1 switches on core 0)
Jul 11 23:38:17.340334 np0000005087 devstack@c-api.service[96949]: INFO cinder.api.openstack.wsgi [None req-3a80971e-6aa9-45ca-b115-d4e6a8a0f8bb tempest-VolumesBackupsAdminTest-566171095 tempest-VolumesBackupsAdminTest-566171095-project-admin] GET https://10.4.3.191/volume/v3/backups/6b6d290f-2397-44e2-b95b-622556b332f3/export_record
Jul 11 23:38:17.340970 np0000005087 devstack@c-api.service[96949]: DEBUG cinder.api.openstack.wsgi [None req-3a80971e-6aa9-45ca-b115-d4e6a8a0f8bb tempest-VolumesBackupsAdminTest-566171095 tempest-VolumesBackupsAdminTest-566171095-project-admin] Empty body provided in request {{(pid=96949) get_body /opt/stack/cinder/cinder/api/openstack/wsgi.py:725}}
Jul 11 23:38:17.341470 np0000005087 devstack@c-api.service[96949]: DEBUG cinder.api.openstack.wsgi [None req-3a80971e-6aa9-45ca-b115-d4e6a8a0f8bb tempest-VolumesBackupsAdminTest-566171095 tempest-VolumesBackupsAdminTest-566171095-project-admin] Calling method 'export_record' {{(pid=96949) _process_stack /opt/stack/cinder/cinder/api/openstack/wsgi.py:878}}
Jul 11 23:38:17.341871 np0000005087 devstack@c-api.service[96949]: DEBUG cinder.api.contrib.backups [None req-3a80971e-6aa9-45ca-b115-d4e6a8a0f8bb tempest-VolumesBackupsAdminTest-566171095 tempest-VolumesBackupsAdminTest-566171095-project-admin] Export record for backup 6b6d290f-2397-44e2-b95b-622556b332f3. {{(pid=96949) export_record /opt/stack/cinder/cinder/api/contrib/backups.py:241}}
Jul 11 23:38:17.376918 np0000005087 devstack@c-api.service[96949]: /opt/stack/data/venv/lib/python3.12/site-packages/oslo_context/context.py:102: DeprecationWarning: Policy enforcement is depending on the value of is_admin. This key is deprecated. Please update your policy file to use the standard policy values.
Jul 11 23:38:17.376918 np0000005087 devstack@c-api.service[96949]: warnings.warn(
Jul 11 23:38:17.378477 np0000005087 devstack@c-api.service[96949]: DEBUG cinder.backup.api [None req-3a80971e-6aa9-45ca-b115-d4e6a8a0f8bb tempest-VolumesBackupsAdminTest-566171095 tempest-VolumesBackupsAdminTest-566171095-project-admin] Calling RPCAPI with context: , host: np0000005087, backup: 6b6d290f-2397-44e2-b95b-622556b332f3. {{(pid=96949) export_record /opt/stack/cinder/cinder/backup/api.py:502}}
Jul 11 23:38:17.400923 np0000005087 devstack@c-api.service[96949]: DEBUG cinder.backup.rpcapi [None req-3a80971e-6aa9-45ca-b115-d4e6a8a0f8bb tempest-VolumesBackupsAdminTest-566171095 tempest-VolumesBackupsAdminTest-566171095-project-admin] export_record in rpcapi backup_id 6b6d290f-2397-44e2-b95b-622556b332f3 on host np0000005087. {{(pid=96949) export_record /opt/stack/cinder/cinder/backup/rpcapi.py:87}}
Jul 11 23:38:17.418161 np0000005087 devstack@c-api.service[96949]: DEBUG cinder.api.contrib.backups [None req-3a80971e-6aa9-45ca-b115-d4e6a8a0f8bb tempest-VolumesBackupsAdminTest-566171095 tempest-VolumesBackupsAdminTest-566171095-project-admin] Exported record output: {'backup-record': {'backup_service': 'cinder.backup.drivers.swift.SwiftBackupDriver', 'backup_url': 'eyJkcml2ZXJfaW5mbyI6IHt9LCAiaWQiOiAiNmI2ZDI5MGYtMjM5Ny00NGUyLWI5NWItNjIyNTU2YjMzMmYzIiwgInVzZXJfaWQiOiAiZTJkNDhhMmZiYzMwNDM0MWFkZWM1ZjczMWMwODVhZmQiLCAicHJvamVjdF9pZCI6ICI5Nzc0NjhhMDJkZWU0NzhhYTI5NGJjYzUyYzk2YjUzMiIsICJ2b2x1bWVfaWQiOiAiMmRkYzhiMDEtMzliMy00ZGNiLWEzYjctMWUyMjUwNzYxYWQxIiwgImhvc3QiOiAibnAwMDAwMDA1MDg3IiwgImF2YWlsYWJpbGl0eV96b25lIjogIm5vdmEiLCAiY29udGFpbmVyIjogInRlbXBlc3Qtdm9sdW1lc2JhY2t1cHNhZG1pbnRlc3QtYmFja3VwLWNvbnRhaW5lci05NDA3Njc2NjYiLCAicGFyZW50X2lkIjogbnVsbCwgInN0YXR1cyI6ICJhdmFpbGFibGUiLCAiZmFpbF9yZWFzb24iOiBudWxsLCAic2l6ZSI6IDEsICJkaXNwbGF5X25hbWUiOiAidGVtcGVzdC1Wb2x1bWVzQmFja3Vwc0FkbWluVGVzdC1CYWNrdXAtMzYzNzg4OTI4IiwgImRpc3BsYXlfZGVzY3JpcHRpb24iOiBudWxsLCAic2VydmljZV9tZXRhZGF0YSI6ICJ2b2x1bWVfMmRkYzhiMDEtMzliMy00ZGNiLWEzYjctMWUyMjUwNzYxYWQxLzIwMjYwNzExMjMzNzU0L2F6X25vdmFfYmFja3VwXzZiNmQyOTBmLTIzOTctNDRlMi1iOTViLTYyMjU1NmIzMzJmMyIsICJzZXJ2aWNlIjogImNpbmRlci5iYWNrdXAuZHJpdmVycy5zd2lmdC5Td2lmdEJhY2t1cERyaXZlciIsICJvYmplY3RfY291bnQiOiAyMSwgInRlbXBfdm9sdW1lX2lkIjogbnVsbCwgInRlbXBfc25hcHNob3RfaWQiOiBudWxsLCAibnVtX2RlcGVuZGVudF9iYWNrdXBzIjogMCwgInNuYXBzaG90X2lkIjogbnVsbCwgImRhdGFfdGltZXN0YW1wIjogIjIwMjYtMDctMTFUMjM6Mzc6NTNaIiwgInJlc3RvcmVfdm9sdW1lX2lkIjogbnVsbCwgIm1ldGFkYXRhIjoge30sICJlbmNyeXB0aW9uX2tleV9pZCI6IG51bGwsICJjcmVhdGVkX2F0IjogIjIwMjYtMDctMTFUMjM6Mzc6NTNaIiwgInVwZGF0ZWRfYXQiOiAiMjAyNi0wNy0xMVQyMzozODoxNloiLCAiZGVsZXRlZF9hdCI6IG51bGwsICJkZWxldGVkIjogZmFsc2V9'}}. {{(pid=96949) export_record /opt/stack/cinder/cinder/api/contrib/backups.py:252}}
Jul 11 23:38:17.418583 np0000005087 devstack@c-api.service[96949]: INFO cinder.api.openstack.wsgi [None req-3a80971e-6aa9-45ca-b115-d4e6a8a0f8bb tempest-VolumesBackupsAdminTest-566171095 tempest-VolumesBackupsAdminTest-566171095-project-admin] https://10.4.3.191/volume/v3/backups/6b6d290f-2397-44e2-b95b-622556b332f3/export_record returned with HTTP 200
