Jun 28 03:52:23.390938 np0000003866 nova-conductor[98751]: DEBUG cotyledon.oslo_config_glue [-] profiler.enabled = False {{(pid=98751) log_opt_values /opt/stack/data/venv/lib/python3.12/site-packages/oslo_config/cfg.py:3253}}
Jun 28 03:52:23.390938 np0000003866 nova-conductor[98751]: DEBUG cotyledon.oslo_config_glue [-] profiler.es_doc_type = notification {{(pid=98751) log_opt_values /opt/stack/data/venv/lib/python3.12/site-packages/oslo_config/cfg.py:3253}}
Jun 28 03:52:23.390938 np0000003866 nova-conductor[98751]: DEBUG cotyledon.oslo_config_glue [-] profiler.es_scroll_size = 10000 {{(pid=98751) log_opt_values /opt/stack/data/venv/lib/python3.12/site-packages/oslo_config/cfg.py:3253}}
Jun 28 03:52:23.390938 np0000003866 nova-conductor[98751]: DEBUG cotyledon.oslo_config_glue [-] profiler.es_scroll_time = 2m {{(pid=98751) log_opt_values /opt/stack/data/venv/lib/python3.12/site-packages/oslo_config/cfg.py:3253}}
Jun 28 03:52:23.390938 np0000003866 nova-conductor[98751]: DEBUG cotyledon.oslo_config_glue [-] profiler.filter_error_trace = False {{(pid=98751) log_opt_values /opt/stack/data/venv/lib/python3.12/site-packages/oslo_config/cfg.py:3253}}
Jun 28 03:52:23.390938 np0000003866 nova-conductor[98751]: DEBUG cotyledon.oslo_config_glue [-] profiler.hmac_keys = **** {{(pid=98751) log_opt_values /opt/stack/data/venv/lib/python3.12/site-packages/oslo_config/cfg.py:3253}}
Jun 28 03:52:23.390938 np0000003866 nova-conductor[98751]: DEBUG cotyledon.oslo_config_glue [-] profiler.sentinel_service_name = mymaster {{(pid=98751) log_opt_values /opt/stack/data/venv/lib/python3.12/site-packages/oslo_config/cfg.py:3253}}
Jun 28 03:52:23.390938 np0000003866 nova-conductor[98751]: DEBUG cotyledon.oslo_config_glue [-] profiler.socket_timeout = 0.1 {{(pid=98751) log_opt_values /opt/stack/data/venv/lib/python3.12/site-packages/oslo_config/cfg.py:3253}}
Jun 28 03:52:23.391138 np0000003866 nova-conductor[98751]: DEBUG cotyledon.oslo_config_glue [-] profiler.trace_requests = False {{(pid=98751) log_opt_values /opt/stack/data/venv/lib/python3.12/site-packages/oslo_config/cfg.py:3253}}
Jun 28 03:52:23.391138 np0000003866 nova-conductor[98751]: DEBUG cotyledon.oslo_config_glue [-] profiler.trace_sqlalchemy = False {{(pid=98751) log_opt_values /opt/stack/data/venv/lib/python3.12/site-packages/oslo_config/cfg.py:3253}}
Jun 28 03:52:23.391138 np0000003866 nova-conductor[98751]: DEBUG cotyledon.oslo_config_glue [-] profiler_jaeger.process_tags = {} {{(pid=98751) log_opt_values /opt/stack/data/venv/lib/python3.12/site-packages/oslo_config/cfg.py:3253}}
Jun 28 03:52:23.391138 np0000003866 nova-conductor[98751]: DEBUG cotyledon.oslo_config_glue [-] profiler_jaeger.service_name_prefix = None {{(pid=98751) log_opt_values /opt/stack/data/venv/lib/python3.12/site-packages/oslo_config/cfg.py:3253}}
Jun 28 03:52:23.391138 np0000003866 nova-conductor[98751]: DEBUG cotyledon.oslo_config_glue [-] profiler_otlp.service_name_prefix = None {{(pid=98751) log_opt_values /opt/stack/data/venv/lib/python3.12/site-packages/oslo_config/cfg.py:3253}}
Jun 28 03:52:23.391138 np0000003866 nova-conductor[98751]: DEBUG cotyledon.oslo_config_glue [-] oslo_messaging_rabbit.amqp_auto_delete = False {{(pid=98751) log_opt_values /opt/stack/data/venv/lib/python3.12/site-packages/oslo_config/cfg.py:3253}}
Jun 28 03:52:23.391138 np0000003866 nova-conductor[98751]: DEBUG cotyledon.oslo_config_glue [-] oslo_messaging_rabbit.amqp_durable_queues = False {{(pid=98751) log_opt_values /opt/stack/data/venv/lib/python3.12/site-packages/oslo_config/cfg.py:3253}}
Jun 28 03:52:23.391138 np0000003866 nova-conductor[98751]: DEBUG cotyledon.oslo_config_glue [-] oslo_messaging_rabbit.conn_pool_min_size = 2 {{(pid=98751) log_opt_values /opt/stack/data/venv/lib/python3.12/site-packages/oslo_config/cfg.py:3253}}
Jun 28 03:52:23.391138 np0000003866 nova-conductor[98751]: DEBUG cotyledon.oslo_config_glue [-] oslo_messaging_rabbit.conn_pool_ttl = 1200 {{(pid=98751) log_opt_values /opt/stack/data/venv/lib/python3.12/site-packages/oslo_config/cfg.py:3253}}
Jun 28 03:52:23.391329 np0000003866 nova-conductor[98751]: DEBUG cotyledon.oslo_config_glue [-] oslo_messaging_rabbit.direct_mandatory_flag = True {{(pid=98751) log_opt_values /opt/stack/data/venv/lib/python3.12/site-packages/oslo_config/cfg.py:3253}}
Jun 28 03:52:23.391329 np0000003866 nova-conductor[98751]: DEBUG cotyledon.oslo_config_glue [-] oslo_messaging_rabbit.enable_cancel_on_failover = False {{(pid=98751) log_opt_values /opt/stack/data/venv/lib/python3.12/site-packages/oslo_config/cfg.py:3253}}
Jun 28 03:52:23.391329 np0000003866 nova-conductor[98751]: DEBUG cotyledon.oslo_config_glue [-] oslo_messaging_rabbit.heartbeat_rate = 3 {{(pid=98751) log_opt_values /opt/stack/data/venv/lib/python3.12/site-packages/oslo_config/cfg.py:3253}}
Jun 28 03:52:23.391329 np0000003866 nova-conductor[98751]: DEBUG cotyledon.oslo_config_glue [-] oslo_messaging_rabbit.heartbeat_timeout_threshold = 60 {{(pid=98751) log_opt_values /opt/stack/data/venv/lib/python3.12/site-packages/oslo_config/cfg.py:3253}}
Jun 28 03:52:23.391329 np0000003866 nova-conductor[98751]: DEBUG cotyledon.oslo_config_glue [-] oslo_messaging_rabbit.hostname = np0000003866 {{(pid=98751) log_opt_values /opt/stack/data/venv/lib/python3.12/site-packages/oslo_config/cfg.py:3253}}
Jun 28 03:52:23.391329 np0000003866 nova-conductor[98751]: DEBUG cotyledon.oslo_config_glue [-] oslo_messaging_rabbit.kombu_compression = None {{(pid=98751) log_opt_values /opt/stack/data/venv/lib/python3.12/site-packages/oslo_config/cfg.py:3253}}
Jun 28 03:52:23.391329 np0000003866 nova-conductor[98751]: DEBUG cotyledon.oslo_config_glue [-] oslo_messaging_rabbit.kombu_failover_strategy = round-robin {{(pid=98751) log_opt_values /opt/stack/data/venv/lib/python3.12/site-packages/oslo_config/cfg.py:3253}}
Jun 28 03:52:23.391329 np0000003866 nova-conductor[98751]: DEBUG cotyledon.oslo_config_glue [-] oslo_messaging_rabbit.kombu_missing_consumer_retry_timeout = 60 {{(pid=98751) log_opt_values /opt/stack/data/venv/lib/python3.12/site-packages/oslo_config/cfg.py:3253}}
Jun 28 03:52:23.391329 np0000003866 nova-conductor[98751]: DEBUG cotyledon.oslo_config_glue [-] oslo_messaging_rabbit.kombu_reconnect_delay = 1.0 {{(pid=98751) log_opt_values /opt/stack/data/venv/lib/python3.12/site-packages/oslo_config/cfg.py:3253}}
Jun 28 03:52:23.391493 np0000003866 nova-conductor[98751]: DEBUG cotyledon.oslo_config_glue [-] oslo_messaging_rabbit.kombu_reconnect_splay = 0.0 {{(pid=98751) log_opt_values /opt/stack/data/venv/lib/python3.12/site-packages/oslo_config/cfg.py:3253}}
Jun 28 03:52:23.391493 np0000003866 nova-conductor[98751]: DEBUG cotyledon.oslo_config_glue [-] oslo_messaging_rabbit.processname = nova-conductor {{(pid=98751) log_opt_values /opt/stack/data/venv/lib/python3.12/site-packages/oslo_config/cfg.py:3253}}
Jun 28 03:52:23.391493 np0000003866 nova-conductor[98751]: DEBUG cotyledon.oslo_config_glue [-] oslo_messaging_rabbit.rabbit_ha_queues = False {{(pid=98751) log_opt_values /opt/stack/data/venv/lib/python3.12/site-packages/oslo_config/cfg.py:3253}}
Jun 28 03:52:23.391493 np0000003866 nova-conductor[98751]: DEBUG cotyledon.oslo_config_glue [-] oslo_messaging_rabbit.rabbit_interval_max = 30 {{(pid=98751) log_opt_values /opt/stack/data/venv/lib/python3.12/site-packages/oslo_config/cfg.py:3253}}
Jun 28 03:52:23.391493 np0000003866 nova-conductor[98751]: DEBUG cotyledon.oslo_config_glue [-] oslo_messaging_rabbit.rabbit_login_method = AMQPLAIN {{(pid=98751) log_opt_values /opt/stack/data/venv/lib/python3.12/site-packages/oslo_config/cfg.py:3253}}
Jun 28 03:52:23.391493 np0000003866 nova-conductor[98751]: DEBUG cotyledon.oslo_config_glue [-] oslo_messaging_rabbit.rabbit_qos_prefetch_count = 0 {{(pid=98751) log_opt_values /opt/stack/data/venv/lib/python3.12/site-packages/oslo_config/cfg.py:3253}}
Jun 28 03:52:23.391493 np0000003866 nova-conductor[98751]: DEBUG cotyledon.oslo_config_glue [-] oslo_messaging_rabbit.rabbit_quorum_delivery_limit = 0 {{(pid=98751) log_opt_values /opt/stack/data/venv/lib/python3.12/site-packages/oslo_config/cfg.py:3253}}
Jun 28 03:52:23.391493 np0000003866 nova-conductor[98751]: DEBUG cotyledon.oslo_config_glue [-] oslo_messaging_rabbit.rabbit_quorum_max_memory_bytes = 0 {{(pid=98751) log_opt_values /opt/stack/data/venv/lib/python3.12/site-packages/oslo_config/cfg.py:3253}}
Jun 28 03:52:23.391493 np0000003866 nova-conductor[98751]: DEBUG cotyledon.oslo_config_glue [-] oslo_messaging_rabbit.rabbit_quorum_max_memory_length = 0 {{(pid=98751) log_opt_values /opt/stack/data/venv/lib/python3.12/site-packages/oslo_config/cfg.py:3253}}
Jun 28 03:52:23.391669 np0000003866 nova-conductor[98751]: DEBUG cotyledon.oslo_config_glue [-] oslo_messaging_rabbit.rabbit_quorum_queue = False {{(pid=98751) log_opt_values /opt/stack/data/venv/lib/python3.12/site-packages/oslo_config/cfg.py:3253}}
Jun 28 03:52:23.391669 np0000003866 nova-conductor[98751]: DEBUG cotyledon.oslo_config_glue [-] oslo_messaging_rabbit.rabbit_retry_backoff = 2 {{(pid=98751) log_opt_values /opt/stack/data/venv/lib/python3.12/site-packages/oslo_config/cfg.py:3253}}
Jun 28 03:52:23.391669 np0000003866 nova-conductor[98751]: DEBUG cotyledon.oslo_config_glue [-] oslo_messaging_rabbit.rabbit_retry_interval = 1 {{(pid=98751) log_opt_values /opt/stack/data/venv/lib/python3.12/site-packages/oslo_config/cfg.py:3253}}
Jun 28 03:52:23.391669 np0000003866 nova-conductor[98751]: DEBUG cotyledon.oslo_config_glue [-] oslo_messaging_rabbit.rabbit_stream_fanout = False {{(pid=98751) log_opt_values /opt/stack/data/venv/lib/python3.12/site-packages/oslo_config/cfg.py:3253}}
Jun 28 03:52:23.391669 np0000003866 nova-conductor[98751]: DEBUG cotyledon.oslo_config_glue [-] oslo_messaging_rabbit.rabbit_transient_queues_ttl = 1800 {{(pid=98751) log_opt_values /opt/stack/data/venv/lib/python3.12/site-packages/oslo_config/cfg.py:3253}}
Jun 28 03:52:23.391669 np0000003866 nova-conductor[98751]: DEBUG cotyledon.oslo_config_glue [-] oslo_messaging_rabbit.rabbit_transient_quorum_queue = False {{(pid=98751) log_opt_values /opt/stack/data/venv/lib/python3.12/site-packages/oslo_config/cfg.py:3253}}
Jun 28 03:52:23.391669 np0000003866 nova-conductor[98751]: DEBUG cotyledon.oslo_config_glue [-] oslo_messaging_rabbit.rpc_conn_pool_size = 30 {{(pid=98751) log_opt_values /opt/stack/data/venv/lib/python3.12/site-packages/oslo_config/cfg.py:3253}}
Jun 28 03:52:23.391669 np0000003866 nova-conductor[98751]: DEBUG cotyledon.oslo_config_glue [-] oslo_messaging_rabbit.ssl = False {{(pid=98751) log_opt_values /opt/stack/data/venv/lib/python3.12/site-packages/oslo_config/cfg.py:3253}}
Jun 28 03:52:23.391669 np0000003866 nova-conductor[98751]: DEBUG cotyledon.oslo_config_glue [-] oslo_messaging_rabbit.ssl_ca_file = {{(pid=98751) log_opt_values /opt/stack/data/venv/lib/python3.12/site-packages/oslo_config/cfg.py:3253}}
Jun 28 03:52:23.391841 np0000003866 nova-conductor[98751]: DEBUG cotyledon.oslo_config_glue [-] oslo_messaging_rabbit.ssl_cert_file = {{(pid=98751) log_opt_values /opt/stack/data/venv/lib/python3.12/site-packages/oslo_config/cfg.py:3253}}
Jun 28 03:52:23.391841 np0000003866 nova-conductor[98751]: DEBUG cotyledon.oslo_config_glue [-] oslo_messaging_rabbit.ssl_enforce_fips_mode = False {{(pid=98751) log_opt_values /opt/stack/data/venv/lib/python3.12/site-packages/oslo_config/cfg.py:3253}}
Jun 28 03:52:23.391841 np0000003866 nova-conductor[98751]: DEBUG cotyledon.oslo_config_glue [-] oslo_messaging_rabbit.ssl_enforce_hostname_verification = True {{(pid=98751) log_opt_values /opt/stack/data/venv/lib/python3.12/site-packages/oslo_config/cfg.py:3253}}
Jun 28 03:52:23.391841 np0000003866 nova-conductor[98751]: DEBUG cotyledon.oslo_config_glue [-] oslo_messaging_rabbit.ssl_key_file = {{(pid=98751) log_opt_values /opt/stack/data/venv/lib/python3.12/site-packages/oslo_config/cfg.py:3253}}
Jun 28 03:52:23.391841 np0000003866 nova-conductor[98751]: DEBUG cotyledon.oslo_config_glue [-] oslo_messaging_rabbit.ssl_version = {{(pid=98751) log_opt_values /opt/stack/data/venv/lib/python3.12/site-packages/oslo_config/cfg.py:3253}}
Jun 28 03:52:23.391841 np0000003866 nova-conductor[98751]: DEBUG cotyledon.oslo_config_glue [-] oslo_messaging_rabbit.use_queue_manager = False {{(pid=98751) log_opt_values /opt/stack/data/venv/lib/python3.12/site-packages/oslo_config/cfg.py:3253}}
Jun 28 03:52:23.391841 np0000003866 nova-conductor[98751]: DEBUG cotyledon.oslo_config_glue [-] oslo_messaging_notifications.driver = ['messagingv2'] {{(pid=98751) log_opt_values /opt/stack/data/venv/lib/python3.12/site-packages/oslo_config/cfg.py:3253}}
Jun 28 03:52:23.391841 np0000003866 nova-conductor[98751]: DEBUG cotyledon.oslo_config_glue [-] oslo_messaging_notifications.retry = -1 {{(pid=98751) log_opt_values /opt/stack/data/venv/lib/python3.12/site-packages/oslo_config/cfg.py:3253}}
Jun 28 03:52:23.391841 np0000003866 nova-conductor[98751]: DEBUG cotyledon.oslo_config_glue [-] oslo_messaging_notifications.topics = ['notifications'] {{(pid=98751) log_opt_values /opt/stack/data/venv/lib/python3.12/site-packages/oslo_config/cfg.py:3253}}
Jun 28 03:52:23.392056 np0000003866 nova-conductor[98751]: DEBUG cotyledon.oslo_config_glue [-] oslo_messaging_notifications.transport_url = **** {{(pid=98751) log_opt_values /opt/stack/data/venv/lib/python3.12/site-packages/oslo_config/cfg.py:3253}}
Jun 28 03:52:23.392056 np0000003866 nova-conductor[98751]: DEBUG cotyledon.oslo_config_glue [-] oslo_limit.auth_section = None {{(pid=98751) log_opt_values /opt/stack/data/venv/lib/python3.12/site-packages/oslo_config/cfg.py:3253}}
Jun 28 03:52:23.392056 np0000003866 nova-conductor[98751]: DEBUG cotyledon.oslo_config_glue [-] oslo_limit.auth_type = None {{(pid=98751) log_opt_values /opt/stack/data/venv/lib/python3.12/site-packages/oslo_config/cfg.py:3253}}
Jun 28 03:52:23.392056 np0000003866 nova-conductor[98751]: DEBUG cotyledon.oslo_config_glue [-] oslo_limit.cafile = None {{(pid=98751) log_opt_values /opt/stack/data/venv/lib/python3.12/site-packages/oslo_config/cfg.py:3253}}
Jun 28 03:52:23.392056 np0000003866 nova-conductor[98751]: DEBUG cotyledon.oslo_config_glue [-] oslo_limit.certfile = None {{(pid=98751) log_opt_values /opt/stack/data/venv/lib/python3.12/site-packages/oslo_config/cfg.py:3253}}
Jun 28 03:52:23.392056 np0000003866 nova-conductor[98751]: DEBUG cotyledon.oslo_config_glue [-] oslo_limit.collect_timing = False {{(pid=98751) log_opt_values /opt/stack/data/venv/lib/python3.12/site-packages/oslo_config/cfg.py:3253}}
Jun 28 03:52:23.392056 np0000003866 nova-conductor[98751]: DEBUG cotyledon.oslo_config_glue [-] oslo_limit.connect_retries = None {{(pid=98751) log_opt_values /opt/stack/data/venv/lib/python3.12/site-packages/oslo_config/cfg.py:3253}}
Jun 28 03:52:23.392056 np0000003866 nova-conductor[98751]: DEBUG cotyledon.oslo_config_glue [-] oslo_limit.connect_retry_delay = None {{(pid=98751) log_opt_values /opt/stack/data/venv/lib/python3.12/site-packages/oslo_config/cfg.py:3253}}
Jun 28 03:52:23.392056 np0000003866 nova-conductor[98751]: DEBUG cotyledon.oslo_config_glue [-] oslo_limit.endpoint_id = None {{(pid=98751) log_opt_values /opt/stack/data/venv/lib/python3.12/site-packages/oslo_config/cfg.py:3253}}
Jun 28 03:52:23.392214 np0000003866 nova-conductor[98751]: DEBUG cotyledon.oslo_config_glue [-] oslo_limit.endpoint_interface = public {{(pid=98751) log_opt_values /opt/stack/data/venv/lib/python3.12/site-packages/oslo_config/cfg.py:3253}}
Jun 28 03:52:23.392214 np0000003866 nova-conductor[98751]: DEBUG cotyledon.oslo_config_glue [-] oslo_limit.endpoint_override = None {{(pid=98751) log_opt_values /opt/stack/data/venv/lib/python3.12/site-packages/oslo_config/cfg.py:3253}}
Jun 28 03:52:23.392214 np0000003866 nova-conductor[98751]: DEBUG cotyledon.oslo_config_glue [-] oslo_limit.endpoint_region_name = None {{(pid=98751) log_opt_values /opt/stack/data/venv/lib/python3.12/site-packages/oslo_config/cfg.py:3253}}
Jun 28 03:52:23.392214 np0000003866 nova-conductor[98751]: DEBUG cotyledon.oslo_config_glue [-] oslo_limit.endpoint_service_name = None {{(pid=98751) log_opt_values /opt/stack/data/venv/lib/python3.12/site-packages/oslo_config/cfg.py:3253}}
Jun 28 03:52:23.392214 np0000003866 nova-conductor[98751]: DEBUG cotyledon.oslo_config_glue [-] oslo_limit.endpoint_service_type = None {{(pid=98751) log_opt_values /opt/stack/data/venv/lib/python3.12/site-packages/oslo_config/cfg.py:3253}}
Jun 28 03:52:23.392214 np0000003866 nova-conductor[98751]: DEBUG cotyledon.oslo_config_glue [-] oslo_limit.insecure = False {{(pid=98751) log_opt_values /opt/stack/data/venv/lib/python3.12/site-packages/oslo_config/cfg.py:3253}}
Jun 28 03:52:23.392214 np0000003866 nova-conductor[98751]: DEBUG cotyledon.oslo_config_glue [-] oslo_limit.keyfile = None {{(pid=98751) log_opt_values /opt/stack/data/venv/lib/python3.12/site-packages/oslo_config/cfg.py:3253}}
Jun 28 03:52:23.392214 np0000003866 nova-conductor[98751]: DEBUG cotyledon.oslo_config_glue [-] oslo_limit.max_version = None {{(pid=98751) log_opt_values /opt/stack/data/venv/lib/python3.12/site-packages/oslo_config/cfg.py:3253}}
Jun 28 03:52:23.392214 np0000003866 nova-conductor[98751]: DEBUG cotyledon.oslo_config_glue [-] oslo_limit.min_version = None {{(pid=98751) log_opt_values /opt/stack/data/venv/lib/python3.12/site-packages/oslo_config/cfg.py:3253}}
Jun 28 03:52:23.392375 np0000003866 nova-conductor[98751]: DEBUG cotyledon.oslo_config_glue [-] oslo_limit.region_name = None {{(pid=98751) log_opt_values /opt/stack/data/venv/lib/python3.12/site-packages/oslo_config/cfg.py:3253}}
Jun 28 03:52:23.392375 np0000003866 nova-conductor[98751]: DEBUG cotyledon.oslo_config_glue [-] oslo_limit.retriable_status_codes = None {{(pid=98751) log_opt_values /opt/stack/data/venv/lib/python3.12/site-packages/oslo_config/cfg.py:3253}}
Jun 28 03:52:23.392375 np0000003866 nova-conductor[98751]: DEBUG cotyledon.oslo_config_glue [-] oslo_limit.service_name = None {{(pid=98751) log_opt_values /opt/stack/data/venv/lib/python3.12/site-packages/oslo_config/cfg.py:3253}}
Jun 28 03:52:23.392375 np0000003866 nova-conductor[98751]: DEBUG cotyledon.oslo_config_glue [-] oslo_limit.service_type = None {{(pid=98751) log_opt_values /opt/stack/data/venv/lib/python3.12/site-packages/oslo_config/cfg.py:3253}}
Jun 28 03:52:23.392375 np0000003866 nova-conductor[98751]: DEBUG cotyledon.oslo_config_glue [-] oslo_limit.split_loggers = False {{(pid=98751) log_opt_values /opt/stack/data/venv/lib/python3.12/site-packages/oslo_config/cfg.py:3253}}
Jun 28 03:52:23.392375 np0000003866 nova-conductor[98751]: DEBUG cotyledon.oslo_config_glue [-] oslo_limit.status_code_retries = None {{(pid=98751) log_opt_values /opt/stack/data/venv/lib/python3.12/site-packages/oslo_config/cfg.py:3253}}
Jun 28 03:52:23.392375 np0000003866 nova-conductor[98751]: DEBUG cotyledon.oslo_config_glue [-] oslo_limit.status_code_retry_delay = None {{(pid=98751) log_opt_values /opt/stack/data/venv/lib/python3.12/site-packages/oslo_config/cfg.py:3253}}
Jun 28 03:52:23.392375 np0000003866 nova-conductor[98751]: DEBUG cotyledon.oslo_config_glue [-] oslo_limit.timeout = None {{(pid=98751) log_opt_values /opt/stack/data/venv/lib/python3.12/site-packages/oslo_config/cfg.py:3253}}
Jun 28 03:52:23.392375 np0000003866 nova-conductor[98751]: DEBUG cotyledon.oslo_config_glue [-] oslo_limit.valid_interfaces = None {{(pid=98751) log_opt_values /opt/stack/data/venv/lib/python3.12/site-packages/oslo_config/cfg.py:3253}}
Jun 28 03:52:23.392536 np0000003866 nova-conductor[98751]: DEBUG cotyledon.oslo_config_glue [-] oslo_limit.version = None {{(pid=98751) log_opt_values /opt/stack/data/venv/lib/python3.12/site-packages/oslo_config/cfg.py:3253}}
Jun 28 03:52:23.392536 np0000003866 nova-conductor[98751]: DEBUG cotyledon.oslo_config_glue [-] oslo_reports.file_event_handler = None {{(pid=98751) log_opt_values /opt/stack/data/venv/lib/python3.12/site-packages/oslo_config/cfg.py:3253}}
Jun 28 03:52:23.392536 np0000003866 nova-conductor[98751]: DEBUG cotyledon.oslo_config_glue [-] oslo_reports.file_event_handler_interval = 1 {{(pid=98751) log_opt_values /opt/stack/data/venv/lib/python3.12/site-packages/oslo_config/cfg.py:3253}}
Jun 28 03:52:23.392536 np0000003866 nova-conductor[98751]: DEBUG cotyledon.oslo_config_glue [-] oslo_reports.log_dir = None {{(pid=98751) log_opt_values /opt/stack/data/venv/lib/python3.12/site-packages/oslo_config/cfg.py:3253}}
Jun 28 03:52:23.392536 np0000003866 nova-conductor[98751]: DEBUG cotyledon.oslo_config_glue [-] ******************************************************************************** {{(pid=98751) log_opt_values /opt/stack/data/venv/lib/python3.12/site-packages/oslo_config/cfg.py:3260}}
Jun 28 03:52:23.392536 np0000003866 nova-conductor[98751]: DEBUG cotyledon._service_worker [-] Run service ServiceWrapper(3) [98751] {{(pid=98751) wait_forever /opt/stack/data/venv/lib/python3.12/site-packages/cotyledon/_service_worker.py:218}}
Jun 28 03:52:23.392644 np0000003866 nova-conductor[98731]: DEBUG dbcounter [-] [98731] Writer thread running {{(pid=98731) stat_writer /opt/stack/data/venv/lib/python3.12/site-packages/dbcounter.py:102}}
Jun 28 03:52:23.392670 np0000003866 nova-conductor[98751]: INFO nova.service [-] Starting conductor node (version 33.1.0)
Jun 28 03:52:23.392670 np0000003866 nova-conductor[98751]: INFO dbcounter [None req-a6578a9f-f708-48f3-9ffc-df65f9e0dae6 None None] Registered counter for database nova_cell0
Jun 28 03:52:23.392721 np0000003866 nova-conductor[98740]: DEBUG oslo_db.sqlalchemy.engines [None req-7ff0a9f0-fe30-4bcb-a9ee-4da3c48e4dba None None] MySQL server mode set to STRICT_TRANS_TABLES,STRICT_ALL_TABLES,NO_ZERO_IN_DATE,NO_ZERO_DATE,ERROR_FOR_DIVISION_BY_ZERO,TRADITIONAL,NO_ENGINE_SUBSTITUTION {{(pid=98740) _check_effective_sql_mode /opt/stack/data/venv/lib/python3.12/site-packages/oslo_db/sqlalchemy/engines.py:325}}
Jun 28 03:52:23.392721 np0000003866 nova-conductor[98740]: DEBUG dbcounter [-] [98740] Writer thread running {{(pid=98740) stat_writer /opt/stack/data/venv/lib/python3.12/site-packages/dbcounter.py:102}}
Jun 28 03:52:23.392770 np0000003866 nova-conductor[98731]: DEBUG nova.service [None req-8ffd4e7b-5c9c-4d98-b63e-86d74ff346de None None] Creating RPC server for service: nova-conductor on topic: conductor {{(pid=98731) start /opt/stack/nova/nova/service.py:196}}
Jun 28 03:52:23.392800 np0000003866 nova-conductor[98740]: DEBUG nova.service [None req-7ff0a9f0-fe30-4bcb-a9ee-4da3c48e4dba None None] Creating RPC server for service: nova-conductor on topic: conductor {{(pid=98740) start /opt/stack/nova/nova/service.py:196}}
Jun 28 03:52:23.396636 np0000003866 nova-conductor[98747]: DEBUG oslo_db.sqlalchemy.engines [None req-0e9dba4e-933c-46a3-9ebc-362f8b4a28c7 None None] MySQL server mode set to STRICT_TRANS_TABLES,STRICT_ALL_TABLES,NO_ZERO_IN_DATE,NO_ZERO_DATE,ERROR_FOR_DIVISION_BY_ZERO,TRADITIONAL,NO_ENGINE_SUBSTITUTION {{(pid=98747) _check_effective_sql_mode /opt/stack/data/venv/lib/python3.12/site-packages/oslo_db/sqlalchemy/engines.py:325}}
Jun 28 03:52:23.407107 np0000003866 nova-conductor[98747]: DEBUG dbcounter [-] [98747] Writer thread running {{(pid=98747) stat_writer /opt/stack/data/venv/lib/python3.12/site-packages/dbcounter.py:102}}
Jun 28 03:52:23.408569 np0000003866 nova-conductor[98731]: DEBUG nova.service [None req-8ffd4e7b-5c9c-4d98-b63e-86d74ff346de None None] Join ServiceGroup membership for this service conductor {{(pid=98731) start /opt/stack/nova/nova/service.py:222}}
Jun 28 03:52:23.408877 np0000003866 nova-conductor[98731]: DEBUG nova.servicegroup.drivers.db [None req-8ffd4e7b-5c9c-4d98-b63e-86d74ff346de None None] DB_Driver: join new ServiceGroup member np0000003866 to the conductor group, service = {{(pid=98731) join /opt/stack/nova/nova/servicegroup/drivers/db.py:44}}
Jun 28 03:52:23.409685 np0000003866 nova-conductor[98751]: DEBUG oslo_db.sqlalchemy.engines [None req-a6578a9f-f708-48f3-9ffc-df65f9e0dae6 None None] MySQL server mode set to STRICT_TRANS_TABLES,STRICT_ALL_TABLES,NO_ZERO_IN_DATE,NO_ZERO_DATE,ERROR_FOR_DIVISION_BY_ZERO,TRADITIONAL,NO_ENGINE_SUBSTITUTION {{(pid=98751) _check_effective_sql_mode /opt/stack/data/venv/lib/python3.12/site-packages/oslo_db/sqlalchemy/engines.py:325}}
Jun 28 03:52:23.410736 np0000003866 nova-conductor[98747]: DEBUG nova.service [None req-0e9dba4e-933c-46a3-9ebc-362f8b4a28c7 None None] Creating RPC server for service: nova-conductor on topic: conductor {{(pid=98747) start /opt/stack/nova/nova/service.py:196}}
Jun 28 03:52:23.414460 np0000003866 nova-conductor[98740]: DEBUG nova.service [None req-7ff0a9f0-fe30-4bcb-a9ee-4da3c48e4dba None None] Join ServiceGroup membership for this service conductor {{(pid=98740) start /opt/stack/nova/nova/service.py:222}}
Jun 28 03:52:23.415045 np0000003866 nova-conductor[98740]: DEBUG nova.servicegroup.drivers.db [None req-7ff0a9f0-fe30-4bcb-a9ee-4da3c48e4dba None None] DB_Driver: join new ServiceGroup member np0000003866 to the conductor group, service = {{(pid=98740) join /opt/stack/nova/nova/servicegroup/drivers/db.py:44}}
Jun 28 03:52:23.420813 np0000003866 nova-conductor[98751]: DEBUG dbcounter [-] [98751] Writer thread running {{(pid=98751) stat_writer /opt/stack/data/venv/lib/python3.12/site-packages/dbcounter.py:102}}
Jun 28 03:52:23.424479 np0000003866 nova-conductor[98751]: DEBUG nova.service [None req-a6578a9f-f708-48f3-9ffc-df65f9e0dae6 None None] Creating RPC server for service: nova-conductor on topic: conductor {{(pid=98751) start /opt/stack/nova/nova/service.py:196}}
Jun 28 03:52:23.429316 np0000003866 nova-conductor[98747]: DEBUG nova.service [None req-0e9dba4e-933c-46a3-9ebc-362f8b4a28c7 None None] Join ServiceGroup membership for this service conductor {{(pid=98747) start /opt/stack/nova/nova/service.py:222}}
Jun 28 03:52:23.429502 np0000003866 nova-conductor[98747]: DEBUG nova.servicegroup.drivers.db [None req-0e9dba4e-933c-46a3-9ebc-362f8b4a28c7 None None] DB_Driver: join new ServiceGroup member np0000003866 to the conductor group, service = {{(pid=98747) join /opt/stack/nova/nova/servicegroup/drivers/db.py:44}}
Jun 28 03:52:23.440841 np0000003866 nova-conductor[98751]: DEBUG nova.service [None req-a6578a9f-f708-48f3-9ffc-df65f9e0dae6 None None] Join ServiceGroup membership for this service conductor {{(pid=98751) start /opt/stack/nova/nova/service.py:222}}
Jun 28 03:52:23.441134 np0000003866 nova-conductor[98751]: DEBUG nova.servicegroup.drivers.db [None req-a6578a9f-f708-48f3-9ffc-df65f9e0dae6 None None] DB_Driver: join new ServiceGroup member np0000003866 to the conductor group, service = {{(pid=98751) join /opt/stack/nova/nova/servicegroup/drivers/db.py:44}}
Jun 28 03:52:28.420007 np0000003866 nova-conductor[98740]: DEBUG oslo.service.backend._threading.loopingcall [None req-a179ff16-5300-4790-9626-946e9d508308 None None] Dynamic interval looping call 'nova.service.Service.periodic_tasks' sleeping for 60.00 seconds {{(pid=98740) _run_loop /opt/stack/data/venv/lib/python3.12/site-packages/oslo_service/backend/_threading/loopingcall.py:125}}
Jun 28 03:52:28.422070 np0000003866 nova-conductor[98731]: DEBUG oslo.service.backend._threading.loopingcall [-] Fixed interval looping call 'nova.servicegroup.drivers.db.DbDriver._report_state' sleeping for 119.99 seconds {{(pid=98731) _run_loop /opt/stack/data/venv/lib/python3.12/site-packages/oslo_service/backend/_threading/loopingcall.py:125}}
Jun 28 03:52:28.425745 np0000003866 nova-conductor[98740]: DEBUG oslo.service.backend._threading.loopingcall [-] Fixed interval looping call 'nova.servicegroup.drivers.db.DbDriver._report_state' sleeping for 119.99 seconds {{(pid=98740) _run_loop /opt/stack/data/venv/lib/python3.12/site-packages/oslo_service/backend/_threading/loopingcall.py:125}}
Jun 28 03:52:28.441775 np0000003866 nova-conductor[98747]: DEBUG oslo.service.backend._threading.loopingcall [-] Fixed interval looping call 'nova.servicegroup.drivers.db.DbDriver._report_state' sleeping for 119.99 seconds {{(pid=98747) _run_loop /opt/stack/data/venv/lib/python3.12/site-packages/oslo_service/backend/_threading/loopingcall.py:125}}
Jun 28 03:52:28.451062 np0000003866 nova-conductor[98751]: DEBUG oslo.service.backend._threading.loopingcall [-] Fixed interval looping call 'nova.servicegroup.drivers.db.DbDriver._report_state' sleeping for 119.99 seconds {{(pid=98751) _run_loop /opt/stack/data/venv/lib/python3.12/site-packages/oslo_service/backend/_threading/loopingcall.py:125}}
Jun 28 03:52:29.431907 np0000003866 nova-conductor[98747]: DEBUG oslo.service.backend._threading.loopingcall [None req-9a6b5976-7602-4ded-8394-3953c54f1963 None None] Dynamic interval looping call 'nova.service.Service.periodic_tasks' sleeping for 60.00 seconds {{(pid=98747) _run_loop /opt/stack/data/venv/lib/python3.12/site-packages/oslo_service/backend/_threading/loopingcall.py:125}}
Jun 28 03:52:31.996849 np0000003866 nova-conductor[97301]: DEBUG dbcounter [-] [97301] Writing DB stats nova_api:SELECT=1 {{(pid=97301) stat_writer /opt/stack/data/venv/lib/python3.12/site-packages/dbcounter.py:115}}
Jun 28 03:52:32.132823 np0000003866 nova-conductor[97301]: DEBUG dbcounter [-] [97301] Writing DB stats nova_cell1:SELECT=1 {{(pid=97301) stat_writer /opt/stack/data/venv/lib/python3.12/site-packages/dbcounter.py:115}}
Jun 28 03:52:32.136792 np0000003866 nova-conductor[97301]: DEBUG dbcounter [-] [97301] Writing DB stats nova_cell0:SELECT=1 {{(pid=97301) stat_writer /opt/stack/data/venv/lib/python3.12/site-packages/dbcounter.py:115}}
Jun 28 03:52:38.418228 np0000003866 nova-conductor[98731]: DEBUG dbcounter [-] [98731] Writing DB stats nova_cell0:SELECT=4,nova_cell0:INSERT=1,nova_cell0:UPDATE=1 {{(pid=98731) stat_writer /opt/stack/data/venv/lib/python3.12/site-packages/dbcounter.py:115}}
Jun 28 03:52:38.423023 np0000003866 nova-conductor[98740]: DEBUG dbcounter [-] [98740] Writing DB stats nova_cell0:SELECT=3 {{(pid=98740) stat_writer /opt/stack/data/venv/lib/python3.12/site-packages/dbcounter.py:115}}
Jun 28 03:52:38.438215 np0000003866 nova-conductor[98747]: DEBUG dbcounter [-] [98747] Writing DB stats nova_cell0:SELECT=3 {{(pid=98747) stat_writer /opt/stack/data/venv/lib/python3.12/site-packages/dbcounter.py:115}}
Jun 28 03:52:38.448556 np0000003866 nova-conductor[98751]: DEBUG dbcounter [-] [98751] Writing DB stats nova_cell0:SELECT=3 {{(pid=98751) stat_writer /opt/stack/data/venv/lib/python3.12/site-packages/dbcounter.py:115}}
Jun 28 03:53:08.411338 np0000003866 nova-conductor[98731]: DEBUG oslo.service.backend._threading.loopingcall [None req-c314aed1-ac3f-42d2-b59b-6a55cb2d55b4 None None] Dynamic interval looping call 'nova.service.Service.periodic_tasks' sleeping for 60.00 seconds {{(pid=98731) _run_loop /opt/stack/data/venv/lib/python3.12/site-packages/oslo_service/backend/_threading/loopingcall.py:125}}
Jun 28 03:53:09.442995 np0000003866 nova-conductor[98751]: DEBUG oslo.service.backend._threading.loopingcall [None req-977c0155-cb61-463c-bb3d-645a0f1fb65b None None] Dynamic interval looping call 'nova.service.Service.periodic_tasks' sleeping for 60.00 seconds {{(pid=98751) _run_loop /opt/stack/data/venv/lib/python3.12/site-packages/oslo_service/backend/_threading/loopingcall.py:125}}
Jun 28 03:53:28.420521 np0000003866 nova-conductor[98740]: DEBUG oslo.service.backend._threading.loopingcall [None req-a179ff16-5300-4790-9626-946e9d508308 None None] Dynamic interval looping call 'nova.service.Service.periodic_tasks' sleeping for 60.00 seconds {{(pid=98740) _run_loop /opt/stack/data/venv/lib/python3.12/site-packages/oslo_service/backend/_threading/loopingcall.py:125}}
Jun 28 03:53:29.432592 np0000003866 nova-conductor[98747]: DEBUG oslo.service.backend._threading.loopingcall [None req-9a6b5976-7602-4ded-8394-3953c54f1963 None None] Dynamic interval looping call 'nova.service.Service.periodic_tasks' sleeping for 60.00 seconds {{(pid=98747) _run_loop /opt/stack/data/venv/lib/python3.12/site-packages/oslo_service/backend/_threading/loopingcall.py:125}}
Jun 28 03:54:08.411804 np0000003866 nova-conductor[98731]: DEBUG oslo.service.backend._threading.loopingcall [None req-c314aed1-ac3f-42d2-b59b-6a55cb2d55b4 None None] Dynamic interval looping call 'nova.service.Service.periodic_tasks' sleeping for 60.00 seconds {{(pid=98731) _run_loop /opt/stack/data/venv/lib/python3.12/site-packages/oslo_service/backend/_threading/loopingcall.py:125}}
Jun 28 03:54:09.443574 np0000003866 nova-conductor[98751]: DEBUG oslo.service.backend._threading.loopingcall [None req-977c0155-cb61-463c-bb3d-645a0f1fb65b None None] Dynamic interval looping call 'nova.service.Service.periodic_tasks' sleeping for 60.00 seconds {{(pid=98751) _run_loop /opt/stack/data/venv/lib/python3.12/site-packages/oslo_service/backend/_threading/loopingcall.py:125}}
Jun 28 03:54:28.419459 np0000003866 nova-conductor[98731]: DEBUG oslo.service.backend._threading.loopingcall [-] Fixed interval looping call 'nova.servicegroup.drivers.db.DbDriver._report_state' sleeping for 119.99 seconds {{(pid=98731) _run_loop /opt/stack/data/venv/lib/python3.12/site-packages/oslo_service/backend/_threading/loopingcall.py:125}}
Jun 28 03:54:28.420972 np0000003866 nova-conductor[98740]: DEBUG oslo.service.backend._threading.loopingcall [None req-a179ff16-5300-4790-9626-946e9d508308 None None] Dynamic interval looping call 'nova.service.Service.periodic_tasks' sleeping for 60.00 seconds {{(pid=98740) _run_loop /opt/stack/data/venv/lib/python3.12/site-packages/oslo_service/backend/_threading/loopingcall.py:125}}
Jun 28 03:54:28.422278 np0000003866 nova-conductor[98740]: DEBUG oslo.service.backend._threading.loopingcall [-] Fixed interval looping call 'nova.servicegroup.drivers.db.DbDriver._report_state' sleeping for 119.99 seconds {{(pid=98740) _run_loop /opt/stack/data/venv/lib/python3.12/site-packages/oslo_service/backend/_threading/loopingcall.py:125}}
Jun 28 03:54:28.436551 np0000003866 nova-conductor[98747]: DEBUG oslo.service.backend._threading.loopingcall [-] Fixed interval looping call 'nova.servicegroup.drivers.db.DbDriver._report_state' sleeping for 120.00 seconds {{(pid=98747) _run_loop /opt/stack/data/venv/lib/python3.12/site-packages/oslo_service/backend/_threading/loopingcall.py:125}}
Jun 28 03:54:28.445031 np0000003866 nova-conductor[98751]: DEBUG oslo.service.backend._threading.loopingcall [-] Fixed interval looping call 'nova.servicegroup.drivers.db.DbDriver._report_state' sleeping for 120.00 seconds {{(pid=98751) _run_loop /opt/stack/data/venv/lib/python3.12/site-packages/oslo_service/backend/_threading/loopingcall.py:125}}
Jun 28 03:54:29.433144 np0000003866 nova-conductor[98747]: DEBUG oslo.service.backend._threading.loopingcall [None req-9a6b5976-7602-4ded-8394-3953c54f1963 None None] Dynamic interval looping call 'nova.service.Service.periodic_tasks' sleeping for 60.00 seconds {{(pid=98747) _run_loop /opt/stack/data/venv/lib/python3.12/site-packages/oslo_service/backend/_threading/loopingcall.py:125}}
Jun 28 03:54:38.415514 np0000003866 nova-conductor[98731]: DEBUG dbcounter [-] [98731] Writing DB stats nova_cell0:SELECT=1,nova_cell0:UPDATE=1 {{(pid=98731) stat_writer /opt/stack/data/venv/lib/python3.12/site-packages/dbcounter.py:115}}
Jun 28 03:54:38.420859 np0000003866 nova-conductor[98740]: DEBUG dbcounter [-] [98740] Writing DB stats nova_cell0:SELECT=1,nova_cell0:UPDATE=1 {{(pid=98740) stat_writer /opt/stack/data/venv/lib/python3.12/site-packages/dbcounter.py:115}}
Jun 28 03:54:38.434060 np0000003866 nova-conductor[98747]: DEBUG dbcounter [-] [98747] Writing DB stats nova_cell0:SELECT=1 {{(pid=98747) stat_writer /opt/stack/data/venv/lib/python3.12/site-packages/dbcounter.py:115}}
Jun 28 03:54:38.443170 np0000003866 nova-conductor[98751]: DEBUG dbcounter [-] [98751] Writing DB stats nova_cell0:SELECT=1 {{(pid=98751) stat_writer /opt/stack/data/venv/lib/python3.12/site-packages/dbcounter.py:115}}
Jun 28 03:54:58.997986 np0000003866 nova-conductor[98731]: DEBUG oslo_db.sqlalchemy.engines [None req-8980d829-83b6-4761-9b2f-3de8822f39f0 tempest-DeleteServersTestJSON-134390447 tempest-DeleteServersTestJSON-134390447-project-member] Parent process 97301 forked (98731) with an open database connection, which is being discarded and recreated. {{(pid=98731) checkout /opt/stack/data/venv/lib/python3.12/site-packages/oslo_db/sqlalchemy/engines.py:402}}
Jun 28 03:54:59.051012 np0000003866 nova-conductor[98731]: DEBUG dbcounter [-] [98731] Writer thread running {{(pid=98731) stat_writer /opt/stack/data/venv/lib/python3.12/site-packages/dbcounter.py:102}}
Jun 28 03:55:00.591053 np0000003866 nova-conductor[98731]: DEBUG nova.conductor.manager [None req-8980d829-83b6-4761-9b2f-3de8822f39f0 tempest-DeleteServersTestJSON-134390447 tempest-DeleteServersTestJSON-134390447-project-member] Took 1.54 seconds to select destinations for 1 instance(s). {{(pid=98731) _schedule_instances /opt/stack/nova/nova/conductor/manager.py:968}}
Jun 28 03:55:00.635724 np0000003866 nova-conductor[98731]: DEBUG oslo_concurrency.lockutils [None req-8980d829-83b6-4761-9b2f-3de8822f39f0 tempest-DeleteServersTestJSON-134390447 tempest-DeleteServersTestJSON-134390447-project-member] Acquiring lock "b8dd9ccf-cc2e-406d-a9a1-14f50aa9e70b" by "nova.context.set_target_cell..get_or_set_cached_cell_and_set_connections" {{(pid=98731) inner /opt/stack/data/venv/lib/python3.12/site-packages/oslo_concurrency/lockutils.py:511}}
Jun 28 03:55:00.636714 np0000003866 nova-conductor[98731]: DEBUG oslo_concurrency.lockutils [None req-8980d829-83b6-4761-9b2f-3de8822f39f0 tempest-DeleteServersTestJSON-134390447 tempest-DeleteServersTestJSON-134390447-project-member] Lock "b8dd9ccf-cc2e-406d-a9a1-14f50aa9e70b" acquired by "nova.context.set_target_cell..get_or_set_cached_cell_and_set_connections" :: waited 0.000s {{(pid=98731) inner /opt/stack/data/venv/lib/python3.12/site-packages/oslo_concurrency/lockutils.py:524}}
Jun 28 03:55:00.638177 np0000003866 nova-conductor[98731]: DEBUG oslo_concurrency.lockutils [None req-8980d829-83b6-4761-9b2f-3de8822f39f0 tempest-DeleteServersTestJSON-134390447 tempest-DeleteServersTestJSON-134390447-project-member] Lock "b8dd9ccf-cc2e-406d-a9a1-14f50aa9e70b" "released" by "nova.context.set_target_cell..get_or_set_cached_cell_and_set_connections" :: held 0.002s {{(pid=98731) inner /opt/stack/data/venv/lib/python3.12/site-packages/oslo_concurrency/lockutils.py:543}}
Jun 28 03:55:00.641022 np0000003866 nova-conductor[98731]: INFO dbcounter [None req-8980d829-83b6-4761-9b2f-3de8822f39f0 tempest-DeleteServersTestJSON-134390447 tempest-DeleteServersTestJSON-134390447-project-member] Registered counter for database nova_cell1
Jun 28 03:55:00.696583 np0000003866 nova-conductor[98731]: DEBUG oslo_db.sqlalchemy.engines [None req-8980d829-83b6-4761-9b2f-3de8822f39f0 tempest-DeleteServersTestJSON-134390447 tempest-DeleteServersTestJSON-134390447-project-member] MySQL server mode set to STRICT_TRANS_TABLES,STRICT_ALL_TABLES,NO_ZERO_IN_DATE,NO_ZERO_DATE,ERROR_FOR_DIVISION_BY_ZERO,TRADITIONAL,NO_ENGINE_SUBSTITUTION {{(pid=98731) _check_effective_sql_mode /opt/stack/data/venv/lib/python3.12/site-packages/oslo_db/sqlalchemy/engines.py:325}}
Jun 28 03:55:00.705256 np0000003866 nova-conductor[98731]: DEBUG dbcounter [-] [98731] Writer thread running {{(pid=98731) stat_writer /opt/stack/data/venv/lib/python3.12/site-packages/dbcounter.py:102}}
Jun 28 03:55:00.794661 np0000003866 nova-conductor[98731]: INFO nova.utils [None req-8980d829-83b6-4761-9b2f-3de8822f39f0 tempest-DeleteServersTestJSON-134390447 tempest-DeleteServersTestJSON-134390447-project-member] The cell worker thread pool ForkProcess-1.cell_worker is initialized
Jun 28 03:55:00.795126 np0000003866 nova-conductor[98731]: DEBUG oslo_concurrency.lockutils [None req-8980d829-83b6-4761-9b2f-3de8822f39f0 tempest-DeleteServersTestJSON-134390447 tempest-DeleteServersTestJSON-134390447-project-member] Acquiring lock "00000000-0000-0000-0000-000000000000" by "nova.context.set_target_cell..get_or_set_cached_cell_and_set_connections" {{(pid=98731) inner /opt/stack/data/venv/lib/python3.12/site-packages/oslo_concurrency/lockutils.py:511}}
Jun 28 03:55:00.795399 np0000003866 nova-conductor[98731]: DEBUG oslo_concurrency.lockutils [None req-8980d829-83b6-4761-9b2f-3de8822f39f0 tempest-DeleteServersTestJSON-134390447 tempest-DeleteServersTestJSON-134390447-project-member] Lock "00000000-0000-0000-0000-000000000000" acquired by "nova.context.set_target_cell..get_or_set_cached_cell_and_set_connections" :: waited 0.000s {{(pid=98731) inner /opt/stack/data/venv/lib/python3.12/site-packages/oslo_concurrency/lockutils.py:524}}
Jun 28 03:55:00.795831 np0000003866 nova-conductor[98731]: DEBUG oslo_concurrency.lockutils [None req-8980d829-83b6-4761-9b2f-3de8822f39f0 tempest-DeleteServersTestJSON-134390447 tempest-DeleteServersTestJSON-134390447-project-member] Lock "00000000-0000-0000-0000-000000000000" "released" by "nova.context.set_target_cell..get_or_set_cached_cell_and_set_connections" :: held 0.000s {{(pid=98731) inner /opt/stack/data/venv/lib/python3.12/site-packages/oslo_concurrency/lockutils.py:543}}
Jun 28 03:55:00.797120 np0000003866 nova-conductor[98731]: DEBUG oslo_concurrency.lockutils [None req-8980d829-83b6-4761-9b2f-3de8822f39f0 tempest-DeleteServersTestJSON-134390447 tempest-DeleteServersTestJSON-134390447-project-member] Acquiring lock "b8dd9ccf-cc2e-406d-a9a1-14f50aa9e70b" by "nova.context.set_target_cell..get_or_set_cached_cell_and_set_connections" {{(pid=98731) inner /opt/stack/data/venv/lib/python3.12/site-packages/oslo_concurrency/lockutils.py:511}}
Jun 28 03:55:00.797120 np0000003866 nova-conductor[98731]: DEBUG oslo_concurrency.lockutils [None req-8980d829-83b6-4761-9b2f-3de8822f39f0 tempest-DeleteServersTestJSON-134390447 tempest-DeleteServersTestJSON-134390447-project-member] Lock "b8dd9ccf-cc2e-406d-a9a1-14f50aa9e70b" acquired by "nova.context.set_target_cell..get_or_set_cached_cell_and_set_connections" :: waited 0.000s {{(pid=98731) inner /opt/stack/data/venv/lib/python3.12/site-packages/oslo_concurrency/lockutils.py:524}}
Jun 28 03:55:00.797317 np0000003866 nova-conductor[98731]: DEBUG oslo_concurrency.lockutils [None req-8980d829-83b6-4761-9b2f-3de8822f39f0 tempest-DeleteServersTestJSON-134390447 tempest-DeleteServersTestJSON-134390447-project-member] Lock "b8dd9ccf-cc2e-406d-a9a1-14f50aa9e70b" "released" by "nova.context.set_target_cell..get_or_set_cached_cell_and_set_connections" :: held 0.000s {{(pid=98731) inner /opt/stack/data/venv/lib/python3.12/site-packages/oslo_concurrency/lockutils.py:543}}
Jun 28 03:55:00.799060 np0000003866 nova-conductor[98731]: INFO dbcounter [None req-8980d829-83b6-4761-9b2f-3de8822f39f0 tempest-DeleteServersTestJSON-134390447 tempest-DeleteServersTestJSON-134390447-project-member] Registered counter for database nova_cell0
Jun 28 03:55:00.858703 np0000003866 nova-conductor[98731]: DEBUG oslo_db.sqlalchemy.engines [None req-8980d829-83b6-4761-9b2f-3de8822f39f0 tempest-DeleteServersTestJSON-134390447 tempest-DeleteServersTestJSON-134390447-project-member] MySQL server mode set to STRICT_TRANS_TABLES,STRICT_ALL_TABLES,NO_ZERO_IN_DATE,NO_ZERO_DATE,ERROR_FOR_DIVISION_BY_ZERO,TRADITIONAL,NO_ENGINE_SUBSTITUTION {{(pid=98731) _check_effective_sql_mode /opt/stack/data/venv/lib/python3.12/site-packages/oslo_db/sqlalchemy/engines.py:325}}
Jun 28 03:55:00.868093 np0000003866 nova-conductor[98731]: DEBUG dbcounter [-] [98731] Writer thread running {{(pid=98731) stat_writer /opt/stack/data/venv/lib/python3.12/site-packages/dbcounter.py:102}}
Jun 28 03:55:00.883367 np0000003866 nova-conductor[98731]: DEBUG nova.quota [None req-8980d829-83b6-4761-9b2f-3de8822f39f0 tempest-DeleteServersTestJSON-134390447 tempest-DeleteServersTestJSON-134390447-project-member] Getting quotas for project 30953dd6ec504033938ac93286a17643. Resources: {'cores', 'ram', 'instances'} {{(pid=98731) _get_quotas /opt/stack/nova/nova/quota.py:392}}
Jun 28 03:55:00.887380 np0000003866 nova-conductor[98731]: DEBUG nova.quota [None req-8980d829-83b6-4761-9b2f-3de8822f39f0 tempest-DeleteServersTestJSON-134390447 tempest-DeleteServersTestJSON-134390447-project-member] Getting quotas for user 11598e8271a64f938ceb1761a89b00c2 and project 30953dd6ec504033938ac93286a17643. Resources: {'cores', 'ram', 'instances'} {{(pid=98731) _get_quotas /opt/stack/nova/nova/quota.py:382}}
Jun 28 03:55:00.894929 np0000003866 nova-conductor[98731]: DEBUG nova.conductor.manager [None req-8980d829-83b6-4761-9b2f-3de8822f39f0 tempest-DeleteServersTestJSON-134390447 tempest-DeleteServersTestJSON-134390447-project-member] [instance: 21cb7763-adb1-461c-b2c4-fb814548598f] Selected host: np0000003866; Selected node: np0000003866; Alternates: [] {{(pid=98731) schedule_and_build_instances /opt/stack/nova/nova/conductor/manager.py:1784}}
Jun 28 03:55:00.895420 np0000003866 nova-conductor[98731]: DEBUG oslo_concurrency.lockutils [None req-8980d829-83b6-4761-9b2f-3de8822f39f0 tempest-DeleteServersTestJSON-134390447 tempest-DeleteServersTestJSON-134390447-project-member] Acquiring lock "b8dd9ccf-cc2e-406d-a9a1-14f50aa9e70b" by "nova.context.set_target_cell..get_or_set_cached_cell_and_set_connections" {{(pid=98731) inner /opt/stack/data/venv/lib/python3.12/site-packages/oslo_concurrency/lockutils.py:511}}
Jun 28 03:55:00.895575 np0000003866 nova-conductor[98731]: DEBUG oslo_concurrency.lockutils [None req-8980d829-83b6-4761-9b2f-3de8822f39f0 tempest-DeleteServersTestJSON-134390447 tempest-DeleteServersTestJSON-134390447-project-member] Lock "b8dd9ccf-cc2e-406d-a9a1-14f50aa9e70b" acquired by "nova.context.set_target_cell..get_or_set_cached_cell_and_set_connections" :: waited 0.000s {{(pid=98731) inner /opt/stack/data/venv/lib/python3.12/site-packages/oslo_concurrency/lockutils.py:524}}
Jun 28 03:55:00.895706 np0000003866 nova-conductor[98731]: DEBUG oslo_concurrency.lockutils [None req-8980d829-83b6-4761-9b2f-3de8822f39f0 tempest-DeleteServersTestJSON-134390447 tempest-DeleteServersTestJSON-134390447-project-member] Lock "b8dd9ccf-cc2e-406d-a9a1-14f50aa9e70b" "released" by "nova.context.set_target_cell..get_or_set_cached_cell_and_set_connections" :: held 0.000s {{(pid=98731) inner /opt/stack/data/venv/lib/python3.12/site-packages/oslo_concurrency/lockutils.py:543}}
Jun 28 03:55:00.907884 np0000003866 nova-conductor[98731]: DEBUG nova.conductor.manager [None req-8980d829-83b6-4761-9b2f-3de8822f39f0 tempest-DeleteServersTestJSON-134390447 tempest-DeleteServersTestJSON-134390447-project-member] [instance: 21cb7763-adb1-461c-b2c4-fb814548598f] block_device_mapping [BlockDeviceMapping(attachment_id=,boot_index=0,connection_info=None,created_at=,delete_on_termination=True,deleted=,deleted_at=,destination_type='local',device_name=None,device_type='disk',disk_bus=None,encrypted=False,encryption_format=None,encryption_options=None,encryption_secret_uuid=None,guest_format=None,id=,image_id='ffc66738-0787-44de-9d6b-6ed53e35e72e',instance=,instance_uuid=,no_device=False,snapshot_id=None,source_type='image',tag=None,updated_at=,uuid=,volume_id=None,volume_size=None,volume_type=None)] {{(pid=98731) _create_block_device_mapping /opt/stack/nova/nova/conductor/manager.py:1529}}
Jun 28 03:55:00.909445 np0000003866 nova-conductor[98731]: DEBUG oslo_concurrency.lockutils [None req-8980d829-83b6-4761-9b2f-3de8822f39f0 tempest-DeleteServersTestJSON-134390447 tempest-DeleteServersTestJSON-134390447-project-member] Acquiring lock "b8dd9ccf-cc2e-406d-a9a1-14f50aa9e70b" by "nova.context.set_target_cell..get_or_set_cached_cell_and_set_connections" {{(pid=98731) inner /opt/stack/data/venv/lib/python3.12/site-packages/oslo_concurrency/lockutils.py:511}}
Jun 28 03:55:00.909580 np0000003866 nova-conductor[98731]: DEBUG oslo_concurrency.lockutils [None req-8980d829-83b6-4761-9b2f-3de8822f39f0 tempest-DeleteServersTestJSON-134390447 tempest-DeleteServersTestJSON-134390447-project-member] Lock "b8dd9ccf-cc2e-406d-a9a1-14f50aa9e70b" acquired by "nova.context.set_target_cell..get_or_set_cached_cell_and_set_connections" :: waited 0.000s {{(pid=98731) inner /opt/stack/data/venv/lib/python3.12/site-packages/oslo_concurrency/lockutils.py:524}}
Jun 28 03:55:00.909758 np0000003866 nova-conductor[98731]: DEBUG oslo_concurrency.lockutils [None req-8980d829-83b6-4761-9b2f-3de8822f39f0 tempest-DeleteServersTestJSON-134390447 tempest-DeleteServersTestJSON-134390447-project-member] Lock "b8dd9ccf-cc2e-406d-a9a1-14f50aa9e70b" "released" by "nova.context.set_target_cell..get_or_set_cached_cell_and_set_connections" :: held 0.000s {{(pid=98731) inner /opt/stack/data/venv/lib/python3.12/site-packages/oslo_concurrency/lockutils.py:543}}
Jun 28 03:55:00.956846 np0000003866 nova-conductor[98731]: DEBUG oslo_concurrency.lockutils [None req-8980d829-83b6-4761-9b2f-3de8822f39f0 tempest-DeleteServersTestJSON-134390447 tempest-DeleteServersTestJSON-134390447-project-member] Acquiring lock "b8dd9ccf-cc2e-406d-a9a1-14f50aa9e70b" by "nova.context.set_target_cell..get_or_set_cached_cell_and_set_connections" {{(pid=98731) inner /opt/stack/data/venv/lib/python3.12/site-packages/oslo_concurrency/lockutils.py:511}}
Jun 28 03:55:00.958209 np0000003866 nova-conductor[98731]: DEBUG oslo_concurrency.lockutils [None req-8980d829-83b6-4761-9b2f-3de8822f39f0 tempest-DeleteServersTestJSON-134390447 tempest-DeleteServersTestJSON-134390447-project-member] Lock "b8dd9ccf-cc2e-406d-a9a1-14f50aa9e70b" acquired by "nova.context.set_target_cell..get_or_set_cached_cell_and_set_connections" :: waited 0.001s {{(pid=98731) inner /opt/stack/data/venv/lib/python3.12/site-packages/oslo_concurrency/lockutils.py:524}}
Jun 28 03:55:00.958209 np0000003866 nova-conductor[98731]: DEBUG oslo_concurrency.lockutils [None req-8980d829-83b6-4761-9b2f-3de8822f39f0 tempest-DeleteServersTestJSON-134390447 tempest-DeleteServersTestJSON-134390447-project-member] Lock "b8dd9ccf-cc2e-406d-a9a1-14f50aa9e70b" "released" by "nova.context.set_target_cell..get_or_set_cached_cell_and_set_connections" :: held 0.000s {{(pid=98731) inner /opt/stack/data/venv/lib/python3.12/site-packages/oslo_concurrency/lockutils.py:543}}
