Jun 26 11:50:01.261632 np0000003740 devstack@g-api.service[99600]: DEBUG glance.api.middleware.version_negotiation [None req-c8ab4526-12d7-4a81-8567-981ca3a4d7ef tempest-TestVolumeBootPatternV346-1383210066 tempest-TestVolumeBootPatternV346-1383210066-project-member] Using url versioning {{(pid=99600) process_request /opt/stack/glance/glance/api/middleware/version_negotiation.py:57}}
Jun 26 11:50:01.261632 np0000003740 devstack@g-api.service[99600]: DEBUG glance.api.middleware.version_negotiation [None req-c8ab4526-12d7-4a81-8567-981ca3a4d7ef tempest-TestVolumeBootPatternV346-1383210066 tempest-TestVolumeBootPatternV346-1383210066-project-member] Matched version: v2 {{(pid=99600) process_request /opt/stack/glance/glance/api/middleware/version_negotiation.py:69}}
Jun 26 11:50:01.261632 np0000003740 devstack@g-api.service[99600]: DEBUG glance.api.middleware.version_negotiation [None req-c8ab4526-12d7-4a81-8567-981ca3a4d7ef tempest-TestVolumeBootPatternV346-1383210066 tempest-TestVolumeBootPatternV346-1383210066-project-member] new path /v2/images/fba037b6-dbcf-424d-b04b-7d60290aba88 {{(pid=99600) process_request /opt/stack/glance/glance/api/middleware/version_negotiation.py:70}}
Jun 26 11:50:01.278714 np0000003740 devstack@g-api.service[99600]: WARNING glance.api.v2.images [None req-d9f4314c-713b-4c16-b783-43db931e426b tempest-ServerStableDeviceRescueTest-1718718663 tempest-ServerStableDeviceRescueTest-1718718663-project-member] After upload to backend, deletion of staged image data has failed because it cannot be found at /tmp/staging//fba037b6-dbcf-424d-b04b-7d60290aba88
Jun 26 11:50:01.279532 np0000003740 devstack@g-api.service[99600]: DEBUG glance_store.backend [None req-d9f4314c-713b-4c16-b783-43db931e426b tempest-ServerStableDeviceRescueTest-1718718663 tempest-ServerStableDeviceRescueTest-1718718663-project-member] Attempting to import store swift {{(pid=99600) _load_store /opt/stack/data/venv/lib/python3.12/site-packages/glance_store/backend.py:215}}
Jun 26 11:50:01.281915 np0000003740 devstack@g-api.service[99600]: DEBUG glance_store.capabilities [None req-d9f4314c-713b-4c16-b783-43db931e426b tempest-ServerStableDeviceRescueTest-1718718663 tempest-ServerStableDeviceRescueTest-1718718663-project-member] Store glance_store._drivers.swift.store.SingleTenantStore doesn't support updating dynamic storage capabilities. Please overwrite 'update_capabilities' method of the store to implement updating logics if needed. {{(pid=99600) update_capabilities /opt/stack/data/venv/lib/python3.12/site-packages/glance_store/capabilities.py:91}}
Jun 26 11:50:01.282119 np0000003740 devstack@g-api.service[99600]: DEBUG glance_store.driver [None req-d9f4314c-713b-4c16-b783-43db931e426b tempest-ServerStableDeviceRescueTest-1718718663 tempest-ServerStableDeviceRescueTest-1718718663-project-member] Late loading location class glance_store._drivers.swift.store.StoreLocation {{(pid=99600) get_store_location_class /opt/stack/data/venv/lib/python3.12/site-packages/glance_store/driver.py:134}}
Jun 26 11:50:01.282668 np0000003740 devstack@g-api.service[99600]: DEBUG glance_store.location [None req-d9f4314c-713b-4c16-b783-43db931e426b tempest-ServerStableDeviceRescueTest-1718718663 tempest-ServerStableDeviceRescueTest-1718718663-project-member] Registering scheme swift+https with {'store': , 'location_class': , 'store_entry': 'swift'} {{(pid=99600) register_scheme_map /opt/stack/data/venv/lib/python3.12/site-packages/glance_store/location.py:146}}
Jun 26 11:50:01.282866 np0000003740 devstack@g-api.service[99600]: DEBUG glance_store.location [None req-d9f4314c-713b-4c16-b783-43db931e426b tempest-ServerStableDeviceRescueTest-1718718663 tempest-ServerStableDeviceRescueTest-1718718663-project-member] Registering scheme swift+https with {'store': , 'location_class': , 'store_entry': 'swift'} {{(pid=99600) register_scheme_map /opt/stack/data/venv/lib/python3.12/site-packages/glance_store/location.py:146}}
Jun 26 11:50:01.283046 np0000003740 devstack@g-api.service[99600]: DEBUG glance_store.location [None req-d9f4314c-713b-4c16-b783-43db931e426b tempest-ServerStableDeviceRescueTest-1718718663 tempest-ServerStableDeviceRescueTest-1718718663-project-member] Registering scheme swift with {'store': , 'location_class': , 'store_entry': 'swift'} {{(pid=99600) register_scheme_map /opt/stack/data/venv/lib/python3.12/site-packages/glance_store/location.py:146}}
Jun 26 11:50:01.283177 np0000003740 devstack@g-api.service[99600]: DEBUG glance_store.location [None req-d9f4314c-713b-4c16-b783-43db931e426b tempest-ServerStableDeviceRescueTest-1718718663 tempest-ServerStableDeviceRescueTest-1718718663-project-member] Registering scheme swift+https with {'store': , 'location_class': , 'store_entry': 'swift'} {{(pid=99600) register_scheme_map /opt/stack/data/venv/lib/python3.12/site-packages/glance_store/location.py:146}}
Jun 26 11:50:01.285002 np0000003740 devstack@g-api.service[99600]: DEBUG glance_store.location [None req-d9f4314c-713b-4c16-b783-43db931e426b tempest-ServerStableDeviceRescueTest-1718718663 tempest-ServerStableDeviceRescueTest-1718718663-project-member] Registering scheme swift with {'store': , 'location_class': , 'store_entry': 'swift'} {{(pid=99600) register_scheme_map /opt/stack/data/venv/lib/python3.12/site-packages/glance_store/location.py:146}}
Jun 26 11:50:01.285002 np0000003740 devstack@g-api.service[99600]: DEBUG glance_store.location [None req-d9f4314c-713b-4c16-b783-43db931e426b tempest-ServerStableDeviceRescueTest-1718718663 tempest-ServerStableDeviceRescueTest-1718718663-project-member] Registering scheme swift+http with {'store': , 'location_class': , 'store_entry': 'swift'} {{(pid=99600) register_scheme_map /opt/stack/data/venv/lib/python3.12/site-packages/glance_store/location.py:146}}
Jun 26 11:50:01.285002 np0000003740 devstack@g-api.service[99600]: DEBUG glance_store.location [None req-d9f4314c-713b-4c16-b783-43db931e426b tempest-ServerStableDeviceRescueTest-1718718663 tempest-ServerStableDeviceRescueTest-1718718663-project-member] Registering scheme swift+https with {'store': , 'location_class': , 'store_entry': 'swift'} {{(pid=99600) register_scheme_map /opt/stack/data/venv/lib/python3.12/site-packages/glance_store/location.py:146}}
Jun 26 11:50:01.285002 np0000003740 devstack@g-api.service[99600]: DEBUG glance_store.location [None req-d9f4314c-713b-4c16-b783-43db931e426b tempest-ServerStableDeviceRescueTest-1718718663 tempest-ServerStableDeviceRescueTest-1718718663-project-member] Registering scheme swift with {'store': , 'location_class': , 'store_entry': 'swift'} {{(pid=99600) register_scheme_map /opt/stack/data/venv/lib/python3.12/site-packages/glance_store/location.py:146}}
Jun 26 11:50:01.285002 np0000003740 devstack@g-api.service[99600]: DEBUG glance_store.location [None req-d9f4314c-713b-4c16-b783-43db931e426b tempest-ServerStableDeviceRescueTest-1718718663 tempest-ServerStableDeviceRescueTest-1718718663-project-member] Registering scheme swift+http with {'store': , 'location_class': , 'store_entry': 'swift'} {{(pid=99600) register_scheme_map /opt/stack/data/venv/lib/python3.12/site-packages/glance_store/location.py:146}}
Jun 26 11:50:01.285002 np0000003740 devstack@g-api.service[99600]: DEBUG glance_store.location [None req-d9f4314c-713b-4c16-b783-43db931e426b tempest-ServerStableDeviceRescueTest-1718718663 tempest-ServerStableDeviceRescueTest-1718718663-project-member] Registering scheme swift+config with {'store': , 'location_class': , 'store_entry': 'swift'} {{(pid=99600) register_scheme_map /opt/stack/data/venv/lib/python3.12/site-packages/glance_store/location.py:146}}
Jun 26 11:50:01.285002 np0000003740 devstack@g-api.service[99600]: DEBUG keystoneclient.auth.identity.v3.base [None req-d9f4314c-713b-4c16-b783-43db931e426b tempest-ServerStableDeviceRescueTest-1718718663 tempest-ServerStableDeviceRescueTest-1718718663-project-member] Making authentication request to https://10.4.3.116/identity/v3/auth/tokens {{(pid=99600) get_auth_ref /opt/stack/data/venv/lib/python3.12/site-packages/keystoneclient/auth/identity/v3/base.py:185}}
Jun 26 11:50:01.362330 np0000003740 devstack@g-api.service[99600]: DEBUG keystoneclient.auth.identity.v3.base [None req-d9f4314c-713b-4c16-b783-43db931e426b tempest-ServerStableDeviceRescueTest-1718718663 tempest-ServerStableDeviceRescueTest-1718718663-project-member] {"token": {"methods": ["password"], "user": {"domain": {"id": "default", "name": "Default"}, "id": "f7c2ab870ae747328f24e2f09542a18c", "name": "glance-swift", "password_expires_at": null}, "audit_ids": ["N11FtF1AR4GS0nZBrAhxqg"], "expires_at": "2026-06-26T12:50:01.000000Z", "issued_at": "2026-06-26T11:50:01.000000Z", "project": {"domain": {"id": "default", "name": "Default"}, "id": "8f878e31511e48f3a0f95853b572de61", "name": "service"}, "is_domain": false, "roles": [{"id": "1c8f79a68bb14dbcbe7e1f561d0c621e", "name": "ResellerAdmin"}, {"id": "61936bbdae1f40df85196f7204c10ac5", "name": "service"}], "catalog": [{"endpoints": [{"id": "1aec1100d0b9401b84767bf4d886b98a", "interface": "public", "region_id": "RegionOne", "url": "https://10.4.3.116/placement", "region": "RegionOne"}], "id": "304fa6a77f3240b4a56ee39011420928", "type": "placement", "name": "placement"}, {"endpoints": [{"id": "17a48ced241840fd88490375976bdf29", "interface": "public", "region_id": "RegionOne", "url": "https://10.4.3.116/volume/v3", "region": "RegionOne"}], "id": "bc17d2d25a00405cafc6fc26e200518e", "type": "block-storage", "name": "cinder"}, {"endpoints": [{"id": "f0a4a66c661145fb8d756229b57c40e0", "interface": "public", "region_id": "RegionOne", "url": "https://10.4.3.116/identity", "region": "RegionOne"}], "id": "c4cf41f297ff4e01b7e21583315e289f", "type": "identity", "name": "keystone"}, {"endpoints": [{"id": "42b58bc9671a4908aac52a9d96c4e65b", "interface": "public", "region_id": "RegionOne", "url": "https://10.4.3.116/compute/v2/8f878e31511e48f3a0f95853b572de61", "region": "RegionOne"}], "id": "c9cf0ac63ce34d368ffcb858f085c05b", "type": "compute_legacy", "name": "nova_legacy"}, {"endpoints": [{"id": "9d8ad4bb72c944c4aea4ac3c8a0885a4", "interface": "public", "region_id": "RegionOne", "url": "https://10.4.3.116/image", "region": "RegionOne"}], "id": "cb0135317ebf4317abd7e9746463bd2f", "type": "image", "name": "glance"}, {"endpoints": [{"id": "235beac4e1204ac48e267ca7e788f63c", "interface": "admin", "region_id": "RegionOne", "url": "https://10.4.3.116:8080", "region": "RegionOne"}, {"id": "a1cd8610713b40f0825d61b383c82250", "interface": "public", "region_id": "RegionOne", "url": "https://10.4.3.116:8080/v1/AUTH_8f878e31511e48f3a0f95853b572de61", "region": "RegionOne"}], "id": "d030e22df693484a92b9863d0b9fddae", "type": "object-store", "name": "swift"}, {"endpoints": [{"id": "8fdc5c80ab5f4081a6b482ee111b0c08", "interface": "public", "region_id": "RegionOne", "url": "https://10.4.3.116/compute/v2.1", "region": "RegionOne"}], "id": "ebe44f7f7b3a493490d8a6e76389e23f", "type": "compute", "name": "nova"}, {"endpoints": [{"id": "8cb9fdf2958a412a9ff841b966576afd", "interface": "public", "region_id": "RegionOne", "url": "https://10.4.3.116/networking", "region": "RegionOne"}], "id": "fdb2965fa7d344d9a13dbffebb7bb4db", "type": "network", "name": "neutron"}]}} {{(pid=99600) get_auth_ref /opt/stack/data/venv/lib/python3.12/site-packages/keystoneclient/auth/identity/v3/base.py:190}}
Jun 26 11:50:01.362539 np0000003740 devstack@g-api.service[99600]: DEBUG keystoneclient.httpclient [None req-d9f4314c-713b-4c16-b783-43db931e426b tempest-ServerStableDeviceRescueTest-1718718663 tempest-ServerStableDeviceRescueTest-1718718663-project-member] Failed to find endpoint for management url admin endpoint for identity service not found {{(pid=99600) _process_management_url /opt/stack/data/venv/lib/python3.12/site-packages/keystoneclient/httpclient.py:670}}
Jun 26 11:50:01.390384 np0000003740 devstack@g-api.service[99601]: DEBUG glance.api.middleware.version_negotiation [None req-c8ab4526-12d7-4a81-8567-981ca3a4d7ef tempest-TestVolumeBootPatternV346-1383210066 tempest-TestVolumeBootPatternV346-1383210066-project-member] Determining version of request: GET /v2/images/9c5f0b72-6a15-4fc8-b524-bf7198e3ff31 Accept: */* {{(pid=99601) process_request /opt/stack/glance/glance/api/middleware/version_negotiation.py:44}}
Jun 26 11:50:01.390764 np0000003740 devstack@g-api.service[99601]: DEBUG glance.api.middleware.version_negotiation [None req-c8ab4526-12d7-4a81-8567-981ca3a4d7ef tempest-TestVolumeBootPatternV346-1383210066 tempest-TestVolumeBootPatternV346-1383210066-project-member] Using url versioning {{(pid=99601) process_request /opt/stack/glance/glance/api/middleware/version_negotiation.py:57}}
Jun 26 11:50:01.391313 np0000003740 devstack@g-api.service[99601]: DEBUG glance.api.middleware.version_negotiation [None req-c8ab4526-12d7-4a81-8567-981ca3a4d7ef tempest-TestVolumeBootPatternV346-1383210066 tempest-TestVolumeBootPatternV346-1383210066-project-member] Matched version: v2 {{(pid=99601) process_request /opt/stack/glance/glance/api/middleware/version_negotiation.py:69}}
Jun 26 11:50:01.391535 np0000003740 devstack@g-api.service[99601]: DEBUG glance.api.middleware.version_negotiation [None req-c8ab4526-12d7-4a81-8567-981ca3a4d7ef tempest-TestVolumeBootPatternV346-1383210066 tempest-TestVolumeBootPatternV346-1383210066-project-member] new path /v2/images/9c5f0b72-6a15-4fc8-b524-bf7198e3ff31 {{(pid=99601) process_request /opt/stack/glance/glance/api/middleware/version_negotiation.py:70}}
Jun 26 11:50:01.410607 np0000003740 devstack@g-api.service[99601]: [pid: 99601|app: 0|req: 151/454] 127.0.0.1 () {44 vars in 1115 bytes} [Fri Jun 26 11:50:01 2026] GET /v2/images/9c5f0b72-6a15-4fc8-b524-bf7198e3ff31 => generated 1044 bytes in 17 msecs (HTTP/1.1 200) 4 headers in 158 bytes (1 switches on core 0)
Jun 26 11:50:01.449219 np0000003740 devstack@g-api.service[99602]: DEBUG glance.api.middleware.version_negotiation [None req-c8ab4526-12d7-4a81-8567-981ca3a4d7ef tempest-TestVolumeBootPatternV346-1383210066 tempest-TestVolumeBootPatternV346-1383210066-project-member] Determining version of request: GET /v2/schemas/image Accept: */* {{(pid=99602) process_request /opt/stack/glance/glance/api/middleware/version_negotiation.py:44}}
Jun 26 11:50:01.449219 np0000003740 devstack@g-api.service[99602]: DEBUG glance.api.middleware.version_negotiation [None req-c8ab4526-12d7-4a81-8567-981ca3a4d7ef tempest-TestVolumeBootPatternV346-1383210066 tempest-TestVolumeBootPatternV346-1383210066-project-member] Using url versioning {{(pid=99602) process_request /opt/stack/glance/glance/api/middleware/version_negotiation.py:57}}
Jun 26 11:50:01.449219 np0000003740 devstack@g-api.service[99602]: DEBUG glance.api.middleware.version_negotiation [None req-c8ab4526-12d7-4a81-8567-981ca3a4d7ef tempest-TestVolumeBootPatternV346-1383210066 tempest-TestVolumeBootPatternV346-1383210066-project-member] Matched version: v2 {{(pid=99602) process_request /opt/stack/glance/glance/api/middleware/version_negotiation.py:69}}
Jun 26 11:50:01.449821 np0000003740 devstack@g-api.service[99600]: DEBUG swiftclient [None req-d9f4314c-713b-4c16-b783-43db931e426b tempest-ServerStableDeviceRescueTest-1718718663 tempest-ServerStableDeviceRescueTest-1718718663-project-member] REQ: curl -i https://10.4.3.116:8080/v1/AUTH_8f878e31511e48f3a0f95853b572de61/glance/fba037b6-dbcf-424d-b04b-7d60290aba88 -I -H "X-Auth-Token: gAAAAABqPmdpezLi..." {{(pid=99600) http_log /opt/stack/data/venv/lib/python3.12/site-packages/swiftclient/client.py:160}}
Jun 26 11:50:01.449879 np0000003740 devstack@g-api.service[99602]: DEBUG glance.api.middleware.version_negotiation [None req-c8ab4526-12d7-4a81-8567-981ca3a4d7ef tempest-TestVolumeBootPatternV346-1383210066 tempest-TestVolumeBootPatternV346-1383210066-project-member] new path /v2/schemas/image {{(pid=99602) process_request /opt/stack/glance/glance/api/middleware/version_negotiation.py:70}}
Jun 26 11:50:01.449945 np0000003740 devstack@g-api.service[99600]: DEBUG swiftclient [None req-d9f4314c-713b-4c16-b783-43db931e426b tempest-ServerStableDeviceRescueTest-1718718663 tempest-ServerStableDeviceRescueTest-1718718663-project-member] RESP STATUS: 200 OK {{(pid=99600) http_log /opt/stack/data/venv/lib/python3.12/site-packages/swiftclient/client.py:161}}
Jun 26 11:50:01.449945 np0000003740 devstack@g-api.service[99600]: DEBUG swiftclient [None req-d9f4314c-713b-4c16-b783-43db931e426b tempest-ServerStableDeviceRescueTest-1718718663 tempest-ServerStableDeviceRescueTest-1718718663-project-member] RESP HEADERS: {'Date': 'Fri, 26 Jun 2026 11:50:01 GMT', 'Server': 'Apache/2.4.58 (Ubuntu)', 'Content-Type': 'application/octet-stream', 'Content-Length': '54067200', 'X-Object-Manifest': 'glance/fba037b6-dbcf-424d-b04b-7d60290aba88-', 'Last-Modified': 'Fri, 26 Jun 2026 11:48:54 GMT', 'X-Timestamp': '1782474533.81323', 'Accept-Ranges': 'bytes', 'Etag': '"33a29fb3985cd9722baa25c02ead4ecf"', 'X-Trans-Id': 'txec2e2b6624c0432b9fabf-006a3e6769', 'X-Openstack-Request-Id': 'txec2e2b6624c0432b9fabf-006a3e6769', 'Connection': 'close'} {{(pid=99600) http_log /opt/stack/data/venv/lib/python3.12/site-packages/swiftclient/client.py:162}}
Jun 26 11:50:01.470373 np0000003740 devstack@g-api.service[99602]: [pid: 99602|app: 0|req: 153/455] 127.0.0.1 () {44 vars in 1055 bytes} [Fri Jun 26 11:50:01 2026] GET /v2/schemas/image => generated 6083 bytes in 4 msecs (HTTP/1.1 200) 4 headers in 158 bytes (1 switches on core 0)
Jun 26 11:50:01.492182 np0000003740 devstack@g-api.service[99600]: DEBUG swiftclient [None req-d9f4314c-713b-4c16-b783-43db931e426b tempest-ServerStableDeviceRescueTest-1718718663 tempest-ServerStableDeviceRescueTest-1718718663-project-member] REQ: curl -i https://10.4.3.116:8080/v1/AUTH_8f878e31511e48f3a0f95853b572de61/glance?format=json&prefix=fba037b6-dbcf-424d-b04b-7d60290aba88- -X GET -H "X-Auth-Token: gAAAAABqPmdpezLi..." -H "Accept-Encoding: gzip" {{(pid=99600) http_log /opt/stack/data/venv/lib/python3.12/site-packages/swiftclient/client.py:160}}
Jun 26 11:50:01.492182 np0000003740 devstack@g-api.service[99600]: DEBUG swiftclient [None req-d9f4314c-713b-4c16-b783-43db931e426b tempest-ServerStableDeviceRescueTest-1718718663 tempest-ServerStableDeviceRescueTest-1718718663-project-member] RESP STATUS: 200 OK {{(pid=99600) http_log /opt/stack/data/venv/lib/python3.12/site-packages/swiftclient/client.py:161}}
Jun 26 11:50:01.492182 np0000003740 devstack@g-api.service[99600]: DEBUG swiftclient [None req-d9f4314c-713b-4c16-b783-43db931e426b tempest-ServerStableDeviceRescueTest-1718718663 tempest-ServerStableDeviceRescueTest-1718718663-project-member] RESP HEADERS: {'Date': 'Fri, 26 Jun 2026 11:50:01 GMT', 'Server': 'Apache/2.4.58 (Ubuntu)', 'Content-Type': 'application/json; charset=utf-8', 'Content-Length': '210', 'X-Container-Object-Count': '6', 'X-Container-Bytes-Used': '118423552', 'X-Timestamp': '1782473973.04381', 'Last-Modified': 'Fri, 26 Jun 2026 11:39:33 GMT', 'Accept-Ranges': 'bytes', 'X-Storage-Policy': 'Policy-0', 'X-Container-Sharding': 'False', 'X-Trans-Id': 'tx5401c5b1278a4c4f8b027-006a3e6769', 'X-Openstack-Request-Id': 'tx5401c5b1278a4c4f8b027-006a3e6769', 'Connection': 'close'} {{(pid=99600) http_log /opt/stack/data/venv/lib/python3.12/site-packages/swiftclient/client.py:162}}
Jun 26 11:50:01.492182 np0000003740 devstack@g-api.service[99600]: DEBUG swiftclient [None req-d9f4314c-713b-4c16-b783-43db931e426b tempest-ServerStableDeviceRescueTest-1718718663 tempest-ServerStableDeviceRescueTest-1718718663-project-member] RESP BODY: b'[{"bytes": 54067200, "hash": "e2d9d72aa3dd0e957fe4f7846690e865", "name": "fba037b6-dbcf-424d-b04b-7d60290aba88-00001", "content_type": "application/octet-stream", "last_modified": "2026-06-26T11:48:53.157440"}]' {{(pid=99600) http_log /opt/stack/data/venv/lib/python3.12/site-packages/swiftclient/client.py:166}}
Jun 26 11:50:01.572564 np0000003740 devstack@g-api.service[99600]: DEBUG swiftclient [None req-d9f4314c-713b-4c16-b783-43db931e426b tempest-ServerStableDeviceRescueTest-1718718663 tempest-ServerStableDeviceRescueTest-1718718663-project-member] REQ: curl -i https://10.4.3.116:8080/v1/AUTH_8f878e31511e48f3a0f95853b572de61/glance/fba037b6-dbcf-424d-b04b-7d60290aba88-00001 DELETE -H "X-Auth-Token: gAAAAABqPmdpezLi..." {{(pid=99600) http_log /opt/stack/data/venv/lib/python3.12/site-packages/swiftclient/client.py:160}}
Jun 26 11:50:01.572738 np0000003740 devstack@g-api.service[99600]: DEBUG swiftclient [None req-d9f4314c-713b-4c16-b783-43db931e426b tempest-ServerStableDeviceRescueTest-1718718663 tempest-ServerStableDeviceRescueTest-1718718663-project-member] RESP STATUS: 204 No Content {{(pid=99600) http_log /opt/stack/data/venv/lib/python3.12/site-packages/swiftclient/client.py:161}}
Jun 26 11:50:01.572882 np0000003740 devstack@g-api.service[99600]: DEBUG swiftclient [None req-d9f4314c-713b-4c16-b783-43db931e426b tempest-ServerStableDeviceRescueTest-1718718663 tempest-ServerStableDeviceRescueTest-1718718663-project-member] RESP HEADERS: {'Date': 'Fri, 26 Jun 2026 11:50:01 GMT', 'Server': 'Apache/2.4.58 (Ubuntu)', 'Content-Type': 'text/html; charset=UTF-8', 'X-Trans-Id': 'txdab43e62da53427d9e4d3-006a3e6769', 'X-Openstack-Request-Id': 'txdab43e62da53427d9e4d3-006a3e6769', 'Connection': 'close'} {{(pid=99600) http_log /opt/stack/data/venv/lib/python3.12/site-packages/swiftclient/client.py:162}}
Jun 26 11:50:01.602729 np0000003740 devstack@g-api.service[99600]: DEBUG swiftclient [None req-d9f4314c-713b-4c16-b783-43db931e426b tempest-ServerStableDeviceRescueTest-1718718663 tempest-ServerStableDeviceRescueTest-1718718663-project-member] REQ: curl -i https://10.4.3.116:8080/v1/AUTH_8f878e31511e48f3a0f95853b572de61/glance/fba037b6-dbcf-424d-b04b-7d60290aba88 DELETE -H "X-Auth-Token: gAAAAABqPmdpezLi..." {{(pid=99600) http_log /opt/stack/data/venv/lib/python3.12/site-packages/swiftclient/client.py:160}}
Jun 26 11:50:01.602871 np0000003740 devstack@g-api.service[99600]: DEBUG swiftclient [None req-d9f4314c-713b-4c16-b783-43db931e426b tempest-ServerStableDeviceRescueTest-1718718663 tempest-ServerStableDeviceRescueTest-1718718663-project-member] RESP STATUS: 204 No Content {{(pid=99600) http_log /opt/stack/data/venv/lib/python3.12/site-packages/swiftclient/client.py:161}}
Jun 26 11:50:01.603045 np0000003740 devstack@g-api.service[99600]: DEBUG swiftclient [None req-d9f4314c-713b-4c16-b783-43db931e426b tempest-ServerStableDeviceRescueTest-1718718663 tempest-ServerStableDeviceRescueTest-1718718663-project-member] RESP HEADERS: {'Date': 'Fri, 26 Jun 2026 11:50:01 GMT', 'Server': 'Apache/2.4.58 (Ubuntu)', 'Content-Type': 'text/html; charset=UTF-8', 'X-Trans-Id': 'txa9d53ca3ec0645419d499-006a3e6769', 'X-Openstack-Request-Id': 'txa9d53ca3ec0645419d499-006a3e6769', 'Connection': 'close'} {{(pid=99600) http_log /opt/stack/data/venv/lib/python3.12/site-packages/swiftclient/client.py:162}}
Jun 26 11:50:01.711966 np0000003740 devstack@g-api.service[99600]: DEBUG glance.api.middleware.cache [None req-d9f4314c-713b-4c16-b783-43db931e426b tempest-ServerStableDeviceRescueTest-1718718663 tempest-ServerStableDeviceRescueTest-1718718663-project-member] Removing image fba037b6-dbcf-424d-b04b-7d60290aba88 from cache {{(pid=99600) _process_DELETE_response /opt/stack/glance/glance/api/middleware/cache.py:264}}
Jun 26 11:50:01.712123 np0000003740 devstack@g-api.service[99600]: DEBUG glance.image_cache.drivers.centralized_db [None req-d9f4314c-713b-4c16-b783-43db931e426b tempest-ServerStableDeviceRescueTest-1718718663 tempest-ServerStableDeviceRescueTest-1718718663-project-member] Deleting image cache file '/opt/stack/data/glance/cache/fba037b6-dbcf-424d-b04b-7d60290aba88' {{(pid=99600) delete_cached_file /opt/stack/glance/glance/image_cache/drivers/centralized_db.py:400}}
Jun 26 11:50:01.752379 np0000003740 devstack@g-api.service[99600]: [pid: 99600|app: 0|req: 152/456] 127.0.0.1 () {46 vars in 1137 bytes} [Fri Jun 26 11:50:01 2026] DELETE /v2/images/fba037b6-dbcf-424d-b04b-7d60290aba88 => generated 0 bytes in 494 msecs (HTTP/1.1 204) 4 headers in 171 bytes (1 switches on core 0)
Jun 26 11:50:02.910633 np0000003740 devstack@g-api.service[99601]: DEBUG glance.api.middleware.version_negotiation [None req-f0054b39-d789-48cf-a3bd-f424a7e84d15 tempest-ServerRescueNegativeTestJSON-975610994 tempest-ServerRescueNegativeTestJSON-975610994-project-member] Determining version of request: GET /v2/images/9c5f0b72-6a15-4fc8-b524-bf7198e3ff31 Accept: */* {{(pid=99601) process_request /opt/stack/glance/glance/api/middleware/version_negotiation.py:44}}
Jun 26 11:50:02.911075 np0000003740 devstack@g-api.service[99601]: DEBUG glance.api.middleware.version_negotiation [None req-f0054b39-d789-48cf-a3bd-f424a7e84d15 tempest-ServerRescueNegativeTestJSON-975610994 tempest-ServerRescueNegativeTestJSON-975610994-project-member] Using url versioning {{(pid=99601) process_request /opt/stack/glance/glance/api/middleware/version_negotiation.py:57}}
Jun 26 11:50:02.911075 np0000003740 devstack@g-api.service[99601]: DEBUG glance.api.middleware.version_negotiation [None req-f0054b39-d789-48cf-a3bd-f424a7e84d15 tempest-ServerRescueNegativeTestJSON-975610994 tempest-ServerRescueNegativeTestJSON-975610994-project-member] Matched version: v2 {{(pid=99601) process_request /opt/stack/glance/glance/api/middleware/version_negotiation.py:69}}
Jun 26 11:50:02.911188 np0000003740 devstack@g-api.service[99601]: DEBUG glance.api.middleware.version_negotiation [None req-f0054b39-d789-48cf-a3bd-f424a7e84d15 tempest-ServerRescueNegativeTestJSON-975610994 tempest-ServerRescueNegativeTestJSON-975610994-project-member] new path /v2/images/9c5f0b72-6a15-4fc8-b524-bf7198e3ff31 {{(pid=99601) process_request /opt/stack/glance/glance/api/middleware/version_negotiation.py:70}}
Jun 26 11:50:02.957747 np0000003740 devstack@g-api.service[99601]: [pid: 99601|app: 0|req: 152/457] 127.0.0.1 () {44 vars in 1115 bytes} [Fri Jun 26 11:50:02 2026] GET /v2/images/9c5f0b72-6a15-4fc8-b524-bf7198e3ff31 => generated 1044 bytes in 47 msecs (HTTP/1.1 200) 4 headers in 158 bytes (1 switches on core 0)
Jun 26 11:50:02.997332 np0000003740 devstack@g-api.service[99602]: DEBUG glance.api.middleware.version_negotiation [None req-f0054b39-d789-48cf-a3bd-f424a7e84d15 tempest-ServerRescueNegativeTestJSON-975610994 tempest-ServerRescueNegativeTestJSON-975610994-project-member] Determining version of request: GET /v2/schemas/image Accept: */* {{(pid=99602) process_request /opt/stack/glance/glance/api/middleware/version_negotiation.py:44}}
Jun 26 11:50:02.997332 np0000003740 devstack@g-api.service[99602]: DEBUG glance.api.middleware.version_negotiation [None req-f0054b39-d789-48cf-a3bd-f424a7e84d15 tempest-ServerRescueNegativeTestJSON-975610994 tempest-ServerRescueNegativeTestJSON-975610994-project-member] Using url versioning {{(pid=99602) process_request /opt/stack/glance/glance/api/middleware/version_negotiation.py:57}}
Jun 26 11:50:02.997332 np0000003740 devstack@g-api.service[99602]: DEBUG glance.api.middleware.version_negotiation [None req-f0054b39-d789-48cf-a3bd-f424a7e84d15 tempest-ServerRescueNegativeTestJSON-975610994 tempest-ServerRescueNegativeTestJSON-975610994-project-member] Matched version: v2 {{(pid=99602) process_request /opt/stack/glance/glance/api/middleware/version_negotiation.py:69}}
Jun 26 11:50:02.997332 np0000003740 devstack@g-api.service[99602]: DEBUG glance.api.middleware.version_negotiation [None req-f0054b39-d789-48cf-a3bd-f424a7e84d15 tempest-ServerRescueNegativeTestJSON-975610994 tempest-ServerRescueNegativeTestJSON-975610994-project-member] new path /v2/schemas/image {{(pid=99602) process_request /opt/stack/glance/glance/api/middleware/version_negotiation.py:70}}
Jun 26 11:50:02.998910 np0000003740 devstack@g-api.service[99602]: [pid: 99602|app: 0|req: 154/458] 127.0.0.1 () {44 vars in 1055 bytes} [Fri Jun 26 11:50:02 2026] GET /v2/schemas/image => generated 6083 bytes in 5 msecs (HTTP/1.1 200) 4 headers in 158 bytes (1 switches on core 0)
Jun 26 11:50:03.519875 np0000003740 devstack@g-api.service[99600]: DEBUG glance.api.middleware.version_negotiation [None req-d9f4314c-713b-4c16-b783-43db931e426b tempest-ServerStableDeviceRescueTest-1718718663 tempest-ServerStableDeviceRescueTest-1718718663-project-member] Determining version of request: GET /v2/images/9c5f0b72-6a15-4fc8-b524-bf7198e3ff31 Accept: application/json {{(pid=99600) process_request /opt/stack/glance/glance/api/middleware/version_negotiation.py:44}}
Jun 26 11:50:03.519875 np0000003740 devstack@g-api.service[99600]: DEBUG glance.api.middleware.version_negotiation [None req-d9f4314c-713b-4c16-b783-43db931e426b tempest-ServerStableDeviceRescueTest-1718718663 tempest-ServerStableDeviceRescueTest-1718718663-project-member] Using url versioning {{(pid=99600) process_request /opt/stack/glance/glance/api/middleware/version_negotiation.py:57}}
Jun 26 11:50:03.519875 np0000003740 devstack@g-api.service[99600]: DEBUG glance.api.middleware.version_negotiation [None req-d9f4314c-713b-4c16-b783-43db931e426b tempest-ServerStableDeviceRescueTest-1718718663 tempest-ServerStableDeviceRescueTest-1718718663-project-member] Matched version: v2 {{(pid=99600) process_request /opt/stack/glance/glance/api/middleware/version_negotiation.py:69}}
Jun 26 11:50:03.521353 np0000003740 devstack@g-api.service[99600]: DEBUG glance.api.middleware.version_negotiation [None req-d9f4314c-713b-4c16-b783-43db931e426b tempest-ServerStableDeviceRescueTest-1718718663 tempest-ServerStableDeviceRescueTest-1718718663-project-member] new path /v2/images/9c5f0b72-6a15-4fc8-b524-bf7198e3ff31 {{(pid=99600) process_request /opt/stack/glance/glance/api/middleware/version_negotiation.py:70}}
Jun 26 11:50:03.535366 np0000003740 devstack@g-api.service[99600]: [pid: 99600|app: 0|req: 153/459] 127.0.0.1 () {40 vars in 838 bytes} [Fri Jun 26 11:50:03 2026] GET /v2/images/9c5f0b72-6a15-4fc8-b524-bf7198e3ff31 => generated 1044 bytes in 15 msecs (HTTP/1.1 200) 4 headers in 158 bytes (1 switches on core 0)
Jun 26 11:50:03.560416 np0000003740 devstack@g-api.service[99601]: DEBUG glance.api.middleware.version_negotiation [None req-72c717a7-958a-4fb7-a0c9-afd66a242761 tempest-AttachVolumeTestJSON-527904682 tempest-AttachVolumeTestJSON-527904682-project-member] Determining version of request: GET /v2/images/9c5f0b72-6a15-4fc8-b524-bf7198e3ff31 Accept: */* {{(pid=99601) process_request /opt/stack/glance/glance/api/middleware/version_negotiation.py:44}}
Jun 26 11:50:03.560617 np0000003740 devstack@g-api.service[99601]: DEBUG glance.api.middleware.version_negotiation [None req-72c717a7-958a-4fb7-a0c9-afd66a242761 tempest-AttachVolumeTestJSON-527904682 tempest-AttachVolumeTestJSON-527904682-project-member] Using url versioning {{(pid=99601) process_request /opt/stack/glance/glance/api/middleware/version_negotiation.py:57}}
Jun 26 11:50:03.561564 np0000003740 devstack@g-api.service[99601]: DEBUG glance.api.middleware.version_negotiation [None req-72c717a7-958a-4fb7-a0c9-afd66a242761 tempest-AttachVolumeTestJSON-527904682 tempest-AttachVolumeTestJSON-527904682-project-member] Matched version: v2 {{(pid=99601) process_request /opt/stack/glance/glance/api/middleware/version_negotiation.py:69}}
Jun 26 11:50:03.561564 np0000003740 devstack@g-api.service[99601]: DEBUG glance.api.middleware.version_negotiation [None req-72c717a7-958a-4fb7-a0c9-afd66a242761 tempest-AttachVolumeTestJSON-527904682 tempest-AttachVolumeTestJSON-527904682-project-member] new path /v2/images/9c5f0b72-6a15-4fc8-b524-bf7198e3ff31 {{(pid=99601) process_request /opt/stack/glance/glance/api/middleware/version_negotiation.py:70}}
Jun 26 11:50:03.571982 np0000003740 devstack@g-api.service[99601]: [pid: 99601|app: 0|req: 153/460] 127.0.0.1 () {44 vars in 1115 bytes} [Fri Jun 26 11:50:03 2026] GET /v2/images/9c5f0b72-6a15-4fc8-b524-bf7198e3ff31 => generated 1044 bytes in 11 msecs (HTTP/1.1 200) 4 headers in 158 bytes (1 switches on core 0)
Jun 26 11:50:03.579551 np0000003740 devstack@g-api.service[99602]: DEBUG glance.api.middleware.version_negotiation [None req-72c717a7-958a-4fb7-a0c9-afd66a242761 tempest-AttachVolumeTestJSON-527904682 tempest-AttachVolumeTestJSON-527904682-project-member] Determining version of request: GET /v2/schemas/image Accept: */* {{(pid=99602) process_request /opt/stack/glance/glance/api/middleware/version_negotiation.py:44}}
Jun 26 11:50:03.580030 np0000003740 devstack@g-api.service[99602]: DEBUG glance.api.middleware.version_negotiation [None req-72c717a7-958a-4fb7-a0c9-afd66a242761 tempest-AttachVolumeTestJSON-527904682 tempest-AttachVolumeTestJSON-527904682-project-member] Using url versioning {{(pid=99602) process_request /opt/stack/glance/glance/api/middleware/version_negotiation.py:57}}
Jun 26 11:50:03.580267 np0000003740 devstack@g-api.service[99602]: DEBUG glance.api.middleware.version_negotiation [None req-72c717a7-958a-4fb7-a0c9-afd66a242761 tempest-AttachVolumeTestJSON-527904682 tempest-AttachVolumeTestJSON-527904682-project-member] Matched version: v2 {{(pid=99602) process_request /opt/stack/glance/glance/api/middleware/version_negotiation.py:69}}
Jun 26 11:50:03.580461 np0000003740 devstack@g-api.service[99602]: DEBUG glance.api.middleware.version_negotiation [None req-72c717a7-958a-4fb7-a0c9-afd66a242761 tempest-AttachVolumeTestJSON-527904682 tempest-AttachVolumeTestJSON-527904682-project-member] new path /v2/schemas/image {{(pid=99602) process_request /opt/stack/glance/glance/api/middleware/version_negotiation.py:70}}
Jun 26 11:50:03.582997 np0000003740 devstack@g-api.service[99602]: [pid: 99602|app: 0|req: 155/461] 127.0.0.1 () {44 vars in 1055 bytes} [Fri Jun 26 11:50:03 2026] GET /v2/schemas/image => generated 6083 bytes in 3 msecs (HTTP/1.1 200) 4 headers in 158 bytes (1 switches on core 0)
Jun 26 11:50:03.591447 np0000003740 devstack@g-api.service[99600]: DEBUG glance.api.middleware.version_negotiation [None req-a25ea637-66a6-463a-978e-2281d0475f82 tempest-TestEncryptedCinderVolumes-832508663 tempest-TestEncryptedCinderVolumes-832508663-project-member] Determining version of request: GET /v2/schemas/image Accept: */* {{(pid=99600) process_request /opt/stack/glance/glance/api/middleware/version_negotiation.py:44}}
Jun 26 11:50:03.591672 np0000003740 devstack@g-api.service[99600]: DEBUG glance.api.middleware.version_negotiation [None req-a25ea637-66a6-463a-978e-2281d0475f82 tempest-TestEncryptedCinderVolumes-832508663 tempest-TestEncryptedCinderVolumes-832508663-project-member] Using url versioning {{(pid=99600) process_request /opt/stack/glance/glance/api/middleware/version_negotiation.py:57}}
Jun 26 11:50:03.591842 np0000003740 devstack@g-api.service[99600]: DEBUG glance.api.middleware.version_negotiation [None req-a25ea637-66a6-463a-978e-2281d0475f82 tempest-TestEncryptedCinderVolumes-832508663 tempest-TestEncryptedCinderVolumes-832508663-project-member] Matched version: v2 {{(pid=99600) process_request /opt/stack/glance/glance/api/middleware/version_negotiation.py:69}}
Jun 26 11:50:03.591962 np0000003740 devstack@g-api.service[99600]: DEBUG glance.api.middleware.version_negotiation [None req-a25ea637-66a6-463a-978e-2281d0475f82 tempest-TestEncryptedCinderVolumes-832508663 tempest-TestEncryptedCinderVolumes-832508663-project-member] new path /v2/schemas/image {{(pid=99600) process_request /opt/stack/glance/glance/api/middleware/version_negotiation.py:70}}
Jun 26 11:50:03.595095 np0000003740 devstack@g-api.service[99600]: [pid: 99600|app: 0|req: 154/462] 127.0.0.1 () {44 vars in 1055 bytes} [Fri Jun 26 11:50:03 2026] GET /v2/schemas/image => generated 6083 bytes in 4 msecs (HTTP/1.1 200) 4 headers in 158 bytes (1 switches on core 0)
Jun 26 11:50:03.603274 np0000003740 devstack@g-api.service[99601]: DEBUG glance.api.middleware.version_negotiation [None req-55a5e2c1-a146-424f-8481-2fb59ea5fe81 tempest-TestEncryptedCinderVolumes-832508663 tempest-TestEncryptedCinderVolumes-832508663-project-member] Determining version of request: GET /v2/images/9c5f0b72-6a15-4fc8-b524-bf7198e3ff31 Accept: */* {{(pid=99601) process_request /opt/stack/glance/glance/api/middleware/version_negotiation.py:44}}
Jun 26 11:50:03.603588 np0000003740 devstack@g-api.service[99601]: DEBUG glance.api.middleware.version_negotiation [None req-55a5e2c1-a146-424f-8481-2fb59ea5fe81 tempest-TestEncryptedCinderVolumes-832508663 tempest-TestEncryptedCinderVolumes-832508663-project-member] Using url versioning {{(pid=99601) process_request /opt/stack/glance/glance/api/middleware/version_negotiation.py:57}}
Jun 26 11:50:03.604087 np0000003740 devstack@g-api.service[99601]: DEBUG glance.api.middleware.version_negotiation [None req-55a5e2c1-a146-424f-8481-2fb59ea5fe81 tempest-TestEncryptedCinderVolumes-832508663 tempest-TestEncryptedCinderVolumes-832508663-project-member] Matched version: v2 {{(pid=99601) process_request /opt/stack/glance/glance/api/middleware/version_negotiation.py:69}}
Jun 26 11:50:03.604307 np0000003740 devstack@g-api.service[99601]: DEBUG glance.api.middleware.version_negotiation [None req-55a5e2c1-a146-424f-8481-2fb59ea5fe81 tempest-TestEncryptedCinderVolumes-832508663 tempest-TestEncryptedCinderVolumes-832508663-project-member] new path /v2/images/9c5f0b72-6a15-4fc8-b524-bf7198e3ff31 {{(pid=99601) process_request /opt/stack/glance/glance/api/middleware/version_negotiation.py:70}}
Jun 26 11:50:03.617318 np0000003740 devstack@g-api.service[99601]: [pid: 99601|app: 0|req: 154/463] 127.0.0.1 () {44 vars in 1115 bytes} [Fri Jun 26 11:50:03 2026] GET /v2/images/9c5f0b72-6a15-4fc8-b524-bf7198e3ff31 => generated 1044 bytes in 14 msecs (HTTP/1.1 200) 4 headers in 158 bytes (1 switches on core 0)
Jun 26 11:50:03.627698 np0000003740 devstack@g-api.service[99602]: DEBUG glance.api.middleware.version_negotiation [None req-55a5e2c1-a146-424f-8481-2fb59ea5fe81 tempest-TestEncryptedCinderVolumes-832508663 tempest-TestEncryptedCinderVolumes-832508663-project-member] Determining version of request: GET /v2/schemas/image Accept: */* {{(pid=99602) process_request /opt/stack/glance/glance/api/middleware/version_negotiation.py:44}}
Jun 26 11:50:03.627942 np0000003740 devstack@g-api.service[99602]: DEBUG glance.api.middleware.version_negotiation [None req-55a5e2c1-a146-424f-8481-2fb59ea5fe81 tempest-TestEncryptedCinderVolumes-832508663 tempest-TestEncryptedCinderVolumes-832508663-project-member] Using url versioning {{(pid=99602) process_request /opt/stack/glance/glance/api/middleware/version_negotiation.py:57}}
Jun 26 11:50:03.628085 np0000003740 devstack@g-api.service[99602]: DEBUG glance.api.middleware.version_negotiation [None req-55a5e2c1-a146-424f-8481-2fb59ea5fe81 tempest-TestEncryptedCinderVolumes-832508663 tempest-TestEncryptedCinderVolumes-832508663-project-member] Matched version: v2 {{(pid=99602) process_request /opt/stack/glance/glance/api/middleware/version_negotiation.py:69}}
Jun 26 11:50:03.628144 np0000003740 devstack@g-api.service[99602]: DEBUG glance.api.middleware.version_negotiation [None req-55a5e2c1-a146-424f-8481-2fb59ea5fe81 tempest-TestEncryptedCinderVolumes-832508663 tempest-TestEncryptedCinderVolumes-832508663-project-member] new path /v2/schemas/image {{(pid=99602) process_request /opt/stack/glance/glance/api/middleware/version_negotiation.py:70}}
Jun 26 11:50:03.631147 np0000003740 devstack@g-api.service[99602]: [pid: 99602|app: 0|req: 156/464] 127.0.0.1 () {44 vars in 1055 bytes} [Fri Jun 26 11:50:03 2026] GET /v2/schemas/image => generated 6083 bytes in 3 msecs (HTTP/1.1 200) 4 headers in 158 bytes (1 switches on core 0)
Jun 26 11:50:03.646406 np0000003740 devstack@g-api.service[99600]: DEBUG glance.api.middleware.version_negotiation [None req-55a5e2c1-a146-424f-8481-2fb59ea5fe81 tempest-TestEncryptedCinderVolumes-832508663 tempest-TestEncryptedCinderVolumes-832508663-project-member] Determining version of request: GET /v2/schemas/image Accept: */* {{(pid=99600) process_request /opt/stack/glance/glance/api/middleware/version_negotiation.py:44}}
Jun 26 11:50:03.646590 np0000003740 devstack@g-api.service[99600]: DEBUG glance.api.middleware.version_negotiation [None req-55a5e2c1-a146-424f-8481-2fb59ea5fe81 tempest-TestEncryptedCinderVolumes-832508663 tempest-TestEncryptedCinderVolumes-832508663-project-member] Using url versioning {{(pid=99600) process_request /opt/stack/glance/glance/api/middleware/version_negotiation.py:57}}
Jun 26 11:50:03.646735 np0000003740 devstack@g-api.service[99600]: DEBUG glance.api.middleware.version_negotiation [None req-55a5e2c1-a146-424f-8481-2fb59ea5fe81 tempest-TestEncryptedCinderVolumes-832508663 tempest-TestEncryptedCinderVolumes-832508663-project-member] Matched version: v2 {{(pid=99600) process_request /opt/stack/glance/glance/api/middleware/version_negotiation.py:69}}
Jun 26 11:50:03.646880 np0000003740 devstack@g-api.service[99600]: DEBUG glance.api.middleware.version_negotiation [None req-55a5e2c1-a146-424f-8481-2fb59ea5fe81 tempest-TestEncryptedCinderVolumes-832508663 tempest-TestEncryptedCinderVolumes-832508663-project-member] new path /v2/schemas/image {{(pid=99600) process_request /opt/stack/glance/glance/api/middleware/version_negotiation.py:70}}
Jun 26 11:50:03.651121 np0000003740 devstack@g-api.service[99600]: [pid: 99600|app: 0|req: 155/465] 127.0.0.1 () {44 vars in 1055 bytes} [Fri Jun 26 11:50:03 2026] GET /v2/schemas/image => generated 6083 bytes in 5 msecs (HTTP/1.1 200) 4 headers in 158 bytes (1 switches on core 0)
Jun 26 11:50:03.674684 np0000003740 devstack@g-api.service[99601]: DEBUG glance.api.middleware.version_negotiation [None req-55a5e2c1-a146-424f-8481-2fb59ea5fe81 tempest-TestEncryptedCinderVolumes-832508663 tempest-TestEncryptedCinderVolumes-832508663-project-member] Determining version of request: GET /v2/images/9c5f0b72-6a15-4fc8-b524-bf7198e3ff31 Accept: */* {{(pid=99601) process_request /opt/stack/glance/glance/api/middleware/version_negotiation.py:44}}
Jun 26 11:50:03.674684 np0000003740 devstack@g-api.service[99601]: DEBUG glance.api.middleware.version_negotiation [None req-55a5e2c1-a146-424f-8481-2fb59ea5fe81 tempest-TestEncryptedCinderVolumes-832508663 tempest-TestEncryptedCinderVolumes-832508663-project-member] Using url versioning {{(pid=99601) process_request /opt/stack/glance/glance/api/middleware/version_negotiation.py:57}}
Jun 26 11:50:03.674684 np0000003740 devstack@g-api.service[99601]: DEBUG glance.api.middleware.version_negotiation [None req-55a5e2c1-a146-424f-8481-2fb59ea5fe81 tempest-TestEncryptedCinderVolumes-832508663 tempest-TestEncryptedCinderVolumes-832508663-project-member] Matched version: v2 {{(pid=99601) process_request /opt/stack/glance/glance/api/middleware/version_negotiation.py:69}}
Jun 26 11:50:03.674684 np0000003740 devstack@g-api.service[99601]: DEBUG glance.api.middleware.version_negotiation [None req-55a5e2c1-a146-424f-8481-2fb59ea5fe81 tempest-TestEncryptedCinderVolumes-832508663 tempest-TestEncryptedCinderVolumes-832508663-project-member] new path /v2/images/9c5f0b72-6a15-4fc8-b524-bf7198e3ff31 {{(pid=99601) process_request /opt/stack/glance/glance/api/middleware/version_negotiation.py:70}}
Jun 26 11:50:03.685583 np0000003740 devstack@g-api.service[99601]: [pid: 99601|app: 0|req: 155/466] 127.0.0.1 () {44 vars in 1115 bytes} [Fri Jun 26 11:50:03 2026] GET /v2/images/9c5f0b72-6a15-4fc8-b524-bf7198e3ff31 => generated 1044 bytes in 12 msecs (HTTP/1.1 200) 4 headers in 158 bytes (1 switches on core 0)
Jun 26 11:50:03.692919 np0000003740 devstack@g-api.service[99602]: DEBUG glance.api.middleware.version_negotiation [None req-55a5e2c1-a146-424f-8481-2fb59ea5fe81 tempest-TestEncryptedCinderVolumes-832508663 tempest-TestEncryptedCinderVolumes-832508663-project-member] Determining version of request: GET /v2/schemas/image Accept: */* {{(pid=99602) process_request /opt/stack/glance/glance/api/middleware/version_negotiation.py:44}}
Jun 26 11:50:03.693095 np0000003740 devstack@g-api.service[99602]: DEBUG glance.api.middleware.version_negotiation [None req-55a5e2c1-a146-424f-8481-2fb59ea5fe81 tempest-TestEncryptedCinderVolumes-832508663 tempest-TestEncryptedCinderVolumes-832508663-project-member] Using url versioning {{(pid=99602) process_request /opt/stack/glance/glance/api/middleware/version_negotiation.py:57}}
Jun 26 11:50:03.693293 np0000003740 devstack@g-api.service[99602]: DEBUG glance.api.middleware.version_negotiation [None req-55a5e2c1-a146-424f-8481-2fb59ea5fe81 tempest-TestEncryptedCinderVolumes-832508663 tempest-TestEncryptedCinderVolumes-832508663-project-member] Matched version: v2 {{(pid=99602) process_request /opt/stack/glance/glance/api/middleware/version_negotiation.py:69}}
Jun 26 11:50:03.693437 np0000003740 devstack@g-api.service[99602]: DEBUG glance.api.middleware.version_negotiation [None req-55a5e2c1-a146-424f-8481-2fb59ea5fe81 tempest-TestEncryptedCinderVolumes-832508663 tempest-TestEncryptedCinderVolumes-832508663-project-member] new path /v2/schemas/image {{(pid=99602) process_request /opt/stack/glance/glance/api/middleware/version_negotiation.py:70}}
Jun 26 11:50:03.695664 np0000003740 devstack@g-api.service[99602]: [pid: 99602|app: 0|req: 157/467] 127.0.0.1 () {44 vars in 1055 bytes} [Fri Jun 26 11:50:03 2026] GET /v2/schemas/image => generated 6083 bytes in 3 msecs (HTTP/1.1 200) 4 headers in 158 bytes (1 switches on core 0)
Jun 26 11:50:04.301988 np0000003740 devstack@g-api.service[99600]: DEBUG glance.api.middleware.version_negotiation [None req-55a5e2c1-a146-424f-8481-2fb59ea5fe81 tempest-TestEncryptedCinderVolumes-832508663 tempest-TestEncryptedCinderVolumes-832508663-project-member] Determining version of request: GET /versions Accept: */* {{(pid=99600) process_request /opt/stack/glance/glance/api/middleware/version_negotiation.py:44}}
Jun 26 11:50:04.302935 np0000003740 devstack@g-api.service[99600]: [pid: 99600|app: 0|req: 156/468] 127.0.0.1 () {44 vars in 1039 bytes} [Fri Jun 26 11:50:04 2026] GET /versions => generated 1407 bytes in 1 msecs (HTTP/1.1 200) 3 headers in 92 bytes (1 switches on core 0)
Jun 26 11:50:04.315365 np0000003740 devstack@g-api.service[99601]: DEBUG glance.api.middleware.version_negotiation [None req-55a5e2c1-a146-424f-8481-2fb59ea5fe81 tempest-TestEncryptedCinderVolumes-832508663 tempest-TestEncryptedCinderVolumes-832508663-project-member] Determining version of request: GET /v2/images/9c5f0b72-6a15-4fc8-b524-bf7198e3ff31/locations Accept: */* {{(pid=99601) process_request /opt/stack/glance/glance/api/middleware/version_negotiation.py:44}}
Jun 26 11:50:04.315769 np0000003740 devstack@g-api.service[99601]: DEBUG glance.api.middleware.version_negotiation [None req-55a5e2c1-a146-424f-8481-2fb59ea5fe81 tempest-TestEncryptedCinderVolumes-832508663 tempest-TestEncryptedCinderVolumes-832508663-project-member] Using url versioning {{(pid=99601) process_request /opt/stack/glance/glance/api/middleware/version_negotiation.py:57}}
Jun 26 11:50:04.315769 np0000003740 devstack@g-api.service[99601]: DEBUG glance.api.middleware.version_negotiation [None req-55a5e2c1-a146-424f-8481-2fb59ea5fe81 tempest-TestEncryptedCinderVolumes-832508663 tempest-TestEncryptedCinderVolumes-832508663-project-member] Matched version: v2 {{(pid=99601) process_request /opt/stack/glance/glance/api/middleware/version_negotiation.py:69}}
Jun 26 11:50:04.315769 np0000003740 devstack@g-api.service[99601]: DEBUG glance.api.middleware.version_negotiation [None req-55a5e2c1-a146-424f-8481-2fb59ea5fe81 tempest-TestEncryptedCinderVolumes-832508663 tempest-TestEncryptedCinderVolumes-832508663-project-member] new path /v2/images/9c5f0b72-6a15-4fc8-b524-bf7198e3ff31/locations {{(pid=99601) process_request /opt/stack/glance/glance/api/middleware/version_negotiation.py:70}}
Jun 26 11:50:04.383288 np0000003740 devstack@g-api.service[99601]: [pid: 99601|app: 0|req: 156/469] 127.0.0.1 () {44 vars in 1135 bytes} [Fri Jun 26 11:50:04 2026] GET /v2/images/9c5f0b72-6a15-4fc8-b524-bf7198e3ff31/locations => generated 92 bytes in 68 msecs (HTTP/1.1 200) 4 headers in 156 bytes (1 switches on core 0)
Jun 26 11:50:04.391811 np0000003740 devstack@g-api.service[99602]: DEBUG glance.api.middleware.version_negotiation [None req-55a5e2c1-a146-424f-8481-2fb59ea5fe81 tempest-TestEncryptedCinderVolumes-832508663 tempest-TestEncryptedCinderVolumes-832508663-project-member] Determining version of request: GET /v2/images/9c5f0b72-6a15-4fc8-b524-bf7198e3ff31 Accept: */* {{(pid=99602) process_request /opt/stack/glance/glance/api/middleware/version_negotiation.py:44}}
Jun 26 11:50:04.392693 np0000003740 devstack@g-api.service[99602]: DEBUG glance.api.middleware.version_negotiation [None req-55a5e2c1-a146-424f-8481-2fb59ea5fe81 tempest-TestEncryptedCinderVolumes-832508663 tempest-TestEncryptedCinderVolumes-832508663-project-member] Using url versioning {{(pid=99602) process_request /opt/stack/glance/glance/api/middleware/version_negotiation.py:57}}
Jun 26 11:50:04.392693 np0000003740 devstack@g-api.service[99602]: DEBUG glance.api.middleware.version_negotiation [None req-55a5e2c1-a146-424f-8481-2fb59ea5fe81 tempest-TestEncryptedCinderVolumes-832508663 tempest-TestEncryptedCinderVolumes-832508663-project-member] Matched version: v2 {{(pid=99602) process_request /opt/stack/glance/glance/api/middleware/version_negotiation.py:69}}
Jun 26 11:50:04.392693 np0000003740 devstack@g-api.service[99602]: DEBUG glance.api.middleware.version_negotiation [None req-55a5e2c1-a146-424f-8481-2fb59ea5fe81 tempest-TestEncryptedCinderVolumes-832508663 tempest-TestEncryptedCinderVolumes-832508663-project-member] new path /v2/images/9c5f0b72-6a15-4fc8-b524-bf7198e3ff31 {{(pid=99602) process_request /opt/stack/glance/glance/api/middleware/version_negotiation.py:70}}
Jun 26 11:50:04.404123 np0000003740 devstack@g-api.service[99602]: [pid: 99602|app: 0|req: 158/470] 127.0.0.1 () {44 vars in 1115 bytes} [Fri Jun 26 11:50:04 2026] GET /v2/images/9c5f0b72-6a15-4fc8-b524-bf7198e3ff31 => generated 1044 bytes in 9 msecs (HTTP/1.1 200) 4 headers in 158 bytes (1 switches on core 0)
