Jun 26 11:38:58.269068 np0000003740 systemd[1]: Starting devstack@n-api-meta.service - Devstack devstack@n-api-meta.service...
Jun 26 11:38:58.276587 np0000003740 devstack@n-api-meta.service[92740]: [uWSGI] getting INI configuration from /etc/nova/nova-metadata-uwsgi.ini
Jun 26 11:38:58.279672 np0000003740 devstack@n-api-meta.service[92740]: *** Starting uWSGI 2.0.24-debian (64bit) on [Fri Jun 26 11:38:58 2026] ***
Jun 26 11:38:58.279672 np0000003740 devstack@n-api-meta.service[92740]: compiled with version: 13.2.0 on 17 April 2024 16:23:48
Jun 26 11:38:58.279672 np0000003740 devstack@n-api-meta.service[92740]: os: Linux-6.8.0-124-generic #124-Ubuntu SMP PREEMPT_DYNAMIC Tue May 26 13:00:45 UTC 2026
Jun 26 11:38:58.279672 np0000003740 devstack@n-api-meta.service[92740]: nodename: np0000003740
Jun 26 11:38:58.279672 np0000003740 devstack@n-api-meta.service[92740]: machine: x86_64
Jun 26 11:38:58.279672 np0000003740 devstack@n-api-meta.service[92740]: clock source: unix
Jun 26 11:38:58.279672 np0000003740 devstack@n-api-meta.service[92740]: pcre jit disabled
Jun 26 11:38:58.279672 np0000003740 devstack@n-api-meta.service[92740]: detected number of CPU cores: 16
Jun 26 11:38:58.279672 np0000003740 devstack@n-api-meta.service[92740]: current working directory: /
Jun 26 11:38:58.279672 np0000003740 devstack@n-api-meta.service[92740]: detected binary path: /usr/bin/uwsgi-core
Jun 26 11:38:58.280045 np0000003740 devstack@n-api-meta.service[92740]: your processes number limit is 252954
Jun 26 11:38:58.280045 np0000003740 devstack@n-api-meta.service[92740]: your memory page size is 4096 bytes
Jun 26 11:38:58.280045 np0000003740 devstack@n-api-meta.service[92740]: detected max file descriptor number: 2048
Jun 26 11:38:58.280045 np0000003740 devstack@n-api-meta.service[92740]: lock engine: pthread robust mutexes
Jun 26 11:38:58.280045 np0000003740 devstack@n-api-meta.service[92740]: thunder lock: enabled
Jun 26 11:38:58.280216 np0000003740 devstack@n-api-meta.service[92740]: uWSGI http bound on 0.0.0.0:8775 fd 5
Jun 26 11:38:58.280261 np0000003740 devstack@n-api-meta.service[92740]: uwsgi socket 0 bound to TCP address 127.0.0.1:44577 (port auto-assigned) fd 4
Jun 26 11:38:58.280303 np0000003740 devstack@n-api-meta.service[92740]: Python version: 3.12.3 (main, Mar 23 2026, 19:04:32) [GCC 13.3.0]
Jun 26 11:38:58.280303 np0000003740 devstack@n-api-meta.service[92740]: PEP 405 virtualenv detected: /opt/stack/data/venv
Jun 26 11:38:58.280303 np0000003740 devstack@n-api-meta.service[92740]: Set PythonHome to /opt/stack/data/venv
Jun 26 11:38:58.317899 np0000003740 devstack@n-api-meta.service[92740]: Python main interpreter initialized at 0x74322f6a3668
Jun 26 11:38:58.317899 np0000003740 devstack@n-api-meta.service[92740]: python threads support enabled
Jun 26 11:38:58.317999 np0000003740 devstack@n-api-meta.service[92740]: your server socket listen backlog is limited to 100 connections
Jun 26 11:38:58.317999 np0000003740 devstack@n-api-meta.service[92740]: your mercy for graceful operations on workers is 80 seconds
Jun 26 11:38:58.318288 np0000003740 devstack@n-api-meta.service[92740]: mapped 537436 bytes (524 KB) for 3 cores
Jun 26 11:38:58.318393 np0000003740 devstack@n-api-meta.service[92740]: *** Operational MODE: preforking ***
Jun 26 11:38:58.318630 np0000003740 devstack@n-api-meta.service[92740]: *** uWSGI is running in multiple interpreter mode ***
Jun 26 11:38:58.318630 np0000003740 devstack@n-api-meta.service[92740]: spawned uWSGI master process (pid: 92740)
Jun 26 11:38:58.318831 np0000003740 systemd[1]: Started devstack@n-api-meta.service - Devstack devstack@n-api-meta.service.
Jun 26 11:38:58.319209 np0000003740 devstack@n-api-meta.service[92740]: spawned uWSGI worker 1 (pid: 92741, cores: 1)
Jun 26 11:38:58.319939 np0000003740 devstack@n-api-meta.service[92740]: spawned uWSGI worker 2 (pid: 92742, cores: 1)
Jun 26 11:38:58.320383 np0000003740 devstack@n-api-meta.service[92740]: spawned uWSGI worker 3 (pid: 92743, cores: 1)
Jun 26 11:38:58.321183 np0000003740 devstack@n-api-meta.service[92740]: spawned uWSGI http 1 (pid: 92744)
Jun 26 11:38:58.321183 np0000003740 devstack@n-api-meta.service[92740]: running "unix_signal:15 gracefully_kill_them_all" (master-start)...
Jun 26 11:39:00.366822 np0000003740 devstack@n-api-meta.service[92742]: INFO dbcounter [None req-104bc2ee-b443-4eaf-8036-31c829603eae None None] Registered counter for database nova_api
Jun 26 11:39:00.414182 np0000003740 devstack@n-api-meta.service[92742]: DEBUG oslo_db.sqlalchemy.engines [None req-104bc2ee-b443-4eaf-8036-31c829603eae None None] MySQL server mode set to STRICT_TRANS_TABLES,STRICT_ALL_TABLES,NO_ZERO_IN_DATE,NO_ZERO_DATE,ERROR_FOR_DIVISION_BY_ZERO,TRADITIONAL,NO_ENGINE_SUBSTITUTION {{(pid=92742) _check_effective_sql_mode /opt/stack/data/venv/lib/python3.12/site-packages/oslo_db/sqlalchemy/engines.py:325}}
Jun 26 11:39:00.445617 np0000003740 devstack@n-api-meta.service[92742]: DEBUG dbcounter [-] [92742] Writer thread running {{(pid=92742) stat_writer /opt/stack/data/venv/lib/python3.12/site-packages/dbcounter.py:102}}
Jun 26 11:39:00.449297 np0000003740 devstack@n-api-meta.service[92742]: DEBUG nova.context [None req-104bc2ee-b443-4eaf-8036-31c829603eae None None] Found 2 cells: 00000000-0000-0000-0000-000000000000(cell0),1e42cca8-e3b7-49e2-b6fa-5ef60049862d(cell1) {{(pid=92742) load_cells /opt/stack/nova/nova/context.py:509}}
Jun 26 11:39:00.449297 np0000003740 devstack@n-api-meta.service[92742]: INFO nova.utils [None req-104bc2ee-b443-4eaf-8036-31c829603eae None None] The cell worker thread pool MainProcess.cell_worker is initialized
Jun 26 11:39:00.450965 np0000003740 devstack@n-api-meta.service[92742]: DEBUG oslo_concurrency.lockutils [None req-104bc2ee-b443-4eaf-8036-31c829603eae None None] Acquiring lock "00000000-0000-0000-0000-000000000000" by "nova.context.set_target_cell..get_or_set_cached_cell_and_set_connections" {{(pid=92742) inner /opt/stack/data/venv/lib/python3.12/site-packages/oslo_concurrency/lockutils.py:511}}
Jun 26 11:39:00.450965 np0000003740 devstack@n-api-meta.service[92742]: DEBUG oslo_concurrency.lockutils [None req-104bc2ee-b443-4eaf-8036-31c829603eae None None] Lock "00000000-0000-0000-0000-000000000000" acquired by "nova.context.set_target_cell..get_or_set_cached_cell_and_set_connections" :: waited 0.000s {{(pid=92742) inner /opt/stack/data/venv/lib/python3.12/site-packages/oslo_concurrency/lockutils.py:524}}
Jun 26 11:39:00.451304 np0000003740 devstack@n-api-meta.service[92742]: DEBUG oslo_concurrency.lockutils [None req-104bc2ee-b443-4eaf-8036-31c829603eae None None] Lock "00000000-0000-0000-0000-000000000000" "released" by "nova.context.set_target_cell..get_or_set_cached_cell_and_set_connections" :: held 0.000s {{(pid=92742) inner /opt/stack/data/venv/lib/python3.12/site-packages/oslo_concurrency/lockutils.py:543}}
Jun 26 11:39:00.452020 np0000003740 devstack@n-api-meta.service[92742]: DEBUG oslo_concurrency.lockutils [None req-104bc2ee-b443-4eaf-8036-31c829603eae None None] Acquiring lock "1e42cca8-e3b7-49e2-b6fa-5ef60049862d" by "nova.context.set_target_cell..get_or_set_cached_cell_and_set_connections" {{(pid=92742) inner /opt/stack/data/venv/lib/python3.12/site-packages/oslo_concurrency/lockutils.py:511}}
Jun 26 11:39:00.452167 np0000003740 devstack@n-api-meta.service[92742]: DEBUG oslo_concurrency.lockutils [None req-104bc2ee-b443-4eaf-8036-31c829603eae None None] Lock "1e42cca8-e3b7-49e2-b6fa-5ef60049862d" acquired by "nova.context.set_target_cell..get_or_set_cached_cell_and_set_connections" :: waited 0.000s {{(pid=92742) inner /opt/stack/data/venv/lib/python3.12/site-packages/oslo_concurrency/lockutils.py:524}}
Jun 26 11:39:00.453074 np0000003740 devstack@n-api-meta.service[92742]: DEBUG oslo_concurrency.lockutils [None req-104bc2ee-b443-4eaf-8036-31c829603eae None None] Lock "1e42cca8-e3b7-49e2-b6fa-5ef60049862d" "released" by "nova.context.set_target_cell..get_or_set_cached_cell_and_set_connections" :: held 0.001s {{(pid=92742) inner /opt/stack/data/venv/lib/python3.12/site-packages/oslo_concurrency/lockutils.py:543}}
Jun 26 11:39:00.454521 np0000003740 devstack@n-api-meta.service[92742]: INFO dbcounter [None req-104bc2ee-b443-4eaf-8036-31c829603eae None None] Registered counter for database nova_cell0
Jun 26 11:39:00.459530 np0000003740 devstack@n-api-meta.service[92742]: INFO dbcounter [None req-104bc2ee-b443-4eaf-8036-31c829603eae None None] Registered counter for database nova_cell1
Jun 26 11:39:00.503095 np0000003740 devstack@n-api-meta.service[92742]: DEBUG oslo_db.sqlalchemy.engines [None req-104bc2ee-b443-4eaf-8036-31c829603eae None None] MySQL server mode set to STRICT_TRANS_TABLES,STRICT_ALL_TABLES,NO_ZERO_IN_DATE,NO_ZERO_DATE,ERROR_FOR_DIVISION_BY_ZERO,TRADITIONAL,NO_ENGINE_SUBSTITUTION {{(pid=92742) _check_effective_sql_mode /opt/stack/data/venv/lib/python3.12/site-packages/oslo_db/sqlalchemy/engines.py:325}}
Jun 26 11:39:00.508089 np0000003740 devstack@n-api-meta.service[92742]: DEBUG oslo_db.sqlalchemy.engines [None req-104bc2ee-b443-4eaf-8036-31c829603eae None None] MySQL server mode set to STRICT_TRANS_TABLES,STRICT_ALL_TABLES,NO_ZERO_IN_DATE,NO_ZERO_DATE,ERROR_FOR_DIVISION_BY_ZERO,TRADITIONAL,NO_ENGINE_SUBSTITUTION {{(pid=92742) _check_effective_sql_mode /opt/stack/data/venv/lib/python3.12/site-packages/oslo_db/sqlalchemy/engines.py:325}}
Jun 26 11:39:00.526187 np0000003740 devstack@n-api-meta.service[92741]: INFO dbcounter [None req-07d39426-b773-4796-84d5-6cc7b837a47f None None] Registered counter for database nova_api
Jun 26 11:39:00.538733 np0000003740 devstack@n-api-meta.service[92743]: INFO dbcounter [None req-4051d819-4404-4d9b-92ae-1e553c45e1d5 None None] Registered counter for database nova_api
Jun 26 11:39:00.593776 np0000003740 devstack@n-api-meta.service[92741]: DEBUG oslo_db.sqlalchemy.engines [None req-07d39426-b773-4796-84d5-6cc7b837a47f None None] MySQL server mode set to STRICT_TRANS_TABLES,STRICT_ALL_TABLES,NO_ZERO_IN_DATE,NO_ZERO_DATE,ERROR_FOR_DIVISION_BY_ZERO,TRADITIONAL,NO_ENGINE_SUBSTITUTION {{(pid=92741) _check_effective_sql_mode /opt/stack/data/venv/lib/python3.12/site-packages/oslo_db/sqlalchemy/engines.py:325}}
Jun 26 11:39:00.597242 np0000003740 devstack@n-api-meta.service[92743]: DEBUG oslo_db.sqlalchemy.engines [None req-4051d819-4404-4d9b-92ae-1e553c45e1d5 None None] MySQL server mode set to STRICT_TRANS_TABLES,STRICT_ALL_TABLES,NO_ZERO_IN_DATE,NO_ZERO_DATE,ERROR_FOR_DIVISION_BY_ZERO,TRADITIONAL,NO_ENGINE_SUBSTITUTION {{(pid=92743) _check_effective_sql_mode /opt/stack/data/venv/lib/python3.12/site-packages/oslo_db/sqlalchemy/engines.py:325}}
Jun 26 11:39:00.634202 np0000003740 devstack@n-api-meta.service[92741]: DEBUG dbcounter [-] [92741] Writer thread running {{(pid=92741) stat_writer /opt/stack/data/venv/lib/python3.12/site-packages/dbcounter.py:102}}
Jun 26 11:39:00.634911 np0000003740 devstack@n-api-meta.service[92743]: DEBUG dbcounter [-] [92743] Writer thread running {{(pid=92743) stat_writer /opt/stack/data/venv/lib/python3.12/site-packages/dbcounter.py:102}}
Jun 26 11:39:00.637361 np0000003740 devstack@n-api-meta.service[92741]: DEBUG nova.context [None req-07d39426-b773-4796-84d5-6cc7b837a47f None None] Found 2 cells: 00000000-0000-0000-0000-000000000000(cell0),1e42cca8-e3b7-49e2-b6fa-5ef60049862d(cell1) {{(pid=92741) load_cells /opt/stack/nova/nova/context.py:509}}
Jun 26 11:39:00.637714 np0000003740 devstack@n-api-meta.service[92741]: INFO nova.utils [None req-07d39426-b773-4796-84d5-6cc7b837a47f None None] The cell worker thread pool MainProcess.cell_worker is initialized
Jun 26 11:39:00.639393 np0000003740 devstack@n-api-meta.service[92743]: DEBUG nova.context [None req-4051d819-4404-4d9b-92ae-1e553c45e1d5 None None] Found 2 cells: 00000000-0000-0000-0000-000000000000(cell0),1e42cca8-e3b7-49e2-b6fa-5ef60049862d(cell1) {{(pid=92743) load_cells /opt/stack/nova/nova/context.py:509}}
Jun 26 11:39:00.639393 np0000003740 devstack@n-api-meta.service[92743]: INFO nova.utils [None req-4051d819-4404-4d9b-92ae-1e553c45e1d5 None None] The cell worker thread pool MainProcess.cell_worker is initialized
Jun 26 11:39:00.639959 np0000003740 devstack@n-api-meta.service[92742]: DEBUG dbcounter [-] [92742] Writer thread running {{(pid=92742) stat_writer /opt/stack/data/venv/lib/python3.12/site-packages/dbcounter.py:102}}
Jun 26 11:39:00.640342 np0000003740 devstack@n-api-meta.service[92741]: DEBUG oslo_concurrency.lockutils [None req-07d39426-b773-4796-84d5-6cc7b837a47f None None] Acquiring lock "00000000-0000-0000-0000-000000000000" by "nova.context.set_target_cell..get_or_set_cached_cell_and_set_connections" {{(pid=92741) inner /opt/stack/data/venv/lib/python3.12/site-packages/oslo_concurrency/lockutils.py:511}}
Jun 26 11:39:00.641041 np0000003740 devstack@n-api-meta.service[92741]: DEBUG oslo_concurrency.lockutils [None req-07d39426-b773-4796-84d5-6cc7b837a47f None None] Lock "00000000-0000-0000-0000-000000000000" acquired by "nova.context.set_target_cell..get_or_set_cached_cell_and_set_connections" :: waited 0.000s {{(pid=92741) inner /opt/stack/data/venv/lib/python3.12/site-packages/oslo_concurrency/lockutils.py:524}}
Jun 26 11:39:00.641180 np0000003740 devstack@n-api-meta.service[92743]: DEBUG oslo_concurrency.lockutils [None req-4051d819-4404-4d9b-92ae-1e553c45e1d5 None None] Acquiring lock "00000000-0000-0000-0000-000000000000" by "nova.context.set_target_cell..get_or_set_cached_cell_and_set_connections" {{(pid=92743) inner /opt/stack/data/venv/lib/python3.12/site-packages/oslo_concurrency/lockutils.py:511}}
Jun 26 11:39:00.641228 np0000003740 devstack@n-api-meta.service[92741]: DEBUG oslo_concurrency.lockutils [None req-07d39426-b773-4796-84d5-6cc7b837a47f None None] Lock "00000000-0000-0000-0000-000000000000" "released" by "nova.context.set_target_cell..get_or_set_cached_cell_and_set_connections" :: held 0.001s {{(pid=92741) inner /opt/stack/data/venv/lib/python3.12/site-packages/oslo_concurrency/lockutils.py:543}}
Jun 26 11:39:00.641369 np0000003740 devstack@n-api-meta.service[92743]: DEBUG oslo_concurrency.lockutils [None req-4051d819-4404-4d9b-92ae-1e553c45e1d5 None None] Lock "00000000-0000-0000-0000-000000000000" acquired by "nova.context.set_target_cell..get_or_set_cached_cell_and_set_connections" :: waited 0.000s {{(pid=92743) inner /opt/stack/data/venv/lib/python3.12/site-packages/oslo_concurrency/lockutils.py:524}}
Jun 26 11:39:00.641500 np0000003740 devstack@n-api-meta.service[92742]: DEBUG dbcounter [-] [92742] Writer thread running {{(pid=92742) stat_writer /opt/stack/data/venv/lib/python3.12/site-packages/dbcounter.py:102}}
Jun 26 11:39:00.642192 np0000003740 devstack@n-api-meta.service[92743]: DEBUG oslo_concurrency.lockutils [None req-4051d819-4404-4d9b-92ae-1e553c45e1d5 None None] Lock "00000000-0000-0000-0000-000000000000" "released" by "nova.context.set_target_cell..get_or_set_cached_cell_and_set_connections" :: held 0.001s {{(pid=92743) inner /opt/stack/data/venv/lib/python3.12/site-packages/oslo_concurrency/lockutils.py:543}}
Jun 26 11:39:00.642248 np0000003740 devstack@n-api-meta.service[92741]: DEBUG oslo_concurrency.lockutils [None req-07d39426-b773-4796-84d5-6cc7b837a47f None None] Acquiring lock "1e42cca8-e3b7-49e2-b6fa-5ef60049862d" by "nova.context.set_target_cell..get_or_set_cached_cell_and_set_connections" {{(pid=92741) inner /opt/stack/data/venv/lib/python3.12/site-packages/oslo_concurrency/lockutils.py:511}}
Jun 26 11:39:00.642323 np0000003740 devstack@n-api-meta.service[92741]: DEBUG oslo_concurrency.lockutils [None req-07d39426-b773-4796-84d5-6cc7b837a47f None None] Lock "1e42cca8-e3b7-49e2-b6fa-5ef60049862d" acquired by "nova.context.set_target_cell..get_or_set_cached_cell_and_set_connections" :: waited 0.000s {{(pid=92741) inner /opt/stack/data/venv/lib/python3.12/site-packages/oslo_concurrency/lockutils.py:524}}
Jun 26 11:39:00.642955 np0000003740 devstack@n-api-meta.service[92743]: DEBUG oslo_concurrency.lockutils [None req-4051d819-4404-4d9b-92ae-1e553c45e1d5 None None] Acquiring lock "1e42cca8-e3b7-49e2-b6fa-5ef60049862d" by "nova.context.set_target_cell..get_or_set_cached_cell_and_set_connections" {{(pid=92743) inner /opt/stack/data/venv/lib/python3.12/site-packages/oslo_concurrency/lockutils.py:511}}
Jun 26 11:39:00.643062 np0000003740 devstack@n-api-meta.service[92743]: DEBUG oslo_concurrency.lockutils [None req-4051d819-4404-4d9b-92ae-1e553c45e1d5 None None] Lock "1e42cca8-e3b7-49e2-b6fa-5ef60049862d" acquired by "nova.context.set_target_cell..get_or_set_cached_cell_and_set_connections" :: waited 0.000s {{(pid=92743) inner /opt/stack/data/venv/lib/python3.12/site-packages/oslo_concurrency/lockutils.py:524}}
Jun 26 11:39:00.643306 np0000003740 devstack@n-api-meta.service[92741]: DEBUG oslo_concurrency.lockutils [None req-07d39426-b773-4796-84d5-6cc7b837a47f None None] Lock "1e42cca8-e3b7-49e2-b6fa-5ef60049862d" "released" by "nova.context.set_target_cell..get_or_set_cached_cell_and_set_connections" :: held 0.001s {{(pid=92741) inner /opt/stack/data/venv/lib/python3.12/site-packages/oslo_concurrency/lockutils.py:543}}
Jun 26 11:39:00.644427 np0000003740 devstack@n-api-meta.service[92743]: DEBUG oslo_concurrency.lockutils [None req-4051d819-4404-4d9b-92ae-1e553c45e1d5 None None] Lock "1e42cca8-e3b7-49e2-b6fa-5ef60049862d" "released" by "nova.context.set_target_cell..get_or_set_cached_cell_and_set_connections" :: held 0.001s {{(pid=92743) inner /opt/stack/data/venv/lib/python3.12/site-packages/oslo_concurrency/lockutils.py:543}}
Jun 26 11:39:00.645418 np0000003740 devstack@n-api-meta.service[92741]: INFO dbcounter [None req-07d39426-b773-4796-84d5-6cc7b837a47f None None] Registered counter for database nova_cell0
Jun 26 11:39:00.645615 np0000003740 devstack@n-api-meta.service[92742]: INFO dbcounter [None req-104bc2ee-b443-4eaf-8036-31c829603eae None None] Registered counter for database nova_cell0
Jun 26 11:39:00.646603 np0000003740 devstack@n-api-meta.service[92743]: INFO dbcounter [None req-4051d819-4404-4d9b-92ae-1e553c45e1d5 None None] Registered counter for database nova_cell0
Jun 26 11:39:00.650538 np0000003740 devstack@n-api-meta.service[92741]: INFO dbcounter [None req-07d39426-b773-4796-84d5-6cc7b837a47f None None] Registered counter for database nova_cell1
Jun 26 11:39:00.651541 np0000003740 devstack@n-api-meta.service[92743]: INFO dbcounter [None req-4051d819-4404-4d9b-92ae-1e553c45e1d5 None None] Registered counter for database nova_cell1
Jun 26 11:39:00.683244 np0000003740 devstack@n-api-meta.service[92742]: DEBUG oslo_db.sqlalchemy.engines [None req-104bc2ee-b443-4eaf-8036-31c829603eae None None] MySQL server mode set to STRICT_TRANS_TABLES,STRICT_ALL_TABLES,NO_ZERO_IN_DATE,NO_ZERO_DATE,ERROR_FOR_DIVISION_BY_ZERO,TRADITIONAL,NO_ENGINE_SUBSTITUTION {{(pid=92742) _check_effective_sql_mode /opt/stack/data/venv/lib/python3.12/site-packages/oslo_db/sqlalchemy/engines.py:325}}
Jun 26 11:39:00.692297 np0000003740 devstack@n-api-meta.service[92743]: DEBUG oslo_db.sqlalchemy.engines [None req-4051d819-4404-4d9b-92ae-1e553c45e1d5 None None] MySQL server mode set to STRICT_TRANS_TABLES,STRICT_ALL_TABLES,NO_ZERO_IN_DATE,NO_ZERO_DATE,ERROR_FOR_DIVISION_BY_ZERO,TRADITIONAL,NO_ENGINE_SUBSTITUTION {{(pid=92743) _check_effective_sql_mode /opt/stack/data/venv/lib/python3.12/site-packages/oslo_db/sqlalchemy/engines.py:325}}
Jun 26 11:39:00.693205 np0000003740 devstack@n-api-meta.service[92742]: DEBUG dbcounter [-] [92742] Writer thread running {{(pid=92742) stat_writer /opt/stack/data/venv/lib/python3.12/site-packages/dbcounter.py:102}}
Jun 26 11:39:00.695582 np0000003740 devstack@n-api-meta.service[92741]: DEBUG oslo_db.sqlalchemy.engines [None req-07d39426-b773-4796-84d5-6cc7b837a47f None None] MySQL server mode set to STRICT_TRANS_TABLES,STRICT_ALL_TABLES,NO_ZERO_IN_DATE,NO_ZERO_DATE,ERROR_FOR_DIVISION_BY_ZERO,TRADITIONAL,NO_ENGINE_SUBSTITUTION {{(pid=92741) _check_effective_sql_mode /opt/stack/data/venv/lib/python3.12/site-packages/oslo_db/sqlalchemy/engines.py:325}}
Jun 26 11:39:00.700812 np0000003740 devstack@n-api-meta.service[92743]: DEBUG oslo_db.sqlalchemy.engines [None req-4051d819-4404-4d9b-92ae-1e553c45e1d5 None None] MySQL server mode set to STRICT_TRANS_TABLES,STRICT_ALL_TABLES,NO_ZERO_IN_DATE,NO_ZERO_DATE,ERROR_FOR_DIVISION_BY_ZERO,TRADITIONAL,NO_ENGINE_SUBSTITUTION {{(pid=92743) _check_effective_sql_mode /opt/stack/data/venv/lib/python3.12/site-packages/oslo_db/sqlalchemy/engines.py:325}}
Jun 26 11:39:00.706857 np0000003740 devstack@n-api-meta.service[92741]: DEBUG oslo_db.sqlalchemy.engines [None req-07d39426-b773-4796-84d5-6cc7b837a47f None None] MySQL server mode set to STRICT_TRANS_TABLES,STRICT_ALL_TABLES,NO_ZERO_IN_DATE,NO_ZERO_DATE,ERROR_FOR_DIVISION_BY_ZERO,TRADITIONAL,NO_ENGINE_SUBSTITUTION {{(pid=92741) _check_effective_sql_mode /opt/stack/data/venv/lib/python3.12/site-packages/oslo_db/sqlalchemy/engines.py:325}}
Jun 26 11:39:00.745146 np0000003740 devstack@n-api-meta.service[92742]: WARNING nova.api.metadata.handler [None req-104bc2ee-b443-4eaf-8036-31c829603eae None None] metadata_proxy_shared_secret is not configured, the metadata information returned by the proxy cannot be trusted
Jun 26 11:39:00.747389 np0000003740 devstack@n-api-meta.service[92742]: DEBUG nova.api.openstack.wsgi_app [None req-104bc2ee-b443-4eaf-8036-31c829603eae None None] ******************************************************************************** {{(pid=92742) log_opt_values /opt/stack/data/venv/lib/python3.12/site-packages/oslo_config/cfg.py:3226}}
Jun 26 11:39:00.747488 np0000003740 devstack@n-api-meta.service[92742]: DEBUG nova.api.openstack.wsgi_app [None req-104bc2ee-b443-4eaf-8036-31c829603eae None None] Configuration options gathered from: {{(pid=92742) log_opt_values /opt/stack/data/venv/lib/python3.12/site-packages/oslo_config/cfg.py:3227}}
Jun 26 11:39:00.747675 np0000003740 devstack@n-api-meta.service[92742]: DEBUG nova.api.openstack.wsgi_app [None req-104bc2ee-b443-4eaf-8036-31c829603eae None None] command line args: [] {{(pid=92742) log_opt_values /opt/stack/data/venv/lib/python3.12/site-packages/oslo_config/cfg.py:3228}}
Jun 26 11:39:00.747878 np0000003740 devstack@n-api-meta.service[92742]: DEBUG nova.api.openstack.wsgi_app [None req-104bc2ee-b443-4eaf-8036-31c829603eae None None] config files: ['/etc/nova/api-paste.ini', '/etc/nova/nova.conf'] {{(pid=92742) log_opt_values /opt/stack/data/venv/lib/python3.12/site-packages/oslo_config/cfg.py:3229}}
Jun 26 11:39:00.748001 np0000003740 devstack@n-api-meta.service[92742]: DEBUG nova.api.openstack.wsgi_app [None req-104bc2ee-b443-4eaf-8036-31c829603eae None None] ================================================================================ {{(pid=92742) log_opt_values /opt/stack/data/venv/lib/python3.12/site-packages/oslo_config/cfg.py:3234}}
Jun 26 11:39:00.748455 np0000003740 devstack@n-api-meta.service[92742]: DEBUG nova.api.openstack.wsgi_app [None req-104bc2ee-b443-4eaf-8036-31c829603eae None None] allow_resize_to_same_host = True {{(pid=92742) log_opt_values /opt/stack/data/venv/lib/python3.12/site-packages/oslo_config/cfg.py:3242}}
Jun 26 11:39:00.748577 np0000003740 devstack@n-api-meta.service[92742]: DEBUG nova.api.openstack.wsgi_app [None req-104bc2ee-b443-4eaf-8036-31c829603eae None None] arq_binding_timeout = 300 {{(pid=92742) log_opt_values /opt/stack/data/venv/lib/python3.12/site-packages/oslo_config/cfg.py:3242}}
Jun 26 11:39:00.748834 np0000003740 devstack@n-api-meta.service[92742]: DEBUG nova.api.openstack.wsgi_app [None req-104bc2ee-b443-4eaf-8036-31c829603eae None None] block_device_allocate_retries = 60 {{(pid=92742) log_opt_values /opt/stack/data/venv/lib/python3.12/site-packages/oslo_config/cfg.py:3242}}
Jun 26 11:39:00.749021 np0000003740 devstack@n-api-meta.service[92742]: DEBUG nova.api.openstack.wsgi_app [None req-104bc2ee-b443-4eaf-8036-31c829603eae None None] block_device_allocate_retries_interval = 3 {{(pid=92742) log_opt_values /opt/stack/data/venv/lib/python3.12/site-packages/oslo_config/cfg.py:3242}}
Jun 26 11:39:00.749152 np0000003740 devstack@n-api-meta.service[92742]: DEBUG nova.api.openstack.wsgi_app [None req-104bc2ee-b443-4eaf-8036-31c829603eae None None] cell_worker_thread_pool_size = 5 {{(pid=92742) log_opt_values /opt/stack/data/venv/lib/python3.12/site-packages/oslo_config/cfg.py:3242}}
Jun 26 11:39:00.749357 np0000003740 devstack@n-api-meta.service[92742]: DEBUG nova.api.openstack.wsgi_app [None req-104bc2ee-b443-4eaf-8036-31c829603eae None None] cert = self.pem {{(pid=92742) log_opt_values /opt/stack/data/venv/lib/python3.12/site-packages/oslo_config/cfg.py:3242}}
Jun 26 11:39:00.749541 np0000003740 devstack@n-api-meta.service[92742]: DEBUG nova.api.openstack.wsgi_app [None req-104bc2ee-b443-4eaf-8036-31c829603eae None None] compute_driver = libvirt.LibvirtDriver {{(pid=92742) log_opt_values /opt/stack/data/venv/lib/python3.12/site-packages/oslo_config/cfg.py:3242}}
Jun 26 11:39:00.749736 np0000003740 devstack@n-api-meta.service[92742]: DEBUG nova.api.openstack.wsgi_app [None req-104bc2ee-b443-4eaf-8036-31c829603eae None None] compute_monitors = [] {{(pid=92742) log_opt_values /opt/stack/data/venv/lib/python3.12/site-packages/oslo_config/cfg.py:3242}}
Jun 26 11:39:00.749895 np0000003740 devstack@n-api-meta.service[92742]: DEBUG nova.api.openstack.wsgi_app [None req-104bc2ee-b443-4eaf-8036-31c829603eae None None] config_dir = [] {{(pid=92742) log_opt_values /opt/stack/data/venv/lib/python3.12/site-packages/oslo_config/cfg.py:3242}}
Jun 26 11:39:00.750043 np0000003740 devstack@n-api-meta.service[92742]: DEBUG nova.api.openstack.wsgi_app [None req-104bc2ee-b443-4eaf-8036-31c829603eae None None] config_drive_format = iso9660 {{(pid=92742) log_opt_values /opt/stack/data/venv/lib/python3.12/site-packages/oslo_config/cfg.py:3242}}
Jun 26 11:39:00.750183 np0000003740 devstack@n-api-meta.service[92742]: DEBUG nova.api.openstack.wsgi_app [None req-104bc2ee-b443-4eaf-8036-31c829603eae None None] config_file = ['/etc/nova/api-paste.ini', '/etc/nova/nova.conf'] {{(pid=92742) log_opt_values /opt/stack/data/venv/lib/python3.12/site-packages/oslo_config/cfg.py:3242}}
Jun 26 11:39:00.750375 np0000003740 devstack@n-api-meta.service[92742]: DEBUG nova.api.openstack.wsgi_app [None req-104bc2ee-b443-4eaf-8036-31c829603eae None None] config_source = [] {{(pid=92742) log_opt_values /opt/stack/data/venv/lib/python3.12/site-packages/oslo_config/cfg.py:3242}}
Jun 26 11:39:00.750577 np0000003740 devstack@n-api-meta.service[92742]: DEBUG nova.api.openstack.wsgi_app [None req-104bc2ee-b443-4eaf-8036-31c829603eae None None] console_host = np0000003740 {{(pid=92742) log_opt_values /opt/stack/data/venv/lib/python3.12/site-packages/oslo_config/cfg.py:3242}}
Jun 26 11:39:00.750784 np0000003740 devstack@n-api-meta.service[92742]: DEBUG nova.api.openstack.wsgi_app [None req-104bc2ee-b443-4eaf-8036-31c829603eae None None] control_exchange = nova {{(pid=92742) log_opt_values /opt/stack/data/venv/lib/python3.12/site-packages/oslo_config/cfg.py:3242}}
Jun 26 11:39:00.751027 np0000003740 devstack@n-api-meta.service[92742]: DEBUG nova.api.openstack.wsgi_app [None req-104bc2ee-b443-4eaf-8036-31c829603eae None None] cpu_allocation_ratio = None {{(pid=92742) log_opt_values /opt/stack/data/venv/lib/python3.12/site-packages/oslo_config/cfg.py:3242}}
Jun 26 11:39:00.751162 np0000003740 devstack@n-api-meta.service[92742]: DEBUG nova.api.openstack.wsgi_app [None req-104bc2ee-b443-4eaf-8036-31c829603eae None None] daemon = False {{(pid=92742) log_opt_values /opt/stack/data/venv/lib/python3.12/site-packages/oslo_config/cfg.py:3242}}
Jun 26 11:39:00.751344 np0000003740 devstack@n-api-meta.service[92742]: DEBUG nova.api.openstack.wsgi_app [None req-104bc2ee-b443-4eaf-8036-31c829603eae None None] debug = True {{(pid=92742) log_opt_values /opt/stack/data/venv/lib/python3.12/site-packages/oslo_config/cfg.py:3242}}
Jun 26 11:39:00.751540 np0000003740 devstack@n-api-meta.service[92742]: DEBUG nova.api.openstack.wsgi_app [None req-104bc2ee-b443-4eaf-8036-31c829603eae None None] default_access_ip_network_name = None {{(pid=92742) log_opt_values /opt/stack/data/venv/lib/python3.12/site-packages/oslo_config/cfg.py:3242}}
Jun 26 11:39:00.751740 np0000003740 devstack@n-api-meta.service[92742]: DEBUG nova.api.openstack.wsgi_app [None req-104bc2ee-b443-4eaf-8036-31c829603eae None None] default_availability_zone = nova {{(pid=92742) log_opt_values /opt/stack/data/venv/lib/python3.12/site-packages/oslo_config/cfg.py:3242}}
Jun 26 11:39:00.751962 np0000003740 devstack@n-api-meta.service[92742]: DEBUG nova.api.openstack.wsgi_app [None req-104bc2ee-b443-4eaf-8036-31c829603eae None None] default_ephemeral_format = ext4 {{(pid=92742) log_opt_values /opt/stack/data/venv/lib/python3.12/site-packages/oslo_config/cfg.py:3242}}
Jun 26 11:39:00.752168 np0000003740 devstack@n-api-meta.service[92742]: DEBUG nova.api.openstack.wsgi_app [None req-104bc2ee-b443-4eaf-8036-31c829603eae None None] default_green_pool_size = 1000 {{(pid=92742) log_opt_values /opt/stack/data/venv/lib/python3.12/site-packages/oslo_config/cfg.py:3242}}
Jun 26 11:39:00.752418 np0000003740 devstack@n-api-meta.service[92742]: DEBUG nova.api.openstack.wsgi_app [None req-104bc2ee-b443-4eaf-8036-31c829603eae None None] default_log_levels = ['amqp=WARN', 'boto=WARN', 'sqlalchemy=WARN', 'suds=INFO', 'oslo.messaging=INFO', 'oslo_messaging=INFO', 'iso8601=WARN', 'requests.packages.urllib3.connectionpool=WARN', 'urllib3.connectionpool=WARN', 'websocket=WARN', 'requests.packages.urllib3.util.retry=WARN', 'urllib3.util.retry=WARN', 'keystonemiddleware=WARN', 'routes.middleware=WARN', 'stevedore=WARN', 'taskflow=WARN', 'keystoneauth=WARN', 'oslo.cache=INFO', 'oslo_policy=INFO', 'dogpile.core.dogpile=INFO', 'glanceclient=WARN', 'oslo.privsep.daemon=INFO'] {{(pid=92742) log_opt_values /opt/stack/data/venv/lib/python3.12/site-packages/oslo_config/cfg.py:3242}}
Jun 26 11:39:00.752648 np0000003740 devstack@n-api-meta.service[92742]: DEBUG nova.api.openstack.wsgi_app [None req-104bc2ee-b443-4eaf-8036-31c829603eae None None] default_schedule_zone = None {{(pid=92742) log_opt_values /opt/stack/data/venv/lib/python3.12/site-packages/oslo_config/cfg.py:3242}}
Jun 26 11:39:00.752826 np0000003740 devstack@n-api-meta.service[92742]: DEBUG nova.api.openstack.wsgi_app [None req-104bc2ee-b443-4eaf-8036-31c829603eae None None] default_thread_pool_size = 10 {{(pid=92742) log_opt_values /opt/stack/data/venv/lib/python3.12/site-packages/oslo_config/cfg.py:3242}}
Jun 26 11:39:00.753059 np0000003740 devstack@n-api-meta.service[92742]: DEBUG nova.api.openstack.wsgi_app [None req-104bc2ee-b443-4eaf-8036-31c829603eae None None] disk_allocation_ratio = None {{(pid=92742) log_opt_values /opt/stack/data/venv/lib/python3.12/site-packages/oslo_config/cfg.py:3242}}
Jun 26 11:39:00.753202 np0000003740 devstack@n-api-meta.service[92742]: DEBUG nova.api.openstack.wsgi_app [None req-104bc2ee-b443-4eaf-8036-31c829603eae None None] enable_new_services = True {{(pid=92742) log_opt_values /opt/stack/data/venv/lib/python3.12/site-packages/oslo_config/cfg.py:3242}}
Jun 26 11:39:00.753383 np0000003740 devstack@n-api-meta.service[92742]: DEBUG nova.api.openstack.wsgi_app [None req-104bc2ee-b443-4eaf-8036-31c829603eae None None] flat_injected = False {{(pid=92742) log_opt_values /opt/stack/data/venv/lib/python3.12/site-packages/oslo_config/cfg.py:3242}}
Jun 26 11:39:00.753596 np0000003740 devstack@n-api-meta.service[92742]: DEBUG nova.api.openstack.wsgi_app [None req-104bc2ee-b443-4eaf-8036-31c829603eae None None] force_config_drive = True {{(pid=92742) log_opt_values /opt/stack/data/venv/lib/python3.12/site-packages/oslo_config/cfg.py:3242}}
Jun 26 11:39:00.753788 np0000003740 devstack@n-api-meta.service[92742]: DEBUG nova.api.openstack.wsgi_app [None req-104bc2ee-b443-4eaf-8036-31c829603eae None None] force_raw_images = True {{(pid=92742) log_opt_values /opt/stack/data/venv/lib/python3.12/site-packages/oslo_config/cfg.py:3242}}
Jun 26 11:39:00.753983 np0000003740 devstack@n-api-meta.service[92742]: DEBUG nova.api.openstack.wsgi_app [None req-104bc2ee-b443-4eaf-8036-31c829603eae None None] graceful_shutdown_timeout = 5 {{(pid=92742) log_opt_values /opt/stack/data/venv/lib/python3.12/site-packages/oslo_config/cfg.py:3242}}
Jun 26 11:39:00.755367 np0000003740 devstack@n-api-meta.service[92742]: DEBUG nova.api.openstack.wsgi_app [None req-104bc2ee-b443-4eaf-8036-31c829603eae None None] heal_instance_info_cache_interval = -1 {{(pid=92742) log_opt_values /opt/stack/data/venv/lib/python3.12/site-packages/oslo_config/cfg.py:3242}}
Jun 26 11:39:00.755367 np0000003740 devstack@n-api-meta.service[92742]: DEBUG nova.api.openstack.wsgi_app [None req-104bc2ee-b443-4eaf-8036-31c829603eae None None] host = np0000003740 {{(pid=92742) log_opt_values /opt/stack/data/venv/lib/python3.12/site-packages/oslo_config/cfg.py:3242}}
Jun 26 11:39:00.755367 np0000003740 devstack@n-api-meta.service[92742]: DEBUG nova.api.openstack.wsgi_app [None req-104bc2ee-b443-4eaf-8036-31c829603eae None None] initial_cpu_allocation_ratio = 4.0 {{(pid=92742) log_opt_values /opt/stack/data/venv/lib/python3.12/site-packages/oslo_config/cfg.py:3242}}
Jun 26 11:39:00.755367 np0000003740 devstack@n-api-meta.service[92742]: DEBUG nova.api.openstack.wsgi_app [None req-104bc2ee-b443-4eaf-8036-31c829603eae None None] initial_disk_allocation_ratio = 1.0 {{(pid=92742) log_opt_values /opt/stack/data/venv/lib/python3.12/site-packages/oslo_config/cfg.py:3242}}
Jun 26 11:39:00.755367 np0000003740 devstack@n-api-meta.service[92742]: DEBUG nova.api.openstack.wsgi_app [None req-104bc2ee-b443-4eaf-8036-31c829603eae None None] initial_ram_allocation_ratio = 1.0 {{(pid=92742) log_opt_values /opt/stack/data/venv/lib/python3.12/site-packages/oslo_config/cfg.py:3242}}
Jun 26 11:39:00.755367 np0000003740 devstack@n-api-meta.service[92742]: DEBUG nova.api.openstack.wsgi_app [None req-104bc2ee-b443-4eaf-8036-31c829603eae None None] injected_network_template = /opt/stack/nova/nova/virt/interfaces.template {{(pid=92742) log_opt_values /opt/stack/data/venv/lib/python3.12/site-packages/oslo_config/cfg.py:3242}}
Jun 26 11:39:00.755367 np0000003740 devstack@n-api-meta.service[92742]: DEBUG nova.api.openstack.wsgi_app [None req-104bc2ee-b443-4eaf-8036-31c829603eae None None] instance_build_timeout = 0 {{(pid=92742) log_opt_values /opt/stack/data/venv/lib/python3.12/site-packages/oslo_config/cfg.py:3242}}
Jun 26 11:39:00.755680 np0000003740 devstack@n-api-meta.service[92742]: DEBUG nova.api.openstack.wsgi_app [None req-104bc2ee-b443-4eaf-8036-31c829603eae None None] instance_delete_interval = 300 {{(pid=92742) log_opt_values /opt/stack/data/venv/lib/python3.12/site-packages/oslo_config/cfg.py:3242}}
Jun 26 11:39:00.755680 np0000003740 devstack@n-api-meta.service[92742]: DEBUG nova.api.openstack.wsgi_app [None req-104bc2ee-b443-4eaf-8036-31c829603eae None None] instance_format = [instance: %(uuid)s] {{(pid=92742) log_opt_values /opt/stack/data/venv/lib/python3.12/site-packages/oslo_config/cfg.py:3242}}
Jun 26 11:39:00.755871 np0000003740 devstack@n-api-meta.service[92742]: DEBUG nova.api.openstack.wsgi_app [None req-104bc2ee-b443-4eaf-8036-31c829603eae None None] instance_name_template = instance-%08x {{(pid=92742) log_opt_values /opt/stack/data/venv/lib/python3.12/site-packages/oslo_config/cfg.py:3242}}
Jun 26 11:39:00.756070 np0000003740 devstack@n-api-meta.service[92742]: DEBUG nova.api.openstack.wsgi_app [None req-104bc2ee-b443-4eaf-8036-31c829603eae None None] instance_usage_audit = False {{(pid=92742) log_opt_values /opt/stack/data/venv/lib/python3.12/site-packages/oslo_config/cfg.py:3242}}
Jun 26 11:39:00.756253 np0000003740 devstack@n-api-meta.service[92742]: DEBUG nova.api.openstack.wsgi_app [None req-104bc2ee-b443-4eaf-8036-31c829603eae None None] instance_usage_audit_period = month {{(pid=92742) log_opt_values /opt/stack/data/venv/lib/python3.12/site-packages/oslo_config/cfg.py:3242}}
Jun 26 11:39:00.756448 np0000003740 devstack@n-api-meta.service[92742]: DEBUG nova.api.openstack.wsgi_app [None req-104bc2ee-b443-4eaf-8036-31c829603eae None None] instance_uuid_format = [instance: %(uuid)s] {{(pid=92742) log_opt_values /opt/stack/data/venv/lib/python3.12/site-packages/oslo_config/cfg.py:3242}}
Jun 26 11:39:00.756682 np0000003740 devstack@n-api-meta.service[92742]: DEBUG nova.api.openstack.wsgi_app [None req-104bc2ee-b443-4eaf-8036-31c829603eae None None] instances_path = /opt/stack/data/nova/instances {{(pid=92742) log_opt_values /opt/stack/data/venv/lib/python3.12/site-packages/oslo_config/cfg.py:3242}}
Jun 26 11:39:00.756869 np0000003740 devstack@n-api-meta.service[92742]: DEBUG nova.api.openstack.wsgi_app [None req-104bc2ee-b443-4eaf-8036-31c829603eae None None] internal_service_availability_zone = internal {{(pid=92742) log_opt_values /opt/stack/data/venv/lib/python3.12/site-packages/oslo_config/cfg.py:3242}}
Jun 26 11:39:00.757048 np0000003740 devstack@n-api-meta.service[92742]: DEBUG nova.api.openstack.wsgi_app [None req-104bc2ee-b443-4eaf-8036-31c829603eae None None] key = None {{(pid=92742) log_opt_values /opt/stack/data/venv/lib/python3.12/site-packages/oslo_config/cfg.py:3242}}
Jun 26 11:39:00.757221 np0000003740 devstack@n-api-meta.service[92742]: DEBUG nova.api.openstack.wsgi_app [None req-104bc2ee-b443-4eaf-8036-31c829603eae None None] live_migration_retry_count = 30 {{(pid=92742) log_opt_values /opt/stack/data/venv/lib/python3.12/site-packages/oslo_config/cfg.py:3242}}
Jun 26 11:39:00.757408 np0000003740 devstack@n-api-meta.service[92742]: DEBUG nova.api.openstack.wsgi_app [None req-104bc2ee-b443-4eaf-8036-31c829603eae None None] log_color = False {{(pid=92742) log_opt_values /opt/stack/data/venv/lib/python3.12/site-packages/oslo_config/cfg.py:3242}}
Jun 26 11:39:00.757601 np0000003740 devstack@n-api-meta.service[92742]: DEBUG nova.api.openstack.wsgi_app [None req-104bc2ee-b443-4eaf-8036-31c829603eae None None] log_config_append = None {{(pid=92742) log_opt_values /opt/stack/data/venv/lib/python3.12/site-packages/oslo_config/cfg.py:3242}}
Jun 26 11:39:00.757794 np0000003740 devstack@n-api-meta.service[92742]: DEBUG nova.api.openstack.wsgi_app [None req-104bc2ee-b443-4eaf-8036-31c829603eae None None] log_date_format = %Y-%m-%d %H:%M:%S {{(pid=92742) log_opt_values /opt/stack/data/venv/lib/python3.12/site-packages/oslo_config/cfg.py:3242}}
Jun 26 11:39:00.757965 np0000003740 devstack@n-api-meta.service[92742]: DEBUG nova.api.openstack.wsgi_app [None req-104bc2ee-b443-4eaf-8036-31c829603eae None None] log_dir = None {{(pid=92742) log_opt_values /opt/stack/data/venv/lib/python3.12/site-packages/oslo_config/cfg.py:3242}}
Jun 26 11:39:00.758136 np0000003740 devstack@n-api-meta.service[92742]: DEBUG nova.api.openstack.wsgi_app [None req-104bc2ee-b443-4eaf-8036-31c829603eae None None] log_file = None {{(pid=92742) log_opt_values /opt/stack/data/venv/lib/python3.12/site-packages/oslo_config/cfg.py:3242}}
Jun 26 11:39:00.758280 np0000003740 devstack@n-api-meta.service[92742]: DEBUG nova.api.openstack.wsgi_app [None req-104bc2ee-b443-4eaf-8036-31c829603eae None None] log_options = True {{(pid=92742) log_opt_values /opt/stack/data/venv/lib/python3.12/site-packages/oslo_config/cfg.py:3242}}
Jun 26 11:39:00.758450 np0000003740 devstack@n-api-meta.service[92742]: DEBUG nova.api.openstack.wsgi_app [None req-104bc2ee-b443-4eaf-8036-31c829603eae None None] log_rotate_interval = 1 {{(pid=92742) log_opt_values /opt/stack/data/venv/lib/python3.12/site-packages/oslo_config/cfg.py:3242}}
Jun 26 11:39:00.758670 np0000003740 devstack@n-api-meta.service[92742]: DEBUG nova.api.openstack.wsgi_app [None req-104bc2ee-b443-4eaf-8036-31c829603eae None None] log_rotate_interval_type = days {{(pid=92742) log_opt_values /opt/stack/data/venv/lib/python3.12/site-packages/oslo_config/cfg.py:3242}}
Jun 26 11:39:00.758845 np0000003740 devstack@n-api-meta.service[92742]: DEBUG nova.api.openstack.wsgi_app [None req-104bc2ee-b443-4eaf-8036-31c829603eae None None] log_rotation_type = none {{(pid=92742) log_opt_values /opt/stack/data/venv/lib/python3.12/site-packages/oslo_config/cfg.py:3242}}
Jun 26 11:39:00.758990 np0000003740 devstack@n-api-meta.service[92742]: DEBUG nova.api.openstack.wsgi_app [None req-104bc2ee-b443-4eaf-8036-31c829603eae None None] logging_context_format_string = %(color)s%(levelname)s %(name)s [%(global_request_id)s %(request_id)s %(project_name)s %(user_name)s%(color)s] %(instance)s%(color)s%(message)s {{(pid=92742) log_opt_values /opt/stack/data/venv/lib/python3.12/site-packages/oslo_config/cfg.py:3242}}
Jun 26 11:39:00.759132 np0000003740 devstack@n-api-meta.service[92742]: DEBUG nova.api.openstack.wsgi_app [None req-104bc2ee-b443-4eaf-8036-31c829603eae None None] logging_debug_format_suffix = {{(pid=%(process)d) %(funcName)s %(pathname)s:%(lineno)d}} {{(pid=92742) log_opt_values /opt/stack/data/venv/lib/python3.12/site-packages/oslo_config/cfg.py:3242}}
Jun 26 11:39:00.759307 np0000003740 devstack@n-api-meta.service[92742]: DEBUG nova.api.openstack.wsgi_app [None req-104bc2ee-b443-4eaf-8036-31c829603eae None None] logging_default_format_string = %(color)s%(levelname)s %(name)s [-%(color)s] %(instance)s%(color)s%(message)s {{(pid=92742) log_opt_values /opt/stack/data/venv/lib/python3.12/site-packages/oslo_config/cfg.py:3242}}
Jun 26 11:39:00.759479 np0000003740 devstack@n-api-meta.service[92742]: DEBUG nova.api.openstack.wsgi_app [None req-104bc2ee-b443-4eaf-8036-31c829603eae None None] logging_exception_prefix = ERROR %(name)s %(instance)s {{(pid=92742) log_opt_values /opt/stack/data/venv/lib/python3.12/site-packages/oslo_config/cfg.py:3242}}
Jun 26 11:39:00.759652 np0000003740 devstack@n-api-meta.service[92742]: DEBUG nova.api.openstack.wsgi_app [None req-104bc2ee-b443-4eaf-8036-31c829603eae None None] logging_user_identity_format = %(user)s %(project)s %(domain)s %(system_scope)s %(user_domain)s %(project_domain)s {{(pid=92742) log_opt_values /opt/stack/data/venv/lib/python3.12/site-packages/oslo_config/cfg.py:3242}}
Jun 26 11:39:00.759823 np0000003740 devstack@n-api-meta.service[92742]: DEBUG nova.api.openstack.wsgi_app [None req-104bc2ee-b443-4eaf-8036-31c829603eae None None] long_rpc_timeout = 1800 {{(pid=92742) log_opt_values /opt/stack/data/venv/lib/python3.12/site-packages/oslo_config/cfg.py:3242}}
Jun 26 11:39:00.760003 np0000003740 devstack@n-api-meta.service[92742]: DEBUG nova.api.openstack.wsgi_app [None req-104bc2ee-b443-4eaf-8036-31c829603eae None None] manager_shutdown_timeout = 160 {{(pid=92742) log_opt_values /opt/stack/data/venv/lib/python3.12/site-packages/oslo_config/cfg.py:3242}}
Jun 26 11:39:00.760171 np0000003740 devstack@n-api-meta.service[92742]: DEBUG nova.api.openstack.wsgi_app [None req-104bc2ee-b443-4eaf-8036-31c829603eae None None] max_concurrent_builds = 10 {{(pid=92742) log_opt_values /opt/stack/data/venv/lib/python3.12/site-packages/oslo_config/cfg.py:3242}}
Jun 26 11:39:00.760341 np0000003740 devstack@n-api-meta.service[92742]: DEBUG nova.api.openstack.wsgi_app [None req-104bc2ee-b443-4eaf-8036-31c829603eae None None] max_concurrent_live_migrations = 1 {{(pid=92742) log_opt_values /opt/stack/data/venv/lib/python3.12/site-packages/oslo_config/cfg.py:3242}}
Jun 26 11:39:00.760520 np0000003740 devstack@n-api-meta.service[92742]: DEBUG nova.api.openstack.wsgi_app [None req-104bc2ee-b443-4eaf-8036-31c829603eae None None] max_concurrent_snapshots = 5 {{(pid=92742) log_opt_values /opt/stack/data/venv/lib/python3.12/site-packages/oslo_config/cfg.py:3242}}
Jun 26 11:39:00.760709 np0000003740 devstack@n-api-meta.service[92742]: DEBUG nova.api.openstack.wsgi_app [None req-104bc2ee-b443-4eaf-8036-31c829603eae None None] max_local_block_devices = 3 {{(pid=92742) log_opt_values /opt/stack/data/venv/lib/python3.12/site-packages/oslo_config/cfg.py:3242}}
Jun 26 11:39:00.760876 np0000003740 devstack@n-api-meta.service[92742]: DEBUG nova.api.openstack.wsgi_app [None req-104bc2ee-b443-4eaf-8036-31c829603eae None None] max_logfile_count = 30 {{(pid=92742) log_opt_values /opt/stack/data/venv/lib/python3.12/site-packages/oslo_config/cfg.py:3242}}
Jun 26 11:39:00.761044 np0000003740 devstack@n-api-meta.service[92742]: DEBUG nova.api.openstack.wsgi_app [None req-104bc2ee-b443-4eaf-8036-31c829603eae None None] max_logfile_size_mb = 200 {{(pid=92742) log_opt_values /opt/stack/data/venv/lib/python3.12/site-packages/oslo_config/cfg.py:3242}}
Jun 26 11:39:00.761210 np0000003740 devstack@n-api-meta.service[92742]: DEBUG nova.api.openstack.wsgi_app [None req-104bc2ee-b443-4eaf-8036-31c829603eae None None] maximum_instance_delete_attempts = 5 {{(pid=92742) log_opt_values /opt/stack/data/venv/lib/python3.12/site-packages/oslo_config/cfg.py:3242}}
Jun 26 11:39:00.761375 np0000003740 devstack@n-api-meta.service[92742]: DEBUG nova.api.openstack.wsgi_app [None req-104bc2ee-b443-4eaf-8036-31c829603eae None None] migrate_max_retries = -1 {{(pid=92742) log_opt_values /opt/stack/data/venv/lib/python3.12/site-packages/oslo_config/cfg.py:3242}}
Jun 26 11:39:00.761572 np0000003740 devstack@n-api-meta.service[92742]: DEBUG nova.api.openstack.wsgi_app [None req-104bc2ee-b443-4eaf-8036-31c829603eae None None] mkisofs_cmd = genisoimage {{(pid=92742) log_opt_values /opt/stack/data/venv/lib/python3.12/site-packages/oslo_config/cfg.py:3242}}
Jun 26 11:39:00.761962 np0000003740 devstack@n-api-meta.service[92742]: DEBUG nova.api.openstack.wsgi_app [None req-104bc2ee-b443-4eaf-8036-31c829603eae None None] my_block_storage_ip = 10.4.3.116 {{(pid=92742) log_opt_values /opt/stack/data/venv/lib/python3.12/site-packages/oslo_config/cfg.py:3242}}
Jun 26 11:39:00.761962 np0000003740 devstack@n-api-meta.service[92742]: DEBUG nova.api.openstack.wsgi_app [None req-104bc2ee-b443-4eaf-8036-31c829603eae None None] my_ip = 10.4.3.116 {{(pid=92742) log_opt_values /opt/stack/data/venv/lib/python3.12/site-packages/oslo_config/cfg.py:3242}}
Jun 26 11:39:00.762186 np0000003740 devstack@n-api-meta.service[92742]: DEBUG nova.api.openstack.wsgi_app [None req-104bc2ee-b443-4eaf-8036-31c829603eae None None] my_shared_fs_storage_ip = 10.4.3.116 {{(pid=92742) log_opt_values /opt/stack/data/venv/lib/python3.12/site-packages/oslo_config/cfg.py:3242}}
Jun 26 11:39:00.762356 np0000003740 devstack@n-api-meta.service[92742]: DEBUG nova.api.openstack.wsgi_app [None req-104bc2ee-b443-4eaf-8036-31c829603eae None None] network_allocate_retries = 0 {{(pid=92742) log_opt_values /opt/stack/data/venv/lib/python3.12/site-packages/oslo_config/cfg.py:3242}}
Jun 26 11:39:00.762564 np0000003740 devstack@n-api-meta.service[92742]: DEBUG nova.api.openstack.wsgi_app [None req-104bc2ee-b443-4eaf-8036-31c829603eae None None] non_inheritable_image_properties = ['cache_in_nova', 'bittorrent'] {{(pid=92742) log_opt_values /opt/stack/data/venv/lib/python3.12/site-packages/oslo_config/cfg.py:3242}}
Jun 26 11:39:00.762754 np0000003740 devstack@n-api-meta.service[92742]: DEBUG nova.api.openstack.wsgi_app [None req-104bc2ee-b443-4eaf-8036-31c829603eae None None] osapi_compute_unique_server_name_scope = {{(pid=92742) log_opt_values /opt/stack/data/venv/lib/python3.12/site-packages/oslo_config/cfg.py:3242}}
Jun 26 11:39:00.762921 np0000003740 devstack@n-api-meta.service[92742]: DEBUG nova.api.openstack.wsgi_app [None req-104bc2ee-b443-4eaf-8036-31c829603eae None None] password_length = 12 {{(pid=92742) log_opt_values /opt/stack/data/venv/lib/python3.12/site-packages/oslo_config/cfg.py:3242}}
Jun 26 11:39:00.763095 np0000003740 devstack@n-api-meta.service[92742]: DEBUG nova.api.openstack.wsgi_app [None req-104bc2ee-b443-4eaf-8036-31c829603eae None None] periodic_enable = True {{(pid=92742) log_opt_values /opt/stack/data/venv/lib/python3.12/site-packages/oslo_config/cfg.py:3242}}
Jun 26 11:39:00.763262 np0000003740 devstack@n-api-meta.service[92742]: DEBUG nova.api.openstack.wsgi_app [None req-104bc2ee-b443-4eaf-8036-31c829603eae None None] periodic_fuzzy_delay = 60 {{(pid=92742) log_opt_values /opt/stack/data/venv/lib/python3.12/site-packages/oslo_config/cfg.py:3242}}
Jun 26 11:39:00.763437 np0000003740 devstack@n-api-meta.service[92742]: DEBUG nova.api.openstack.wsgi_app [None req-104bc2ee-b443-4eaf-8036-31c829603eae None None] pointer_model = ps2mouse {{(pid=92742) log_opt_values /opt/stack/data/venv/lib/python3.12/site-packages/oslo_config/cfg.py:3242}}
Jun 26 11:39:00.763643 np0000003740 devstack@n-api-meta.service[92742]: DEBUG nova.api.openstack.wsgi_app [None req-104bc2ee-b443-4eaf-8036-31c829603eae None None] preallocate_images = none {{(pid=92742) log_opt_values /opt/stack/data/venv/lib/python3.12/site-packages/oslo_config/cfg.py:3242}}
Jun 26 11:39:00.763817 np0000003740 devstack@n-api-meta.service[92742]: DEBUG nova.api.openstack.wsgi_app [None req-104bc2ee-b443-4eaf-8036-31c829603eae None None] publish_errors = False {{(pid=92742) log_opt_values /opt/stack/data/venv/lib/python3.12/site-packages/oslo_config/cfg.py:3242}}
Jun 26 11:39:00.763959 np0000003740 devstack@n-api-meta.service[92742]: DEBUG nova.api.openstack.wsgi_app [None req-104bc2ee-b443-4eaf-8036-31c829603eae None None] pybasedir = /opt/stack/nova {{(pid=92742) log_opt_values /opt/stack/data/venv/lib/python3.12/site-packages/oslo_config/cfg.py:3242}}
Jun 26 11:39:00.764139 np0000003740 devstack@n-api-meta.service[92742]: DEBUG nova.api.openstack.wsgi_app [None req-104bc2ee-b443-4eaf-8036-31c829603eae None None] ram_allocation_ratio = None {{(pid=92742) log_opt_values /opt/stack/data/venv/lib/python3.12/site-packages/oslo_config/cfg.py:3242}}
Jun 26 11:39:00.764304 np0000003740 devstack@n-api-meta.service[92742]: DEBUG nova.api.openstack.wsgi_app [None req-104bc2ee-b443-4eaf-8036-31c829603eae None None] rate_limit_burst = 0 {{(pid=92742) log_opt_values /opt/stack/data/venv/lib/python3.12/site-packages/oslo_config/cfg.py:3242}}
Jun 26 11:39:00.764484 np0000003740 devstack@n-api-meta.service[92742]: DEBUG nova.api.openstack.wsgi_app [None req-104bc2ee-b443-4eaf-8036-31c829603eae None None] rate_limit_except_level = CRITICAL {{(pid=92742) log_opt_values /opt/stack/data/venv/lib/python3.12/site-packages/oslo_config/cfg.py:3242}}
