Aug 13 22:49:31.204027 np0000007277 devstack@neutron-api.service[90788]: WSGI app 0 (mountpoint='') ready in 7 seconds on interpreter 0x71b6a88a4668 pid: 90788 (default app)
Aug 13 22:49:31.999880 np0000007277 devstack@neutron-api.service[90789]: DEBUG neutron.plugins.ml2.drivers.ovn.mech_driver.ovsdb.ovsdb_monitor [-] Hash Ring: Node 8d335d9823a85b5ab4fce02a0d1f9bfc (host: np0000007277) handling event "update" for row ce390fd0-52a0-4712-89a7-b0026e1a21ad (table: Connection) {{(pid=90789) notify /opt/stack/neutron/neutron/plugins/ml2/drivers/ovn/mech_driver/ovsdb/ovsdb_monitor.py:1099}}
Aug 13 22:49:32.002348 np0000007277 devstack@neutron-api.service[90791]: DEBUG neutron.common.ovn.hash_ring_manager [-] Allow caching, nodes 4>=4 {{(pid=90791) _wait_startup_before_caching /opt/stack/neutron/neutron/common/ovn/hash_ring_manager.py:71}}
Aug 13 22:49:32.002671 np0000007277 devstack@neutron-api.service[90791]: DEBUG neutron.plugins.ml2.drivers.ovn.mech_driver.ovsdb.ovsdb_monitor [-] Hash Ring: Node 0b6e8e4805215d90b45bf6b0d31d2aee (host: np0000007277) handling event "update" for row ce390fd0-52a0-4712-89a7-b0026e1a21ad (table: Connection) {{(pid=90791) notify /opt/stack/neutron/neutron/plugins/ml2/drivers/ovn/mech_driver/ovsdb/ovsdb_monitor.py:1099}}
Aug 13 22:49:34.500146 np0000007277 devstack@neutron-api.service[90791]: DEBUG neutron.plugins.ml2.drivers.ovn.mech_driver.ovsdb.ovsdb_monitor [-] Hash Ring: Node 0b6e8e4805215d90b45bf6b0d31d2aee (host: np0000007277) handling event "update" for row ce390fd0-52a0-4712-89a7-b0026e1a21ad (table: Connection) {{(pid=90791) notify /opt/stack/neutron/neutron/plugins/ml2/drivers/ovn/mech_driver/ovsdb/ovsdb_monitor.py:1099}}
Aug 13 22:49:34.501390 np0000007277 devstack@neutron-api.service[90789]: DEBUG neutron.plugins.ml2.drivers.ovn.mech_driver.ovsdb.ovsdb_monitor [-] Hash Ring: Node 8d335d9823a85b5ab4fce02a0d1f9bfc (host: np0000007277) handling event "update" for row ce390fd0-52a0-4712-89a7-b0026e1a21ad (table: Connection) {{(pid=90789) notify /opt/stack/neutron/neutron/plugins/ml2/drivers/ovn/mech_driver/ovsdb/ovsdb_monitor.py:1099}}
Aug 13 22:49:34.910358 np0000007277 devstack@neutron-api.service[90791]: DEBUG neutron.api.wsgi [None req-abdbbe3f-4abd-4723-ae9b-8b64b95f0732 admin admin] Missing Content-Type {{(pid=90791) get_content_type /opt/stack/neutron/neutron/api/wsgi.py:80}}
Aug 13 22:49:34.910689 np0000007277 devstack@neutron-api.service[90791]: DEBUG neutron.api.wsgi [None req-abdbbe3f-4abd-4723-ae9b-8b64b95f0732 admin admin] https://10.4.3.159/networking/v2.0/extensions returned with HTTP 200 {{(pid=90791) __call__ /opt/stack/neutron/neutron/api/wsgi.py:540}}
Aug 13 22:49:34.911046 np0000007277 devstack@neutron-api.service[90791]: [pid: 90791|app: 0|req: 2/2] 10.4.3.159 () {64 vars in 1292 bytes} [Thu Aug 13 22:49:34 2026] GET /networking/v2.0/extensions => generated 16171 bytes in 560 msecs (HTTP/1.1 200) 4 headers in 159 bytes (1 switches on core 0)
Aug 13 22:49:35.288904 np0000007277 devstack@neutron-api.service[90790]: DEBUG neutron.api.v2.base [None req-0ead254d-cc61-471a-8bd8-a313c328a963 admin admin] Request body: {'subnetpool': {'shared': True, 'is_default': True, 'prefixes': ['10.1.0.0/20'], 'default_prefixlen': 26, 'name': 'shared-default-subnetpool-v4'}} {{(pid=90790) prepare_request_body /opt/stack/neutron/neutron/api/v2/base.py:727}}
Aug 13 22:49:35.465586 np0000007277 devstack@neutron-api.service[90790]: DEBUG neutron.policy [None req-0ead254d-cc61-471a-8bd8-a313c328a963 admin admin] Loaded default policies from ['neutron'] under neutron.policies entry points {{(pid=90790) register_rules /opt/stack/neutron/neutron/policy.py:65}}
Aug 13 22:49:35.586985 np0000007277 devstack@neutron-api.service[90790]: DEBUG neutron_lib.callbacks.manager [None req-0ead254d-cc61-471a-8bd8-a313c328a963 admin admin] Publish callbacks ['neutron.objects.securitygroup.RbacNeutronDbObjectMixin.validate_rbac_policy_change-1284010299505', 'neutron.objects.address_group.RbacNeutronDbObjectMixin.validate_rbac_policy_change-1284010294986', 'neutron.objects.network.RbacNeutronDbObjectMixin.validate_rbac_policy_change-1284010423698', 'neutron.objects.qos.policy.RbacNeutronDbObjectMixin.validate_rbac_policy_change-1284010446710', 'neutron.objects.subnetpool.RbacNeutronDbObjectMixin.validate_rbac_policy_change-1284010628133', 'neutron.objects.address_scope.RbacNeutronDbObjectMixin.validate_rbac_policy_change-1284010458431', 'neutron.plugins.ml2.plugin.External_net_db_mixin._process_ext_policy_create-883374', 'neutron.plugins.ml2.plugin.NeutronDbPluginV2.validate_network_rbac_policy_change-857754'] for rbac-policy (None), before_create {{(pid=90790) _notify_loop /opt/stack/data/venv/lib/python3.12/site-packages/neutron_lib/callbacks/manager.py:184}}
Aug 13 22:49:35.623101 np0000007277 devstack@neutron-api.service[90790]: DEBUG neutron_lib.callbacks.manager [None req-0ead254d-cc61-471a-8bd8-a313c328a963 admin admin] Publish callbacks [] for subnetpool (None), before_response {{(pid=90790) _notify_loop /opt/stack/data/venv/lib/python3.12/site-packages/neutron_lib/callbacks/manager.py:184}}
Aug 13 22:49:35.623679 np0000007277 devstack@neutron-api.service[90790]: [pid: 90790|app: 0|req: 1/3] 10.4.3.159 () {68 vars in 1336 bytes} [Thu Aug 13 22:49:35 2026] POST /networking/v2.0/subnetpools => generated 533 bytes in 420 msecs (HTTP/1.1 201) 4 headers in 162 bytes (1 switches on core 0)
Aug 13 22:49:35.935445 np0000007277 devstack@neutron-api.service[90789]: DEBUG neutron.api.v2.base [None req-8ebc2cf3-d789-4591-bc57-bc359f9af628 admin admin] Request body: {'subnetpool': {'shared': True, 'is_default': True, 'prefixes': ['fda9:e5d3:6df1::/56'], 'default_prefixlen': 64, 'name': 'shared-default-subnetpool-v6'}} {{(pid=90789) prepare_request_body /opt/stack/neutron/neutron/api/v2/base.py:727}}
Aug 13 22:49:36.081509 np0000007277 devstack@neutron-api.service[90789]: DEBUG neutron.policy [None req-8ebc2cf3-d789-4591-bc57-bc359f9af628 admin admin] Loaded default policies from ['neutron'] under neutron.policies entry points {{(pid=90789) register_rules /opt/stack/neutron/neutron/policy.py:65}}
Aug 13 22:49:36.210241 np0000007277 devstack@neutron-api.service[90789]: DEBUG neutron_lib.callbacks.manager [None req-8ebc2cf3-d789-4591-bc57-bc359f9af628 admin admin] Publish callbacks ['neutron.objects.securitygroup.RbacNeutronDbObjectMixin.validate_rbac_policy_change-1284010521889', 'neutron.objects.address_group.RbacNeutronDbObjectMixin.validate_rbac_policy_change-1284010437848', 'neutron.objects.network.RbacNeutronDbObjectMixin.validate_rbac_policy_change-1284010419750', 'neutron.objects.qos.policy.RbacNeutronDbObjectMixin.validate_rbac_policy_change-1284010464601', 'neutron.objects.subnetpool.RbacNeutronDbObjectMixin.validate_rbac_policy_change-1284010611802', 'neutron.objects.address_scope.RbacNeutronDbObjectMixin.validate_rbac_policy_change-1284010633935', 'neutron.plugins.ml2.plugin.External_net_db_mixin._process_ext_policy_create-58817', 'neutron.plugins.ml2.plugin.NeutronDbPluginV2.validate_network_rbac_policy_change-44201'] for rbac-policy (None), before_create {{(pid=90789) _notify_loop /opt/stack/data/venv/lib/python3.12/site-packages/neutron_lib/callbacks/manager.py:184}}
Aug 13 22:49:36.254668 np0000007277 devstack@neutron-api.service[90789]: DEBUG neutron_lib.callbacks.manager [None req-8ebc2cf3-d789-4591-bc57-bc359f9af628 admin admin] Publish callbacks [] for subnetpool (None), before_response {{(pid=90789) _notify_loop /opt/stack/data/venv/lib/python3.12/site-packages/neutron_lib/callbacks/manager.py:184}}
Aug 13 22:49:36.255199 np0000007277 devstack@neutron-api.service[90789]: [pid: 90789|app: 0|req: 1/4] 10.4.3.159 () {68 vars in 1336 bytes} [Thu Aug 13 22:49:35 2026] POST /networking/v2.0/subnetpools => generated 543 bytes in 407 msecs (HTTP/1.1 201) 4 headers in 162 bytes (1 switches on core 0)
Aug 13 22:49:36.566455 np0000007277 devstack@neutron-api.service[90788]: DEBUG neutron.api.v2.base [None req-aea1e50e-941f-4a40-827b-4d3a91001b15 admin admin] Request body: {'network': {'name': 'private', 'admin_state_up': True}} {{(pid=90788) prepare_request_body /opt/stack/neutron/neutron/api/v2/base.py:727}}
Aug 13 22:49:36.602278 np0000007277 devstack@neutron-api.service[90788]: DEBUG neutron.pecan_wsgi.hooks.quota_enforcement [None req-aea1e50e-941f-4a40-827b-4d3a91001b15 admin admin] Made reservation on behalf of 8dc5c2bb910148ceb8574d1e62ff4e73 for: {'network': 1} {{(pid=90788) before /opt/stack/neutron/neutron/pecan_wsgi/hooks/quota_enforcement.py:66}}
Aug 13 22:49:36.751386 np0000007277 devstack@neutron-api.service[90788]: DEBUG neutron.policy [None req-aea1e50e-941f-4a40-827b-4d3a91001b15 admin admin] Loaded default policies from ['neutron'] under neutron.policies entry points {{(pid=90788) register_rules /opt/stack/neutron/neutron/policy.py:65}}
Aug 13 22:49:36.839162 np0000007277 devstack@neutron-api.service[90788]: DEBUG neutron_lib.callbacks.manager [None req-aea1e50e-941f-4a40-827b-4d3a91001b15 admin admin] Publish callbacks ['neutron.plugins.ml2.plugin.SecurityGroupDbMixin._ensure_default_security_group_handler-162061'] for network (None), before_create {{(pid=90788) _notify_loop /opt/stack/data/venv/lib/python3.12/site-packages/neutron_lib/callbacks/manager.py:184}}
Aug 13 22:49:36.857635 np0000007277 devstack@neutron-api.service[90788]: DEBUG neutron_lib.callbacks.manager [None req-aea1e50e-941f-4a40-827b-4d3a91001b15 admin admin] Publish callbacks [] for security_group (None), before_create {{(pid=90788) _notify_loop /opt/stack/data/venv/lib/python3.12/site-packages/neutron_lib/callbacks/manager.py:184}}
Aug 13 22:49:36.946859 np0000007277 devstack@neutron-api.service[90788]: DEBUG neutron_lib.callbacks.manager [None req-aea1e50e-941f-4a40-827b-4d3a91001b15 admin admin] Publish callbacks ['neutron.plugins.ml2.drivers.ovn.mech_driver.mech_driver.OVNMechanismDriver._create_security_group_precommit-199519'] for security_group (0c658b5c-f3dc-41b9-98e8-378fe16f13e4), precommit_create {{(pid=90788) _notify_loop /opt/stack/data/venv/lib/python3.12/site-packages/neutron_lib/callbacks/manager.py:184}}
Aug 13 22:49:36.947031 np0000007277 devstack@neutron-api.service[90788]: DEBUG neutron.db.ovn_revision_numbers_db [None req-aea1e50e-941f-4a40-827b-4d3a91001b15 admin admin] create_initial_revision uuid=0c658b5c-f3dc-41b9-98e8-378fe16f13e4, type=security_groups, rev=-1 {{(pid=90788) create_initial_revision /opt/stack/neutron/neutron/db/ovn_revision_numbers_db.py:98}}
Aug 13 22:49:36.949300 np0000007277 devstack@neutron-api.service[90788]: DEBUG neutron.db.ovn_revision_numbers_db [None req-aea1e50e-941f-4a40-827b-4d3a91001b15 admin admin] create_initial_revision uuid=027312ef-7972-4292-8db1-595f0e8ea984, type=security_group_rules, rev=-1 {{(pid=90788) create_initial_revision /opt/stack/neutron/neutron/db/ovn_revision_numbers_db.py:98}}
Aug 13 22:49:36.950307 np0000007277 devstack@neutron-api.service[90788]: DEBUG neutron.db.ovn_revision_numbers_db [None req-aea1e50e-941f-4a40-827b-4d3a91001b15 admin admin] create_initial_revision uuid=31bd6421-871b-4ce7-b042-9de253336832, type=security_group_rules, rev=-1 {{(pid=90788) create_initial_revision /opt/stack/neutron/neutron/db/ovn_revision_numbers_db.py:98}}
Aug 13 22:49:36.951242 np0000007277 devstack@neutron-api.service[90788]: DEBUG neutron.db.ovn_revision_numbers_db [None req-aea1e50e-941f-4a40-827b-4d3a91001b15 admin admin] create_initial_revision uuid=414be0df-8b6a-4563-b1c7-e998f3e45e5c, type=security_group_rules, rev=-1 {{(pid=90788) create_initial_revision /opt/stack/neutron/neutron/db/ovn_revision_numbers_db.py:98}}
Aug 13 22:49:36.952108 np0000007277 devstack@neutron-api.service[90788]: DEBUG neutron.db.ovn_revision_numbers_db [None req-aea1e50e-941f-4a40-827b-4d3a91001b15 admin admin] create_initial_revision uuid=8902a2dc-adcb-4157-958b-974a7de1c7bb, type=security_group_rules, rev=-1 {{(pid=90788) create_initial_revision /opt/stack/neutron/neutron/db/ovn_revision_numbers_db.py:98}}
Aug 13 22:49:36.955991 np0000007277 devstack@neutron-api.service[90788]: DEBUG neutron_lib.callbacks.manager [None req-aea1e50e-941f-4a40-827b-4d3a91001b15 admin admin] Publish callbacks ['neutron.plugins.ml2.drivers.ovn.mech_driver.mech_driver.OVNMechanismDriver._create_security_group-199509', 'neutron.plugins.ml2.ovo_rpc._ObjectChangeHandler.handle_event-65369973'] for security_group (0c658b5c-f3dc-41b9-98e8-378fe16f13e4), after_create {{(pid=90788) _notify_loop /opt/stack/data/venv/lib/python3.12/site-packages/neutron_lib/callbacks/manager.py:184}}
Aug 13 22:49:36.956128 np0000007277 devstack@neutron-api.service[90788]: INFO neutron.plugins.ml2.drivers.ovn.mech_driver.ovsdb.extensions.qos [None req-aea1e50e-941f-4a40-827b-4d3a91001b15 admin admin] Starting OVNClientQosExtension
Aug 13 22:49:36.956285 np0000007277 devstack@neutron-api.service[90788]: INFO neutron.plugins.ml2.drivers.ovn.mech_driver.ovsdb.extensions.placement [None req-aea1e50e-941f-4a40-827b-4d3a91001b15 admin admin] Starting OVNClientPlacementExtension
Aug 13 22:49:36.957478 np0000007277 devstack@neutron-api.service[90788]: DEBUG ovsdbapp.backend.ovs_idl.transaction [-] Running txn n=1 command(idx=0): PgAddCommand(_result=None, name=pg_0c658b5c_f3dc_41b9_98e8_378fe16f13e4, may_exist=False, columns={'acls': [], 'external_ids': {'neutron:security_group_id': '0c658b5c-f3dc-41b9-98e8-378fe16f13e4'}}) {{(pid=90788) do_commit /opt/stack/data/venv/lib/python3.12/site-packages/ovsdbapp/backend/ovs_idl/transaction.py:89}}
Aug 13 22:49:36.961173 np0000007277 devstack@neutron-api.service[90788]: DEBUG ovsdbapp.backend.ovs_idl.transaction [-] Running txn n=1 command(idx=1): PgAclAddCommand(_result=None, entity=pg_0c658b5c_f3dc_41b9_98e8_378fe16f13e4, direction=from-lport, priority=1002, match=inport == @pg_0c658b5c_f3dc_41b9_98e8_378fe16f13e4 && ip6, action=allow-related, log=False, may_exist=True, severity=[], name=[], meter=[], external_ids={'neutron:security_group_rule_id': '027312ef-7972-4292-8db1-595f0e8ea984'}) {{(pid=90788) do_commit /opt/stack/data/venv/lib/python3.12/site-packages/ovsdbapp/backend/ovs_idl/transaction.py:89}}
Aug 13 22:49:36.961531 np0000007277 devstack@neutron-api.service[90788]: DEBUG ovsdbapp.backend.ovs_idl.transaction [-] Running txn n=1 command(idx=2): PgAclAddCommand(_result=None, entity=pg_0c658b5c_f3dc_41b9_98e8_378fe16f13e4, direction=from-lport, priority=1002, match=inport == @pg_0c658b5c_f3dc_41b9_98e8_378fe16f13e4 && ip4, action=allow-related, log=False, may_exist=True, severity=[], name=[], meter=[], external_ids={'neutron:security_group_rule_id': '31bd6421-871b-4ce7-b042-9de253336832'}) {{(pid=90788) do_commit /opt/stack/data/venv/lib/python3.12/site-packages/ovsdbapp/backend/ovs_idl/transaction.py:89}}
Aug 13 22:49:36.961783 np0000007277 devstack@neutron-api.service[90788]: DEBUG ovsdbapp.backend.ovs_idl.transaction [-] Running txn n=1 command(idx=3): PgAclAddCommand(_result=None, entity=pg_0c658b5c_f3dc_41b9_98e8_378fe16f13e4, direction=to-lport, priority=1002, match=outport == @pg_0c658b5c_f3dc_41b9_98e8_378fe16f13e4 && ip6 && ip6.src == $pg_0c658b5c_f3dc_41b9_98e8_378fe16f13e4_ip6, action=allow-related, log=False, may_exist=True, severity=[], name=[], meter=[], external_ids={'neutron:security_group_rule_id': '414be0df-8b6a-4563-b1c7-e998f3e45e5c'}) {{(pid=90788) do_commit /opt/stack/data/venv/lib/python3.12/site-packages/ovsdbapp/backend/ovs_idl/transaction.py:89}}
Aug 13 22:49:36.962013 np0000007277 devstack@neutron-api.service[90788]: DEBUG ovsdbapp.backend.ovs_idl.transaction [-] Running txn n=1 command(idx=4): PgAclAddCommand(_result=None, entity=pg_0c658b5c_f3dc_41b9_98e8_378fe16f13e4, direction=to-lport, priority=1002, match=outport == @pg_0c658b5c_f3dc_41b9_98e8_378fe16f13e4 && ip4 && ip4.src == $pg_0c658b5c_f3dc_41b9_98e8_378fe16f13e4_ip4, action=allow-related, log=False, may_exist=True, severity=[], name=[], meter=[], external_ids={'neutron:security_group_rule_id': '8902a2dc-adcb-4157-958b-974a7de1c7bb'}) {{(pid=90788) do_commit /opt/stack/data/venv/lib/python3.12/site-packages/ovsdbapp/backend/ovs_idl/transaction.py:89}}
Aug 13 22:49:36.968090 np0000007277 devstack@neutron-api.service[90791]: DEBUG neutron.plugins.ml2.drivers.ovn.mech_driver.ovsdb.ovsdb_monitor [-] Hash Ring: Node 0b6e8e4805215d90b45bf6b0d31d2aee (host: np0000007277) handling event "create" for row 5ff29494-0250-4d2f-b4a2-2cda81dd9cc0 (table: ACL) {{(pid=90791) notify /opt/stack/neutron/neutron/plugins/ml2/drivers/ovn/mech_driver/ovsdb/ovsdb_monitor.py:1099}}
Aug 13 22:49:36.968396 np0000007277 devstack@neutron-api.service[90791]: DEBUG neutron.plugins.ml2.drivers.ovn.mech_driver.ovsdb.ovsdb_monitor [-] Hash Ring: Node 0b6e8e4805215d90b45bf6b0d31d2aee (host: np0000007277) handling event "create" for row 7cce3af4-1154-4425-87ea-7ea3961d64af (table: ACL) {{(pid=90791) notify /opt/stack/neutron/neutron/plugins/ml2/drivers/ovn/mech_driver/ovsdb/ovsdb_monitor.py:1099}}
Aug 13 22:49:36.968557 np0000007277 devstack@neutron-api.service[90791]: DEBUG neutron.plugins.ml2.drivers.ovn.mech_driver.ovsdb.ovsdb_monitor [-] Hash Ring: Node 0b6e8e4805215d90b45bf6b0d31d2aee (host: np0000007277) handling event "create" for row 7f4b36df-92a1-43e7-81bf-aa706d112e1d (table: ACL) {{(pid=90791) notify /opt/stack/neutron/neutron/plugins/ml2/drivers/ovn/mech_driver/ovsdb/ovsdb_monitor.py:1099}}
Aug 13 22:49:36.968745 np0000007277 devstack@neutron-api.service[90791]: DEBUG neutron.plugins.ml2.drivers.ovn.mech_driver.ovsdb.ovsdb_monitor [-] Hash Ring: Node 0b6e8e4805215d90b45bf6b0d31d2aee (host: np0000007277) handling event "create" for row 806f6268-4d5e-4219-9bda-935a98220427 (table: ACL) {{(pid=90791) notify /opt/stack/neutron/neutron/plugins/ml2/drivers/ovn/mech_driver/ovsdb/ovsdb_monitor.py:1099}}
Aug 13 22:49:36.968928 np0000007277 devstack@neutron-api.service[90791]: DEBUG neutron.plugins.ml2.drivers.ovn.mech_driver.ovsdb.ovsdb_monitor [-] Hash Ring: Node 0b6e8e4805215d90b45bf6b0d31d2aee (host: np0000007277) handling event "create" for row ed3aee30-e0fb-4c7e-9e69-674e92c2a995 (table: Port_Group) {{(pid=90791) notify /opt/stack/neutron/neutron/plugins/ml2/drivers/ovn/mech_driver/ovsdb/ovsdb_monitor.py:1099}}
Aug 13 22:49:36.968987 np0000007277 devstack@neutron-api.service[90790]: DEBUG neutron.plugins.ml2.drivers.ovn.mech_driver.ovsdb.ovsdb_monitor [-] Hash Ring: Node 7ab0fbeed5335fdd9ffb3b44dbb44f35 (host: np0000007277) handling event "create" for row 7f4b36df-92a1-43e7-81bf-aa706d112e1d (table: ACL) {{(pid=90790) notify /opt/stack/neutron/neutron/plugins/ml2/drivers/ovn/mech_driver/ovsdb/ovsdb_monitor.py:1099}}
Aug 13 22:49:36.990645 np0000007277 devstack@neutron-api.service[90788]: INFO neutron.db.ovn_revision_numbers_db [None req-aea1e50e-941f-4a40-827b-4d3a91001b15 admin admin] Successfully bumped revision number for resource 0c658b5c-f3dc-41b9-98e8-378fe16f13e4 (type: security_groups) to 1
Aug 13 22:49:37.003228 np0000007277 devstack@neutron-api.service[90788]: INFO neutron.db.ovn_revision_numbers_db [None req-aea1e50e-941f-4a40-827b-4d3a91001b15 admin admin] Successfully bumped revision number for resource 027312ef-7972-4292-8db1-595f0e8ea984 (type: security_group_rules) to 0
Aug 13 22:49:37.012255 np0000007277 devstack@neutron-api.service[90788]: INFO neutron.db.ovn_revision_numbers_db [None req-aea1e50e-941f-4a40-827b-4d3a91001b15 admin admin] Successfully bumped revision number for resource 31bd6421-871b-4ce7-b042-9de253336832 (type: security_group_rules) to 0
Aug 13 22:49:37.021306 np0000007277 devstack@neutron-api.service[90788]: INFO neutron.db.ovn_revision_numbers_db [None req-aea1e50e-941f-4a40-827b-4d3a91001b15 admin admin] Successfully bumped revision number for resource 414be0df-8b6a-4563-b1c7-e998f3e45e5c (type: security_group_rules) to 0
Aug 13 22:49:37.030911 np0000007277 devstack@neutron-api.service[90788]: INFO neutron.db.ovn_revision_numbers_db [None req-aea1e50e-941f-4a40-827b-4d3a91001b15 admin admin] Successfully bumped revision number for resource 8902a2dc-adcb-4157-958b-974a7de1c7bb (type: security_group_rules) to 0
Aug 13 22:49:37.054666 np0000007277 devstack@neutron-api.service[90788]: DEBUG neutron.api.rpc.handlers.resources_rpc [None req-aea1e50e-941f-4a40-827b-4d3a91001b15 admin admin] Pushing event updated for resources: {'SecurityGroup': ['ID=0c658b5c-f3dc-41b9-98e8-378fe16f13e4,revision_number=1']} {{(pid=90788) push /opt/stack/neutron/neutron/api/rpc/handlers/resources_rpc.py:237}}
Aug 13 22:49:37.061108 np0000007277 devstack@neutron-api.service[90788]: DEBUG ovsdbapp.backend.ovs_idl.transaction [-] Running txn n=1 command(idx=0): CheckLivenessCommand(_result=None) {{(pid=90788) do_commit /opt/stack/data/venv/lib/python3.12/site-packages/ovsdbapp/backend/ovs_idl/transaction.py:89}}
Aug 13 22:49:37.063725 np0000007277 devstack@neutron-api.service[90788]: DEBUG neutron.plugins.ml2.drivers.ovn.mech_driver.ovsdb.ovsdb_monitor [-] Hash Ring: Node d4bad15ae7f55f94954393185fb6690b (host: np0000007277) handling event "update" for row 3c167dcc-70bf-42a3-8d85-0550e456018a (table: NB_Global) {{(pid=90788) notify /opt/stack/neutron/neutron/plugins/ml2/drivers/ovn/mech_driver/ovsdb/ovsdb_monitor.py:1099}}
Aug 13 22:49:37.064317 np0000007277 devstack@neutron-api.service[90791]: DEBUG neutron.plugins.ml2.drivers.ovn.mech_driver.ovsdb.ovsdb_monitor [-] Hash Ring: Node 0b6e8e4805215d90b45bf6b0d31d2aee (host: np0000007277) handling event "update" for row 3c167dcc-70bf-42a3-8d85-0550e456018a (table: NB_Global) {{(pid=90791) notify /opt/stack/neutron/neutron/plugins/ml2/drivers/ovn/mech_driver/ovsdb/ovsdb_monitor.py:1099}}
Aug 13 22:49:37.064911 np0000007277 devstack@neutron-api.service[90791]: DEBUG neutron.plugins.ml2.drivers.ovn.mech_driver.ovsdb.ovsdb_monitor [-] Hash Ring: Node 0b6e8e4805215d90b45bf6b0d31d2aee (host: np0000007277) handling event "update" for row 3c167dcc-70bf-42a3-8d85-0550e456018a (table: NB_Global) {{(pid=90791) notify /opt/stack/neutron/neutron/plugins/ml2/drivers/ovn/mech_driver/ovsdb/ovsdb_monitor.py:1099}}
Aug 13 22:49:37.065769 np0000007277 devstack@neutron-api.service[90791]: DEBUG neutron.plugins.ml2.drivers.ovn.mech_driver.ovsdb.ovsdb_monitor [-] Hash Ring: Node 0b6e8e4805215d90b45bf6b0d31d2aee (host: np0000007277) handling event "update" for row 3c167dcc-70bf-42a3-8d85-0550e456018a (table: NB_Global) {{(pid=90791) notify /opt/stack/neutron/neutron/plugins/ml2/drivers/ovn/mech_driver/ovsdb/ovsdb_monitor.py:1099}}
Aug 13 22:49:37.066760 np0000007277 devstack@neutron-api.service[90788]: DEBUG neutron.api.rpc.callbacks.version_manager [None req-aea1e50e-941f-4a40-827b-4d3a91001b15 admin admin] Tracked resource versions report:
Aug 13 22:49:37.066760 np0000007277 devstack@neutron-api.service[90788]: pushed versions:
Aug 13 22:49:37.066760 np0000007277 devstack@neutron-api.service[90788]: { 'AddressGroup': {'1.2'},
Aug 13 22:49:37.066760 np0000007277 devstack@neutron-api.service[90788]: 'Agent': {'1.1'},
Aug 13 22:49:37.066760 np0000007277 devstack@neutron-api.service[90788]: 'ConntrackHelper': {'1.0'},
Aug 13 22:49:37.066760 np0000007277 devstack@neutron-api.service[90788]: 'LocalIPAssociation': {'1.0'},
Aug 13 22:49:37.066760 np0000007277 devstack@neutron-api.service[90788]: 'Log': {'1.0'},
Aug 13 22:49:37.066760 np0000007277 devstack@neutron-api.service[90788]: 'NDPProxy': {'1.0'},
Aug 13 22:49:37.066760 np0000007277 devstack@neutron-api.service[90788]: 'Network': {'1.3'},
Aug 13 22:49:37.066760 np0000007277 devstack@neutron-api.service[90788]: 'Port': {'1.11'},
Aug 13 22:49:37.066760 np0000007277 devstack@neutron-api.service[90788]: 'PortForwarding': {'1.3'},
Aug 13 22:49:37.066760 np0000007277 devstack@neutron-api.service[90788]: 'QosPolicy': {'1.10'},
Aug 13 22:49:37.066760 np0000007277 devstack@neutron-api.service[90788]: 'SecurityGroup': {'1.6'},
Aug 13 22:49:37.066760 np0000007277 devstack@neutron-api.service[90788]: 'SecurityGroupRule': {'1.3'},
Aug 13 22:49:37.066760 np0000007277 devstack@neutron-api.service[90788]: 'SubPort': {'1.0'},
Aug 13 22:49:37.066760 np0000007277 devstack@neutron-api.service[90788]: 'Subnet': {'1.2'},
Aug 13 22:49:37.066760 np0000007277 devstack@neutron-api.service[90788]: 'Trunk': {'1.1'}}
Aug 13 22:49:37.066760 np0000007277 devstack@neutron-api.service[90788]: consumer versions:
Aug 13 22:49:37.066760 np0000007277 devstack@neutron-api.service[90788]: {}
Aug 13 22:49:37.066760 np0000007277 devstack@neutron-api.service[90788]: {{(pid=90788) report /opt/stack/neutron/neutron/api/rpc/callbacks/version_manager.py:183}}
Aug 13 22:49:37.067866 np0000007277 devstack@neutron-api.service[90790]: DEBUG ovsdbapp.backend.ovs_idl.event [-] Matched UPDATE: ChassisAgentWriteEvent(events=('create', 'update'), table='Chassis_Private', conditions=None, old_conditions=None), priority=20 to row=Chassis_Private(uuid=d7391164-d821-40e9-b601-1203739c284f, chassis=8360b4ca-a58b-4bd9-90bd-4f4f5adebd9d, external_ids={'neutron:ovn-bridge': 'br-int', 'neutron:ovn-neutron-agent-id': 'e320186e-6b3e-5052-bf2a-cb5c78bb9e7c', 'neutron:ovn-neutron-agent-sb-cfg': '0'}, name='14c963f7-58b8-4ccc-a223-5915993a9cb1', nb_cfg=1, nb_cfg_timestamp=1786661377063) old=Chassis_Private(uuid=d7391164-d821-40e9-b601-1203739c284f, nb_cfg=0, nb_cfg_timestamp=0) {{(pid=90790) matches /opt/stack/data/venv/lib/python3.12/site-packages/ovsdbapp/backend/ovs_idl/event.py:55}}
Aug 13 22:49:37.068083 np0000007277 devstack@neutron-api.service[90789]: DEBUG ovsdbapp.backend.ovs_idl.event [-] Matched UPDATE: ChassisAgentWriteEvent(events=('create', 'update'), table='Chassis_Private', conditions=None, old_conditions=None), priority=20 to row=Chassis_Private(uuid=d7391164-d821-40e9-b601-1203739c284f, chassis=8360b4ca-a58b-4bd9-90bd-4f4f5adebd9d, external_ids={'neutron:ovn-bridge': 'br-int', 'neutron:ovn-neutron-agent-id': 'e320186e-6b3e-5052-bf2a-cb5c78bb9e7c', 'neutron:ovn-neutron-agent-sb-cfg': '0'}, name='14c963f7-58b8-4ccc-a223-5915993a9cb1', nb_cfg=1, nb_cfg_timestamp=1786661377063) old=Chassis_Private(uuid=d7391164-d821-40e9-b601-1203739c284f, nb_cfg=0, nb_cfg_timestamp=0) {{(pid=90789) matches /opt/stack/data/venv/lib/python3.12/site-packages/ovsdbapp/backend/ovs_idl/event.py:55}}
Aug 13 22:49:37.068498 np0000007277 devstack@neutron-api.service[90791]: DEBUG ovsdbapp.backend.ovs_idl.event [-] Matched UPDATE: ChassisAgentWriteEvent(events=('create', 'update'), table='Chassis_Private', conditions=None, old_conditions=None), priority=20 to row=Chassis_Private(uuid=d7391164-d821-40e9-b601-1203739c284f, chassis=8360b4ca-a58b-4bd9-90bd-4f4f5adebd9d, external_ids={'neutron:ovn-bridge': 'br-int', 'neutron:ovn-neutron-agent-id': 'e320186e-6b3e-5052-bf2a-cb5c78bb9e7c', 'neutron:ovn-neutron-agent-sb-cfg': '0'}, name='14c963f7-58b8-4ccc-a223-5915993a9cb1', nb_cfg=1, nb_cfg_timestamp=1786661377063) old=Chassis_Private(uuid=d7391164-d821-40e9-b601-1203739c284f, nb_cfg=0, nb_cfg_timestamp=0) {{(pid=90791) matches /opt/stack/data/venv/lib/python3.12/site-packages/ovsdbapp/backend/ovs_idl/event.py:55}}
Aug 13 22:49:37.069632 np0000007277 devstack@neutron-api.service[90789]: DEBUG neutron.plugins.ml2.drivers.ovn.mech_driver.ovsdb.ovsdb_monitor [-] Hash Ring: Node 8d335d9823a85b5ab4fce02a0d1f9bfc (host: np0000007277) handling event "update" for row d7391164-d821-40e9-b601-1203739c284f (table: Chassis_Private) {{(pid=90789) notify /opt/stack/neutron/neutron/plugins/ml2/drivers/ovn/mech_driver/ovsdb/ovsdb_monitor.py:1099}}
Aug 13 22:49:37.071000 np0000007277 devstack@neutron-api.service[90788]: DEBUG neutron.plugins.ml2.drivers.ovn.mech_driver.ovsdb.ovsdb_monitor [-] Hash Ring: Node d4bad15ae7f55f94954393185fb6690b (host: np0000007277) handling event "update" for row 3c167dcc-70bf-42a3-8d85-0550e456018a (table: NB_Global) {{(pid=90788) notify /opt/stack/neutron/neutron/plugins/ml2/drivers/ovn/mech_driver/ovsdb/ovsdb_monitor.py:1099}}
Aug 13 22:49:37.071453 np0000007277 devstack@neutron-api.service[90791]: DEBUG neutron.plugins.ml2.drivers.ovn.mech_driver.ovsdb.ovsdb_monitor [-] Hash Ring: Node 0b6e8e4805215d90b45bf6b0d31d2aee (host: np0000007277) handling event "update" for row 3c167dcc-70bf-42a3-8d85-0550e456018a (table: NB_Global) {{(pid=90791) notify /opt/stack/neutron/neutron/plugins/ml2/drivers/ovn/mech_driver/ovsdb/ovsdb_monitor.py:1099}}
Aug 13 22:49:37.071874 np0000007277 devstack@neutron-api.service[90789]: DEBUG ovsdbapp.backend.ovs_idl.event [-] Matched UPDATE: ChassisOVNAgentWriteEvent(events=('create', 'update'), table='Chassis_Private', conditions=None, old_conditions=None), priority=20 to row=Chassis_Private(uuid=d7391164-d821-40e9-b601-1203739c284f, chassis=8360b4ca-a58b-4bd9-90bd-4f4f5adebd9d, external_ids={'neutron:ovn-bridge': 'br-int', 'neutron:ovn-neutron-agent-id': 'e320186e-6b3e-5052-bf2a-cb5c78bb9e7c', 'neutron:ovn-neutron-agent-sb-cfg': '1'}, name='14c963f7-58b8-4ccc-a223-5915993a9cb1', nb_cfg=1, nb_cfg_timestamp=1786661377063) old=Chassis_Private(uuid=d7391164-d821-40e9-b601-1203739c284f, external_ids={'neutron:ovn-bridge': 'br-int', 'neutron:ovn-neutron-agent-id': 'e320186e-6b3e-5052-bf2a-cb5c78bb9e7c', 'neutron:ovn-neutron-agent-sb-cfg': '0'}) {{(pid=90789) matches /opt/stack/data/venv/lib/python3.12/site-packages/ovsdbapp/backend/ovs_idl/event.py:55}}
Aug 13 22:49:37.072047 np0000007277 devstack@neutron-api.service[90790]: DEBUG ovsdbapp.backend.ovs_idl.event [-] Matched UPDATE: ChassisOVNAgentWriteEvent(events=('create', 'update'), table='Chassis_Private', conditions=None, old_conditions=None), priority=20 to row=Chassis_Private(uuid=d7391164-d821-40e9-b601-1203739c284f, chassis=8360b4ca-a58b-4bd9-90bd-4f4f5adebd9d, external_ids={'neutron:ovn-bridge': 'br-int', 'neutron:ovn-neutron-agent-id': 'e320186e-6b3e-5052-bf2a-cb5c78bb9e7c', 'neutron:ovn-neutron-agent-sb-cfg': '1'}, name='14c963f7-58b8-4ccc-a223-5915993a9cb1', nb_cfg=1, nb_cfg_timestamp=1786661377063) old=Chassis_Private(uuid=d7391164-d821-40e9-b601-1203739c284f, external_ids={'neutron:ovn-bridge': 'br-int', 'neutron:ovn-neutron-agent-id': 'e320186e-6b3e-5052-bf2a-cb5c78bb9e7c', 'neutron:ovn-neutron-agent-sb-cfg': '0'}) {{(pid=90790) matches /opt/stack/data/venv/lib/python3.12/site-packages/ovsdbapp/backend/ovs_idl/event.py:55}}
Aug 13 22:49:37.072581 np0000007277 devstack@neutron-api.service[90789]: DEBUG neutron.plugins.ml2.drivers.ovn.mech_driver.ovsdb.ovsdb_monitor [-] Hash Ring: Node 8d335d9823a85b5ab4fce02a0d1f9bfc (host: np0000007277) handling event "update" for row d7391164-d821-40e9-b601-1203739c284f (table: Chassis_Private) {{(pid=90789) notify /opt/stack/neutron/neutron/plugins/ml2/drivers/ovn/mech_driver/ovsdb/ovsdb_monitor.py:1099}}
Aug 13 22:49:37.072689 np0000007277 devstack@neutron-api.service[90788]: DEBUG neutron.plugins.ml2.drivers.ovn.mech_driver.ovsdb.ovsdb_monitor [-] Hash Ring: Node d4bad15ae7f55f94954393185fb6690b (host: np0000007277) handling event "update" for row 3c167dcc-70bf-42a3-8d85-0550e456018a (table: NB_Global) {{(pid=90788) notify /opt/stack/neutron/neutron/plugins/ml2/drivers/ovn/mech_driver/ovsdb/ovsdb_monitor.py:1099}}
Aug 13 22:49:37.073308 np0000007277 devstack@neutron-api.service[90791]: DEBUG neutron.common.ovn.hash_ring_manager [-] Allow caching, nodes 4>=4 {{(pid=90791) _wait_startup_before_caching /opt/stack/neutron/neutron/common/ovn/hash_ring_manager.py:71}}
Aug 13 22:49:37.073500 np0000007277 devstack@neutron-api.service[90791]: DEBUG neutron.plugins.ml2.drivers.ovn.mech_driver.ovsdb.ovsdb_monitor [-] Hash Ring: Node 0b6e8e4805215d90b45bf6b0d31d2aee (host: np0000007277) handling event "update" for row d7391164-d821-40e9-b601-1203739c284f (table: Chassis_Private) {{(pid=90791) notify /opt/stack/neutron/neutron/plugins/ml2/drivers/ovn/mech_driver/ovsdb/ovsdb_monitor.py:1099}}
Aug 13 22:49:37.074348 np0000007277 devstack@neutron-api.service[90788]: DEBUG ovsdbapp.backend.ovs_idl.event [-] Matched UPDATE: ChassisAgentWriteEvent(events=('create', 'update'), table='Chassis_Private', conditions=None, old_conditions=None), priority=20 to row=Chassis_Private(uuid=d7391164-d821-40e9-b601-1203739c284f, chassis=8360b4ca-a58b-4bd9-90bd-4f4f5adebd9d, external_ids={'neutron:ovn-bridge': 'br-int', 'neutron:ovn-neutron-agent-id': 'e320186e-6b3e-5052-bf2a-cb5c78bb9e7c', 'neutron:ovn-neutron-agent-sb-cfg': '0'}, name='14c963f7-58b8-4ccc-a223-5915993a9cb1', nb_cfg=1, nb_cfg_timestamp=1786661377063) old=Chassis_Private(uuid=d7391164-d821-40e9-b601-1203739c284f, nb_cfg=0, nb_cfg_timestamp=0) {{(pid=90788) matches /opt/stack/data/venv/lib/python3.12/site-packages/ovsdbapp/backend/ovs_idl/event.py:55}}
Aug 13 22:49:37.075113 np0000007277 devstack@neutron-api.service[90791]: DEBUG ovsdbapp.backend.ovs_idl.event [-] Matched UPDATE: ChassisOVNAgentWriteEvent(events=('create', 'update'), table='Chassis_Private', conditions=None, old_conditions=None), priority=20 to row=Chassis_Private(uuid=d7391164-d821-40e9-b601-1203739c284f, chassis=8360b4ca-a58b-4bd9-90bd-4f4f5adebd9d, external_ids={'neutron:ovn-bridge': 'br-int', 'neutron:ovn-neutron-agent-id': 'e320186e-6b3e-5052-bf2a-cb5c78bb9e7c', 'neutron:ovn-neutron-agent-sb-cfg': '1'}, name='14c963f7-58b8-4ccc-a223-5915993a9cb1', nb_cfg=1, nb_cfg_timestamp=1786661377063) old=Chassis_Private(uuid=d7391164-d821-40e9-b601-1203739c284f, external_ids={'neutron:ovn-bridge': 'br-int', 'neutron:ovn-neutron-agent-id': 'e320186e-6b3e-5052-bf2a-cb5c78bb9e7c', 'neutron:ovn-neutron-agent-sb-cfg': '0'}) {{(pid=90791) matches /opt/stack/data/venv/lib/python3.12/site-packages/ovsdbapp/backend/ovs_idl/event.py:55}}
Aug 13 22:49:37.075442 np0000007277 devstack@neutron-api.service[90791]: DEBUG neutron.plugins.ml2.drivers.ovn.mech_driver.ovsdb.ovsdb_monitor [-] Hash Ring: Node 0b6e8e4805215d90b45bf6b0d31d2aee (host: np0000007277) handling event "update" for row d7391164-d821-40e9-b601-1203739c284f (table: Chassis_Private) {{(pid=90791) notify /opt/stack/neutron/neutron/plugins/ml2/drivers/ovn/mech_driver/ovsdb/ovsdb_monitor.py:1099}}
Aug 13 22:49:37.075815 np0000007277 devstack@neutron-api.service[90788]: DEBUG neutron.plugins.ml2.drivers.ovn.mech_driver.ovsdb.ovsdb_monitor [-] Hash Ring: Node d4bad15ae7f55f94954393185fb6690b (host: np0000007277) handling event "update" for row 3c167dcc-70bf-42a3-8d85-0550e456018a (table: NB_Global) {{(pid=90788) notify /opt/stack/neutron/neutron/plugins/ml2/drivers/ovn/mech_driver/ovsdb/ovsdb_monitor.py:1099}}
Aug 13 22:49:37.077659 np0000007277 devstack@neutron-api.service[90788]: DEBUG ovsdbapp.backend.ovs_idl.event [-] Matched UPDATE: ChassisOVNAgentWriteEvent(events=('create', 'update'), table='Chassis_Private', conditions=None, old_conditions=None), priority=20 to row=Chassis_Private(uuid=d7391164-d821-40e9-b601-1203739c284f, chassis=8360b4ca-a58b-4bd9-90bd-4f4f5adebd9d, external_ids={'neutron:ovn-bridge': 'br-int', 'neutron:ovn-neutron-agent-id': 'e320186e-6b3e-5052-bf2a-cb5c78bb9e7c', 'neutron:ovn-neutron-agent-sb-cfg': '1'}, name='14c963f7-58b8-4ccc-a223-5915993a9cb1', nb_cfg=1, nb_cfg_timestamp=1786661377063) old=Chassis_Private(uuid=d7391164-d821-40e9-b601-1203739c284f, external_ids={'neutron:ovn-bridge': 'br-int', 'neutron:ovn-neutron-agent-id': 'e320186e-6b3e-5052-bf2a-cb5c78bb9e7c', 'neutron:ovn-neutron-agent-sb-cfg': '0'}) {{(pid=90788) matches /opt/stack/data/venv/lib/python3.12/site-packages/ovsdbapp/backend/ovs_idl/event.py:55}}
Aug 13 22:49:37.115074 np0000007277 devstack@neutron-api.service[90788]: DEBUG neutron.plugins.ml2.drivers.helpers [None req-aea1e50e-941f-4a40-827b-4d3a91001b15 admin admin] geneve segment allocate from pool success with {'geneve_vni': 752} {{(pid=90788) allocate_partially_specified_segment /opt/stack/neutron/neutron/plugins/ml2/drivers/helpers.py:142}}
Aug 13 22:49:37.125144 np0000007277 devstack@neutron-api.service[90788]: DEBUG neutron_lib.callbacks.manager [None req-aea1e50e-941f-4a40-827b-4d3a91001b15 admin admin] Publish callbacks ['neutron.services.segments.db._add_segment_host_mapping_for_segment-7814325660232', 'neutron.plugins.ml2.plugin.Ml2Plugin._handle_segment_change-1021019'] for segment (37bb482c-5af9-437c-bbcd-d56ab56c007c), precommit_create {{(pid=90788) _notify_loop /opt/stack/data/venv/lib/python3.12/site-packages/neutron_lib/callbacks/manager.py:184}}
Aug 13 22:49:37.125315 np0000007277 devstack@neutron-api.service[90788]: INFO neutron.db.segments_db [None req-aea1e50e-941f-4a40-827b-4d3a91001b15 admin admin] Added segment 37bb482c-5af9-437c-bbcd-d56ab56c007c of type geneve for network 2ae21634-7f41-4285-b2d8-4e874a67ab4f
Aug 13 22:49:37.168123 np0000007277 devstack@neutron-api.service[90788]: DEBUG neutron_lib.callbacks.manager [None req-aea1e50e-941f-4a40-827b-4d3a91001b15 admin admin] Publish callbacks ['neutron.services.auto_allocate.db._ensure_external_network_default_value_callback-7814324484120'] for network (2ae21634-7f41-4285-b2d8-4e874a67ab4f), precommit_create {{(pid=90788) _notify_loop /opt/stack/data/venv/lib/python3.12/site-packages/neutron_lib/callbacks/manager.py:184}}
Aug 13 22:49:37.184439 np0000007277 devstack@neutron-api.service[90788]: DEBUG neutron.plugins.ml2.drivers.ovn.mech_driver.mech_driver [None req-aea1e50e-941f-4a40-827b-4d3a91001b15 admin admin] Validating network segment with type geneve, segmentation ID 752, physical network None {{(pid=90788) _validate_network_segments /opt/stack/neutron/neutron/plugins/ml2/drivers/ovn/mech_driver/mech_driver.py:624}}
Aug 13 22:49:37.184560 np0000007277 devstack@neutron-api.service[90788]: DEBUG neutron.db.ovn_revision_numbers_db [None req-aea1e50e-941f-4a40-827b-4d3a91001b15 admin admin] create_initial_revision uuid=2ae21634-7f41-4285-b2d8-4e874a67ab4f, type=networks, rev=-1 {{(pid=90788) create_initial_revision /opt/stack/neutron/neutron/db/ovn_revision_numbers_db.py:98}}
Aug 13 22:49:37.199074 np0000007277 devstack@neutron-api.service[90788]: DEBUG neutron_lib.callbacks.manager [None req-aea1e50e-941f-4a40-827b-4d3a91001b15 admin admin] Publish callbacks ['neutron.plugins.ml2.ovo_rpc._ObjectChangeHandler.handle_event-65369829'] for network (2ae21634-7f41-4285-b2d8-4e874a67ab4f), after_create {{(pid=90788) _notify_loop /opt/stack/data/venv/lib/python3.12/site-packages/neutron_lib/callbacks/manager.py:184}}
Aug 13 22:49:37.253615 np0000007277 devstack@neutron-api.service[90788]: DEBUG neutron.api.rpc.handlers.resources_rpc [None req-aea1e50e-941f-4a40-827b-4d3a91001b15 admin admin] Pushing event updated for resources: {'Network': ['ID=2ae21634-7f41-4285-b2d8-4e874a67ab4f,revision_number=1']} {{(pid=90788) push /opt/stack/neutron/neutron/api/rpc/handlers/resources_rpc.py:237}}
Aug 13 22:49:37.261353 np0000007277 devstack@neutron-api.service[90788]: DEBUG ovsdbapp.backend.ovs_idl.transaction [-] Running txn n=1 command(idx=0): AddNetworkCommand(_result=None, network_uuid=2ae21634-7f41-4285-b2d8-4e874a67ab4f, may_exist=True, columns={'external_ids': {'neutron:network_name': 'private', 'neutron:mtu': '1372', 'neutron:revision_number': '1', 'neutron:availability_zone_hints': '', 'neutron:provnet-network-type': 'geneve'}, 'other_config': {'mcast_snoop': 'false', 'mcast_flood_unregistered': 'false', 'vlan-passthru': 'false'}}) {{(pid=90788) do_commit /opt/stack/data/venv/lib/python3.12/site-packages/ovsdbapp/backend/ovs_idl/transaction.py:89}}
Aug 13 22:49:37.261793 np0000007277 devstack@neutron-api.service[90788]: DEBUG neutron.common.ovn.utils [-] OVS persist_uuid supported=True {{(pid=90788) ovs_persist_uuid_supported /opt/stack/neutron/neutron/common/ovn/utils.py:1565}}
Aug 13 22:49:37.264218 np0000007277 devstack@neutron-api.service[90788]: DEBUG neutron.plugins.ml2.drivers.ovn.mech_driver.ovsdb.ovsdb_monitor [-] Hash Ring: Node d4bad15ae7f55f94954393185fb6690b (host: np0000007277) handling event "create" for row 2ae21634-7f41-4285-b2d8-4e874a67ab4f (table: Logical_Switch) {{(pid=90788) notify /opt/stack/neutron/neutron/plugins/ml2/drivers/ovn/mech_driver/ovsdb/ovsdb_monitor.py:1099}}
Aug 13 22:49:37.265749 np0000007277 devstack@neutron-api.service[90791]: DEBUG neutron.plugins.ml2.drivers.ovn.mech_driver.ovsdb.ovsdb_monitor [-] Hash Ring: Node 0b6e8e4805215d90b45bf6b0d31d2aee (host: np0000007277) handling event "create" for row 2ae21634-7f41-4285-b2d8-4e874a67ab4f (table: Logical_Switch) {{(pid=90791) notify /opt/stack/neutron/neutron/plugins/ml2/drivers/ovn/mech_driver/ovsdb/ovsdb_monitor.py:1099}}
Aug 13 22:49:37.270021 np0000007277 devstack@neutron-api.service[90791]: DEBUG neutron.plugins.ml2.drivers.ovn.mech_driver.ovsdb.ovsdb_monitor [-] Hash Ring: Node 0b6e8e4805215d90b45bf6b0d31d2aee (host: np0000007277) handling event "create" for row c1afbad3-615f-4f78-88f4-c1000d2426a7 (table: Datapath_Binding) {{(pid=90791) notify /opt/stack/neutron/neutron/plugins/ml2/drivers/ovn/mech_driver/ovsdb/ovsdb_monitor.py:1099}}
Aug 13 22:49:37.277247 np0000007277 devstack@neutron-api.service[90788]: DEBUG neutron.plugins.ml2.drivers.ovn.mech_driver.ovsdb.ovsdb_monitor [-] Hash Ring: Node d4bad15ae7f55f94954393185fb6690b (host: np0000007277) handling event "create" for row c1afbad3-615f-4f78-88f4-c1000d2426a7 (table: Datapath_Binding) {{(pid=90788) notify /opt/stack/neutron/neutron/plugins/ml2/drivers/ovn/mech_driver/ovsdb/ovsdb_monitor.py:1099}}
Aug 13 22:49:37.293264 np0000007277 devstack@neutron-api.service[90788]: INFO neutron.db.ovn_revision_numbers_db [None req-aea1e50e-941f-4a40-827b-4d3a91001b15 admin admin] Successfully bumped revision number for resource 2ae21634-7f41-4285-b2d8-4e874a67ab4f (type: networks) to 1
Aug 13 22:49:37.348105 np0000007277 devstack@neutron-api.service[90788]: DEBUG neutron_lib.callbacks.manager [None req-aea1e50e-941f-4a40-827b-4d3a91001b15 admin admin] Publish callbacks ['neutron.plugins.ml2.plugin.SecurityGroupDbMixin._ensure_default_security_group_handler-162061'] for port (None), before_create {{(pid=90788) _notify_loop /opt/stack/data/venv/lib/python3.12/site-packages/neutron_lib/callbacks/manager.py:184}}
Aug 13 22:49:37.626017 np0000007277 devstack@neutron-api.service[90788]: DEBUG neutron_lib.callbacks.manager [None req-aea1e50e-941f-4a40-827b-4d3a91001b15 admin admin] Publish callbacks ['neutron.plugins.ml2.drivers.ovn.mech_driver.mech_driver.OVNMechanismDriver._validate_allowed_address_pairs-199591'] for allowed_address_pair (66ec47ff-8f58-47fd-86cd-5e29a0a68c5a), before_create {{(pid=90788) _notify_loop /opt/stack/data/venv/lib/python3.12/site-packages/neutron_lib/callbacks/manager.py:184}}
Aug 13 22:49:37.626524 np0000007277 devstack@neutron-api.service[90788]: DEBUG neutron_lib.callbacks.manager [None req-aea1e50e-941f-4a40-827b-4d3a91001b15 admin admin] Publish callbacks [] for port (66ec47ff-8f58-47fd-86cd-5e29a0a68c5a), precommit_create {{(pid=90788) _notify_loop /opt/stack/data/venv/lib/python3.12/site-packages/neutron_lib/callbacks/manager.py:184}}
Aug 13 22:49:37.626650 np0000007277 devstack@neutron-api.service[90788]: DEBUG neutron.plugins.ml2.drivers.ovn.mech_driver.mech_driver [None req-aea1e50e-941f-4a40-827b-4d3a91001b15 admin admin] No provisioning block for port 66ec47ff-8f58-47fd-86cd-5e29a0a68c5a since it does not have a host {{(pid=90788) _is_port_provisioning_required /opt/stack/neutron/neutron/plugins/ml2/drivers/ovn/mech_driver/mech_driver.py:877}}
Aug 13 22:49:37.626760 np0000007277 devstack@neutron-api.service[90788]: DEBUG neutron.db.ovn_revision_numbers_db [None req-aea1e50e-941f-4a40-827b-4d3a91001b15 admin admin] create_initial_revision uuid=66ec47ff-8f58-47fd-86cd-5e29a0a68c5a, type=ports, rev=-1 {{(pid=90788) create_initial_revision /opt/stack/neutron/neutron/db/ovn_revision_numbers_db.py:98}}
Aug 13 22:49:37.678037 np0000007277 devstack@neutron-api.service[90788]: DEBUG neutron_lib.callbacks.manager [None req-aea1e50e-941f-4a40-827b-4d3a91001b15 admin admin] Publish callbacks ['neutron.plugins.ml2.ovo_rpc._ObjectChangeHandler.handle_event-65369758'] for port (66ec47ff-8f58-47fd-86cd-5e29a0a68c5a), after_create {{(pid=90788) _notify_loop /opt/stack/data/venv/lib/python3.12/site-packages/neutron_lib/callbacks/manager.py:184}}
Aug 13 22:49:37.733515 np0000007277 devstack@neutron-api.service[90788]: DEBUG neutron.api.rpc.handlers.resources_rpc [None req-aea1e50e-941f-4a40-827b-4d3a91001b15 admin admin] Pushing event updated for resources: {'Port': ['ID=66ec47ff-8f58-47fd-86cd-5e29a0a68c5a,revision_number=1']} {{(pid=90788) push /opt/stack/neutron/neutron/api/rpc/handlers/resources_rpc.py:237}}
Aug 13 22:49:37.772705 np0000007277 devstack@neutron-api.service[90788]: DEBUG neutron.plugins.ml2.drivers.ovn.mech_driver.ovsdb.commands [None req-aea1e50e-941f-4a40-827b-4d3a91001b15 admin admin] Converting tag [] to a tag_request {{(pid=90788) _tag_column_to_tag_request /opt/stack/neutron/neutron/plugins/ml2/drivers/ovn/mech_driver/ovsdb/commands.py:227}}
Aug 13 22:49:37.773214 np0000007277 devstack@neutron-api.service[90788]: DEBUG ovsdbapp.backend.ovs_idl.transaction [-] Running txn n=1 command(idx=0): AddLSwitchPortCommand(_result=None, lport=66ec47ff-8f58-47fd-86cd-5e29a0a68c5a, lswitch=neutron-2ae21634-7f41-4285-b2d8-4e874a67ab4f, may_exist=True, network_uuid=2ae21634-7f41-4285-b2d8-4e874a67ab4f, columns={'addresses': ['fa:16:3e:53:11:28'], 'external_ids': {'neutron:port_name': '', 'neutron:device_id': 'ovnmeta-2ae21634-7f41-4285-b2d8-4e874a67ab4f', 'neutron:project_id': '8dc5c2bb910148ceb8574d1e62ff4e73', 'neutron:cidrs': '', 'neutron:device_owner': 'network:distributed', 'neutron:subnet_pool_addr_scope4': '', 'neutron:subnet_pool_addr_scope6': '', 'neutron:network_name': 'neutron-2ae21634-7f41-4285-b2d8-4e874a67ab4f', 'neutron:security_group_ids': '', 'neutron:revision_number': '1', 'neutron:vnic_type': 'normal', 'neutron:port_capabilities': '', 'neutron:mtu': '1372'}, 'parent_name': [], 'enabled': True, 'options': {}, 'type': 'localport', 'port_security': [], 'dhcpv4_options': [], 'dhcpv6_options': [], 'tag_request': []}) {{(pid=90788) do_commit /opt/stack/data/venv/lib/python3.12/site-packages/ovsdbapp/backend/ovs_idl/transaction.py:89}}
Aug 13 22:49:37.773599 np0000007277 devstack@neutron-api.service[90788]: DEBUG ovsdbapp.backend.ovs_idl.transaction [-] Running txn n=1 command(idx=1): QoSDelCommand(_result=None, switch=neutron-2ae21634-7f41-4285-b2d8-4e874a67ab4f, conditions=[('direction', '=', 'to-lport'), ('priority', '=', 2002), ('match', '=', 'outport == "66ec47ff-8f58-47fd-86cd-5e29a0a68c5a"')], if_exists=True) {{(pid=90788) do_commit /opt/stack/data/venv/lib/python3.12/site-packages/ovsdbapp/backend/ovs_idl/transaction.py:89}}
Aug 13 22:49:37.773721 np0000007277 devstack@neutron-api.service[90788]: DEBUG ovsdbapp.backend.ovs_idl.transaction [-] Running txn n=1 command(idx=2): QoSDelCommand(_result=None, switch=neutron-2ae21634-7f41-4285-b2d8-4e874a67ab4f, conditions=[('direction', '=', 'from-lport'), ('priority', '=', 2002), ('match', '=', 'inport == "66ec47ff-8f58-47fd-86cd-5e29a0a68c5a"')], if_exists=True) {{(pid=90788) do_commit /opt/stack/data/venv/lib/python3.12/site-packages/ovsdbapp/backend/ovs_idl/transaction.py:89}}
Aug 13 22:49:37.775661 np0000007277 devstack@neutron-api.service[90788]: DEBUG neutron.plugins.ml2.drivers.ovn.mech_driver.ovsdb.ovsdb_monitor [-] Hash Ring: Node d4bad15ae7f55f94954393185fb6690b (host: np0000007277) handling event "update" for row 2ae21634-7f41-4285-b2d8-4e874a67ab4f (table: Logical_Switch) {{(pid=90788) notify /opt/stack/neutron/neutron/plugins/ml2/drivers/ovn/mech_driver/ovsdb/ovsdb_monitor.py:1099}}
Aug 13 22:49:37.775800 np0000007277 devstack@neutron-api.service[90788]: DEBUG neutron.plugins.ml2.drivers.ovn.mech_driver.ovsdb.ovsdb_monitor [-] Hash Ring: Node d4bad15ae7f55f94954393185fb6690b (host: np0000007277) handling event "create" for row df0c5282-e21e-4477-aca7-724c46b74f39 (table: Logical_Switch_Port) {{(pid=90788) notify /opt/stack/neutron/neutron/plugins/ml2/drivers/ovn/mech_driver/ovsdb/ovsdb_monitor.py:1099}}
Aug 13 22:49:37.777173 np0000007277 devstack@neutron-api.service[90791]: DEBUG neutron.plugins.ml2.drivers.ovn.mech_driver.ovsdb.ovsdb_monitor [-] Hash Ring: Node 0b6e8e4805215d90b45bf6b0d31d2aee (host: np0000007277) handling event "update" for row 2ae21634-7f41-4285-b2d8-4e874a67ab4f (table: Logical_Switch) {{(pid=90791) notify /opt/stack/neutron/neutron/plugins/ml2/drivers/ovn/mech_driver/ovsdb/ovsdb_monitor.py:1099}}
Aug 13 22:49:37.777298 np0000007277 devstack@neutron-api.service[90788]: DEBUG ovsdbapp.backend.ovs_idl.event [-] Matched CREATE: LogicalSwitchPortCreateEvent(events=('create',), table='Logical_Switch_Port', conditions=[], old_conditions=None), priority=20 to row=Logical_Switch_Port(uuid=df0c5282-e21e-4477-aca7-724c46b74f39, addresses=['fa:16:3e:53:11:28'], dhcpv4_options=[], dhcpv6_options=[], dynamic_addresses=[], enabled=True, external_ids={'neutron:cidrs': '', 'neutron:device_id': 'ovnmeta-2ae21634-7f41-4285-b2d8-4e874a67ab4f', 'neutron:device_owner': 'network:distributed', 'neutron:mtu': '1372', 'neutron:network_name': 'neutron-2ae21634-7f41-4285-b2d8-4e874a67ab4f', 'neutron:port_capabilities': '', 'neutron:port_name': '', 'neutron:project_id': '8dc5c2bb910148ceb8574d1e62ff4e73', 'neutron:revision_number': '1', 'neutron:security_group_ids': '', 'neutron:subnet_pool_addr_scope4': '', 'neutron:subnet_pool_addr_scope6': '', 'neutron:vnic_type': 'normal'}, ha_chassis_group=[], mirror_rules=[], name='66ec47ff-8f58-47fd-86cd-5e29a0a68c5a', options={}, parent_name=[], port_security=[], tag=[], tag_request=[], type='localport', up=[]) old= {{(pid=90788) matches /opt/stack/data/venv/lib/python3.12/site-packages/ovsdbapp/backend/ovs_idl/event.py:55}}
Aug 13 22:49:37.777702 np0000007277 devstack@neutron-api.service[90791]: DEBUG neutron.plugins.ml2.drivers.ovn.mech_driver.ovsdb.ovsdb_monitor [-] Hash Ring: Node 0b6e8e4805215d90b45bf6b0d31d2aee (host: np0000007277) handling event "create" for row df0c5282-e21e-4477-aca7-724c46b74f39 (table: Logical_Switch_Port) {{(pid=90791) notify /opt/stack/neutron/neutron/plugins/ml2/drivers/ovn/mech_driver/ovsdb/ovsdb_monitor.py:1099}}
Aug 13 22:49:37.777879 np0000007277 devstack@neutron-api.service[90788]: INFO neutron.plugins.ml2.drivers.ovn.mech_driver.mech_driver [-] OVN reports status down for port: 66ec47ff-8f58-47fd-86cd-5e29a0a68c5a
