Aug 18 19:30:26.749915 np0000007691 nova-conductor[95894]: DEBUG cotyledon.oslo_config_glue [-] oslo_messaging_rabbit.rabbit_quorum_delivery_limit = 0 {{(pid=95894) log_opt_values /opt/stack/data/venv/lib/python3.12/site-packages/oslo_config/cfg.py:3560}}
Aug 18 19:30:26.749915 np0000007691 nova-conductor[95894]: DEBUG cotyledon.oslo_config_glue [-] oslo_messaging_rabbit.rabbit_quorum_max_memory_bytes = 0 {{(pid=95894) log_opt_values /opt/stack/data/venv/lib/python3.12/site-packages/oslo_config/cfg.py:3560}}
Aug 18 19:30:26.749915 np0000007691 nova-conductor[95894]: DEBUG cotyledon.oslo_config_glue [-] oslo_messaging_rabbit.rabbit_quorum_max_memory_length = 0 {{(pid=95894) log_opt_values /opt/stack/data/venv/lib/python3.12/site-packages/oslo_config/cfg.py:3560}}
Aug 18 19:30:26.750091 np0000007691 nova-conductor[95894]: DEBUG cotyledon.oslo_config_glue [-] oslo_messaging_rabbit.rabbit_quorum_queue = False {{(pid=95894) log_opt_values /opt/stack/data/venv/lib/python3.12/site-packages/oslo_config/cfg.py:3560}}
Aug 18 19:30:26.750091 np0000007691 nova-conductor[95894]: DEBUG cotyledon.oslo_config_glue [-] oslo_messaging_rabbit.rabbit_retry_backoff = 2 {{(pid=95894) log_opt_values /opt/stack/data/venv/lib/python3.12/site-packages/oslo_config/cfg.py:3560}}
Aug 18 19:30:26.750091 np0000007691 nova-conductor[95894]: DEBUG cotyledon.oslo_config_glue [-] oslo_messaging_rabbit.rabbit_retry_interval = 1 {{(pid=95894) log_opt_values /opt/stack/data/venv/lib/python3.12/site-packages/oslo_config/cfg.py:3560}}
Aug 18 19:30:26.750091 np0000007691 nova-conductor[95894]: DEBUG cotyledon.oslo_config_glue [-] oslo_messaging_rabbit.rabbit_stream_fanout = False {{(pid=95894) log_opt_values /opt/stack/data/venv/lib/python3.12/site-packages/oslo_config/cfg.py:3560}}
Aug 18 19:30:26.750091 np0000007691 nova-conductor[95894]: DEBUG cotyledon.oslo_config_glue [-] oslo_messaging_rabbit.rabbit_transient_queues_ttl = 1800 {{(pid=95894) log_opt_values /opt/stack/data/venv/lib/python3.12/site-packages/oslo_config/cfg.py:3560}}
Aug 18 19:30:26.750091 np0000007691 nova-conductor[95894]: DEBUG cotyledon.oslo_config_glue [-] oslo_messaging_rabbit.rabbit_transient_quorum_queue = False {{(pid=95894) log_opt_values /opt/stack/data/venv/lib/python3.12/site-packages/oslo_config/cfg.py:3560}}
Aug 18 19:30:26.750091 np0000007691 nova-conductor[95894]: DEBUG cotyledon.oslo_config_glue [-] oslo_messaging_rabbit.rpc_conn_pool_size = 30 {{(pid=95894) log_opt_values /opt/stack/data/venv/lib/python3.12/site-packages/oslo_config/cfg.py:3560}}
Aug 18 19:30:26.750091 np0000007691 nova-conductor[95894]: DEBUG cotyledon.oslo_config_glue [-] oslo_messaging_rabbit.ssl = False {{(pid=95894) log_opt_values /opt/stack/data/venv/lib/python3.12/site-packages/oslo_config/cfg.py:3560}}
Aug 18 19:30:26.750091 np0000007691 nova-conductor[95894]: DEBUG cotyledon.oslo_config_glue [-] oslo_messaging_rabbit.ssl_ca_file = {{(pid=95894) log_opt_values /opt/stack/data/venv/lib/python3.12/site-packages/oslo_config/cfg.py:3560}}
Aug 18 19:30:26.750260 np0000007691 nova-conductor[95894]: DEBUG cotyledon.oslo_config_glue [-] oslo_messaging_rabbit.ssl_cert_file = {{(pid=95894) log_opt_values /opt/stack/data/venv/lib/python3.12/site-packages/oslo_config/cfg.py:3560}}
Aug 18 19:30:26.750260 np0000007691 nova-conductor[95894]: DEBUG cotyledon.oslo_config_glue [-] oslo_messaging_rabbit.ssl_enforce_fips_mode = False {{(pid=95894) log_opt_values /opt/stack/data/venv/lib/python3.12/site-packages/oslo_config/cfg.py:3560}}
Aug 18 19:30:26.750260 np0000007691 nova-conductor[95894]: DEBUG cotyledon.oslo_config_glue [-] oslo_messaging_rabbit.ssl_enforce_hostname_verification = True {{(pid=95894) log_opt_values /opt/stack/data/venv/lib/python3.12/site-packages/oslo_config/cfg.py:3560}}
Aug 18 19:30:26.750260 np0000007691 nova-conductor[95894]: DEBUG cotyledon.oslo_config_glue [-] oslo_messaging_rabbit.ssl_key_file = {{(pid=95894) log_opt_values /opt/stack/data/venv/lib/python3.12/site-packages/oslo_config/cfg.py:3560}}
Aug 18 19:30:26.750260 np0000007691 nova-conductor[95894]: DEBUG cotyledon.oslo_config_glue [-] oslo_messaging_rabbit.ssl_version = {{(pid=95894) log_opt_values /opt/stack/data/venv/lib/python3.12/site-packages/oslo_config/cfg.py:3560}}
Aug 18 19:30:26.750260 np0000007691 nova-conductor[95894]: DEBUG cotyledon.oslo_config_glue [-] oslo_messaging_rabbit.use_queue_manager = False {{(pid=95894) log_opt_values /opt/stack/data/venv/lib/python3.12/site-packages/oslo_config/cfg.py:3560}}
Aug 18 19:30:26.750260 np0000007691 nova-conductor[95894]: DEBUG cotyledon.oslo_config_glue [-] oslo_messaging_notifications.driver = ['messagingv2'] {{(pid=95894) log_opt_values /opt/stack/data/venv/lib/python3.12/site-packages/oslo_config/cfg.py:3560}}
Aug 18 19:30:26.750260 np0000007691 nova-conductor[95894]: DEBUG cotyledon.oslo_config_glue [-] oslo_messaging_notifications.retry = -1 {{(pid=95894) log_opt_values /opt/stack/data/venv/lib/python3.12/site-packages/oslo_config/cfg.py:3560}}
Aug 18 19:30:26.750260 np0000007691 nova-conductor[95894]: DEBUG cotyledon.oslo_config_glue [-] oslo_messaging_notifications.topics = ['notifications'] {{(pid=95894) log_opt_values /opt/stack/data/venv/lib/python3.12/site-packages/oslo_config/cfg.py:3560}}
Aug 18 19:30:26.750414 np0000007691 nova-conductor[95894]: DEBUG cotyledon.oslo_config_glue [-] oslo_messaging_notifications.transport_url = **** {{(pid=95894) log_opt_values /opt/stack/data/venv/lib/python3.12/site-packages/oslo_config/cfg.py:3560}}
Aug 18 19:30:26.750414 np0000007691 nova-conductor[95894]: DEBUG cotyledon.oslo_config_glue [-] oslo_limit.auth_section = None {{(pid=95894) log_opt_values /opt/stack/data/venv/lib/python3.12/site-packages/oslo_config/cfg.py:3560}}
Aug 18 19:30:26.750414 np0000007691 nova-conductor[95894]: DEBUG cotyledon.oslo_config_glue [-] oslo_limit.auth_type = None {{(pid=95894) log_opt_values /opt/stack/data/venv/lib/python3.12/site-packages/oslo_config/cfg.py:3560}}
Aug 18 19:30:26.750414 np0000007691 nova-conductor[95894]: DEBUG cotyledon.oslo_config_glue [-] oslo_limit.cafile = None {{(pid=95894) log_opt_values /opt/stack/data/venv/lib/python3.12/site-packages/oslo_config/cfg.py:3560}}
Aug 18 19:30:26.750414 np0000007691 nova-conductor[95894]: DEBUG cotyledon.oslo_config_glue [-] oslo_limit.certfile = None {{(pid=95894) log_opt_values /opt/stack/data/venv/lib/python3.12/site-packages/oslo_config/cfg.py:3560}}
Aug 18 19:30:26.750414 np0000007691 nova-conductor[95894]: DEBUG cotyledon.oslo_config_glue [-] oslo_limit.collect_timing = False {{(pid=95894) log_opt_values /opt/stack/data/venv/lib/python3.12/site-packages/oslo_config/cfg.py:3560}}
Aug 18 19:30:26.750414 np0000007691 nova-conductor[95894]: DEBUG cotyledon.oslo_config_glue [-] oslo_limit.connect_retries = None {{(pid=95894) log_opt_values /opt/stack/data/venv/lib/python3.12/site-packages/oslo_config/cfg.py:3560}}
Aug 18 19:30:26.750414 np0000007691 nova-conductor[95894]: DEBUG cotyledon.oslo_config_glue [-] oslo_limit.connect_retry_delay = None {{(pid=95894) log_opt_values /opt/stack/data/venv/lib/python3.12/site-packages/oslo_config/cfg.py:3560}}
Aug 18 19:30:26.750414 np0000007691 nova-conductor[95894]: DEBUG cotyledon.oslo_config_glue [-] oslo_limit.endpoint_id = None {{(pid=95894) log_opt_values /opt/stack/data/venv/lib/python3.12/site-packages/oslo_config/cfg.py:3560}}
Aug 18 19:30:26.750586 np0000007691 nova-conductor[95894]: DEBUG cotyledon.oslo_config_glue [-] oslo_limit.endpoint_interface = public {{(pid=95894) log_opt_values /opt/stack/data/venv/lib/python3.12/site-packages/oslo_config/cfg.py:3560}}
Aug 18 19:30:26.750586 np0000007691 nova-conductor[95894]: DEBUG cotyledon.oslo_config_glue [-] oslo_limit.endpoint_override = None {{(pid=95894) log_opt_values /opt/stack/data/venv/lib/python3.12/site-packages/oslo_config/cfg.py:3560}}
Aug 18 19:30:26.750586 np0000007691 nova-conductor[95894]: DEBUG cotyledon.oslo_config_glue [-] oslo_limit.endpoint_region_name = None {{(pid=95894) log_opt_values /opt/stack/data/venv/lib/python3.12/site-packages/oslo_config/cfg.py:3560}}
Aug 18 19:30:26.750586 np0000007691 nova-conductor[95894]: DEBUG cotyledon.oslo_config_glue [-] oslo_limit.endpoint_service_name = None {{(pid=95894) log_opt_values /opt/stack/data/venv/lib/python3.12/site-packages/oslo_config/cfg.py:3560}}
Aug 18 19:30:26.750586 np0000007691 nova-conductor[95894]: DEBUG cotyledon.oslo_config_glue [-] oslo_limit.endpoint_service_type = None {{(pid=95894) log_opt_values /opt/stack/data/venv/lib/python3.12/site-packages/oslo_config/cfg.py:3560}}
Aug 18 19:30:26.750586 np0000007691 nova-conductor[95894]: DEBUG cotyledon.oslo_config_glue [-] oslo_limit.insecure = False {{(pid=95894) log_opt_values /opt/stack/data/venv/lib/python3.12/site-packages/oslo_config/cfg.py:3560}}
Aug 18 19:30:26.750586 np0000007691 nova-conductor[95894]: DEBUG cotyledon.oslo_config_glue [-] oslo_limit.keyfile = None {{(pid=95894) log_opt_values /opt/stack/data/venv/lib/python3.12/site-packages/oslo_config/cfg.py:3560}}
Aug 18 19:30:26.750586 np0000007691 nova-conductor[95894]: DEBUG cotyledon.oslo_config_glue [-] oslo_limit.max_version = None {{(pid=95894) log_opt_values /opt/stack/data/venv/lib/python3.12/site-packages/oslo_config/cfg.py:3560}}
Aug 18 19:30:26.750586 np0000007691 nova-conductor[95894]: DEBUG cotyledon.oslo_config_glue [-] oslo_limit.min_version = None {{(pid=95894) log_opt_values /opt/stack/data/venv/lib/python3.12/site-packages/oslo_config/cfg.py:3560}}
Aug 18 19:30:26.750754 np0000007691 nova-conductor[95894]: DEBUG cotyledon.oslo_config_glue [-] oslo_limit.region_name = None {{(pid=95894) log_opt_values /opt/stack/data/venv/lib/python3.12/site-packages/oslo_config/cfg.py:3560}}
Aug 18 19:30:26.750754 np0000007691 nova-conductor[95894]: DEBUG cotyledon.oslo_config_glue [-] oslo_limit.retriable_status_codes = None {{(pid=95894) log_opt_values /opt/stack/data/venv/lib/python3.12/site-packages/oslo_config/cfg.py:3560}}
Aug 18 19:30:26.750754 np0000007691 nova-conductor[95894]: DEBUG cotyledon.oslo_config_glue [-] oslo_limit.service_name = None {{(pid=95894) log_opt_values /opt/stack/data/venv/lib/python3.12/site-packages/oslo_config/cfg.py:3560}}
Aug 18 19:30:26.750754 np0000007691 nova-conductor[95894]: DEBUG cotyledon.oslo_config_glue [-] oslo_limit.service_type = None {{(pid=95894) log_opt_values /opt/stack/data/venv/lib/python3.12/site-packages/oslo_config/cfg.py:3560}}
Aug 18 19:30:26.750754 np0000007691 nova-conductor[95894]: DEBUG cotyledon.oslo_config_glue [-] oslo_limit.split_loggers = False {{(pid=95894) log_opt_values /opt/stack/data/venv/lib/python3.12/site-packages/oslo_config/cfg.py:3560}}
Aug 18 19:30:26.750754 np0000007691 nova-conductor[95894]: DEBUG cotyledon.oslo_config_glue [-] oslo_limit.status_code_retries = None {{(pid=95894) log_opt_values /opt/stack/data/venv/lib/python3.12/site-packages/oslo_config/cfg.py:3560}}
Aug 18 19:30:26.750754 np0000007691 nova-conductor[95894]: DEBUG cotyledon.oslo_config_glue [-] oslo_limit.status_code_retry_delay = None {{(pid=95894) log_opt_values /opt/stack/data/venv/lib/python3.12/site-packages/oslo_config/cfg.py:3560}}
Aug 18 19:30:26.750754 np0000007691 nova-conductor[95894]: DEBUG cotyledon.oslo_config_glue [-] oslo_limit.timeout = None {{(pid=95894) log_opt_values /opt/stack/data/venv/lib/python3.12/site-packages/oslo_config/cfg.py:3560}}
Aug 18 19:30:26.750754 np0000007691 nova-conductor[95894]: DEBUG cotyledon.oslo_config_glue [-] oslo_limit.valid_interfaces = None {{(pid=95894) log_opt_values /opt/stack/data/venv/lib/python3.12/site-packages/oslo_config/cfg.py:3560}}
Aug 18 19:30:26.750958 np0000007691 nova-conductor[95894]: DEBUG cotyledon.oslo_config_glue [-] oslo_limit.version = None {{(pid=95894) log_opt_values /opt/stack/data/venv/lib/python3.12/site-packages/oslo_config/cfg.py:3560}}
Aug 18 19:30:26.750958 np0000007691 nova-conductor[95894]: DEBUG cotyledon.oslo_config_glue [-] oslo_reports.file_event_handler = None {{(pid=95894) log_opt_values /opt/stack/data/venv/lib/python3.12/site-packages/oslo_config/cfg.py:3560}}
Aug 18 19:30:26.750958 np0000007691 nova-conductor[95894]: DEBUG cotyledon.oslo_config_glue [-] oslo_reports.file_event_handler_interval = 1 {{(pid=95894) log_opt_values /opt/stack/data/venv/lib/python3.12/site-packages/oslo_config/cfg.py:3560}}
Aug 18 19:30:26.750958 np0000007691 nova-conductor[95894]: DEBUG cotyledon.oslo_config_glue [-] oslo_reports.log_dir = None {{(pid=95894) log_opt_values /opt/stack/data/venv/lib/python3.12/site-packages/oslo_config/cfg.py:3560}}
Aug 18 19:30:26.750958 np0000007691 nova-conductor[95894]: DEBUG cotyledon.oslo_config_glue [-] ******************************************************************************** {{(pid=95894) log_opt_values /opt/stack/data/venv/lib/python3.12/site-packages/oslo_config/cfg.py:3567}}
Aug 18 19:30:26.750958 np0000007691 nova-conductor[95894]: DEBUG cotyledon._service_worker [-] Run service ServiceWrapper(2) [95894] {{(pid=95894) wait_forever /opt/stack/data/venv/lib/python3.12/site-packages/cotyledon/_service_worker.py:218}}
Aug 18 19:30:26.750958 np0000007691 nova-conductor[95894]: INFO nova.service [-] Starting conductor node (version 33.1.0)
Aug 18 19:30:26.753326 np0000007691 nova-conductor[95894]: INFO dbcounter [None req-28ddafe5-ed17-4d5c-b0af-31268455103e None None] Registered counter for database nova_cell0
Aug 18 19:30:26.754774 np0000007691 nova-conductor[95867]: DEBUG oslo_db.sqlalchemy.engines [None req-37274755-3c6a-4208-8001-80cba36d78e9 None None] MySQL server mode set to STRICT_TRANS_TABLES,STRICT_ALL_TABLES,NO_ZERO_IN_DATE,NO_ZERO_DATE,ERROR_FOR_DIVISION_BY_ZERO,TRADITIONAL,NO_ENGINE_SUBSTITUTION {{(pid=95867) _check_effective_sql_mode /opt/stack/data/venv/lib/python3.12/site-packages/oslo_db/sqlalchemy/engines.py:325}}
Aug 18 19:30:26.763218 np0000007691 nova-conductor[95877]: DEBUG oslo_db.sqlalchemy.engines [None req-ec6073c3-534f-47a3-86b6-07c2f0c9b9da None None] MySQL server mode set to STRICT_TRANS_TABLES,STRICT_ALL_TABLES,NO_ZERO_IN_DATE,NO_ZERO_DATE,ERROR_FOR_DIVISION_BY_ZERO,TRADITIONAL,NO_ENGINE_SUBSTITUTION {{(pid=95877) _check_effective_sql_mode /opt/stack/data/venv/lib/python3.12/site-packages/oslo_db/sqlalchemy/engines.py:325}}
Aug 18 19:30:26.764195 np0000007691 nova-conductor[95867]: DEBUG dbcounter [-] [95867] Writer thread running {{(pid=95867) stat_writer /opt/stack/data/venv/lib/python3.12/site-packages/dbcounter.py:102}}
Aug 18 19:30:26.772422 np0000007691 nova-conductor[95877]: DEBUG dbcounter [-] [95877] Writer thread running {{(pid=95877) stat_writer /opt/stack/data/venv/lib/python3.12/site-packages/dbcounter.py:102}}
Aug 18 19:30:26.780026 np0000007691 nova-conductor[95867]: DEBUG nova.service [None req-37274755-3c6a-4208-8001-80cba36d78e9 None None] Creating RPC server for service: nova-conductor on topic: conductor {{(pid=95867) start /opt/stack/nova/nova/service.py:262}}
Aug 18 19:30:26.786010 np0000007691 nova-conductor[95894]: DEBUG oslo_db.sqlalchemy.engines [None req-28ddafe5-ed17-4d5c-b0af-31268455103e None None] MySQL server mode set to STRICT_TRANS_TABLES,STRICT_ALL_TABLES,NO_ZERO_IN_DATE,NO_ZERO_DATE,ERROR_FOR_DIVISION_BY_ZERO,TRADITIONAL,NO_ENGINE_SUBSTITUTION {{(pid=95894) _check_effective_sql_mode /opt/stack/data/venv/lib/python3.12/site-packages/oslo_db/sqlalchemy/engines.py:325}}
Aug 18 19:30:26.788109 np0000007691 nova-conductor[95877]: DEBUG nova.service [None req-ec6073c3-534f-47a3-86b6-07c2f0c9b9da None None] Creating RPC server for service: nova-conductor on topic: conductor {{(pid=95877) start /opt/stack/nova/nova/service.py:262}}
Aug 18 19:30:26.794747 np0000007691 nova-conductor[95894]: DEBUG dbcounter [-] [95894] Writer thread running {{(pid=95894) stat_writer /opt/stack/data/venv/lib/python3.12/site-packages/dbcounter.py:102}}
Aug 18 19:30:26.797814 np0000007691 nova-conductor[95894]: DEBUG nova.service [None req-28ddafe5-ed17-4d5c-b0af-31268455103e None None] Creating RPC server for service: nova-conductor on topic: conductor {{(pid=95894) start /opt/stack/nova/nova/service.py:262}}
Aug 18 19:30:26.805189 np0000007691 nova-conductor[95867]: DEBUG nova.service [None req-37274755-3c6a-4208-8001-80cba36d78e9 None None] Join ServiceGroup membership for this service conductor {{(pid=95867) start /opt/stack/nova/nova/service.py:288}}
Aug 18 19:30:26.805340 np0000007691 nova-conductor[95867]: DEBUG nova.servicegroup.drivers.db [None req-37274755-3c6a-4208-8001-80cba36d78e9 None None] DB_Driver: join new ServiceGroup member np0000007691 to the conductor group, service = {{(pid=95867) join /opt/stack/nova/nova/servicegroup/drivers/db.py:44}}
Aug 18 19:30:26.805402 np0000007691 nova-conductor[95877]: DEBUG nova.service [None req-ec6073c3-534f-47a3-86b6-07c2f0c9b9da None None] Join ServiceGroup membership for this service conductor {{(pid=95877) start /opt/stack/nova/nova/service.py:288}}
Aug 18 19:30:26.805566 np0000007691 nova-conductor[95877]: DEBUG nova.servicegroup.drivers.db [None req-ec6073c3-534f-47a3-86b6-07c2f0c9b9da None None] DB_Driver: join new ServiceGroup member np0000007691 to the conductor group, service = {{(pid=95877) join /opt/stack/nova/nova/servicegroup/drivers/db.py:44}}
Aug 18 19:30:26.813865 np0000007691 nova-conductor[95894]: DEBUG nova.service [None req-28ddafe5-ed17-4d5c-b0af-31268455103e None None] Join ServiceGroup membership for this service conductor {{(pid=95894) start /opt/stack/nova/nova/service.py:288}}
Aug 18 19:30:26.814694 np0000007691 nova-conductor[95894]: DEBUG nova.servicegroup.drivers.db [None req-28ddafe5-ed17-4d5c-b0af-31268455103e None None] DB_Driver: join new ServiceGroup member np0000007691 to the conductor group, service = {{(pid=95894) join /opt/stack/nova/nova/servicegroup/drivers/db.py:44}}
Aug 18 19:30:29.807617 np0000007691 nova-conductor[95877]: DEBUG oslo.service.backend._threading.loopingcall [None req-3b3e682d-6e52-4fc1-9d92-1d9f7395ed97 None None] Dynamic interval looping call 'nova.service.Service.periodic_tasks' sleeping for 60.00 seconds {{(pid=95877) _run_loop /opt/stack/data/venv/lib/python3.12/site-packages/oslo_service/backend/_threading/loopingcall.py:125}}
Aug 18 19:30:31.817781 np0000007691 nova-conductor[95877]: DEBUG oslo.service.backend._threading.loopingcall [-] Fixed interval looping call 'nova.servicegroup.drivers.db.DbDriver._report_state' sleeping for 119.99 seconds {{(pid=95877) _run_loop /opt/stack/data/venv/lib/python3.12/site-packages/oslo_service/backend/_threading/loopingcall.py:125}}
Aug 18 19:30:31.818360 np0000007691 nova-conductor[95867]: DEBUG oslo.service.backend._threading.loopingcall [-] Fixed interval looping call 'nova.servicegroup.drivers.db.DbDriver._report_state' sleeping for 119.99 seconds {{(pid=95867) _run_loop /opt/stack/data/venv/lib/python3.12/site-packages/oslo_service/backend/_threading/loopingcall.py:125}}
Aug 18 19:30:31.825769 np0000007691 nova-conductor[95894]: DEBUG oslo.service.backend._threading.loopingcall [-] Fixed interval looping call 'nova.servicegroup.drivers.db.DbDriver._report_state' sleeping for 119.99 seconds {{(pid=95894) _run_loop /opt/stack/data/venv/lib/python3.12/site-packages/oslo_service/backend/_threading/loopingcall.py:125}}
Aug 18 19:30:35.404100 np0000007691 nova-conductor[94419]: DEBUG dbcounter [-] [94419] Writing DB stats nova_api:SELECT=1 {{(pid=94419) stat_writer /opt/stack/data/venv/lib/python3.12/site-packages/dbcounter.py:115}}
Aug 18 19:30:35.537695 np0000007691 nova-conductor[94419]: DEBUG dbcounter [-] [94419] Writing DB stats nova_cell1:SELECT=1 {{(pid=94419) stat_writer /opt/stack/data/venv/lib/python3.12/site-packages/dbcounter.py:115}}
Aug 18 19:30:35.541032 np0000007691 nova-conductor[94419]: DEBUG dbcounter [-] [94419] Writing DB stats nova_cell0:SELECT=1 {{(pid=94419) stat_writer /opt/stack/data/venv/lib/python3.12/site-packages/dbcounter.py:115}}
Aug 18 19:30:41.814957 np0000007691 nova-conductor[95867]: DEBUG dbcounter [-] [95867] Writing DB stats nova_cell0:SELECT=4,nova_cell0:INSERT=1,nova_cell0:UPDATE=1 {{(pid=95867) stat_writer /opt/stack/data/venv/lib/python3.12/site-packages/dbcounter.py:115}}
Aug 18 19:30:41.815447 np0000007691 nova-conductor[95877]: DEBUG dbcounter [-] [95877] Writing DB stats nova_cell0:SELECT=5,nova_cell0:INSERT=1,nova_cell0:UPDATE=1 {{(pid=95877) stat_writer /opt/stack/data/venv/lib/python3.12/site-packages/dbcounter.py:115}}
Aug 18 19:30:41.816014 np0000007691 nova-conductor[95894]: DEBUG oslo.service.backend._threading.loopingcall [None req-1e9acf84-2911-47a3-93f0-834aa97b06ee None None] Dynamic interval looping call 'nova.service.Service.periodic_tasks' sleeping for 60.00 seconds {{(pid=95894) _run_loop /opt/stack/data/venv/lib/python3.12/site-packages/oslo_service/backend/_threading/loopingcall.py:125}}
Aug 18 19:30:41.822626 np0000007691 nova-conductor[95894]: DEBUG dbcounter [-] [95894] Writing DB stats nova_cell0:SELECT=3 {{(pid=95894) stat_writer /opt/stack/data/venv/lib/python3.12/site-packages/dbcounter.py:115}}
Aug 18 19:30:58.807730 np0000007691 nova-conductor[95867]: DEBUG oslo.service.backend._threading.loopingcall [None req-3f44833c-89fa-4306-b724-1e6338955a57 None None] Dynamic interval looping call 'nova.service.Service.periodic_tasks' sleeping for 60.00 seconds {{(pid=95867) _run_loop /opt/stack/data/venv/lib/python3.12/site-packages/oslo_service/backend/_threading/loopingcall.py:125}}
Aug 18 19:31:29.808133 np0000007691 nova-conductor[95877]: DEBUG oslo.service.backend._threading.loopingcall [None req-3b3e682d-6e52-4fc1-9d92-1d9f7395ed97 None None] Dynamic interval looping call 'nova.service.Service.periodic_tasks' sleeping for 60.00 seconds {{(pid=95877) _run_loop /opt/stack/data/venv/lib/python3.12/site-packages/oslo_service/backend/_threading/loopingcall.py:125}}
Aug 18 19:31:41.816487 np0000007691 nova-conductor[95894]: DEBUG oslo.service.backend._threading.loopingcall [None req-1e9acf84-2911-47a3-93f0-834aa97b06ee None None] Dynamic interval looping call 'nova.service.Service.periodic_tasks' sleeping for 60.00 seconds {{(pid=95894) _run_loop /opt/stack/data/venv/lib/python3.12/site-packages/oslo_service/backend/_threading/loopingcall.py:125}}
Aug 18 19:31:58.808295 np0000007691 nova-conductor[95867]: DEBUG oslo.service.backend._threading.loopingcall [None req-3f44833c-89fa-4306-b724-1e6338955a57 None None] Dynamic interval looping call 'nova.service.Service.periodic_tasks' sleeping for 60.00 seconds {{(pid=95867) _run_loop /opt/stack/data/venv/lib/python3.12/site-packages/oslo_service/backend/_threading/loopingcall.py:125}}
Aug 18 19:32:29.808586 np0000007691 nova-conductor[95877]: DEBUG oslo.service.backend._threading.loopingcall [None req-3b3e682d-6e52-4fc1-9d92-1d9f7395ed97 None None] Dynamic interval looping call 'nova.service.Service.periodic_tasks' sleeping for 60.00 seconds {{(pid=95877) _run_loop /opt/stack/data/venv/lib/python3.12/site-packages/oslo_service/backend/_threading/loopingcall.py:125}}
Aug 18 19:32:31.814455 np0000007691 nova-conductor[95877]: DEBUG oslo.service.backend._threading.loopingcall [-] Fixed interval looping call 'nova.servicegroup.drivers.db.DbDriver._report_state' sleeping for 119.99 seconds {{(pid=95877) _run_loop /opt/stack/data/venv/lib/python3.12/site-packages/oslo_service/backend/_threading/loopingcall.py:125}}
Aug 18 19:32:31.815023 np0000007691 nova-conductor[95867]: DEBUG oslo.service.backend._threading.loopingcall [-] Fixed interval looping call 'nova.servicegroup.drivers.db.DbDriver._report_state' sleeping for 119.99 seconds {{(pid=95867) _run_loop /opt/stack/data/venv/lib/python3.12/site-packages/oslo_service/backend/_threading/loopingcall.py:125}}
Aug 18 19:32:31.819008 np0000007691 nova-conductor[95894]: DEBUG oslo.service.backend._threading.loopingcall [-] Fixed interval looping call 'nova.servicegroup.drivers.db.DbDriver._report_state' sleeping for 120.00 seconds {{(pid=95894) _run_loop /opt/stack/data/venv/lib/python3.12/site-packages/oslo_service/backend/_threading/loopingcall.py:125}}
Aug 18 19:32:41.811913 np0000007691 nova-conductor[95877]: DEBUG dbcounter [-] [95877] Writing DB stats nova_cell0:SELECT=1,nova_cell0:UPDATE=1 {{(pid=95877) stat_writer /opt/stack/data/venv/lib/python3.12/site-packages/dbcounter.py:115}}
Aug 18 19:32:41.815000 np0000007691 nova-conductor[95867]: DEBUG dbcounter [-] [95867] Writing DB stats nova_cell0:SELECT=1,nova_cell0:UPDATE=1 {{(pid=95867) stat_writer /opt/stack/data/venv/lib/python3.12/site-packages/dbcounter.py:115}}
Aug 18 19:32:41.816945 np0000007691 nova-conductor[95894]: DEBUG oslo.service.backend._threading.loopingcall [None req-1e9acf84-2911-47a3-93f0-834aa97b06ee None None] Dynamic interval looping call 'nova.service.Service.periodic_tasks' sleeping for 60.00 seconds {{(pid=95894) _run_loop /opt/stack/data/venv/lib/python3.12/site-packages/oslo_service/backend/_threading/loopingcall.py:125}}
Aug 18 19:32:41.819434 np0000007691 nova-conductor[95894]: DEBUG dbcounter [-] [95894] Writing DB stats nova_cell0:SELECT=1 {{(pid=95894) stat_writer /opt/stack/data/venv/lib/python3.12/site-packages/dbcounter.py:115}}
Aug 18 19:32:51.101282 np0000007691 nova-conductor[95867]: DEBUG oslo_db.sqlalchemy.engines [None req-70e443d6-4051-4f84-a24b-2e1210513d5c tempest-ServerBootFromVolumeStableRescueTest-1711334080 tempest-ServerBootFromVolumeStableRescueTest-1711334080-project-member] Parent process 94419 forked (95867) with an open database connection, which is being discarded and recreated. {{(pid=95867) checkout /opt/stack/data/venv/lib/python3.12/site-packages/oslo_db/sqlalchemy/engines.py:402}}
Aug 18 19:32:51.138796 np0000007691 nova-conductor[95867]: DEBUG dbcounter [-] [95867] Writer thread running {{(pid=95867) stat_writer /opt/stack/data/venv/lib/python3.12/site-packages/dbcounter.py:102}}
Aug 18 19:32:51.928839 np0000007691 nova-conductor[95867]: DEBUG nova.conductor.manager [None req-70e443d6-4051-4f84-a24b-2e1210513d5c tempest-ServerBootFromVolumeStableRescueTest-1711334080 tempest-ServerBootFromVolumeStableRescueTest-1711334080-project-member] Took 0.79 seconds to select destinations for 1 instance(s). {{(pid=95867) _schedule_instances /opt/stack/nova/nova/conductor/manager.py:956}}
Aug 18 19:32:51.954671 np0000007691 nova-conductor[95867]: DEBUG oslo_concurrency.lockutils [None req-70e443d6-4051-4f84-a24b-2e1210513d5c tempest-ServerBootFromVolumeStableRescueTest-1711334080 tempest-ServerBootFromVolumeStableRescueTest-1711334080-project-member] Acquiring lock "1860133d-2341-4d8b-897b-90e1c769002b" by "nova.context.set_target_cell..get_or_set_cached_cell_and_set_connections" {{(pid=95867) inner /opt/stack/data/venv/lib/python3.12/site-packages/oslo_concurrency/lockutils.py:512}}
Aug 18 19:32:51.954910 np0000007691 nova-conductor[95867]: DEBUG oslo_concurrency.lockutils [None req-70e443d6-4051-4f84-a24b-2e1210513d5c tempest-ServerBootFromVolumeStableRescueTest-1711334080 tempest-ServerBootFromVolumeStableRescueTest-1711334080-project-member] Lock "1860133d-2341-4d8b-897b-90e1c769002b" acquired by "nova.context.set_target_cell..get_or_set_cached_cell_and_set_connections" :: waited 0.000s {{(pid=95867) inner /opt/stack/data/venv/lib/python3.12/site-packages/oslo_concurrency/lockutils.py:525}}
Aug 18 19:32:51.956134 np0000007691 nova-conductor[95867]: DEBUG oslo_concurrency.lockutils [None req-70e443d6-4051-4f84-a24b-2e1210513d5c tempest-ServerBootFromVolumeStableRescueTest-1711334080 tempest-ServerBootFromVolumeStableRescueTest-1711334080-project-member] Lock "1860133d-2341-4d8b-897b-90e1c769002b" "released" by "nova.context.set_target_cell..get_or_set_cached_cell_and_set_connections" :: held 0.001s {{(pid=95867) inner /opt/stack/data/venv/lib/python3.12/site-packages/oslo_concurrency/lockutils.py:544}}
Aug 18 19:32:51.957787 np0000007691 nova-conductor[95867]: INFO dbcounter [None req-70e443d6-4051-4f84-a24b-2e1210513d5c tempest-ServerBootFromVolumeStableRescueTest-1711334080 tempest-ServerBootFromVolumeStableRescueTest-1711334080-project-member] Registered counter for database nova_cell1
Aug 18 19:32:51.990513 np0000007691 nova-conductor[95867]: DEBUG oslo_db.sqlalchemy.engines [None req-70e443d6-4051-4f84-a24b-2e1210513d5c tempest-ServerBootFromVolumeStableRescueTest-1711334080 tempest-ServerBootFromVolumeStableRescueTest-1711334080-project-member] MySQL server mode set to STRICT_TRANS_TABLES,STRICT_ALL_TABLES,NO_ZERO_IN_DATE,NO_ZERO_DATE,ERROR_FOR_DIVISION_BY_ZERO,TRADITIONAL,NO_ENGINE_SUBSTITUTION {{(pid=95867) _check_effective_sql_mode /opt/stack/data/venv/lib/python3.12/site-packages/oslo_db/sqlalchemy/engines.py:325}}
Aug 18 19:32:51.998191 np0000007691 nova-conductor[95867]: DEBUG dbcounter [-] [95867] Writer thread running {{(pid=95867) stat_writer /opt/stack/data/venv/lib/python3.12/site-packages/dbcounter.py:102}}
Aug 18 19:32:52.054620 np0000007691 nova-conductor[95867]: INFO nova.utils [None req-70e443d6-4051-4f84-a24b-2e1210513d5c tempest-ServerBootFromVolumeStableRescueTest-1711334080 tempest-ServerBootFromVolumeStableRescueTest-1711334080-project-member] The cell worker thread pool ForkProcess-1.cell_worker is initialized
Aug 18 19:32:52.054898 np0000007691 nova-conductor[95867]: DEBUG oslo_concurrency.lockutils [None req-70e443d6-4051-4f84-a24b-2e1210513d5c tempest-ServerBootFromVolumeStableRescueTest-1711334080 tempest-ServerBootFromVolumeStableRescueTest-1711334080-project-member] Acquiring lock "00000000-0000-0000-0000-000000000000" by "nova.context.set_target_cell..get_or_set_cached_cell_and_set_connections" {{(pid=95867) inner /opt/stack/data/venv/lib/python3.12/site-packages/oslo_concurrency/lockutils.py:512}}
Aug 18 19:32:52.055025 np0000007691 nova-conductor[95867]: DEBUG oslo_concurrency.lockutils [None req-70e443d6-4051-4f84-a24b-2e1210513d5c tempest-ServerBootFromVolumeStableRescueTest-1711334080 tempest-ServerBootFromVolumeStableRescueTest-1711334080-project-member] Lock "00000000-0000-0000-0000-000000000000" acquired by "nova.context.set_target_cell..get_or_set_cached_cell_and_set_connections" :: waited 0.000s {{(pid=95867) inner /opt/stack/data/venv/lib/python3.12/site-packages/oslo_concurrency/lockutils.py:525}}
Aug 18 19:32:52.055353 np0000007691 nova-conductor[95867]: DEBUG oslo_concurrency.lockutils [None req-70e443d6-4051-4f84-a24b-2e1210513d5c tempest-ServerBootFromVolumeStableRescueTest-1711334080 tempest-ServerBootFromVolumeStableRescueTest-1711334080-project-member] Lock "00000000-0000-0000-0000-000000000000" "released" by "nova.context.set_target_cell..get_or_set_cached_cell_and_set_connections" :: held 0.000s {{(pid=95867) inner /opt/stack/data/venv/lib/python3.12/site-packages/oslo_concurrency/lockutils.py:544}}
Aug 18 19:32:52.056002 np0000007691 nova-conductor[95867]: DEBUG oslo_concurrency.lockutils [None req-70e443d6-4051-4f84-a24b-2e1210513d5c tempest-ServerBootFromVolumeStableRescueTest-1711334080 tempest-ServerBootFromVolumeStableRescueTest-1711334080-project-member] Acquiring lock "1860133d-2341-4d8b-897b-90e1c769002b" by "nova.context.set_target_cell..get_or_set_cached_cell_and_set_connections" {{(pid=95867) inner /opt/stack/data/venv/lib/python3.12/site-packages/oslo_concurrency/lockutils.py:512}}
Aug 18 19:32:52.057074 np0000007691 nova-conductor[95867]: INFO dbcounter [None req-70e443d6-4051-4f84-a24b-2e1210513d5c tempest-ServerBootFromVolumeStableRescueTest-1711334080 tempest-ServerBootFromVolumeStableRescueTest-1711334080-project-member] Registered counter for database nova_cell0
Aug 18 19:32:52.058384 np0000007691 nova-conductor[95867]: DEBUG oslo_concurrency.lockutils [None req-70e443d6-4051-4f84-a24b-2e1210513d5c tempest-ServerBootFromVolumeStableRescueTest-1711334080 tempest-ServerBootFromVolumeStableRescueTest-1711334080-project-member] Lock "1860133d-2341-4d8b-897b-90e1c769002b" acquired by "nova.context.set_target_cell..get_or_set_cached_cell_and_set_connections" :: waited 0.001s {{(pid=95867) inner /opt/stack/data/venv/lib/python3.12/site-packages/oslo_concurrency/lockutils.py:525}}
Aug 18 19:32:52.058519 np0000007691 nova-conductor[95867]: DEBUG oslo_concurrency.lockutils [None req-70e443d6-4051-4f84-a24b-2e1210513d5c tempest-ServerBootFromVolumeStableRescueTest-1711334080 tempest-ServerBootFromVolumeStableRescueTest-1711334080-project-member] Lock "1860133d-2341-4d8b-897b-90e1c769002b" "released" by "nova.context.set_target_cell..get_or_set_cached_cell_and_set_connections" :: held 0.002s {{(pid=95867) inner /opt/stack/data/venv/lib/python3.12/site-packages/oslo_concurrency/lockutils.py:544}}
Aug 18 19:32:52.093142 np0000007691 nova-conductor[95867]: DEBUG oslo_db.sqlalchemy.engines [None req-70e443d6-4051-4f84-a24b-2e1210513d5c tempest-ServerBootFromVolumeStableRescueTest-1711334080 tempest-ServerBootFromVolumeStableRescueTest-1711334080-project-member] MySQL server mode set to STRICT_TRANS_TABLES,STRICT_ALL_TABLES,NO_ZERO_IN_DATE,NO_ZERO_DATE,ERROR_FOR_DIVISION_BY_ZERO,TRADITIONAL,NO_ENGINE_SUBSTITUTION {{(pid=95867) _check_effective_sql_mode /opt/stack/data/venv/lib/python3.12/site-packages/oslo_db/sqlalchemy/engines.py:325}}
Aug 18 19:32:52.101856 np0000007691 nova-conductor[95867]: DEBUG dbcounter [-] [95867] Writer thread running {{(pid=95867) stat_writer /opt/stack/data/venv/lib/python3.12/site-packages/dbcounter.py:102}}
Aug 18 19:32:52.110180 np0000007691 nova-conductor[95867]: DEBUG nova.quota [None req-70e443d6-4051-4f84-a24b-2e1210513d5c tempest-ServerBootFromVolumeStableRescueTest-1711334080 tempest-ServerBootFromVolumeStableRescueTest-1711334080-project-member] Getting quotas for project 8d252b18b95145248320aa26e67a4d21. Resources: {'instances', 'ram', 'cores'} {{(pid=95867) _get_quotas /opt/stack/nova/nova/quota.py:389}}
Aug 18 19:32:52.112939 np0000007691 nova-conductor[95867]: DEBUG nova.quota [None req-70e443d6-4051-4f84-a24b-2e1210513d5c tempest-ServerBootFromVolumeStableRescueTest-1711334080 tempest-ServerBootFromVolumeStableRescueTest-1711334080-project-member] Getting quotas for user d177e5252eec4c51ad2593c5a52051fa and project 8d252b18b95145248320aa26e67a4d21. Resources: {'instances', 'ram', 'cores'} {{(pid=95867) _get_quotas /opt/stack/nova/nova/quota.py:379}}
Aug 18 19:32:52.118247 np0000007691 nova-conductor[95867]: DEBUG nova.conductor.manager [None req-70e443d6-4051-4f84-a24b-2e1210513d5c tempest-ServerBootFromVolumeStableRescueTest-1711334080 tempest-ServerBootFromVolumeStableRescueTest-1711334080-project-member] [instance: 86e7f32a-c68b-4d96-b496-bb07d0bb0527] Selected host: np0000007691; Selected node: np0000007691; Alternates: [] {{(pid=95867) schedule_and_build_instances /opt/stack/nova/nova/conductor/manager.py:1772}}
Aug 18 19:32:52.119087 np0000007691 nova-conductor[95867]: DEBUG oslo_concurrency.lockutils [None req-70e443d6-4051-4f84-a24b-2e1210513d5c tempest-ServerBootFromVolumeStableRescueTest-1711334080 tempest-ServerBootFromVolumeStableRescueTest-1711334080-project-member] Acquiring lock "1860133d-2341-4d8b-897b-90e1c769002b" by "nova.context.set_target_cell..get_or_set_cached_cell_and_set_connections" {{(pid=95867) inner /opt/stack/data/venv/lib/python3.12/site-packages/oslo_concurrency/lockutils.py:512}}
Aug 18 19:32:52.119087 np0000007691 nova-conductor[95867]: DEBUG oslo_concurrency.lockutils [None req-70e443d6-4051-4f84-a24b-2e1210513d5c tempest-ServerBootFromVolumeStableRescueTest-1711334080 tempest-ServerBootFromVolumeStableRescueTest-1711334080-project-member] Lock "1860133d-2341-4d8b-897b-90e1c769002b" acquired by "nova.context.set_target_cell..get_or_set_cached_cell_and_set_connections" :: waited 0.000s {{(pid=95867) inner /opt/stack/data/venv/lib/python3.12/site-packages/oslo_concurrency/lockutils.py:525}}
Aug 18 19:32:52.119087 np0000007691 nova-conductor[95867]: DEBUG oslo_concurrency.lockutils [None req-70e443d6-4051-4f84-a24b-2e1210513d5c tempest-ServerBootFromVolumeStableRescueTest-1711334080 tempest-ServerBootFromVolumeStableRescueTest-1711334080-project-member] Lock "1860133d-2341-4d8b-897b-90e1c769002b" "released" by "nova.context.set_target_cell..get_or_set_cached_cell_and_set_connections" :: held 0.000s {{(pid=95867) inner /opt/stack/data/venv/lib/python3.12/site-packages/oslo_concurrency/lockutils.py:544}}
Aug 18 19:32:52.125987 np0000007691 nova-conductor[95867]: DEBUG nova.conductor.manager [None req-70e443d6-4051-4f84-a24b-2e1210513d5c tempest-ServerBootFromVolumeStableRescueTest-1711334080 tempest-ServerBootFromVolumeStableRescueTest-1711334080-project-member] [instance: 86e7f32a-c68b-4d96-b496-bb07d0bb0527] block_device_mapping [BlockDeviceMapping(attachment_id=,boot_index=0,connection_info=None,created_at=,delete_on_termination=True,deleted=,deleted_at=,destination_type='local',device_name=None,device_type='disk',disk_bus=None,encrypted=False,encryption_format=None,encryption_options=None,encryption_secret_uuid=None,guest_format=None,id=,image_id='c18ea7ef-5e22-4991-a86b-5338c089764e',instance=,instance_uuid=,no_device=False,snapshot_id=None,source_type='image',tag=None,updated_at=,uuid=,volume_id=None,volume_size=None,volume_type=None)] {{(pid=95867) _create_block_device_mapping /opt/stack/nova/nova/conductor/manager.py:1517}}
Aug 18 19:32:52.127262 np0000007691 nova-conductor[95867]: DEBUG oslo_concurrency.lockutils [None req-70e443d6-4051-4f84-a24b-2e1210513d5c tempest-ServerBootFromVolumeStableRescueTest-1711334080 tempest-ServerBootFromVolumeStableRescueTest-1711334080-project-member] Acquiring lock "1860133d-2341-4d8b-897b-90e1c769002b" by "nova.context.set_target_cell..get_or_set_cached_cell_and_set_connections" {{(pid=95867) inner /opt/stack/data/venv/lib/python3.12/site-packages/oslo_concurrency/lockutils.py:512}}
Aug 18 19:32:52.127661 np0000007691 nova-conductor[95867]: DEBUG oslo_concurrency.lockutils [None req-70e443d6-4051-4f84-a24b-2e1210513d5c tempest-ServerBootFromVolumeStableRescueTest-1711334080 tempest-ServerBootFromVolumeStableRescueTest-1711334080-project-member] Lock "1860133d-2341-4d8b-897b-90e1c769002b" acquired by "nova.context.set_target_cell..get_or_set_cached_cell_and_set_connections" :: waited 0.000s {{(pid=95867) inner /opt/stack/data/venv/lib/python3.12/site-packages/oslo_concurrency/lockutils.py:525}}
Aug 18 19:32:52.127661 np0000007691 nova-conductor[95867]: DEBUG oslo_concurrency.lockutils [None req-70e443d6-4051-4f84-a24b-2e1210513d5c tempest-ServerBootFromVolumeStableRescueTest-1711334080 tempest-ServerBootFromVolumeStableRescueTest-1711334080-project-member] Lock "1860133d-2341-4d8b-897b-90e1c769002b" "released" by "nova.context.set_target_cell..get_or_set_cached_cell_and_set_connections" :: held 0.000s {{(pid=95867) inner /opt/stack/data/venv/lib/python3.12/site-packages/oslo_concurrency/lockutils.py:544}}
Aug 18 19:32:52.162449 np0000007691 nova-conductor[95867]: DEBUG oslo_concurrency.lockutils [None req-70e443d6-4051-4f84-a24b-2e1210513d5c tempest-ServerBootFromVolumeStableRescueTest-1711334080 tempest-ServerBootFromVolumeStableRescueTest-1711334080-project-member] Acquiring lock "1860133d-2341-4d8b-897b-90e1c769002b" by "nova.context.set_target_cell..get_or_set_cached_cell_and_set_connections" {{(pid=95867) inner /opt/stack/data/venv/lib/python3.12/site-packages/oslo_concurrency/lockutils.py:512}}
Aug 18 19:32:52.162602 np0000007691 nova-conductor[95867]: DEBUG oslo_concurrency.lockutils [None req-70e443d6-4051-4f84-a24b-2e1210513d5c tempest-ServerBootFromVolumeStableRescueTest-1711334080 tempest-ServerBootFromVolumeStableRescueTest-1711334080-project-member] Lock "1860133d-2341-4d8b-897b-90e1c769002b" acquired by "nova.context.set_target_cell..get_or_set_cached_cell_and_set_connections" :: waited 0.000s {{(pid=95867) inner /opt/stack/data/venv/lib/python3.12/site-packages/oslo_concurrency/lockutils.py:525}}
Aug 18 19:32:52.162716 np0000007691 nova-conductor[95867]: DEBUG oslo_concurrency.lockutils [None req-70e443d6-4051-4f84-a24b-2e1210513d5c tempest-ServerBootFromVolumeStableRescueTest-1711334080 tempest-ServerBootFromVolumeStableRescueTest-1711334080-project-member] Lock "1860133d-2341-4d8b-897b-90e1c769002b" "released" by "nova.context.set_target_cell..get_or_set_cached_cell_and_set_connections" :: held 0.000s {{(pid=95867) inner /opt/stack/data/venv/lib/python3.12/site-packages/oslo_concurrency/lockutils.py:544}}
Aug 18 19:32:52.162932 np0000007691 nova-conductor[95867]: DEBUG oslo_concurrency.lockutils [None req-70e443d6-4051-4f84-a24b-2e1210513d5c tempest-ServerBootFromVolumeStableRescueTest-1711334080 tempest-ServerBootFromVolumeStableRescueTest-1711334080-project-member] Acquiring lock "compute-rpcapi-router" {{(pid=95867) lock /opt/stack/data/venv/lib/python3.12/site-packages/oslo_concurrency/lockutils.py:396}}
Aug 18 19:32:52.163022 np0000007691 nova-conductor[95867]: DEBUG oslo_concurrency.lockutils [None req-70e443d6-4051-4f84-a24b-2e1210513d5c tempest-ServerBootFromVolumeStableRescueTest-1711334080 tempest-ServerBootFromVolumeStableRescueTest-1711334080-project-member] Acquired lock "compute-rpcapi-router" {{(pid=95867) lock /opt/stack/data/venv/lib/python3.12/site-packages/oslo_concurrency/lockutils.py:399}}
Aug 18 19:32:52.163378 np0000007691 nova-conductor[95867]: DEBUG oslo_concurrency.lockutils [None req-84e07d9f-3164-4e50-989e-f05371ec1d37 None None] Acquiring lock "00000000-0000-0000-0000-000000000000" by "nova.context.set_target_cell..get_or_set_cached_cell_and_set_connections" {{(pid=95867) inner /opt/stack/data/venv/lib/python3.12/site-packages/oslo_concurrency/lockutils.py:512}}
Aug 18 19:32:52.163487 np0000007691 nova-conductor[95867]: DEBUG oslo_concurrency.lockutils [None req-84e07d9f-3164-4e50-989e-f05371ec1d37 None None] Lock "00000000-0000-0000-0000-000000000000" acquired by "nova.context.set_target_cell..get_or_set_cached_cell_and_set_connections" :: waited 0.000s {{(pid=95867) inner /opt/stack/data/venv/lib/python3.12/site-packages/oslo_concurrency/lockutils.py:525}}
Aug 18 19:32:52.163583 np0000007691 nova-conductor[95867]: DEBUG oslo_concurrency.lockutils [None req-84e07d9f-3164-4e50-989e-f05371ec1d37 None None] Lock "00000000-0000-0000-0000-000000000000" "released" by "nova.context.set_target_cell..get_or_set_cached_cell_and_set_connections" :: held 0.000s {{(pid=95867) inner /opt/stack/data/venv/lib/python3.12/site-packages/oslo_concurrency/lockutils.py:544}}
Aug 18 19:32:52.164136 np0000007691 nova-conductor[95867]: DEBUG oslo_concurrency.lockutils [None req-84e07d9f-3164-4e50-989e-f05371ec1d37 None None] Acquiring lock "1860133d-2341-4d8b-897b-90e1c769002b" by "nova.context.set_target_cell..get_or_set_cached_cell_and_set_connections" {{(pid=95867) inner /opt/stack/data/venv/lib/python3.12/site-packages/oslo_concurrency/lockutils.py:512}}
Aug 18 19:32:52.164265 np0000007691 nova-conductor[95867]: DEBUG oslo_concurrency.lockutils [None req-84e07d9f-3164-4e50-989e-f05371ec1d37 None None] Lock "1860133d-2341-4d8b-897b-90e1c769002b" acquired by "nova.context.set_target_cell..get_or_set_cached_cell_and_set_connections" :: waited 0.000s {{(pid=95867) inner /opt/stack/data/venv/lib/python3.12/site-packages/oslo_concurrency/lockutils.py:525}}
Aug 18 19:32:52.164388 np0000007691 nova-conductor[95867]: DEBUG oslo_concurrency.lockutils [None req-84e07d9f-3164-4e50-989e-f05371ec1d37 None None] Lock "1860133d-2341-4d8b-897b-90e1c769002b" "released" by "nova.context.set_target_cell..get_or_set_cached_cell_and_set_connections" :: held 0.000s {{(pid=95867) inner /opt/stack/data/venv/lib/python3.12/site-packages/oslo_concurrency/lockutils.py:544}}
Aug 18 19:32:52.173481 np0000007691 nova-conductor[95867]: INFO nova.compute.rpcapi [None req-84e07d9f-3164-4e50-989e-f05371ec1d37 None None] Automatically selected compute RPC version 6.5 from minimum service version 72
Aug 18 19:32:52.173964 np0000007691 nova-conductor[95867]: DEBUG oslo_concurrency.lockutils [None req-84e07d9f-3164-4e50-989e-f05371ec1d37 None None] Releasing lock "compute-rpcapi-router" {{(pid=95867) lock /opt/stack/data/venv/lib/python3.12/site-packages/oslo_concurrency/lockutils.py:419}}
Aug 18 19:32:53.677889 np0000007691 nova-conductor[95877]: DEBUG dbcounter [-] [95877] Writer thread running {{(pid=95877) stat_writer /opt/stack/data/venv/lib/python3.12/site-packages/dbcounter.py:102}}
Aug 18 19:32:54.109229 np0000007691 nova-conductor[95877]: DEBUG nova.conductor.manager [None req-74459fa8-68d5-4346-ba37-6755ffaab1e9 tempest-DeleteServersTestJSON-1227698340 tempest-DeleteServersTestJSON-1227698340-project-member] Took 0.43 seconds to select destinations for 1 instance(s). {{(pid=95877) _schedule_instances /opt/stack/nova/nova/conductor/manager.py:956}}
Aug 18 19:32:54.137319 np0000007691 nova-conductor[95877]: DEBUG oslo_concurrency.lockutils [None req-74459fa8-68d5-4346-ba37-6755ffaab1e9 tempest-DeleteServersTestJSON-1227698340 tempest-DeleteServersTestJSON-1227698340-project-member] Acquiring lock "1860133d-2341-4d8b-897b-90e1c769002b" by "nova.context.set_target_cell..get_or_set_cached_cell_and_set_connections" {{(pid=95877) inner /opt/stack/data/venv/lib/python3.12/site-packages/oslo_concurrency/lockutils.py:512}}
Aug 18 19:32:54.137570 np0000007691 nova-conductor[95877]: DEBUG oslo_concurrency.lockutils [None req-74459fa8-68d5-4346-ba37-6755ffaab1e9 tempest-DeleteServersTestJSON-1227698340 tempest-DeleteServersTestJSON-1227698340-project-member] Lock "1860133d-2341-4d8b-897b-90e1c769002b" acquired by "nova.context.set_target_cell..get_or_set_cached_cell_and_set_connections" :: waited 0.000s {{(pid=95877) inner /opt/stack/data/venv/lib/python3.12/site-packages/oslo_concurrency/lockutils.py:525}}
Aug 18 19:32:54.139406 np0000007691 nova-conductor[95877]: DEBUG oslo_concurrency.lockutils [None req-74459fa8-68d5-4346-ba37-6755ffaab1e9 tempest-DeleteServersTestJSON-1227698340 tempest-DeleteServersTestJSON-1227698340-project-member] Lock "1860133d-2341-4d8b-897b-90e1c769002b" "released" by "nova.context.set_target_cell..get_or_set_cached_cell_and_set_connections" :: held 0.002s {{(pid=95877) inner /opt/stack/data/venv/lib/python3.12/site-packages/oslo_concurrency/lockutils.py:544}}
Aug 18 19:32:54.141669 np0000007691 nova-conductor[95877]: INFO dbcounter [None req-74459fa8-68d5-4346-ba37-6755ffaab1e9 tempest-DeleteServersTestJSON-1227698340 tempest-DeleteServersTestJSON-1227698340-project-member] Registered counter for database nova_cell1
Aug 18 19:32:54.181136 np0000007691 nova-conductor[95877]: DEBUG oslo_db.sqlalchemy.engines [None req-74459fa8-68d5-4346-ba37-6755ffaab1e9 tempest-DeleteServersTestJSON-1227698340 tempest-DeleteServersTestJSON-1227698340-project-member] MySQL server mode set to STRICT_TRANS_TABLES,STRICT_ALL_TABLES,NO_ZERO_IN_DATE,NO_ZERO_DATE,ERROR_FOR_DIVISION_BY_ZERO,TRADITIONAL,NO_ENGINE_SUBSTITUTION {{(pid=95877) _check_effective_sql_mode /opt/stack/data/venv/lib/python3.12/site-packages/oslo_db/sqlalchemy/engines.py:325}}
Aug 18 19:32:54.190025 np0000007691 nova-conductor[95877]: DEBUG dbcounter [-] [95877] Writer thread running {{(pid=95877) stat_writer /opt/stack/data/venv/lib/python3.12/site-packages/dbcounter.py:102}}
Aug 18 19:32:54.271698 np0000007691 nova-conductor[95877]: INFO nova.utils [None req-74459fa8-68d5-4346-ba37-6755ffaab1e9 tempest-DeleteServersTestJSON-1227698340 tempest-DeleteServersTestJSON-1227698340-project-member] The cell worker thread pool ForkProcess-2.cell_worker is initialized
Aug 18 19:32:54.271998 np0000007691 nova-conductor[95877]: DEBUG oslo_concurrency.lockutils [None req-74459fa8-68d5-4346-ba37-6755ffaab1e9 tempest-DeleteServersTestJSON-1227698340 tempest-DeleteServersTestJSON-1227698340-project-member] Acquiring lock "00000000-0000-0000-0000-000000000000" by "nova.context.set_target_cell..get_or_set_cached_cell_and_set_connections" {{(pid=95877) inner /opt/stack/data/venv/lib/python3.12/site-packages/oslo_concurrency/lockutils.py:512}}
Aug 18 19:32:54.272150 np0000007691 nova-conductor[95877]: DEBUG oslo_concurrency.lockutils [None req-74459fa8-68d5-4346-ba37-6755ffaab1e9 tempest-DeleteServersTestJSON-1227698340 tempest-DeleteServersTestJSON-1227698340-project-member] Lock "00000000-0000-0000-0000-000000000000" acquired by "nova.context.set_target_cell..get_or_set_cached_cell_and_set_connections" :: waited 0.000s {{(pid=95877) inner /opt/stack/data/venv/lib/python3.12/site-packages/oslo_concurrency/lockutils.py:525}}
Aug 18 19:32:54.272452 np0000007691 nova-conductor[95877]: DEBUG oslo_concurrency.lockutils [None req-74459fa8-68d5-4346-ba37-6755ffaab1e9 tempest-DeleteServersTestJSON-1227698340 tempest-DeleteServersTestJSON-1227698340-project-member] Lock "00000000-0000-0000-0000-000000000000" "released" by "nova.context.set_target_cell..get_or_set_cached_cell_and_set_connections" :: held 0.000s {{(pid=95877) inner /opt/stack/data/venv/lib/python3.12/site-packages/oslo_concurrency/lockutils.py:544}}
Aug 18 19:32:54.273059 np0000007691 nova-conductor[95877]: DEBUG oslo_concurrency.lockutils [None req-74459fa8-68d5-4346-ba37-6755ffaab1e9 tempest-DeleteServersTestJSON-1227698340 tempest-DeleteServersTestJSON-1227698340-project-member] Acquiring lock "1860133d-2341-4d8b-897b-90e1c769002b" by "nova.context.set_target_cell..get_or_set_cached_cell_and_set_connections" {{(pid=95877) inner /opt/stack/data/venv/lib/python3.12/site-packages/oslo_concurrency/lockutils.py:512}}
Aug 18 19:32:54.273186 np0000007691 nova-conductor[95877]: DEBUG oslo_concurrency.lockutils [None req-74459fa8-68d5-4346-ba37-6755ffaab1e9 tempest-DeleteServersTestJSON-1227698340 tempest-DeleteServersTestJSON-1227698340-project-member] Lock "1860133d-2341-4d8b-897b-90e1c769002b" acquired by "nova.context.set_target_cell..get_or_set_cached_cell_and_set_connections" :: waited 0.000s {{(pid=95877) inner /opt/stack/data/venv/lib/python3.12/site-packages/oslo_concurrency/lockutils.py:525}}
