Aug 18 19:30:04.076977 np0000007691 devstack@neutron-api.service[87682]: DEBUG neutron.api.wsgi [None req-b773a81b-badb-434a-bb3b-b4a9ca95b585 admin admin] Missing Content-Type {{(pid=87682) get_content_type /opt/stack/neutron/neutron/api/wsgi.py:80}}
Aug 18 19:30:04.077416 np0000007691 devstack@neutron-api.service[87682]: DEBUG neutron.api.wsgi [None req-b773a81b-badb-434a-bb3b-b4a9ca95b585 admin admin] https://10.4.3.156/networking/v2.0/extensions returned with HTTP 200 {{(pid=87682) __call__ /opt/stack/neutron/neutron/api/wsgi.py:540}}
Aug 18 19:30:04.077759 np0000007691 devstack@neutron-api.service[87682]: [pid: 87682|app: 0|req: 4/12] 10.4.3.156 () {64 vars in 1292 bytes} [Tue Aug 18 19:30:04 2026] GET /networking/v2.0/extensions => generated 16171 bytes in 3 msecs (HTTP/1.1 200) 4 headers in 159 bytes (1 switches on core 0)
Aug 18 19:30:04.400091 np0000007691 devstack@neutron-api.service[87681]: DEBUG neutron.api.wsgi [None req-e235e209-156c-426d-9515-f6d5576316ba admin admin] Missing Content-Type {{(pid=87681) get_content_type /opt/stack/neutron/neutron/api/wsgi.py:80}}
Aug 18 19:30:04.400659 np0000007691 devstack@neutron-api.service[87681]: DEBUG neutron.api.wsgi [None req-e235e209-156c-426d-9515-f6d5576316ba admin admin] https://10.4.3.156/networking/v2.0/extensions returned with HTTP 200 {{(pid=87681) __call__ /opt/stack/neutron/neutron/api/wsgi.py:540}}
Aug 18 19:30:04.401125 np0000007691 devstack@neutron-api.service[87681]: [pid: 87681|app: 0|req: 4/13] 10.4.3.156 () {64 vars in 1292 bytes} [Tue Aug 18 19:30:04 2026] GET /networking/v2.0/extensions => generated 16171 bytes in 4 msecs (HTTP/1.1 200) 4 headers in 159 bytes (1 switches on core 0)
Aug 18 19:30:04.680009 np0000007691 devstack@neutron-api.service[87683]: DEBUG neutron.api.v2.base [None req-851f8859-e665-4a50-ad5a-81e59bae3545 admin admin] Request body: {'router': {'name': 'router1', 'admin_state_up': True}} {{(pid=87683) prepare_request_body /opt/stack/neutron/neutron/api/v2/base.py:727}}
Aug 18 19:30:04.693842 np0000007691 devstack@neutron-api.service[87683]: DEBUG neutron_lib.callbacks.manager [None req-851f8859-e665-4a50-ad5a-81e59bae3545 admin admin] Publish callbacks ['neutron.services.ovn_l3.service_providers.driver_controller.DriverController._check_router_request-48170'] for router (eea0e2e9-5b53-4672-9bec-7e37f17497a2), before_create {{(pid=87683) _notify_loop /opt/stack/data/venv/lib/python3.12/site-packages/neutron_lib/callbacks/manager.py:184}}
Aug 18 19:30:04.694645 np0000007691 devstack@neutron-api.service[87683]: DEBUG neutron_lib.callbacks.manager [None req-851f8859-e665-4a50-ad5a-81e59bae3545 admin admin] Publish callbacks ['neutron.services.ovn_l3.service_providers.ovn.OVN_L3_HA_db_mixin._precommit_router_create-42865', 'neutron.services.ovn_l3.plugin.RouterAvailabilityZoneMixin._process_az_request-7381617', 'neutron.services.ovn_l3.plugin.ExtraGatewaysDbOnlyMixin._process_bfd_ecmp_create-29859', 'neutron.services.ovn_l3.service_providers.ovn.OvnDriver._process_router_create_precommit-42805', 'neutron.services.ovn_l3.service_providers.driver_controller.DriverController._set_router_provider-48180'] for router (eea0e2e9-5b53-4672-9bec-7e37f17497a2), precommit_create {{(pid=87683) _notify_loop /opt/stack/data/venv/lib/python3.12/site-packages/neutron_lib/callbacks/manager.py:184}}
Aug 18 19:30:04.706578 np0000007691 devstack@neutron-api.service[87683]: DEBUG neutron.db.ovn_revision_numbers_db [None req-851f8859-e665-4a50-ad5a-81e59bae3545 admin admin] create_initial_revision uuid=eea0e2e9-5b53-4672-9bec-7e37f17497a2, type=routers, rev=-1 {{(pid=87683) create_initial_revision /opt/stack/neutron/neutron/db/ovn_revision_numbers_db.py:98}}
Aug 18 19:30:04.791363 np0000007691 devstack@neutron-api.service[87683]: DEBUG neutron_lib.callbacks.manager [None req-851f8859-e665-4a50-ad5a-81e59bae3545 admin admin] Publish callbacks [] for router_controller (eea0e2e9-5b53-4672-9bec-7e37f17497a2), precommit_add_association {{(pid=87683) _notify_loop /opt/stack/data/venv/lib/python3.12/site-packages/neutron_lib/callbacks/manager.py:184}}
Aug 18 19:30:04.795949 np0000007691 devstack@neutron-api.service[87683]: DEBUG neutron_lib.callbacks.manager [None req-851f8859-e665-4a50-ad5a-81e59bae3545 admin admin] Publish callbacks ['neutron.services.ovn_l3.service_providers.ovn.OvnDriver._process_router_create-42853'] for router (eea0e2e9-5b53-4672-9bec-7e37f17497a2), after_create {{(pid=87683) _notify_loop /opt/stack/data/venv/lib/python3.12/site-packages/neutron_lib/callbacks/manager.py:184}}
Aug 18 19:30:04.796161 np0000007691 devstack@neutron-api.service[87683]: INFO neutron.plugins.ml2.drivers.ovn.mech_driver.ovsdb.extensions.qos [None req-851f8859-e665-4a50-ad5a-81e59bae3545 admin admin] Starting OVNClientQosExtension
Aug 18 19:30:04.796607 np0000007691 devstack@neutron-api.service[87683]: DEBUG neutron.plugins.ml2.drivers.ovn.mech_driver.ovsdb.extensions.qos [None req-851f8859-e665-4a50-ad5a-81e59bae3545 admin admin] Router eea0e2e9-5b53-4672-9bec-7e37f17497a2 does not have ID or gateway assigned {{(pid=87683) update_router /opt/stack/neutron/neutron/plugins/ml2/drivers/ovn/mech_driver/ovsdb/extensions/qos.py:527}}
Aug 18 19:30:04.797024 np0000007691 devstack@neutron-api.service[87683]: DEBUG ovsdbapp.backend.ovs_idl.transaction [-] Running txn n=1 command(idx=0): LrAddCommand(_result=None, router=neutron-eea0e2e9-5b53-4672-9bec-7e37f17497a2, may_exist=True, columns={'external_ids': {'neutron:router_name': 'router1', 'neutron:revision_number': '1', 'neutron:availability_zone_hints': ''}, 'enabled': True, 'options': {'always_learn_from_arp_request': 'false', 'dynamic_neigh_routers': 'true', 'mac_binding_age_threshold': '300'}}) {{(pid=87683) do_commit /opt/stack/data/venv/lib/python3.12/site-packages/ovsdbapp/backend/ovs_idl/transaction.py:89}}
Aug 18 19:30:04.800096 np0000007691 devstack@neutron-api.service[87683]: DEBUG neutron.plugins.ml2.drivers.ovn.mech_driver.ovsdb.ovsdb_monitor [-] Hash Ring: Node 864ba64349e153d99f800c6766cc72c2 (host: np0000007691) handling event "create" for row f7408be4-3e8f-4ce8-92c4-5370648777a8 (table: Logical_Router) {{(pid=87683) notify /opt/stack/neutron/neutron/plugins/ml2/drivers/ovn/mech_driver/ovsdb/ovsdb_monitor.py:1099}}
Aug 18 19:30:04.801368 np0000007691 devstack@neutron-api.service[87681]: DEBUG neutron.plugins.ml2.drivers.ovn.mech_driver.ovsdb.ovsdb_monitor [-] Hash Ring: Node b522602d69465bb09bbf1e06c8c65195 (host: np0000007691) handling event "create" for row f7408be4-3e8f-4ce8-92c4-5370648777a8 (table: Logical_Router) {{(pid=87681) notify /opt/stack/neutron/neutron/plugins/ml2/drivers/ovn/mech_driver/ovsdb/ovsdb_monitor.py:1099}}
Aug 18 19:30:04.807013 np0000007691 devstack@neutron-api.service[87682]: DEBUG neutron.plugins.ml2.drivers.ovn.mech_driver.ovsdb.ovsdb_monitor [-] Hash Ring: Node f2fb5b88dab25a0daaa64e3bc2a6a0a2 (host: np0000007691) handling event "create" for row 47e94bc0-f0c4-465f-8e6e-e83fe1f21b3e (table: Datapath_Binding) {{(pid=87682) notify /opt/stack/neutron/neutron/plugins/ml2/drivers/ovn/mech_driver/ovsdb/ovsdb_monitor.py:1099}}
Aug 18 19:30:04.815115 np0000007691 devstack@neutron-api.service[87683]: DEBUG neutron.plugins.ml2.drivers.ovn.mech_driver.ovsdb.ovsdb_monitor [-] Hash Ring: Node 864ba64349e153d99f800c6766cc72c2 (host: np0000007691) handling event "create" for row 47e94bc0-f0c4-465f-8e6e-e83fe1f21b3e (table: Datapath_Binding) {{(pid=87683) notify /opt/stack/neutron/neutron/plugins/ml2/drivers/ovn/mech_driver/ovsdb/ovsdb_monitor.py:1099}}
Aug 18 19:30:04.903047 np0000007691 devstack@neutron-api.service[87683]: INFO neutron.db.ovn_revision_numbers_db [None req-851f8859-e665-4a50-ad5a-81e59bae3545 admin admin] Successfully bumped revision number for resource eea0e2e9-5b53-4672-9bec-7e37f17497a2 (type: routers) to 1
Aug 18 19:30:04.915134 np0000007691 devstack@neutron-api.service[87683]: DEBUG neutron_lib.callbacks.manager [None req-851f8859-e665-4a50-ad5a-81e59bae3545 admin admin] Publish callbacks [] for router (None), before_response {{(pid=87683) _notify_loop /opt/stack/data/venv/lib/python3.12/site-packages/neutron_lib/callbacks/manager.py:184}}
Aug 18 19:30:04.915612 np0000007691 devstack@neutron-api.service[87683]: [pid: 87683|app: 0|req: 6/14] 10.4.3.156 () {68 vars in 1323 bytes} [Tue Aug 18 19:30:04 2026] POST /networking/v2.0/routers => generated 599 bytes in 238 msecs (HTTP/1.1 201) 4 headers in 162 bytes (1 switches on core 0)
Aug 18 19:30:05.185631 np0000007691 devstack@neutron-api.service[87682]: DEBUG neutron.api.wsgi [None req-3631110d-1206-4746-b411-01d553730777 admin admin] Missing Content-Type {{(pid=87682) get_content_type /opt/stack/neutron/neutron/api/wsgi.py:80}}
Aug 18 19:30:05.186125 np0000007691 devstack@neutron-api.service[87682]: DEBUG neutron.api.wsgi [None req-3631110d-1206-4746-b411-01d553730777 admin admin] https://10.4.3.156/networking/v2.0/extensions returned with HTTP 200 {{(pid=87682) __call__ /opt/stack/neutron/neutron/api/wsgi.py:540}}
Aug 18 19:30:05.186430 np0000007691 devstack@neutron-api.service[87682]: [pid: 87682|app: 0|req: 5/15] 10.4.3.156 () {64 vars in 1292 bytes} [Tue Aug 18 19:30:05 2026] GET /networking/v2.0/extensions => generated 16171 bytes in 3 msecs (HTTP/1.1 200) 4 headers in 159 bytes (1 switches on core 0)
Aug 18 19:30:05.459899 np0000007691 devstack@neutron-api.service[87681]: DEBUG neutron.api.v2.base [None req-e6bfe479-3c32-455e-a1ef-35e02b9f30a5 admin admin] Request body: {'network': {'name': 'public', 'provider:physical_network': 'public', 'provider:network_type': 'flat', 'router:external': True, 'admin_state_up': True, 'is_default': True}} {{(pid=87681) prepare_request_body /opt/stack/neutron/neutron/api/v2/base.py:727}}
Aug 18 19:30:05.477808 np0000007691 devstack@neutron-api.service[87681]: DEBUG neutron.pecan_wsgi.hooks.quota_enforcement [None req-e6bfe479-3c32-455e-a1ef-35e02b9f30a5 admin admin] Made reservation on behalf of 0d12d729c26d41558fb29b758d7d2793 for: {'network': 1} {{(pid=87681) before /opt/stack/neutron/neutron/pecan_wsgi/hooks/quota_enforcement.py:66}}
Aug 18 19:30:05.481458 np0000007691 devstack@neutron-api.service[87681]: DEBUG neutron_lib.callbacks.manager [None req-e6bfe479-3c32-455e-a1ef-35e02b9f30a5 admin admin] Publish callbacks ['neutron.plugins.ml2.plugin.SecurityGroupDbMixin._ensure_default_security_group_handler-207200'] for network (None), before_create {{(pid=87681) _notify_loop /opt/stack/data/venv/lib/python3.12/site-packages/neutron_lib/callbacks/manager.py:184}}
Aug 18 19:30:05.516775 np0000007691 devstack@neutron-api.service[87681]: DEBUG neutron.plugins.ml2.drivers.type_flat [None req-e6bfe479-3c32-455e-a1ef-35e02b9f30a5 admin admin] Reserving flat network on physical network public {{(pid=87681) reserve_provider_segment /opt/stack/neutron/neutron/plugins/ml2/drivers/type_flat.py:100}}
Aug 18 19:30:05.529854 np0000007691 devstack@neutron-api.service[87681]: DEBUG neutron_lib.callbacks.manager [None req-e6bfe479-3c32-455e-a1ef-35e02b9f30a5 admin admin] Publish callbacks ['neutron.services.segments.db._add_segment_host_mapping_for_segment-8121426915048', 'neutron.plugins.ml2.plugin.Ml2Plugin._handle_segment_change-453060'] for segment (3f0d0e58-7a33-4cb1-80cf-43ecda916a61), precommit_create {{(pid=87681) _notify_loop /opt/stack/data/venv/lib/python3.12/site-packages/neutron_lib/callbacks/manager.py:184}}
Aug 18 19:30:05.530300 np0000007691 devstack@neutron-api.service[87681]: DEBUG neutron_lib.callbacks.manager [None req-e6bfe479-3c32-455e-a1ef-35e02b9f30a5 admin admin] Unsubscribe: segment precommit_create {{(pid=87681) unsubscribe /opt/stack/data/venv/lib/python3.12/site-packages/neutron_lib/callbacks/manager.py:90}}
Aug 18 19:30:05.530666 np0000007691 devstack@neutron-api.service[87681]: INFO neutron.db.segments_db [None req-e6bfe479-3c32-455e-a1ef-35e02b9f30a5 admin admin] Added segment 3f0d0e58-7a33-4cb1-80cf-43ecda916a61 of type flat for network e42ca800-6f65-4473-aa04-66faade73399
Aug 18 19:30:05.584915 np0000007691 devstack@neutron-api.service[87681]: DEBUG neutron_lib.callbacks.manager [None req-e6bfe479-3c32-455e-a1ef-35e02b9f30a5 admin admin] Publish callbacks ['neutron.services.auto_allocate.db._ensure_external_network_default_value_callback-8121425827350'] for network (e42ca800-6f65-4473-aa04-66faade73399), precommit_create {{(pid=87681) _notify_loop /opt/stack/data/venv/lib/python3.12/site-packages/neutron_lib/callbacks/manager.py:184}}
Aug 18 19:30:05.612172 np0000007691 devstack@neutron-api.service[87681]: DEBUG neutron.plugins.ml2.drivers.ovn.mech_driver.mech_driver [None req-e6bfe479-3c32-455e-a1ef-35e02b9f30a5 admin admin] Validating network segment with type flat, segmentation ID None, physical network public {{(pid=87681) _validate_network_segments /opt/stack/neutron/neutron/plugins/ml2/drivers/ovn/mech_driver/mech_driver.py:624}}
Aug 18 19:30:05.612575 np0000007691 devstack@neutron-api.service[87681]: DEBUG neutron.db.ovn_revision_numbers_db [None req-e6bfe479-3c32-455e-a1ef-35e02b9f30a5 admin admin] create_initial_revision uuid=e42ca800-6f65-4473-aa04-66faade73399, type=networks, rev=-1 {{(pid=87681) create_initial_revision /opt/stack/neutron/neutron/db/ovn_revision_numbers_db.py:98}}
Aug 18 19:30:05.634455 np0000007691 devstack@neutron-api.service[87681]: DEBUG neutron_lib.callbacks.manager [None req-e6bfe479-3c32-455e-a1ef-35e02b9f30a5 admin admin] Publish callbacks ['neutron.plugins.ml2.ovo_rpc._ObjectChangeHandler.handle_event-6977716'] for network (e42ca800-6f65-4473-aa04-66faade73399), after_create {{(pid=87681) _notify_loop /opt/stack/data/venv/lib/python3.12/site-packages/neutron_lib/callbacks/manager.py:184}}
Aug 18 19:30:05.879963 np0000007691 devstack@neutron-api.service[87681]: DEBUG neutron.api.rpc.handlers.resources_rpc [None req-e6bfe479-3c32-455e-a1ef-35e02b9f30a5 admin admin] Pushing event updated for resources: {'Network': ['ID=e42ca800-6f65-4473-aa04-66faade73399,revision_number=1']} {{(pid=87681) push /opt/stack/neutron/neutron/api/rpc/handlers/resources_rpc.py:237}}
Aug 18 19:30:05.884487 np0000007691 devstack@neutron-api.service[87681]: DEBUG neutron.api.rpc.callbacks.version_manager [None req-e6bfe479-3c32-455e-a1ef-35e02b9f30a5 admin admin] Tracked resource versions report:
Aug 18 19:30:05.884487 np0000007691 devstack@neutron-api.service[87681]: pushed versions:
Aug 18 19:30:05.884487 np0000007691 devstack@neutron-api.service[87681]: { 'AddressGroup': {'1.2'},
Aug 18 19:30:05.884487 np0000007691 devstack@neutron-api.service[87681]: 'Agent': {'1.1'},
Aug 18 19:30:05.884487 np0000007691 devstack@neutron-api.service[87681]: 'ConntrackHelper': {'1.0'},
Aug 18 19:30:05.884487 np0000007691 devstack@neutron-api.service[87681]: 'LocalIPAssociation': {'1.0'},
Aug 18 19:30:05.884487 np0000007691 devstack@neutron-api.service[87681]: 'Log': {'1.0'},
Aug 18 19:30:05.884487 np0000007691 devstack@neutron-api.service[87681]: 'NDPProxy': {'1.0'},
Aug 18 19:30:05.884487 np0000007691 devstack@neutron-api.service[87681]: 'Network': {'1.3'},
Aug 18 19:30:05.884487 np0000007691 devstack@neutron-api.service[87681]: 'Port': {'1.11'},
Aug 18 19:30:05.884487 np0000007691 devstack@neutron-api.service[87681]: 'PortForwarding': {'1.3'},
Aug 18 19:30:05.884487 np0000007691 devstack@neutron-api.service[87681]: 'QosPolicy': {'1.10'},
Aug 18 19:30:05.884487 np0000007691 devstack@neutron-api.service[87681]: 'SecurityGroup': {'1.6'},
Aug 18 19:30:05.884487 np0000007691 devstack@neutron-api.service[87681]: 'SecurityGroupRule': {'1.3'},
Aug 18 19:30:05.884487 np0000007691 devstack@neutron-api.service[87681]: 'SubPort': {'1.0'},
Aug 18 19:30:05.884487 np0000007691 devstack@neutron-api.service[87681]: 'Subnet': {'1.2'},
Aug 18 19:30:05.884487 np0000007691 devstack@neutron-api.service[87681]: 'Trunk': {'1.1'}}
Aug 18 19:30:05.884487 np0000007691 devstack@neutron-api.service[87681]: consumer versions:
Aug 18 19:30:05.884487 np0000007691 devstack@neutron-api.service[87681]: { OVN Neutron agent@np0000007691: {},
Aug 18 19:30:05.884487 np0000007691 devstack@neutron-api.service[87681]: OVN Controller Gateway agent@np0000007691: {}}
Aug 18 19:30:05.884487 np0000007691 devstack@neutron-api.service[87681]: {{(pid=87681) report /opt/stack/neutron/neutron/api/rpc/callbacks/version_manager.py:183}}
Aug 18 19:30:05.900780 np0000007691 devstack@neutron-api.service[87681]: DEBUG ovsdbapp.backend.ovs_idl.transaction [-] Running txn n=1 command(idx=0): AddNetworkCommand(_result=None, network_uuid=e42ca800-6f65-4473-aa04-66faade73399, may_exist=True, columns={'external_ids': {'neutron:network_name': 'public', 'neutron:mtu': '1430', 'neutron:revision_number': '1', 'neutron:availability_zone_hints': '', 'neutron:provnet-network-type': 'flat', 'neutron:provnet-physical-network': 'public'}, 'other_config': {'mcast_snoop': 'false', 'mcast_flood_unregistered': 'false', 'vlan-passthru': 'false', 'fdb_age_threshold': '300', 'broadcast-arps-to-all-routers': 'true'}}) {{(pid=87681) do_commit /opt/stack/data/venv/lib/python3.12/site-packages/ovsdbapp/backend/ovs_idl/transaction.py:89}}
Aug 18 19:30:05.901495 np0000007691 devstack@neutron-api.service[87681]: DEBUG neutron.common.ovn.utils [-] OVS persist_uuid supported=True {{(pid=87681) ovs_persist_uuid_supported /opt/stack/neutron/neutron/common/ovn/utils.py:1565}}
Aug 18 19:30:05.901906 np0000007691 devstack@neutron-api.service[87681]: DEBUG ovsdbapp.backend.ovs_idl.transaction [-] Running txn n=1 command(idx=1): AddLSwitchPortCommand(_result=None, lport=provnet-3f0d0e58-7a33-4cb1-80cf-43ecda916a61, lswitch=neutron-e42ca800-6f65-4473-aa04-66faade73399, may_exist=True, network_uuid=e42ca800-6f65-4473-aa04-66faade73399, columns={'addresses': ['unknown'], 'external_ids': {'neutron:provnet-physical-network': 'public'}, 'type': 'localnet', 'tag_request': [], 'options': {'network_name': 'public', 'mcast_flood_reports': 'true', 'mcast_flood': 'false', 'localnet_learn_fdb': 'false'}}) {{(pid=87681) do_commit /opt/stack/data/venv/lib/python3.12/site-packages/ovsdbapp/backend/ovs_idl/transaction.py:89}}
Aug 18 19:30:05.905185 np0000007691 devstack@neutron-api.service[87683]: DEBUG neutron.plugins.ml2.drivers.ovn.mech_driver.ovsdb.ovsdb_monitor [-] Hash Ring: Node 864ba64349e153d99f800c6766cc72c2 (host: np0000007691) handling event "create" for row e42ca800-6f65-4473-aa04-66faade73399 (table: Logical_Switch) {{(pid=87683) notify /opt/stack/neutron/neutron/plugins/ml2/drivers/ovn/mech_driver/ovsdb/ovsdb_monitor.py:1099}}
Aug 18 19:30:05.905604 np0000007691 devstack@neutron-api.service[87683]: DEBUG neutron.plugins.ml2.drivers.ovn.mech_driver.ovsdb.ovsdb_monitor [-] Hash Ring: Node 864ba64349e153d99f800c6766cc72c2 (host: np0000007691) handling event "create" for row 0791c092-4c0d-4856-9979-6c8a52c5582c (table: Logical_Switch_Port) {{(pid=87683) notify /opt/stack/neutron/neutron/plugins/ml2/drivers/ovn/mech_driver/ovsdb/ovsdb_monitor.py:1099}}
Aug 18 19:30:05.907034 np0000007691 devstack@neutron-api.service[87683]: DEBUG neutron.plugins.ml2.drivers.ovn.mech_driver.ovsdb.ovsdb_monitor [-] Hash Ring: Node 864ba64349e153d99f800c6766cc72c2 (host: np0000007691) handling event "update" for row 0791c092-4c0d-4856-9979-6c8a52c5582c (table: Logical_Switch_Port) {{(pid=87683) notify /opt/stack/neutron/neutron/plugins/ml2/drivers/ovn/mech_driver/ovsdb/ovsdb_monitor.py:1099}}
Aug 18 19:30:05.907155 np0000007691 devstack@neutron-api.service[87681]: DEBUG neutron.plugins.ml2.drivers.ovn.mech_driver.ovsdb.ovsdb_monitor [-] Hash Ring: Node b522602d69465bb09bbf1e06c8c65195 (host: np0000007691) handling event "create" for row 0791c092-4c0d-4856-9979-6c8a52c5582c (table: Logical_Switch_Port) {{(pid=87681) notify /opt/stack/neutron/neutron/plugins/ml2/drivers/ovn/mech_driver/ovsdb/ovsdb_monitor.py:1099}}
Aug 18 19:30:05.907293 np0000007691 devstack@neutron-api.service[87682]: DEBUG neutron.plugins.ml2.drivers.ovn.mech_driver.ovsdb.ovsdb_monitor [-] Hash Ring: Node f2fb5b88dab25a0daaa64e3bc2a6a0a2 (host: np0000007691) handling event "create" for row e42ca800-6f65-4473-aa04-66faade73399 (table: Logical_Switch) {{(pid=87682) notify /opt/stack/neutron/neutron/plugins/ml2/drivers/ovn/mech_driver/ovsdb/ovsdb_monitor.py:1099}}
Aug 18 19:30:05.908233 np0000007691 devstack@neutron-api.service[87681]: DEBUG neutron.plugins.ml2.drivers.ovn.mech_driver.ovsdb.ovsdb_monitor [-] Hash Ring: Node b522602d69465bb09bbf1e06c8c65195 (host: np0000007691) handling event "update" for row 0791c092-4c0d-4856-9979-6c8a52c5582c (table: Logical_Switch_Port) {{(pid=87681) notify /opt/stack/neutron/neutron/plugins/ml2/drivers/ovn/mech_driver/ovsdb/ovsdb_monitor.py:1099}}
Aug 18 19:30:05.911395 np0000007691 devstack@neutron-api.service[87683]: DEBUG neutron.plugins.ml2.drivers.ovn.mech_driver.ovsdb.ovsdb_monitor [-] Hash Ring: Node 864ba64349e153d99f800c6766cc72c2 (host: np0000007691) handling event "create" for row 6e0956da-ab3b-460e-b8b0-9bf232431bd9 (table: Datapath_Binding) {{(pid=87683) notify /opt/stack/neutron/neutron/plugins/ml2/drivers/ovn/mech_driver/ovsdb/ovsdb_monitor.py:1099}}
Aug 18 19:30:05.911395 np0000007691 devstack@neutron-api.service[87683]: DEBUG neutron.plugins.ml2.drivers.ovn.mech_driver.ovsdb.ovsdb_monitor [-] Hash Ring: Node 864ba64349e153d99f800c6766cc72c2 (host: np0000007691) handling event "create" for row 8aa45dd3-d595-4157-a0eb-e7c4d13505b5 (table: Port_Binding) {{(pid=87683) notify /opt/stack/neutron/neutron/plugins/ml2/drivers/ovn/mech_driver/ovsdb/ovsdb_monitor.py:1099}}
Aug 18 19:30:05.915599 np0000007691 devstack@neutron-api.service[87682]: DEBUG neutron.plugins.ml2.drivers.ovn.mech_driver.ovsdb.ovsdb_monitor [-] Hash Ring: Node f2fb5b88dab25a0daaa64e3bc2a6a0a2 (host: np0000007691) handling event "create" for row 6e0956da-ab3b-460e-b8b0-9bf232431bd9 (table: Datapath_Binding) {{(pid=87682) notify /opt/stack/neutron/neutron/plugins/ml2/drivers/ovn/mech_driver/ovsdb/ovsdb_monitor.py:1099}}
Aug 18 19:30:05.921635 np0000007691 devstack@neutron-api.service[87681]: DEBUG neutron.plugins.ml2.drivers.ovn.mech_driver.ovsdb.ovsdb_monitor [-] Hash Ring: Node b522602d69465bb09bbf1e06c8c65195 (host: np0000007691) handling event "create" for row 8aa45dd3-d595-4157-a0eb-e7c4d13505b5 (table: Port_Binding) {{(pid=87681) notify /opt/stack/neutron/neutron/plugins/ml2/drivers/ovn/mech_driver/ovsdb/ovsdb_monitor.py:1099}}
Aug 18 19:30:05.943772 np0000007691 devstack@neutron-api.service[87681]: INFO neutron.db.ovn_revision_numbers_db [None req-e6bfe479-3c32-455e-a1ef-35e02b9f30a5 admin admin] Successfully bumped revision number for resource e42ca800-6f65-4473-aa04-66faade73399 (type: networks) to 1
Aug 18 19:30:05.995445 np0000007691 devstack@neutron-api.service[87681]: DEBUG neutron_lib.callbacks.manager [None req-e6bfe479-3c32-455e-a1ef-35e02b9f30a5 admin admin] Publish callbacks ['neutron.plugins.ml2.plugin.SecurityGroupDbMixin._ensure_default_security_group_handler-207200'] for port (None), before_create {{(pid=87681) _notify_loop /opt/stack/data/venv/lib/python3.12/site-packages/neutron_lib/callbacks/manager.py:184}}
Aug 18 19:30:06.085422 np0000007691 devstack@neutron-api.service[87681]: DEBUG neutron_lib.callbacks.manager [None req-e6bfe479-3c32-455e-a1ef-35e02b9f30a5 admin admin] Publish callbacks ['neutron.plugins.ml2.drivers.ovn.mech_driver.mech_driver.OVNMechanismDriver._validate_allowed_address_pairs-8174951'] for allowed_address_pair (a8b9d78f-1383-4951-90d5-232da987656e), before_create {{(pid=87681) _notify_loop /opt/stack/data/venv/lib/python3.12/site-packages/neutron_lib/callbacks/manager.py:184}}
Aug 18 19:30:06.086047 np0000007691 devstack@neutron-api.service[87681]: DEBUG neutron_lib.callbacks.manager [None req-e6bfe479-3c32-455e-a1ef-35e02b9f30a5 admin admin] Publish callbacks [] for port (a8b9d78f-1383-4951-90d5-232da987656e), precommit_create {{(pid=87681) _notify_loop /opt/stack/data/venv/lib/python3.12/site-packages/neutron_lib/callbacks/manager.py:184}}
Aug 18 19:30:06.086286 np0000007691 devstack@neutron-api.service[87681]: DEBUG neutron.plugins.ml2.drivers.ovn.mech_driver.mech_driver [None req-e6bfe479-3c32-455e-a1ef-35e02b9f30a5 admin admin] No provisioning block for port a8b9d78f-1383-4951-90d5-232da987656e since it does not have a host {{(pid=87681) _is_port_provisioning_required /opt/stack/neutron/neutron/plugins/ml2/drivers/ovn/mech_driver/mech_driver.py:877}}
Aug 18 19:30:06.086405 np0000007691 devstack@neutron-api.service[87681]: DEBUG neutron.db.ovn_revision_numbers_db [None req-e6bfe479-3c32-455e-a1ef-35e02b9f30a5 admin admin] create_initial_revision uuid=a8b9d78f-1383-4951-90d5-232da987656e, type=ports, rev=-1 {{(pid=87681) create_initial_revision /opt/stack/neutron/neutron/db/ovn_revision_numbers_db.py:98}}
Aug 18 19:30:06.130715 np0000007691 devstack@neutron-api.service[87681]: DEBUG neutron_lib.callbacks.manager [None req-e6bfe479-3c32-455e-a1ef-35e02b9f30a5 admin admin] Publish callbacks ['neutron.plugins.ml2.ovo_rpc._ObjectChangeHandler.handle_event-6977863'] for port (a8b9d78f-1383-4951-90d5-232da987656e), after_create {{(pid=87681) _notify_loop /opt/stack/data/venv/lib/python3.12/site-packages/neutron_lib/callbacks/manager.py:184}}
Aug 18 19:30:06.182980 np0000007691 devstack@neutron-api.service[87681]: DEBUG neutron.api.rpc.handlers.resources_rpc [None req-e6bfe479-3c32-455e-a1ef-35e02b9f30a5 admin admin] Pushing event updated for resources: {'Port': ['ID=a8b9d78f-1383-4951-90d5-232da987656e,revision_number=1']} {{(pid=87681) push /opt/stack/neutron/neutron/api/rpc/handlers/resources_rpc.py:237}}
Aug 18 19:30:06.215984 np0000007691 devstack@neutron-api.service[87681]: DEBUG neutron.plugins.ml2.drivers.ovn.mech_driver.ovsdb.commands [None req-e6bfe479-3c32-455e-a1ef-35e02b9f30a5 admin admin] Converting tag [] to a tag_request {{(pid=87681) _tag_column_to_tag_request /opt/stack/neutron/neutron/plugins/ml2/drivers/ovn/mech_driver/ovsdb/commands.py:227}}
Aug 18 19:30:06.216695 np0000007691 devstack@neutron-api.service[87681]: DEBUG ovsdbapp.backend.ovs_idl.transaction [-] Running txn n=1 command(idx=0): AddLSwitchPortCommand(_result=None, lport=a8b9d78f-1383-4951-90d5-232da987656e, lswitch=neutron-e42ca800-6f65-4473-aa04-66faade73399, may_exist=True, network_uuid=e42ca800-6f65-4473-aa04-66faade73399, columns={'addresses': ['fa:16:3e:53:78:50'], 'external_ids': {'neutron:port_name': '', 'neutron:device_id': 'ovnmeta-e42ca800-6f65-4473-aa04-66faade73399', 'neutron:project_id': '0d12d729c26d41558fb29b758d7d2793', 'neutron:cidrs': '', 'neutron:device_owner': 'network:distributed', 'neutron:subnet_pool_addr_scope4': '', 'neutron:subnet_pool_addr_scope6': '', 'neutron:network_name': 'neutron-e42ca800-6f65-4473-aa04-66faade73399', 'neutron:security_group_ids': '', 'neutron:revision_number': '1', 'neutron:vnic_type': 'normal', 'neutron:port_capabilities': '', 'neutron:mtu': '1430'}, 'parent_name': [], 'enabled': True, 'options': {}, 'type': 'localport', 'port_security': [], 'dhcpv4_options': [], 'dhcpv6_options': [], 'tag_request': []}) {{(pid=87681) do_commit /opt/stack/data/venv/lib/python3.12/site-packages/ovsdbapp/backend/ovs_idl/transaction.py:89}}
Aug 18 19:30:06.217295 np0000007691 devstack@neutron-api.service[87681]: DEBUG ovsdbapp.backend.ovs_idl.transaction [-] Running txn n=1 command(idx=1): QoSDelCommand(_result=None, switch=neutron-e42ca800-6f65-4473-aa04-66faade73399, conditions=[('direction', '=', 'to-lport'), ('priority', '=', 2002), ('match', '=', 'outport == "a8b9d78f-1383-4951-90d5-232da987656e"')], if_exists=True) {{(pid=87681) do_commit /opt/stack/data/venv/lib/python3.12/site-packages/ovsdbapp/backend/ovs_idl/transaction.py:89}}
Aug 18 19:30:06.217508 np0000007691 devstack@neutron-api.service[87681]: DEBUG ovsdbapp.backend.ovs_idl.transaction [-] Running txn n=1 command(idx=2): QoSDelCommand(_result=None, switch=neutron-e42ca800-6f65-4473-aa04-66faade73399, conditions=[('direction', '=', 'from-lport'), ('priority', '=', 2002), ('match', '=', 'inport == "a8b9d78f-1383-4951-90d5-232da987656e"')], if_exists=True) {{(pid=87681) do_commit /opt/stack/data/venv/lib/python3.12/site-packages/ovsdbapp/backend/ovs_idl/transaction.py:89}}
Aug 18 19:30:06.217697 np0000007691 devstack@neutron-api.service[87681]: DEBUG ovsdbapp.backend.ovs_idl.transaction [-] Running txn n=1 command(idx=3): UpdateLSwitchPortQosOptionsCommand(_result=None, lport=AddLSwitchPortCommand(_result=6ebf2c74-3727-4411-b01d-c413d34f1fc8, lport=a8b9d78f-1383-4951-90d5-232da987656e, lswitch=neutron-e42ca800-6f65-4473-aa04-66faade73399, may_exist=True, network_uuid=e42ca800-6f65-4473-aa04-66faade73399, columns={'addresses': ['fa:16:3e:53:78:50'], 'external_ids': {'neutron:port_name': '', 'neutron:device_id': 'ovnmeta-e42ca800-6f65-4473-aa04-66faade73399', 'neutron:project_id': '0d12d729c26d41558fb29b758d7d2793', 'neutron:cidrs': '', 'neutron:device_owner': 'network:distributed', 'neutron:subnet_pool_addr_scope4': '', 'neutron:subnet_pool_addr_scope6': '', 'neutron:network_name': 'neutron-e42ca800-6f65-4473-aa04-66faade73399', 'neutron:security_group_ids': '', 'neutron:revision_number': '1', 'neutron:vnic_type': 'normal', 'neutron:port_capabilities': '', 'neutron:mtu': '1430'}, 'parent_name': [], 'enabled': True, 'options': {}, 'type': 'localport', 'port_security': [], 'tag_request': []}), if_exists=True, qos={'qos_max_rate': None, 'qos_burst': None, 'qos_min_rate': None}) {{(pid=87681) do_commit /opt/stack/data/venv/lib/python3.12/site-packages/ovsdbapp/backend/ovs_idl/transaction.py:89}}
Aug 18 19:30:06.222399 np0000007691 devstack@neutron-api.service[87681]: DEBUG neutron.plugins.ml2.drivers.ovn.mech_driver.ovsdb.ovsdb_monitor [-] Hash Ring: Node b522602d69465bb09bbf1e06c8c65195 (host: np0000007691) handling event "create" for row 5c9f62ea-bebd-4da3-a3ff-879b9215fa40 (table: Logical_Switch_Port) {{(pid=87681) notify /opt/stack/neutron/neutron/plugins/ml2/drivers/ovn/mech_driver/ovsdb/ovsdb_monitor.py:1099}}
Aug 18 19:30:06.222550 np0000007691 devstack@neutron-api.service[87683]: DEBUG neutron.plugins.ml2.drivers.ovn.mech_driver.ovsdb.ovsdb_monitor [-] Hash Ring: Node 864ba64349e153d99f800c6766cc72c2 (host: np0000007691) handling event "update" for row e42ca800-6f65-4473-aa04-66faade73399 (table: Logical_Switch) {{(pid=87683) notify /opt/stack/neutron/neutron/plugins/ml2/drivers/ovn/mech_driver/ovsdb/ovsdb_monitor.py:1099}}
Aug 18 19:30:06.222550 np0000007691 devstack@neutron-api.service[87683]: DEBUG neutron.plugins.ml2.drivers.ovn.mech_driver.ovsdb.ovsdb_monitor [-] Hash Ring: Node 864ba64349e153d99f800c6766cc72c2 (host: np0000007691) handling event "create" for row 5c9f62ea-bebd-4da3-a3ff-879b9215fa40 (table: Logical_Switch_Port) {{(pid=87683) notify /opt/stack/neutron/neutron/plugins/ml2/drivers/ovn/mech_driver/ovsdb/ovsdb_monitor.py:1099}}
Aug 18 19:30:06.222692 np0000007691 devstack@neutron-api.service[87682]: DEBUG neutron.plugins.ml2.drivers.ovn.mech_driver.ovsdb.ovsdb_monitor [-] Hash Ring: Node f2fb5b88dab25a0daaa64e3bc2a6a0a2 (host: np0000007691) handling event "update" for row e42ca800-6f65-4473-aa04-66faade73399 (table: Logical_Switch) {{(pid=87682) notify /opt/stack/neutron/neutron/plugins/ml2/drivers/ovn/mech_driver/ovsdb/ovsdb_monitor.py:1099}}
Aug 18 19:30:06.223156 np0000007691 devstack@neutron-api.service[87681]: DEBUG ovsdbapp.backend.ovs_idl.event [-] Matched CREATE: LogicalSwitchPortCreateEvent(events=('create',), table='Logical_Switch_Port', conditions=[], old_conditions=None), priority=20 to row=Logical_Switch_Port(uuid=5c9f62ea-bebd-4da3-a3ff-879b9215fa40, addresses=['fa:16:3e:53:78:50'], dhcpv4_options=[], dhcpv6_options=[], dynamic_addresses=[], enabled=True, external_ids={'neutron:cidrs': '', 'neutron:device_id': 'ovnmeta-e42ca800-6f65-4473-aa04-66faade73399', 'neutron:device_owner': 'network:distributed', 'neutron:mtu': '1430', 'neutron:network_name': 'neutron-e42ca800-6f65-4473-aa04-66faade73399', 'neutron:port_capabilities': '', 'neutron:port_name': '', 'neutron:project_id': '0d12d729c26d41558fb29b758d7d2793', 'neutron:revision_number': '1', 'neutron:security_group_ids': '', 'neutron:subnet_pool_addr_scope4': '', 'neutron:subnet_pool_addr_scope6': '', 'neutron:vnic_type': 'normal'}, ha_chassis_group=[], mirror_rules=[], name='a8b9d78f-1383-4951-90d5-232da987656e', options={}, parent_name=[], port_security=[], tag=[], tag_request=[], type='localport', up=[]) old= {{(pid=87681) matches /opt/stack/data/venv/lib/python3.12/site-packages/ovsdbapp/backend/ovs_idl/event.py:55}}
Aug 18 19:30:06.223407 np0000007691 devstack@neutron-api.service[87683]: DEBUG ovsdbapp.backend.ovs_idl.event [-] Matched CREATE: LogicalSwitchPortCreateEvent(events=('create',), table='Logical_Switch_Port', conditions=[], old_conditions=None), priority=20 to row=Logical_Switch_Port(uuid=5c9f62ea-bebd-4da3-a3ff-879b9215fa40, addresses=['fa:16:3e:53:78:50'], dhcpv4_options=[], dhcpv6_options=[], dynamic_addresses=[], enabled=True, external_ids={'neutron:cidrs': '', 'neutron:device_id': 'ovnmeta-e42ca800-6f65-4473-aa04-66faade73399', 'neutron:device_owner': 'network:distributed', 'neutron:mtu': '1430', 'neutron:network_name': 'neutron-e42ca800-6f65-4473-aa04-66faade73399', 'neutron:port_capabilities': '', 'neutron:port_name': '', 'neutron:project_id': '0d12d729c26d41558fb29b758d7d2793', 'neutron:revision_number': '1', 'neutron:security_group_ids': '', 'neutron:subnet_pool_addr_scope4': '', 'neutron:subnet_pool_addr_scope6': '', 'neutron:vnic_type': 'normal'}, ha_chassis_group=[], mirror_rules=[], name='a8b9d78f-1383-4951-90d5-232da987656e', options={}, parent_name=[], port_security=[], tag=[], tag_request=[], type='localport', up=[]) old= {{(pid=87683) matches /opt/stack/data/venv/lib/python3.12/site-packages/ovsdbapp/backend/ovs_idl/event.py:55}}
Aug 18 19:30:06.224373 np0000007691 devstack@neutron-api.service[87681]: INFO neutron.plugins.ml2.drivers.ovn.mech_driver.mech_driver [None req-d5d49db6-04c7-4948-930d-1ddf07934e4b None None] OVN reports status down for port: a8b9d78f-1383-4951-90d5-232da987656e
Aug 18 19:30:06.225062 np0000007691 devstack@neutron-api.service[87681]: DEBUG neutron.plugins.ml2.drivers.ovn.mech_driver.ovsdb.ovsdb_monitor [-] Hash Ring: Node b522602d69465bb09bbf1e06c8c65195 (host: np0000007691) handling event "update" for row 5c9f62ea-bebd-4da3-a3ff-879b9215fa40 (table: Logical_Switch_Port) {{(pid=87681) notify /opt/stack/neutron/neutron/plugins/ml2/drivers/ovn/mech_driver/ovsdb/ovsdb_monitor.py:1099}}
Aug 18 19:30:06.225486 np0000007691 devstack@neutron-api.service[87683]: DEBUG neutron.plugins.ml2.drivers.ovn.mech_driver.ovsdb.ovsdb_monitor [-] Hash Ring: Node 864ba64349e153d99f800c6766cc72c2 (host: np0000007691) handling event "create" for row d280b50a-ab3c-4921-97d7-616d83066406 (table: Port_Binding) {{(pid=87683) notify /opt/stack/neutron/neutron/plugins/ml2/drivers/ovn/mech_driver/ovsdb/ovsdb_monitor.py:1099}}
Aug 18 19:30:06.225924 np0000007691 devstack@neutron-api.service[87683]: INFO neutron.plugins.ml2.drivers.ovn.mech_driver.mech_driver [None req-54f1583f-ed82-4a3d-b63d-aff69080b519 None None] OVN reports status down for port: a8b9d78f-1383-4951-90d5-232da987656e
Aug 18 19:30:06.226306 np0000007691 devstack@neutron-api.service[87682]: DEBUG neutron.plugins.ml2.drivers.ovn.mech_driver.ovsdb.ovsdb_monitor [-] Hash Ring: Node f2fb5b88dab25a0daaa64e3bc2a6a0a2 (host: np0000007691) handling event "create" for row d280b50a-ab3c-4921-97d7-616d83066406 (table: Port_Binding) {{(pid=87682) notify /opt/stack/neutron/neutron/plugins/ml2/drivers/ovn/mech_driver/ovsdb/ovsdb_monitor.py:1099}}
Aug 18 19:30:06.228506 np0000007691 devstack@neutron-api.service[87683]: DEBUG neutron.plugins.ml2.drivers.ovn.mech_driver.ovsdb.ovsdb_monitor [-] Hash Ring: Node 864ba64349e153d99f800c6766cc72c2 (host: np0000007691) handling event "update" for row 5c9f62ea-bebd-4da3-a3ff-879b9215fa40 (table: Logical_Switch_Port) {{(pid=87683) notify /opt/stack/neutron/neutron/plugins/ml2/drivers/ovn/mech_driver/ovsdb/ovsdb_monitor.py:1099}}
Aug 18 19:30:06.250834 np0000007691 devstack@neutron-api.service[87683]: DEBUG neutron.db.provisioning_blocks [None req-54f1583f-ed82-4a3d-b63d-aff69080b519 None None] Transition to ACTIVE for port object a8b9d78f-1383-4951-90d5-232da987656e will not be triggered until provisioned by entity L2. {{(pid=87683) add_provisioning_component /opt/stack/neutron/neutron/db/provisioning_blocks.py:74}}
Aug 18 19:30:06.275627 np0000007691 devstack@neutron-api.service[87683]: DEBUG neutron.plugins.ml2.plugin [None req-54f1583f-ed82-4a3d-b63d-aff69080b519 None None] Current status of the port a8b9d78f-1383-4951-90d5-232da987656e is: DOWN; New status is: DOWN {{(pid=87683) _update_individual_port_db_status /opt/stack/neutron/neutron/plugins/ml2/plugin.py:2473}}
Aug 18 19:30:06.276764 np0000007691 devstack@neutron-api.service[87683]: DEBUG ovsdbapp.backend.ovs_idl.transaction [-] Running txn n=1 command(idx=0): DbRemoveCommand(_result=None, table=Logical_Switch_Port, record=a8b9d78f-1383-4951-90d5-232da987656e, column=external_ids, values=('neutron:host_id',), keyvalues={}, if_exists=True) {{(pid=87683) do_commit /opt/stack/data/venv/lib/python3.12/site-packages/ovsdbapp/backend/ovs_idl/transaction.py:89}}
Aug 18 19:30:06.278700 np0000007691 devstack@neutron-api.service[87681]: INFO neutron.db.ovn_revision_numbers_db [None req-e6bfe479-3c32-455e-a1ef-35e02b9f30a5 admin admin] Successfully bumped revision number for resource a8b9d78f-1383-4951-90d5-232da987656e (type: ports) to 1
Aug 18 19:30:06.300297 np0000007691 devstack@neutron-api.service[87681]: DEBUG neutron.pecan_wsgi.hooks.policy_enforcement [None req-e6bfe479-3c32-455e-a1ef-35e02b9f30a5 admin admin] Attributes excluded by policy engine: ['standard_attr_id'] {{(pid=87681) _exclude_attributes_by_policy /opt/stack/neutron/neutron/pecan_wsgi/hooks/policy_enforcement.py:259}}
Aug 18 19:30:06.301708 np0000007691 devstack@neutron-api.service[87681]: DEBUG neutron_lib.callbacks.manager [None req-e6bfe479-3c32-455e-a1ef-35e02b9f30a5 admin admin] Publish callbacks [] for network (None), before_response {{(pid=87681) _notify_loop /opt/stack/data/venv/lib/python3.12/site-packages/neutron_lib/callbacks/manager.py:184}}
Aug 18 19:30:06.315244 np0000007691 devstack@neutron-api.service[87681]: [pid: 87681|app: 0|req: 5/16] 10.4.3.156 () {68 vars in 1327 bytes} [Tue Aug 18 19:30:05 2026] POST /networking/v2.0/networks => generated 679 bytes in 859 msecs (HTTP/1.1 201) 4 headers in 162 bytes (1 switches on core 0)
Aug 18 19:30:06.319051 np0000007691 devstack@neutron-api.service[87681]: DEBUG neutron.db.provisioning_blocks [None req-d5d49db6-04c7-4948-930d-1ddf07934e4b None None] Ignored duplicate provisioning block setup for port a8b9d78f-1383-4951-90d5-232da987656e by entity L2. {{(pid=87681) add_provisioning_component /opt/stack/neutron/neutron/db/provisioning_blocks.py:69}}
Aug 18 19:30:06.337498 np0000007691 devstack@neutron-api.service[87681]: DEBUG neutron.plugins.ml2.plugin [None req-d5d49db6-04c7-4948-930d-1ddf07934e4b None None] Current status of the port a8b9d78f-1383-4951-90d5-232da987656e is: DOWN; New status is: DOWN {{(pid=87681) _update_individual_port_db_status /opt/stack/neutron/neutron/plugins/ml2/plugin.py:2473}}
Aug 18 19:30:06.338849 np0000007691 devstack@neutron-api.service[87681]: DEBUG ovsdbapp.backend.ovs_idl.transaction [-] Running txn n=1 command(idx=0): DbRemoveCommand(_result=None, table=Logical_Switch_Port, record=a8b9d78f-1383-4951-90d5-232da987656e, column=external_ids, values=('neutron:host_id',), keyvalues={}, if_exists=True) {{(pid=87681) do_commit /opt/stack/data/venv/lib/python3.12/site-packages/ovsdbapp/backend/ovs_idl/transaction.py:89}}
Aug 18 19:30:06.562743 np0000007691 devstack@neutron-api.service[87683]: DEBUG neutron.pecan_wsgi.hooks.policy_enforcement [None req-b18ea529-431c-44f1-9c69-027d34896cf7 admin admin] Attributes excluded by policy engine: ['standard_attr_id', 'shared'] {{(pid=87683) _exclude_attributes_by_policy /opt/stack/neutron/neutron/pecan_wsgi/hooks/policy_enforcement.py:259}}
Aug 18 19:30:06.563969 np0000007691 devstack@neutron-api.service[87683]: [pid: 87683|app: 0|req: 7/17] 10.4.3.156 () {64 vars in 1381 bytes} [Tue Aug 18 19:30:06 2026] GET /networking/v2.0/subnets/5e2e12f2-2b44-4477-a92e-0fa90cba23c7 => generated 666 bytes in 22 msecs (HTTP/1.1 200) 4 headers in 157 bytes (1 switches on core 0)
Aug 18 19:30:06.574760 np0000007691 devstack@neutron-api.service[87682]: DEBUG neutron.api.wsgi [None req-cff70452-b3df-469a-83bb-eb40ba7a1ac6 admin admin] Missing Content-Type {{(pid=87682) get_content_type /opt/stack/neutron/neutron/api/wsgi.py:80}}
Aug 18 19:30:06.657563 np0000007691 devstack@neutron-api.service[87682]: [pid: 87682|app: 0|req: 6/18] 10.4.3.156 () {64 vars in 1381 bytes} [Tue Aug 18 19:30:06 2026] GET /networking/v2.0/routers/eea0e2e9-5b53-4672-9bec-7e37f17497a2 => generated 599 bytes in 85 msecs (HTTP/1.1 200) 4 headers in 157 bytes (1 switches on core 0)
Aug 18 19:30:06.806765 np0000007691 devstack@neutron-api.service[87681]: DEBUG neutron_lib.callbacks.manager [None req-a9fa6b47-44a0-47fa-a65e-5583a805ad3b admin admin] Publish callbacks ['neutron.plugins.ml2.plugin.SecurityGroupDbMixin._ensure_default_security_group_handler-207200'] for port (None), before_create {{(pid=87681) _notify_loop /opt/stack/data/venv/lib/python3.12/site-packages/neutron_lib/callbacks/manager.py:184}}
Aug 18 19:30:06.922710 np0000007691 devstack@neutron-api.service[87681]: DEBUG neutron.db.db_base_plugin_common [None req-a9fa6b47-44a0-47fa-a65e-5583a805ad3b admin admin] Allocated IP 10.1.0.1 (64521185-05d6-4e0b-9779-70eac60fe969/5e2e12f2-2b44-4477-a92e-0fa90cba23c7/4084e31c-8740-4aa9-bc53-70788e8651a9) {{(pid=87681) _store_ip_allocation /opt/stack/neutron/neutron/db/db_base_plugin_common.py:131}}
Aug 18 19:30:06.987329 np0000007691 devstack@neutron-api.service[87681]: DEBUG neutron_lib.callbacks.manager [None req-a9fa6b47-44a0-47fa-a65e-5583a805ad3b admin admin] Publish callbacks ['neutron.plugins.ml2.drivers.ovn.mech_driver.mech_driver.OVNMechanismDriver._validate_allowed_address_pairs-8174951'] for allowed_address_pair (4084e31c-8740-4aa9-bc53-70788e8651a9), before_create {{(pid=87681) _notify_loop /opt/stack/data/venv/lib/python3.12/site-packages/neutron_lib/callbacks/manager.py:184}}
Aug 18 19:30:06.987965 np0000007691 devstack@neutron-api.service[87681]: DEBUG neutron_lib.callbacks.manager [None req-a9fa6b47-44a0-47fa-a65e-5583a805ad3b admin admin] Publish callbacks [] for port (4084e31c-8740-4aa9-bc53-70788e8651a9), precommit_create {{(pid=87681) _notify_loop /opt/stack/data/venv/lib/python3.12/site-packages/neutron_lib/callbacks/manager.py:184}}
Aug 18 19:30:06.988145 np0000007691 devstack@neutron-api.service[87681]: DEBUG neutron.plugins.ml2.drivers.ovn.mech_driver.mech_driver [None req-a9fa6b47-44a0-47fa-a65e-5583a805ad3b admin admin] No provisioning block for port 4084e31c-8740-4aa9-bc53-70788e8651a9 since it does not have a host {{(pid=87681) _is_port_provisioning_required /opt/stack/neutron/neutron/plugins/ml2/drivers/ovn/mech_driver/mech_driver.py:877}}
Aug 18 19:30:06.988294 np0000007691 devstack@neutron-api.service[87681]: DEBUG neutron.db.ovn_revision_numbers_db [None req-a9fa6b47-44a0-47fa-a65e-5583a805ad3b admin admin] create_initial_revision uuid=4084e31c-8740-4aa9-bc53-70788e8651a9, type=ports, rev=-1 {{(pid=87681) create_initial_revision /opt/stack/neutron/neutron/db/ovn_revision_numbers_db.py:98}}
Aug 18 19:30:07.055559 np0000007691 devstack@neutron-api.service[87681]: DEBUG neutron.db.ovn_revision_numbers_db [None req-a9fa6b47-44a0-47fa-a65e-5583a805ad3b admin admin] create_initial_revision uuid=4084e31c-8740-4aa9-bc53-70788e8651a9, type=router_ports, rev=-1 {{(pid=87681) create_initial_revision /opt/stack/neutron/neutron/db/ovn_revision_numbers_db.py:98}}
Aug 18 19:30:07.081683 np0000007691 devstack@neutron-api.service[87681]: DEBUG neutron_lib.callbacks.manager [None req-a9fa6b47-44a0-47fa-a65e-5583a805ad3b admin admin] Publish callbacks ['neutron.plugins.ml2.ovo_rpc._ObjectChangeHandler.handle_event-6977863'] for port (4084e31c-8740-4aa9-bc53-70788e8651a9), after_create {{(pid=87681) _notify_loop /opt/stack/data/venv/lib/python3.12/site-packages/neutron_lib/callbacks/manager.py:184}}
Aug 18 19:30:07.107565 np0000007691 devstack@neutron-api.service[87681]: DEBUG neutron.api.rpc.handlers.resources_rpc [None req-a9fa6b47-44a0-47fa-a65e-5583a805ad3b admin admin] Pushing event updated for resources: {'Port': ['ID=4084e31c-8740-4aa9-bc53-70788e8651a9,revision_number=1']} {{(pid=87681) push /opt/stack/neutron/neutron/api/rpc/handlers/resources_rpc.py:237}}
Aug 18 19:30:07.176366 np0000007691 devstack@neutron-api.service[87681]: DEBUG neutron.plugins.ml2.drivers.ovn.mech_driver.ovsdb.commands [None req-a9fa6b47-44a0-47fa-a65e-5583a805ad3b admin admin] Converting tag [] to a tag_request {{(pid=87681) _tag_column_to_tag_request /opt/stack/neutron/neutron/plugins/ml2/drivers/ovn/mech_driver/ovsdb/commands.py:227}}
Aug 18 19:30:07.176830 np0000007691 devstack@neutron-api.service[87681]: DEBUG ovsdbapp.backend.ovs_idl.transaction [-] Running txn n=1 command(idx=0): AddLSwitchPortCommand(_result=None, lport=4084e31c-8740-4aa9-bc53-70788e8651a9, lswitch=neutron-64521185-05d6-4e0b-9779-70eac60fe969, may_exist=True, network_uuid=64521185-05d6-4e0b-9779-70eac60fe969, columns={'addresses': ['unknown'], 'external_ids': {'neutron:port_name': '', 'neutron:device_id': 'eea0e2e9-5b53-4672-9bec-7e37f17497a2', 'neutron:project_id': '0d12d729c26d41558fb29b758d7d2793', 'neutron:cidrs': '10.1.0.1/26', 'neutron:device_owner': 'network:router_interface', 'neutron:subnet_pool_addr_scope4': '', 'neutron:subnet_pool_addr_scope6': '', 'neutron:network_name': 'neutron-64521185-05d6-4e0b-9779-70eac60fe969', 'neutron:security_group_ids': '', 'neutron:revision_number': '1', 'neutron:vnic_type': 'normal', 'neutron:port_capabilities': '', 'neutron:mtu': ''}, 'parent_name': [], 'enabled': True, 'options': {}, 'type': '', 'port_security': [], 'dhcpv4_options': [], 'dhcpv6_options': [], 'tag_request': []}) {{(pid=87681) do_commit /opt/stack/data/venv/lib/python3.12/site-packages/ovsdbapp/backend/ovs_idl/transaction.py:89}}
Aug 18 19:30:07.177231 np0000007691 devstack@neutron-api.service[87681]: DEBUG ovsdbapp.backend.ovs_idl.transaction [-] Running txn n=1 command(idx=1): QoSDelCommand(_result=None, switch=neutron-64521185-05d6-4e0b-9779-70eac60fe969, conditions=[('direction', '=', 'to-lport'), ('priority', '=', 2002), ('match', '=', 'outport == "4084e31c-8740-4aa9-bc53-70788e8651a9"')], if_exists=True) {{(pid=87681) do_commit /opt/stack/data/venv/lib/python3.12/site-packages/ovsdbapp/backend/ovs_idl/transaction.py:89}}
Aug 18 19:30:07.177358 np0000007691 devstack@neutron-api.service[87681]: DEBUG ovsdbapp.backend.ovs_idl.transaction [-] Running txn n=1 command(idx=2): QoSDelCommand(_result=None, switch=neutron-64521185-05d6-4e0b-9779-70eac60fe969, conditions=[('direction', '=', 'from-lport'), ('priority', '=', 2002), ('match', '=', 'inport == "4084e31c-8740-4aa9-bc53-70788e8651a9"')], if_exists=True) {{(pid=87681) do_commit /opt/stack/data/venv/lib/python3.12/site-packages/ovsdbapp/backend/ovs_idl/transaction.py:89}}
Aug 18 19:30:07.179457 np0000007691 devstack@neutron-api.service[87681]: DEBUG neutron.plugins.ml2.drivers.ovn.mech_driver.ovsdb.ovsdb_monitor [-] Hash Ring: Node b522602d69465bb09bbf1e06c8c65195 (host: np0000007691) handling event "update" for row 64521185-05d6-4e0b-9779-70eac60fe969 (table: Logical_Switch) {{(pid=87681) notify /opt/stack/neutron/neutron/plugins/ml2/drivers/ovn/mech_driver/ovsdb/ovsdb_monitor.py:1099}}
Aug 18 19:30:07.179646 np0000007691 devstack@neutron-api.service[87681]: DEBUG neutron.plugins.ml2.drivers.ovn.mech_driver.ovsdb.ovsdb_monitor [-] Hash Ring: Node b522602d69465bb09bbf1e06c8c65195 (host: np0000007691) handling event "create" for row c36f3b66-37f5-4fc5-a262-90ed294537ec (table: Logical_Switch_Port) {{(pid=87681) notify /opt/stack/neutron/neutron/plugins/ml2/drivers/ovn/mech_driver/ovsdb/ovsdb_monitor.py:1099}}
Aug 18 19:30:07.180617 np0000007691 devstack@neutron-api.service[87681]: DEBUG ovsdbapp.backend.ovs_idl.event [-] Matched CREATE: LogicalSwitchPortCreateEvent(events=('create',), table='Logical_Switch_Port', conditions=[], old_conditions=None), priority=20 to row=Logical_Switch_Port(uuid=c36f3b66-37f5-4fc5-a262-90ed294537ec, addresses=['unknown'], dhcpv4_options=[], dhcpv6_options=[], dynamic_addresses=[], enabled=True, external_ids={'neutron:cidrs': '10.1.0.1/26', 'neutron:device_id': 'eea0e2e9-5b53-4672-9bec-7e37f17497a2', 'neutron:device_owner': 'network:router_interface', 'neutron:mtu': '', 'neutron:network_name': 'neutron-64521185-05d6-4e0b-9779-70eac60fe969', 'neutron:port_capabilities': '', 'neutron:port_name': '', 'neutron:project_id': '0d12d729c26d41558fb29b758d7d2793', 'neutron:revision_number': '1', 'neutron:security_group_ids': '', 'neutron:subnet_pool_addr_scope4': '', 'neutron:subnet_pool_addr_scope6': '', 'neutron:vnic_type': 'normal'}, ha_chassis_group=[], mirror_rules=[], name='4084e31c-8740-4aa9-bc53-70788e8651a9', options={}, parent_name=[], port_security=[], tag=[], tag_request=[], type='', up=[]) old= {{(pid=87681) matches /opt/stack/data/venv/lib/python3.12/site-packages/ovsdbapp/backend/ovs_idl/event.py:55}}
Aug 18 19:30:07.183430 np0000007691 devstack@neutron-api.service[87683]: DEBUG neutron.plugins.ml2.drivers.ovn.mech_driver.ovsdb.ovsdb_monitor [-] Hash Ring: Node 864ba64349e153d99f800c6766cc72c2 (host: np0000007691) handling event "update" for row 64521185-05d6-4e0b-9779-70eac60fe969 (table: Logical_Switch) {{(pid=87683) notify /opt/stack/neutron/neutron/plugins/ml2/drivers/ovn/mech_driver/ovsdb/ovsdb_monitor.py:1099}}
