Aug 18 19:30:16.301739 np0000007691 devstack@neutron-api.service[87681]: DEBUG ovsdbapp.backend.ovs_idl.transaction [None req-cd21e2f8-2b3c-45f0-bf01-6588943d6783 None None] Running txn n=1 command(idx=2): PgDelPortCommand(_result=None, port_group=neutron_pg_drop, lsp=['0b745e13-f1a4-4a5e-a459-41a3965c11c3'], if_exists=False) {{(pid=87681) do_commit /opt/stack/data/venv/lib/python3.12/site-packages/ovsdbapp/backend/ovs_idl/transaction.py:89}}
Aug 18 19:30:16.326921 np0000007691 devstack@neutron-api.service[87683]: DEBUG ovsdbapp.backend.ovs_idl.transaction [None req-b8105078-0017-4437-a341-d277dac9a752 None None] Running txn n=1 command(idx=0): DbSetCommand(_result=None, table=Logical_Switch_Port, record=0b745e13-f1a4-4a5e-a459-41a3965c11c3, col_values=(('external_ids', {'neutron:host_id': 'np0000007691'}),), if_exists=True) {{(pid=87683) do_commit /opt/stack/data/venv/lib/python3.12/site-packages/ovsdbapp/backend/ovs_idl/transaction.py:89}}
Aug 18 19:30:16.327535 np0000007691 devstack@neutron-api.service[87683]: DEBUG ovsdbapp.backend.ovs_idl.transaction [None req-b8105078-0017-4437-a341-d277dac9a752 None None] Transaction caused no change {{(pid=87683) do_commit /opt/stack/data/venv/lib/python3.12/site-packages/ovsdbapp/backend/ovs_idl/transaction.py:129}}
Aug 18 19:30:16.329734 np0000007691 devstack@neutron-api.service[87681]: DEBUG ovsdbapp.backend.ovs_idl.transaction [None req-cd21e2f8-2b3c-45f0-bf01-6588943d6783 None None] Running txn n=1 command(idx=0): DbSetCommand(_result=None, table=Logical_Switch_Port, record=0b745e13-f1a4-4a5e-a459-41a3965c11c3, col_values=(('external_ids', {'neutron:host_id': 'np0000007691'}),), if_exists=True) {{(pid=87681) do_commit /opt/stack/data/venv/lib/python3.12/site-packages/ovsdbapp/backend/ovs_idl/transaction.py:89}}
Aug 18 19:30:16.330282 np0000007691 devstack@neutron-api.service[87681]: DEBUG ovsdbapp.backend.ovs_idl.transaction [None req-cd21e2f8-2b3c-45f0-bf01-6588943d6783 None None] Transaction caused no change {{(pid=87681) do_commit /opt/stack/data/venv/lib/python3.12/site-packages/ovsdbapp/backend/ovs_idl/transaction.py:129}}
Aug 18 19:30:16.531694 np0000007691 devstack@neutron-api.service[87683]: DEBUG neutron.api.wsgi [None req-34e2f932-eee9-4dd5-b6cb-23732dbd1710 admin admin] Missing Content-Type {{(pid=87683) get_content_type /opt/stack/neutron/neutron/api/wsgi.py:80}}
Aug 18 19:30:16.576843 np0000007691 devstack@neutron-api.service[87683]: [pid: 87683|app: 0|req: 12/32] 10.4.3.156 () {64 vars in 1381 bytes} [Tue Aug 18 19:30:16 2026] GET /networking/v2.0/routers/eea0e2e9-5b53-4672-9bec-7e37f17497a2 => generated 1110 bytes in 48 msecs (HTTP/1.1 200) 4 headers in 158 bytes (1 switches on core 0)
Aug 18 19:30:16.640941 np0000007691 devstack@neutron-api.service[87682]: DEBUG neutron.pecan_wsgi.hooks.policy_enforcement [None req-fab99de8-c829-40e2-bdda-e45a90cbedba admin admin] Attributes excluded by policy engine: ['standard_attr_id'] {{(pid=87682) _exclude_attributes_by_policy /opt/stack/neutron/neutron/pecan_wsgi/hooks/policy_enforcement.py:259}}
Aug 18 19:30:16.642898 np0000007691 devstack@neutron-api.service[87682]: [pid: 87682|app: 0|req: 11/33] 10.4.3.156 () {64 vars in 1370 bytes} [Tue Aug 18 19:30:16 2026] GET /networking/v2.0/ports?device_id=eea0e2e9-5b53-4672-9bec-7e37f17497a2 => generated 2593 bytes in 58 msecs (HTTP/1.1 200) 4 headers in 158 bytes (1 switches on core 0)
Aug 18 19:30:22.785309 np0000007691 devstack@neutron-api.service[87683]: DEBUG futurist.periodics [-] Submitting periodic callback 'neutron.plugins.ml2.drivers.ovn.mech_driver.ovsdb.maintenance.HashRingHealthCheckPeriodics.touch_hash_ring_node' {{(pid=87683) _process_scheduled /opt/stack/data/venv/lib/python3.12/site-packages/futurist/periodics.py:784}}
Aug 18 19:30:22.785902 np0000007691 devstack@neutron-api.service[87683]: DEBUG neutron.plugins.ml2.drivers.ovn.mech_driver.ovsdb.maintenance [-] Touching Hash Ring node "864ba64349e153d99f800c6766cc72c2" from periodic health check thread {{(pid=87683) touch_hash_ring_node /opt/stack/neutron/neutron/plugins/ml2/drivers/ovn/mech_driver/ovsdb/maintenance.py:1453}}
Aug 18 19:30:23.726386 np0000007691 devstack@neutron-api.service[87682]: DEBUG futurist.periodics [-] Submitting periodic callback 'neutron.plugins.ml2.drivers.ovn.mech_driver.ovsdb.maintenance.HashRingHealthCheckPeriodics.touch_hash_ring_node' {{(pid=87682) _process_scheduled /opt/stack/data/venv/lib/python3.12/site-packages/futurist/periodics.py:784}}
Aug 18 19:30:23.726857 np0000007691 devstack@neutron-api.service[87682]: DEBUG neutron.plugins.ml2.drivers.ovn.mech_driver.ovsdb.maintenance [-] Touching Hash Ring node "f2fb5b88dab25a0daaa64e3bc2a6a0a2" from periodic health check thread {{(pid=87682) touch_hash_ring_node /opt/stack/neutron/neutron/plugins/ml2/drivers/ovn/mech_driver/ovsdb/maintenance.py:1453}}
Aug 18 19:30:23.740190 np0000007691 devstack@neutron-api.service[87681]: DEBUG futurist.periodics [-] Submitting periodic callback 'neutron.plugins.ml2.drivers.ovn.mech_driver.ovsdb.maintenance.HashRingHealthCheckPeriodics.touch_hash_ring_node' {{(pid=87681) _process_scheduled /opt/stack/data/venv/lib/python3.12/site-packages/futurist/periodics.py:784}}
Aug 18 19:30:23.740664 np0000007691 devstack@neutron-api.service[87681]: DEBUG neutron.plugins.ml2.drivers.ovn.mech_driver.ovsdb.maintenance [-] Touching Hash Ring node "b522602d69465bb09bbf1e06c8c65195" from periodic health check thread {{(pid=87681) touch_hash_ring_node /opt/stack/neutron/neutron/plugins/ml2/drivers/ovn/mech_driver/ovsdb/maintenance.py:1453}}
Aug 18 19:30:32.793916 np0000007691 devstack@neutron-api.service[87683]: DEBUG dbcounter [-] [87683] Writing DB stats neutron:SELECT=2853,neutron:INSERT=728,neutron:DELETE=11,neutron:UPDATE=130 {{(pid=87683) stat_writer /opt/stack/data/venv/lib/python3.12/site-packages/dbcounter.py:115}}
Aug 18 19:30:33.734568 np0000007691 devstack@neutron-api.service[87682]: DEBUG dbcounter [-] [87682] Writing DB stats neutron:SELECT=251,neutron:INSERT=17,neutron:DELETE=6,neutron:UPDATE=23 {{(pid=87682) stat_writer /opt/stack/data/venv/lib/python3.12/site-packages/dbcounter.py:115}}
Aug 18 19:30:33.748138 np0000007691 devstack@neutron-api.service[87681]: DEBUG dbcounter [-] [87681] Writing DB stats neutron:SELECT=2868,neutron:INSERT=59,neutron:DELETE=11,neutron:UPDATE=90 {{(pid=87681) stat_writer /opt/stack/data/venv/lib/python3.12/site-packages/dbcounter.py:115}}
Aug 18 19:30:37.785951 np0000007691 devstack@neutron-api.service[87683]: DEBUG futurist.periodics [-] Submitting periodic callback 'neutron.plugins.ml2.drivers.ovn.mech_driver.ovsdb.maintenance.HashRingHealthCheckPeriodics.touch_hash_ring_node' {{(pid=87683) _process_scheduled /opt/stack/data/venv/lib/python3.12/site-packages/futurist/periodics.py:784}}
Aug 18 19:30:37.786423 np0000007691 devstack@neutron-api.service[87683]: DEBUG neutron.plugins.ml2.drivers.ovn.mech_driver.ovsdb.maintenance [-] Touching Hash Ring node "864ba64349e153d99f800c6766cc72c2" from periodic health check thread {{(pid=87683) touch_hash_ring_node /opt/stack/neutron/neutron/plugins/ml2/drivers/ovn/mech_driver/ovsdb/maintenance.py:1453}}
Aug 18 19:30:38.727149 np0000007691 devstack@neutron-api.service[87682]: DEBUG futurist.periodics [-] Submitting periodic callback 'neutron.plugins.ml2.drivers.ovn.mech_driver.ovsdb.maintenance.HashRingHealthCheckPeriodics.touch_hash_ring_node' {{(pid=87682) _process_scheduled /opt/stack/data/venv/lib/python3.12/site-packages/futurist/periodics.py:784}}
Aug 18 19:30:38.727598 np0000007691 devstack@neutron-api.service[87682]: DEBUG neutron.plugins.ml2.drivers.ovn.mech_driver.ovsdb.maintenance [-] Touching Hash Ring node "f2fb5b88dab25a0daaa64e3bc2a6a0a2" from periodic health check thread {{(pid=87682) touch_hash_ring_node /opt/stack/neutron/neutron/plugins/ml2/drivers/ovn/mech_driver/ovsdb/maintenance.py:1453}}
Aug 18 19:30:38.740844 np0000007691 devstack@neutron-api.service[87681]: DEBUG futurist.periodics [-] Submitting periodic callback 'neutron.plugins.ml2.drivers.ovn.mech_driver.ovsdb.maintenance.HashRingHealthCheckPeriodics.touch_hash_ring_node' {{(pid=87681) _process_scheduled /opt/stack/data/venv/lib/python3.12/site-packages/futurist/periodics.py:784}}
Aug 18 19:30:38.741211 np0000007691 devstack@neutron-api.service[87681]: DEBUG neutron.plugins.ml2.drivers.ovn.mech_driver.ovsdb.maintenance [-] Touching Hash Ring node "b522602d69465bb09bbf1e06c8c65195" from periodic health check thread {{(pid=87681) touch_hash_ring_node /opt/stack/neutron/neutron/plugins/ml2/drivers/ovn/mech_driver/ovsdb/maintenance.py:1453}}
Aug 18 19:30:47.792586 np0000007691 devstack@neutron-api.service[87683]: DEBUG dbcounter [-] [87683] Writing DB stats neutron:UPDATE=1,neutron:SELECT=1 {{(pid=87683) stat_writer /opt/stack/data/venv/lib/python3.12/site-packages/dbcounter.py:115}}
Aug 18 19:30:48.733963 np0000007691 devstack@neutron-api.service[87682]: DEBUG dbcounter [-] [87682] Writing DB stats neutron:UPDATE=1,neutron:SELECT=1 {{(pid=87682) stat_writer /opt/stack/data/venv/lib/python3.12/site-packages/dbcounter.py:115}}
Aug 18 19:30:48.746439 np0000007691 devstack@neutron-api.service[87681]: DEBUG dbcounter [-] [87681] Writing DB stats neutron:UPDATE=1,neutron:SELECT=1 {{(pid=87681) stat_writer /opt/stack/data/venv/lib/python3.12/site-packages/dbcounter.py:115}}
Aug 18 19:30:52.786597 np0000007691 devstack@neutron-api.service[87683]: DEBUG futurist.periodics [-] Submitting periodic callback 'neutron.plugins.ml2.drivers.ovn.mech_driver.ovsdb.maintenance.HashRingHealthCheckPeriodics.touch_hash_ring_node' {{(pid=87683) _process_scheduled /opt/stack/data/venv/lib/python3.12/site-packages/futurist/periodics.py:784}}
Aug 18 19:30:52.788181 np0000007691 devstack@neutron-api.service[87683]: DEBUG neutron.plugins.ml2.drivers.ovn.mech_driver.ovsdb.maintenance [-] Touching Hash Ring node "864ba64349e153d99f800c6766cc72c2" from periodic health check thread {{(pid=87683) touch_hash_ring_node /opt/stack/neutron/neutron/plugins/ml2/drivers/ovn/mech_driver/ovsdb/maintenance.py:1453}}
Aug 18 19:30:53.727810 np0000007691 devstack@neutron-api.service[87682]: DEBUG futurist.periodics [-] Submitting periodic callback 'neutron.plugins.ml2.drivers.ovn.mech_driver.ovsdb.maintenance.HashRingHealthCheckPeriodics.touch_hash_ring_node' {{(pid=87682) _process_scheduled /opt/stack/data/venv/lib/python3.12/site-packages/futurist/periodics.py:784}}
Aug 18 19:30:53.728245 np0000007691 devstack@neutron-api.service[87682]: DEBUG neutron.plugins.ml2.drivers.ovn.mech_driver.ovsdb.maintenance [-] Touching Hash Ring node "f2fb5b88dab25a0daaa64e3bc2a6a0a2" from periodic health check thread {{(pid=87682) touch_hash_ring_node /opt/stack/neutron/neutron/plugins/ml2/drivers/ovn/mech_driver/ovsdb/maintenance.py:1453}}
Aug 18 19:30:53.741301 np0000007691 devstack@neutron-api.service[87681]: DEBUG futurist.periodics [-] Submitting periodic callback 'neutron.plugins.ml2.drivers.ovn.mech_driver.ovsdb.maintenance.HashRingHealthCheckPeriodics.touch_hash_ring_node' {{(pid=87681) _process_scheduled /opt/stack/data/venv/lib/python3.12/site-packages/futurist/periodics.py:784}}
Aug 18 19:30:53.741682 np0000007691 devstack@neutron-api.service[87681]: DEBUG neutron.plugins.ml2.drivers.ovn.mech_driver.ovsdb.maintenance [-] Touching Hash Ring node "b522602d69465bb09bbf1e06c8c65195" from periodic health check thread {{(pid=87681) touch_hash_ring_node /opt/stack/neutron/neutron/plugins/ml2/drivers/ovn/mech_driver/ovsdb/maintenance.py:1453}}
Aug 18 19:31:02.792981 np0000007691 devstack@neutron-api.service[87683]: DEBUG dbcounter [-] [87683] Writing DB stats neutron:UPDATE=1,neutron:SELECT=1 {{(pid=87683) stat_writer /opt/stack/data/venv/lib/python3.12/site-packages/dbcounter.py:115}}
Aug 18 19:31:03.735974 np0000007691 devstack@neutron-api.service[87682]: DEBUG dbcounter [-] [87682] Writing DB stats neutron:UPDATE=1,neutron:SELECT=1 {{(pid=87682) stat_writer /opt/stack/data/venv/lib/python3.12/site-packages/dbcounter.py:115}}
Aug 18 19:31:03.748122 np0000007691 devstack@neutron-api.service[87681]: DEBUG dbcounter [-] [87681] Writing DB stats neutron:UPDATE=1,neutron:SELECT=1 {{(pid=87681) stat_writer /opt/stack/data/venv/lib/python3.12/site-packages/dbcounter.py:115}}
Aug 18 19:31:07.787477 np0000007691 devstack@neutron-api.service[87683]: DEBUG futurist.periodics [-] Submitting periodic callback 'neutron.plugins.ml2.drivers.ovn.mech_driver.ovsdb.maintenance.HashRingHealthCheckPeriodics.touch_hash_ring_node' {{(pid=87683) _process_scheduled /opt/stack/data/venv/lib/python3.12/site-packages/futurist/periodics.py:784}}
Aug 18 19:31:07.789290 np0000007691 devstack@neutron-api.service[87683]: DEBUG neutron.plugins.ml2.drivers.ovn.mech_driver.ovsdb.maintenance [-] Touching Hash Ring node "864ba64349e153d99f800c6766cc72c2" from periodic health check thread {{(pid=87683) touch_hash_ring_node /opt/stack/neutron/neutron/plugins/ml2/drivers/ovn/mech_driver/ovsdb/maintenance.py:1453}}
Aug 18 19:31:08.728319 np0000007691 devstack@neutron-api.service[87682]: DEBUG futurist.periodics [-] Submitting periodic callback 'neutron.plugins.ml2.drivers.ovn.mech_driver.ovsdb.maintenance.HashRingHealthCheckPeriodics.touch_hash_ring_node' {{(pid=87682) _process_scheduled /opt/stack/data/venv/lib/python3.12/site-packages/futurist/periodics.py:784}}
Aug 18 19:31:08.730052 np0000007691 devstack@neutron-api.service[87682]: DEBUG neutron.plugins.ml2.drivers.ovn.mech_driver.ovsdb.maintenance [-] Touching Hash Ring node "f2fb5b88dab25a0daaa64e3bc2a6a0a2" from periodic health check thread {{(pid=87682) touch_hash_ring_node /opt/stack/neutron/neutron/plugins/ml2/drivers/ovn/mech_driver/ovsdb/maintenance.py:1453}}
Aug 18 19:31:08.741746 np0000007691 devstack@neutron-api.service[87681]: DEBUG futurist.periodics [-] Submitting periodic callback 'neutron.plugins.ml2.drivers.ovn.mech_driver.ovsdb.maintenance.HashRingHealthCheckPeriodics.touch_hash_ring_node' {{(pid=87681) _process_scheduled /opt/stack/data/venv/lib/python3.12/site-packages/futurist/periodics.py:784}}
Aug 18 19:31:08.742106 np0000007691 devstack@neutron-api.service[87681]: DEBUG neutron.plugins.ml2.drivers.ovn.mech_driver.ovsdb.maintenance [-] Touching Hash Ring node "b522602d69465bb09bbf1e06c8c65195" from periodic health check thread {{(pid=87681) touch_hash_ring_node /opt/stack/neutron/neutron/plugins/ml2/drivers/ovn/mech_driver/ovsdb/maintenance.py:1453}}
Aug 18 19:31:15.881750 np0000007691 devstack@neutron-api.service[87681]: DEBUG neutron.api.wsgi [None req-91cb019d-9cfb-4970-af35-857956617704 admin admin] Missing Content-Type {{(pid=87681) get_content_type /opt/stack/neutron/neutron/api/wsgi.py:80}}
Aug 18 19:31:15.882296 np0000007691 devstack@neutron-api.service[87681]: DEBUG neutron.api.wsgi [None req-91cb019d-9cfb-4970-af35-857956617704 admin admin] https://10.4.3.156/networking/v2.0/extensions returned with HTTP 200 {{(pid=87681) __call__ /opt/stack/neutron/neutron/api/wsgi.py:540}}
Aug 18 19:31:15.882833 np0000007691 devstack@neutron-api.service[87681]: [pid: 87681|app: 0|req: 11/34] 10.4.3.156 () {64 vars in 1292 bytes} [Tue Aug 18 19:31:15 2026] GET /networking/v2.0/extensions => generated 16171 bytes in 4 msecs (HTTP/1.1 200) 4 headers in 159 bytes (1 switches on core 0)
Aug 18 19:31:16.167164 np0000007691 devstack@neutron-api.service[87683]: INFO neutron.pecan_wsgi.hooks.translation [None req-afd77efb-63c1-4d0a-a3e9-3437ca68b9d7 admin admin] GET failed (client error): The resource could not be found.
Aug 18 19:31:16.167766 np0000007691 devstack@neutron-api.service[87683]: [pid: 87683|app: 0|req: 13/35] 10.4.3.156 () {64 vars in 1294 bytes} [Tue Aug 18 19:31:16 2026] GET /networking/v2.0/networks/public => generated 108 bytes in 8 msecs (HTTP/1.1 404) 4 headers in 164 bytes (1 switches on core 0)
Aug 18 19:31:16.209845 np0000007691 devstack@neutron-api.service[87682]: DEBUG neutron.pecan_wsgi.hooks.policy_enforcement [None req-3cde68ad-d6a2-4c5a-b879-a6987cd589c1 admin admin] Attributes excluded by policy engine: ['standard_attr_id'] {{(pid=87682) _exclude_attributes_by_policy /opt/stack/neutron/neutron/pecan_wsgi/hooks/policy_enforcement.py:259}}
Aug 18 19:31:16.210852 np0000007691 devstack@neutron-api.service[87682]: [pid: 87682|app: 0|req: 12/36] 10.4.3.156 () {64 vars in 1309 bytes} [Tue Aug 18 19:31:16 2026] GET /networking/v2.0/networks?name=public => generated 759 bytes in 35 msecs (HTTP/1.1 200) 4 headers in 157 bytes (1 switches on core 0)
Aug 18 19:31:16.405358 np0000007691 devstack@neutron-api.service[87681]: DEBUG neutron.api.v2.base [None req-2b1e45fb-a02d-44b1-b589-e419cbaa6501 admin admin] Request body: {'network': {'name': 'shared', 'admin_state_up': True, 'shared': True}} {{(pid=87681) prepare_request_body /opt/stack/neutron/neutron/api/v2/base.py:727}}
Aug 18 19:31:16.417167 np0000007691 devstack@neutron-api.service[87681]: DEBUG neutron.pecan_wsgi.hooks.quota_enforcement [None req-2b1e45fb-a02d-44b1-b589-e419cbaa6501 admin admin] Made reservation on behalf of 0d12d729c26d41558fb29b758d7d2793 for: {'network': 1} {{(pid=87681) before /opt/stack/neutron/neutron/pecan_wsgi/hooks/quota_enforcement.py:66}}
Aug 18 19:31:16.419585 np0000007691 devstack@neutron-api.service[87681]: DEBUG neutron_lib.callbacks.manager [None req-2b1e45fb-a02d-44b1-b589-e419cbaa6501 admin admin] Publish callbacks ['neutron.plugins.ml2.plugin.SecurityGroupDbMixin._ensure_default_security_group_handler-207200'] for network (None), before_create {{(pid=87681) _notify_loop /opt/stack/data/venv/lib/python3.12/site-packages/neutron_lib/callbacks/manager.py:184}}
Aug 18 19:31:16.443930 np0000007691 devstack@neutron-api.service[87681]: WARNING neutron.services.revisions.revision_plugin [None req-2b1e45fb-a02d-44b1-b589-e419cbaa6501 admin admin] Could not find related network for resource to bump revision.
Aug 18 19:31:16.469321 np0000007691 devstack@neutron-api.service[87681]: DEBUG neutron.plugins.ml2.drivers.helpers [None req-2b1e45fb-a02d-44b1-b589-e419cbaa6501 admin admin] geneve segment allocate from pool success with {'geneve_vni': 51893} {{(pid=87681) allocate_partially_specified_segment /opt/stack/neutron/neutron/plugins/ml2/drivers/helpers.py:142}}
Aug 18 19:31:16.475504 np0000007691 devstack@neutron-api.service[87681]: DEBUG neutron_lib.callbacks.manager [None req-2b1e45fb-a02d-44b1-b589-e419cbaa6501 admin admin] Publish callbacks ['neutron.plugins.ml2.plugin.Ml2Plugin._handle_segment_change-453060'] for segment (4d2cb387-da73-45b1-9160-a3681726ba18), precommit_create {{(pid=87681) _notify_loop /opt/stack/data/venv/lib/python3.12/site-packages/neutron_lib/callbacks/manager.py:184}}
Aug 18 19:31:16.475643 np0000007691 devstack@neutron-api.service[87681]: INFO neutron.db.segments_db [None req-2b1e45fb-a02d-44b1-b589-e419cbaa6501 admin admin] Added segment 4d2cb387-da73-45b1-9160-a3681726ba18 of type geneve for network bc18c014-b9c2-43c1-8200-03c3ca40ebb6
Aug 18 19:31:16.486629 np0000007691 devstack@neutron-api.service[87681]: DEBUG neutron_lib.callbacks.manager [None req-2b1e45fb-a02d-44b1-b589-e419cbaa6501 admin admin] Publish callbacks ['neutron.services.auto_allocate.db._ensure_external_network_default_value_callback-8121425827350'] for network (bc18c014-b9c2-43c1-8200-03c3ca40ebb6), precommit_create {{(pid=87681) _notify_loop /opt/stack/data/venv/lib/python3.12/site-packages/neutron_lib/callbacks/manager.py:184}}
Aug 18 19:31:16.495665 np0000007691 devstack@neutron-api.service[87681]: DEBUG neutron.plugins.ml2.drivers.ovn.mech_driver.mech_driver [None req-2b1e45fb-a02d-44b1-b589-e419cbaa6501 admin admin] Validating network segment with type geneve, segmentation ID 51893, physical network None {{(pid=87681) _validate_network_segments /opt/stack/neutron/neutron/plugins/ml2/drivers/ovn/mech_driver/mech_driver.py:624}}
Aug 18 19:31:16.495786 np0000007691 devstack@neutron-api.service[87681]: DEBUG neutron.db.ovn_revision_numbers_db [None req-2b1e45fb-a02d-44b1-b589-e419cbaa6501 admin admin] create_initial_revision uuid=bc18c014-b9c2-43c1-8200-03c3ca40ebb6, type=networks, rev=-1 {{(pid=87681) create_initial_revision /opt/stack/neutron/neutron/db/ovn_revision_numbers_db.py:98}}
Aug 18 19:31:16.501401 np0000007691 devstack@neutron-api.service[87681]: DEBUG neutron_lib.callbacks.manager [None req-2b1e45fb-a02d-44b1-b589-e419cbaa6501 admin admin] Publish callbacks ['neutron.plugins.ml2.ovo_rpc._ObjectChangeHandler.handle_event-6977716'] for network (bc18c014-b9c2-43c1-8200-03c3ca40ebb6), after_create {{(pid=87681) _notify_loop /opt/stack/data/venv/lib/python3.12/site-packages/neutron_lib/callbacks/manager.py:184}}
Aug 18 19:31:16.513473 np0000007691 devstack@neutron-api.service[87681]: DEBUG neutron.api.rpc.handlers.resources_rpc [None req-2b1e45fb-a02d-44b1-b589-e419cbaa6501 admin admin] Pushing event updated for resources: {'Network': ['ID=bc18c014-b9c2-43c1-8200-03c3ca40ebb6,revision_number=1']} {{(pid=87681) push /opt/stack/neutron/neutron/api/rpc/handlers/resources_rpc.py:237}}
Aug 18 19:31:16.516990 np0000007691 devstack@neutron-api.service[87681]: DEBUG ovsdbapp.backend.ovs_idl.transaction [None req-cd21e2f8-2b3c-45f0-bf01-6588943d6783 None None] Running txn n=1 command(idx=0): CheckLivenessCommand(_result=None) {{(pid=87681) do_commit /opt/stack/data/venv/lib/python3.12/site-packages/ovsdbapp/backend/ovs_idl/transaction.py:89}}
Aug 18 19:31:16.522360 np0000007691 devstack@neutron-api.service[87683]: DEBUG ovsdbapp.backend.ovs_idl.event [None req-057825c8-8d17-4c7d-bc67-cc37c5b31a5f None None] Matched UPDATE: ChassisAgentWriteEvent(events=('create', 'update'), table='Chassis_Private', conditions=None, old_conditions=None), priority=20 to row=Chassis_Private(uuid=289029e7-1e51-4d56-9007-64d9ae1a5504, chassis=4a927591-c83f-435e-94da-b8755054ce2e, external_ids={'neutron:ovn-bridge': 'br-int', 'neutron:ovn-neutron-agent-id': '48dfdb3d-0eee-5ba8-8d82-c04e091bcaff', 'neutron:ovn-neutron-agent-sb-cfg': '1'}, name='80544325-98f5-4bf1-90f7-2e2db0aaaef8', nb_cfg=2, nb_cfg_timestamp=1787081476519) old=Chassis_Private(uuid=289029e7-1e51-4d56-9007-64d9ae1a5504, nb_cfg=1, nb_cfg_timestamp=1787081400339) {{(pid=87683) matches /opt/stack/data/venv/lib/python3.12/site-packages/ovsdbapp/backend/ovs_idl/event.py:55}}
Aug 18 19:31:16.522586 np0000007691 devstack@neutron-api.service[87681]: DEBUG ovsdbapp.backend.ovs_idl.event [None req-06818f03-0024-4c09-8d32-fa4bae004ba0 None None] Matched UPDATE: ChassisAgentWriteEvent(events=('create', 'update'), table='Chassis_Private', conditions=None, old_conditions=None), priority=20 to row=Chassis_Private(uuid=289029e7-1e51-4d56-9007-64d9ae1a5504, chassis=4a927591-c83f-435e-94da-b8755054ce2e, external_ids={'neutron:ovn-bridge': 'br-int', 'neutron:ovn-neutron-agent-id': '48dfdb3d-0eee-5ba8-8d82-c04e091bcaff', 'neutron:ovn-neutron-agent-sb-cfg': '1'}, name='80544325-98f5-4bf1-90f7-2e2db0aaaef8', nb_cfg=2, nb_cfg_timestamp=1787081476519) old=Chassis_Private(uuid=289029e7-1e51-4d56-9007-64d9ae1a5504, nb_cfg=1, nb_cfg_timestamp=1787081400339) {{(pid=87681) matches /opt/stack/data/venv/lib/python3.12/site-packages/ovsdbapp/backend/ovs_idl/event.py:55}}
Aug 18 19:31:16.525056 np0000007691 devstack@neutron-api.service[87682]: DEBUG ovsdbapp.backend.ovs_idl.event [None req-1cd60697-4979-477d-9611-652dcf9d9ee0 None None] Matched UPDATE: ChassisAgentWriteEvent(events=('create', 'update'), table='Chassis_Private', conditions=None, old_conditions=None), priority=20 to row=Chassis_Private(uuid=289029e7-1e51-4d56-9007-64d9ae1a5504, chassis=4a927591-c83f-435e-94da-b8755054ce2e, external_ids={'neutron:ovn-bridge': 'br-int', 'neutron:ovn-neutron-agent-id': '48dfdb3d-0eee-5ba8-8d82-c04e091bcaff', 'neutron:ovn-neutron-agent-sb-cfg': '1'}, name='80544325-98f5-4bf1-90f7-2e2db0aaaef8', nb_cfg=2, nb_cfg_timestamp=1787081476519) old=Chassis_Private(uuid=289029e7-1e51-4d56-9007-64d9ae1a5504, nb_cfg=1, nb_cfg_timestamp=1787081400339) {{(pid=87682) matches /opt/stack/data/venv/lib/python3.12/site-packages/ovsdbapp/backend/ovs_idl/event.py:55}}
Aug 18 19:31:16.528340 np0000007691 devstack@neutron-api.service[87681]: DEBUG neutron.common.ovn.hash_ring_manager [None req-cd21e2f8-2b3c-45f0-bf01-6588943d6783 None None] Hash Ring loaded. 3 active nodes. 0 offline nodes {{(pid=87681) _load_hash_ring /opt/stack/neutron/neutron/common/ovn/hash_ring_manager.py:110}}
Aug 18 19:31:16.529303 np0000007691 devstack@neutron-api.service[87681]: DEBUG neutron.plugins.ml2.drivers.ovn.mech_driver.ovsdb.ovsdb_monitor [None req-cd21e2f8-2b3c-45f0-bf01-6588943d6783 None None] Hash Ring: Node b522602d69465bb09bbf1e06c8c65195 (host: np0000007691) handling event "update" for row 0f4f8468-5ec4-4006-8154-11d23e6fec00 (table: NB_Global) {{(pid=87681) notify /opt/stack/neutron/neutron/plugins/ml2/drivers/ovn/mech_driver/ovsdb/ovsdb_monitor.py:1099}}
Aug 18 19:31:16.530903 np0000007691 devstack@neutron-api.service[87681]: DEBUG neutron.plugins.ml2.drivers.ovn.mech_driver.ovsdb.ovsdb_monitor [None req-cd21e2f8-2b3c-45f0-bf01-6588943d6783 None None] Hash Ring: Node b522602d69465bb09bbf1e06c8c65195 (host: np0000007691) handling event "update" for row 0f4f8468-5ec4-4006-8154-11d23e6fec00 (table: NB_Global) {{(pid=87681) notify /opt/stack/neutron/neutron/plugins/ml2/drivers/ovn/mech_driver/ovsdb/ovsdb_monitor.py:1099}}
Aug 18 19:31:16.531050 np0000007691 devstack@neutron-api.service[87683]: DEBUG neutron.common.ovn.hash_ring_manager [None req-b8105078-0017-4437-a341-d277dac9a752 None None] Hash Ring loaded. 3 active nodes. 0 offline nodes {{(pid=87683) _load_hash_ring /opt/stack/neutron/neutron/common/ovn/hash_ring_manager.py:110}}
Aug 18 19:31:16.532698 np0000007691 devstack@neutron-api.service[87681]: DEBUG neutron.plugins.ml2.drivers.ovn.mech_driver.ovsdb.ovsdb_monitor [None req-cd21e2f8-2b3c-45f0-bf01-6588943d6783 None None] Hash Ring: Node b522602d69465bb09bbf1e06c8c65195 (host: np0000007691) handling event "update" for row 0f4f8468-5ec4-4006-8154-11d23e6fec00 (table: NB_Global) {{(pid=87681) notify /opt/stack/neutron/neutron/plugins/ml2/drivers/ovn/mech_driver/ovsdb/ovsdb_monitor.py:1099}}
Aug 18 19:31:16.534034 np0000007691 devstack@neutron-api.service[87681]: DEBUG neutron.plugins.ml2.drivers.ovn.mech_driver.ovsdb.ovsdb_monitor [None req-cd21e2f8-2b3c-45f0-bf01-6588943d6783 None None] Hash Ring: Node b522602d69465bb09bbf1e06c8c65195 (host: np0000007691) handling event "update" for row 0f4f8468-5ec4-4006-8154-11d23e6fec00 (table: NB_Global) {{(pid=87681) notify /opt/stack/neutron/neutron/plugins/ml2/drivers/ovn/mech_driver/ovsdb/ovsdb_monitor.py:1099}}
Aug 18 19:31:16.534258 np0000007691 devstack@neutron-api.service[87683]: DEBUG neutron.common.ovn.hash_ring_manager [None req-057825c8-8d17-4c7d-bc67-cc37c5b31a5f None None] Hash Ring loaded. 3 active nodes. 0 offline nodes {{(pid=87683) _load_hash_ring /opt/stack/neutron/neutron/common/ovn/hash_ring_manager.py:110}}
Aug 18 19:31:16.536390 np0000007691 devstack@neutron-api.service[87682]: DEBUG neutron.common.ovn.hash_ring_manager [None req-1cd60697-4979-477d-9611-652dcf9d9ee0 None None] Hash Ring loaded. 3 active nodes. 0 offline nodes {{(pid=87682) _load_hash_ring /opt/stack/neutron/neutron/common/ovn/hash_ring_manager.py:110}}
Aug 18 19:31:16.536940 np0000007691 devstack@neutron-api.service[87682]: DEBUG neutron.common.ovn.hash_ring_manager [None req-acb8cc6e-5e3e-40a1-ba48-89661517dfc1 None None] Hash Ring loaded. 3 active nodes. 0 offline nodes {{(pid=87682) _load_hash_ring /opt/stack/neutron/neutron/common/ovn/hash_ring_manager.py:110}}
Aug 18 19:31:16.537346 np0000007691 devstack@neutron-api.service[87681]: DEBUG neutron.common.ovn.hash_ring_manager [None req-06818f03-0024-4c09-8d32-fa4bae004ba0 None None] Hash Ring loaded. 3 active nodes. 0 offline nodes {{(pid=87681) _load_hash_ring /opt/stack/neutron/neutron/common/ovn/hash_ring_manager.py:110}}
Aug 18 19:31:16.538685 np0000007691 devstack@neutron-api.service[87681]: DEBUG neutron.plugins.ml2.drivers.ovn.mech_driver.ovsdb.ovsdb_monitor [None req-06818f03-0024-4c09-8d32-fa4bae004ba0 None None] Hash Ring: Node b522602d69465bb09bbf1e06c8c65195 (host: np0000007691) handling event "update" for row 289029e7-1e51-4d56-9007-64d9ae1a5504 (table: Chassis_Private) {{(pid=87681) notify /opt/stack/neutron/neutron/plugins/ml2/drivers/ovn/mech_driver/ovsdb/ovsdb_monitor.py:1099}}
Aug 18 19:31:16.543279 np0000007691 devstack@neutron-api.service[87681]: DEBUG ovsdbapp.backend.ovs_idl.transaction [None req-cd21e2f8-2b3c-45f0-bf01-6588943d6783 None None] Running txn n=1 command(idx=0): AddNetworkCommand(_result=None, network_uuid=bc18c014-b9c2-43c1-8200-03c3ca40ebb6, may_exist=True, columns={'external_ids': {'neutron:network_name': 'shared', 'neutron:mtu': '1372', 'neutron:revision_number': '1', 'neutron:availability_zone_hints': '', 'neutron:provnet-network-type': 'geneve'}, 'other_config': {'mcast_snoop': 'false', 'mcast_flood_unregistered': 'false', 'vlan-passthru': 'false'}}) {{(pid=87681) do_commit /opt/stack/data/venv/lib/python3.12/site-packages/ovsdbapp/backend/ovs_idl/transaction.py:89}}
Aug 18 19:31:16.545951 np0000007691 devstack@neutron-api.service[87683]: DEBUG neutron.plugins.ml2.drivers.ovn.mech_driver.ovsdb.ovsdb_monitor [None req-b8105078-0017-4437-a341-d277dac9a752 None None] Hash Ring: Node 864ba64349e153d99f800c6766cc72c2 (host: np0000007691) handling event "create" for row bc18c014-b9c2-43c1-8200-03c3ca40ebb6 (table: Logical_Switch) {{(pid=87683) notify /opt/stack/neutron/neutron/plugins/ml2/drivers/ovn/mech_driver/ovsdb/ovsdb_monitor.py:1099}}
Aug 18 19:31:16.549160 np0000007691 devstack@neutron-api.service[87681]: DEBUG neutron.plugins.ml2.drivers.ovn.mech_driver.ovsdb.ovsdb_monitor [None req-06818f03-0024-4c09-8d32-fa4bae004ba0 None None] Hash Ring: Node b522602d69465bb09bbf1e06c8c65195 (host: np0000007691) handling event "create" for row 2c661c49-f35a-487f-bdd7-5f247a77be40 (table: Datapath_Binding) {{(pid=87681) notify /opt/stack/neutron/neutron/plugins/ml2/drivers/ovn/mech_driver/ovsdb/ovsdb_monitor.py:1099}}
Aug 18 19:31:16.564634 np0000007691 devstack@neutron-api.service[87681]: INFO neutron.db.ovn_revision_numbers_db [None req-2b1e45fb-a02d-44b1-b589-e419cbaa6501 admin admin] Successfully bumped revision number for resource bc18c014-b9c2-43c1-8200-03c3ca40ebb6 (type: networks) to 1
Aug 18 19:31:16.576414 np0000007691 devstack@neutron-api.service[87681]: DEBUG neutron_lib.callbacks.manager [None req-2b1e45fb-a02d-44b1-b589-e419cbaa6501 admin admin] Publish callbacks ['neutron.plugins.ml2.plugin.SecurityGroupDbMixin._ensure_default_security_group_handler-207200'] for port (None), before_create {{(pid=87681) _notify_loop /opt/stack/data/venv/lib/python3.12/site-packages/neutron_lib/callbacks/manager.py:184}}
Aug 18 19:31:16.634913 np0000007691 devstack@neutron-api.service[87681]: DEBUG neutron_lib.callbacks.manager [None req-2b1e45fb-a02d-44b1-b589-e419cbaa6501 admin admin] Publish callbacks ['neutron.plugins.ml2.drivers.ovn.mech_driver.mech_driver.OVNMechanismDriver._validate_allowed_address_pairs-8174951'] for allowed_address_pair (ac2eb716-aebe-4960-8ac8-26283f21a248), before_create {{(pid=87681) _notify_loop /opt/stack/data/venv/lib/python3.12/site-packages/neutron_lib/callbacks/manager.py:184}}
Aug 18 19:31:16.635343 np0000007691 devstack@neutron-api.service[87681]: DEBUG neutron_lib.callbacks.manager [None req-2b1e45fb-a02d-44b1-b589-e419cbaa6501 admin admin] Publish callbacks [] for port (ac2eb716-aebe-4960-8ac8-26283f21a248), precommit_create {{(pid=87681) _notify_loop /opt/stack/data/venv/lib/python3.12/site-packages/neutron_lib/callbacks/manager.py:184}}
Aug 18 19:31:16.635481 np0000007691 devstack@neutron-api.service[87681]: DEBUG neutron.plugins.ml2.drivers.ovn.mech_driver.mech_driver [None req-2b1e45fb-a02d-44b1-b589-e419cbaa6501 admin admin] No provisioning block for port ac2eb716-aebe-4960-8ac8-26283f21a248 since it does not have a host {{(pid=87681) _is_port_provisioning_required /opt/stack/neutron/neutron/plugins/ml2/drivers/ovn/mech_driver/mech_driver.py:877}}
Aug 18 19:31:16.635585 np0000007691 devstack@neutron-api.service[87681]: DEBUG neutron.db.ovn_revision_numbers_db [None req-2b1e45fb-a02d-44b1-b589-e419cbaa6501 admin admin] create_initial_revision uuid=ac2eb716-aebe-4960-8ac8-26283f21a248, type=ports, rev=-1 {{(pid=87681) create_initial_revision /opt/stack/neutron/neutron/db/ovn_revision_numbers_db.py:98}}
Aug 18 19:31:16.659809 np0000007691 devstack@neutron-api.service[87681]: DEBUG neutron_lib.callbacks.manager [None req-2b1e45fb-a02d-44b1-b589-e419cbaa6501 admin admin] Publish callbacks ['neutron.plugins.ml2.ovo_rpc._ObjectChangeHandler.handle_event-6977863'] for port (ac2eb716-aebe-4960-8ac8-26283f21a248), after_create {{(pid=87681) _notify_loop /opt/stack/data/venv/lib/python3.12/site-packages/neutron_lib/callbacks/manager.py:184}}
Aug 18 19:31:16.686850 np0000007691 devstack@neutron-api.service[87681]: DEBUG neutron.api.rpc.handlers.resources_rpc [None req-2b1e45fb-a02d-44b1-b589-e419cbaa6501 admin admin] Pushing event updated for resources: {'Port': ['ID=ac2eb716-aebe-4960-8ac8-26283f21a248,revision_number=1']} {{(pid=87681) push /opt/stack/neutron/neutron/api/rpc/handlers/resources_rpc.py:237}}
Aug 18 19:31:16.691748 np0000007691 devstack@neutron-api.service[87681]: DEBUG neutron.plugins.ml2.drivers.ovn.mech_driver.ovsdb.commands [None req-2b1e45fb-a02d-44b1-b589-e419cbaa6501 admin admin] Converting tag [] to a tag_request {{(pid=87681) _tag_column_to_tag_request /opt/stack/neutron/neutron/plugins/ml2/drivers/ovn/mech_driver/ovsdb/commands.py:227}}
Aug 18 19:31:16.692392 np0000007691 devstack@neutron-api.service[87681]: DEBUG ovsdbapp.backend.ovs_idl.transaction [None req-cd21e2f8-2b3c-45f0-bf01-6588943d6783 None None] Running txn n=1 command(idx=0): AddLSwitchPortCommand(_result=None, lport=ac2eb716-aebe-4960-8ac8-26283f21a248, lswitch=neutron-bc18c014-b9c2-43c1-8200-03c3ca40ebb6, may_exist=True, network_uuid=bc18c014-b9c2-43c1-8200-03c3ca40ebb6, columns={'addresses': ['fa:16:3e:06:46:df'], 'external_ids': {'neutron:port_name': '', 'neutron:device_id': 'ovnmeta-bc18c014-b9c2-43c1-8200-03c3ca40ebb6', 'neutron:project_id': '0d12d729c26d41558fb29b758d7d2793', 'neutron:cidrs': '', 'neutron:device_owner': 'network:distributed', 'neutron:subnet_pool_addr_scope4': '', 'neutron:subnet_pool_addr_scope6': '', 'neutron:network_name': 'neutron-bc18c014-b9c2-43c1-8200-03c3ca40ebb6', 'neutron:security_group_ids': '', 'neutron:revision_number': '1', 'neutron:vnic_type': 'normal', 'neutron:port_capabilities': '', 'neutron:mtu': '1372'}, 'parent_name': [], 'enabled': True, 'options': {}, 'type': 'localport', 'port_security': [], 'dhcpv4_options': [], 'dhcpv6_options': [], 'tag_request': []}) {{(pid=87681) do_commit /opt/stack/data/venv/lib/python3.12/site-packages/ovsdbapp/backend/ovs_idl/transaction.py:89}}
Aug 18 19:31:16.692895 np0000007691 devstack@neutron-api.service[87681]: DEBUG ovsdbapp.backend.ovs_idl.transaction [None req-cd21e2f8-2b3c-45f0-bf01-6588943d6783 None None] Running txn n=1 command(idx=1): QoSDelCommand(_result=None, switch=neutron-bc18c014-b9c2-43c1-8200-03c3ca40ebb6, conditions=[('direction', '=', 'to-lport'), ('priority', '=', 2002), ('match', '=', 'outport == "ac2eb716-aebe-4960-8ac8-26283f21a248"')], if_exists=True) {{(pid=87681) do_commit /opt/stack/data/venv/lib/python3.12/site-packages/ovsdbapp/backend/ovs_idl/transaction.py:89}}
Aug 18 19:31:16.693086 np0000007691 devstack@neutron-api.service[87681]: DEBUG ovsdbapp.backend.ovs_idl.transaction [None req-cd21e2f8-2b3c-45f0-bf01-6588943d6783 None None] Running txn n=1 command(idx=2): QoSDelCommand(_result=None, switch=neutron-bc18c014-b9c2-43c1-8200-03c3ca40ebb6, conditions=[('direction', '=', 'from-lport'), ('priority', '=', 2002), ('match', '=', 'inport == "ac2eb716-aebe-4960-8ac8-26283f21a248"')], if_exists=True) {{(pid=87681) do_commit /opt/stack/data/venv/lib/python3.12/site-packages/ovsdbapp/backend/ovs_idl/transaction.py:89}}
Aug 18 19:31:16.695750 np0000007691 devstack@neutron-api.service[87681]: DEBUG neutron.plugins.ml2.drivers.ovn.mech_driver.ovsdb.ovsdb_monitor [None req-cd21e2f8-2b3c-45f0-bf01-6588943d6783 None None] Hash Ring: Node b522602d69465bb09bbf1e06c8c65195 (host: np0000007691) handling event "create" for row 9285cc9e-718e-4756-a879-bb9873372910 (table: Logical_Switch_Port) {{(pid=87681) notify /opt/stack/neutron/neutron/plugins/ml2/drivers/ovn/mech_driver/ovsdb/ovsdb_monitor.py:1099}}
Aug 18 19:31:16.696231 np0000007691 devstack@neutron-api.service[87683]: DEBUG neutron.plugins.ml2.drivers.ovn.mech_driver.ovsdb.ovsdb_monitor [None req-b8105078-0017-4437-a341-d277dac9a752 None None] Hash Ring: Node 864ba64349e153d99f800c6766cc72c2 (host: np0000007691) handling event "update" for row bc18c014-b9c2-43c1-8200-03c3ca40ebb6 (table: Logical_Switch) {{(pid=87683) notify /opt/stack/neutron/neutron/plugins/ml2/drivers/ovn/mech_driver/ovsdb/ovsdb_monitor.py:1099}}
Aug 18 19:31:16.697253 np0000007691 devstack@neutron-api.service[87681]: DEBUG ovsdbapp.backend.ovs_idl.event [None req-cd21e2f8-2b3c-45f0-bf01-6588943d6783 None None] Matched CREATE: LogicalSwitchPortCreateEvent(events=('create',), table='Logical_Switch_Port', conditions=[], old_conditions=None), priority=20 to row=Logical_Switch_Port(uuid=9285cc9e-718e-4756-a879-bb9873372910, addresses=['fa:16:3e:06:46:df'], dhcpv4_options=[], dhcpv6_options=[], dynamic_addresses=[], enabled=True, external_ids={'neutron:cidrs': '', 'neutron:device_id': 'ovnmeta-bc18c014-b9c2-43c1-8200-03c3ca40ebb6', 'neutron:device_owner': 'network:distributed', 'neutron:mtu': '1372', 'neutron:network_name': 'neutron-bc18c014-b9c2-43c1-8200-03c3ca40ebb6', 'neutron:port_capabilities': '', 'neutron:port_name': '', 'neutron:project_id': '0d12d729c26d41558fb29b758d7d2793', 'neutron:revision_number': '1', 'neutron:security_group_ids': '', 'neutron:subnet_pool_addr_scope4': '', 'neutron:subnet_pool_addr_scope6': '', 'neutron:vnic_type': 'normal'}, ha_chassis_group=[], mirror_rules=[], name='ac2eb716-aebe-4960-8ac8-26283f21a248', options={}, parent_name=[], port_security=[], tag=[], tag_request=[], type='localport', up=[]) old= {{(pid=87681) matches /opt/stack/data/venv/lib/python3.12/site-packages/ovsdbapp/backend/ovs_idl/event.py:55}}
Aug 18 19:31:16.698111 np0000007691 devstack@neutron-api.service[87681]: INFO neutron.plugins.ml2.drivers.ovn.mech_driver.mech_driver [None req-a9a61e2e-3884-480a-91c9-1e9497d8c3a3 None None] OVN reports status down for port: ac2eb716-aebe-4960-8ac8-26283f21a248
Aug 18 19:31:16.701143 np0000007691 devstack@neutron-api.service[87681]: DEBUG neutron.plugins.ml2.drivers.ovn.mech_driver.ovsdb.ovsdb_monitor [None req-cd21e2f8-2b3c-45f0-bf01-6588943d6783 None None] Hash Ring: Node b522602d69465bb09bbf1e06c8c65195 (host: np0000007691) handling event "update" for row 9285cc9e-718e-4756-a879-bb9873372910 (table: Logical_Switch_Port) {{(pid=87681) notify /opt/stack/neutron/neutron/plugins/ml2/drivers/ovn/mech_driver/ovsdb/ovsdb_monitor.py:1099}}
Aug 18 19:31:16.704931 np0000007691 devstack@neutron-api.service[87681]: DEBUG neutron.plugins.ml2.drivers.ovn.mech_driver.ovsdb.ovsdb_monitor [None req-06818f03-0024-4c09-8d32-fa4bae004ba0 None None] Hash Ring: Node b522602d69465bb09bbf1e06c8c65195 (host: np0000007691) handling event "create" for row ede2a282-cde9-4a90-9d35-1e44b6a479bb (table: Port_Binding) {{(pid=87681) notify /opt/stack/neutron/neutron/plugins/ml2/drivers/ovn/mech_driver/ovsdb/ovsdb_monitor.py:1099}}
Aug 18 19:31:16.747455 np0000007691 devstack@neutron-api.service[87681]: INFO neutron.db.ovn_revision_numbers_db [None req-2b1e45fb-a02d-44b1-b589-e419cbaa6501 admin admin] Successfully bumped revision number for resource ac2eb716-aebe-4960-8ac8-26283f21a248 (type: ports) to 1
Aug 18 19:31:16.751378 np0000007691 devstack@neutron-api.service[87681]: DEBUG neutron.db.provisioning_blocks [None req-a9a61e2e-3884-480a-91c9-1e9497d8c3a3 None None] Transition to ACTIVE for port object ac2eb716-aebe-4960-8ac8-26283f21a248 will not be triggered until provisioned by entity L2. {{(pid=87681) add_provisioning_component /opt/stack/neutron/neutron/db/provisioning_blocks.py:74}}
Aug 18 19:31:16.757519 np0000007691 devstack@neutron-api.service[87681]: DEBUG neutron.pecan_wsgi.hooks.policy_enforcement [None req-2b1e45fb-a02d-44b1-b589-e419cbaa6501 admin admin] Attributes excluded by policy engine: ['standard_attr_id'] {{(pid=87681) _exclude_attributes_by_policy /opt/stack/neutron/neutron/pecan_wsgi/hooks/policy_enforcement.py:259}}
Aug 18 19:31:16.757987 np0000007691 devstack@neutron-api.service[87681]: DEBUG neutron_lib.callbacks.manager [None req-2b1e45fb-a02d-44b1-b589-e419cbaa6501 admin admin] Publish callbacks [] for network (None), before_response {{(pid=87681) _notify_loop /opt/stack/data/venv/lib/python3.12/site-packages/neutron_lib/callbacks/manager.py:184}}
Aug 18 19:31:16.774694 np0000007691 devstack@neutron-api.service[87681]: [pid: 87681|app: 0|req: 12/37] 10.4.3.156 () {68 vars in 1326 bytes} [Tue Aug 18 19:31:16 2026] POST /networking/v2.0/networks => generated 679 bytes in 371 msecs (HTTP/1.1 201) 4 headers in 162 bytes (1 switches on core 0)
Aug 18 19:31:16.783285 np0000007691 devstack@neutron-api.service[87681]: DEBUG neutron.plugins.ml2.plugin [None req-a9a61e2e-3884-480a-91c9-1e9497d8c3a3 None None] Current status of the port ac2eb716-aebe-4960-8ac8-26283f21a248 is: DOWN; New status is: DOWN {{(pid=87681) _update_individual_port_db_status /opt/stack/neutron/neutron/plugins/ml2/plugin.py:2473}}
Aug 18 19:31:16.784329 np0000007691 devstack@neutron-api.service[87681]: DEBUG ovsdbapp.backend.ovs_idl.transaction [None req-cd21e2f8-2b3c-45f0-bf01-6588943d6783 None None] Running txn n=1 command(idx=0): DbRemoveCommand(_result=None, table=Logical_Switch_Port, record=ac2eb716-aebe-4960-8ac8-26283f21a248, column=external_ids, values=('neutron:host_id',), keyvalues={}, if_exists=True) {{(pid=87681) do_commit /opt/stack/data/venv/lib/python3.12/site-packages/ovsdbapp/backend/ovs_idl/transaction.py:89}}
Aug 18 19:31:16.950552 np0000007691 devstack@neutron-api.service[87683]: INFO neutron.pecan_wsgi.hooks.translation [None req-976da23e-56ab-4414-b423-be892aae4c40 admin admin] GET failed (client error): The resource could not be found.
Aug 18 19:31:16.951188 np0000007691 devstack@neutron-api.service[87683]: [pid: 87683|app: 0|req: 14/38] 10.4.3.156 () {64 vars in 1294 bytes} [Tue Aug 18 19:31:16 2026] GET /networking/v2.0/networks/shared => generated 108 bytes in 7 msecs (HTTP/1.1 404) 4 headers in 164 bytes (1 switches on core 0)
Aug 18 19:31:16.975766 np0000007691 devstack@neutron-api.service[87682]: DEBUG neutron.pecan_wsgi.hooks.policy_enforcement [None req-37572893-42fb-499b-8206-6aab4b29ae38 admin admin] Attributes excluded by policy engine: ['standard_attr_id'] {{(pid=87682) _exclude_attributes_by_policy /opt/stack/neutron/neutron/pecan_wsgi/hooks/policy_enforcement.py:259}}
Aug 18 19:31:16.976753 np0000007691 devstack@neutron-api.service[87682]: [pid: 87682|app: 0|req: 13/39] 10.4.3.156 () {64 vars in 1309 bytes} [Tue Aug 18 19:31:16 2026] GET /networking/v2.0/networks?name=shared => generated 663 bytes in 20 msecs (HTTP/1.1 200) 4 headers in 157 bytes (1 switches on core 0)
Aug 18 19:31:16.988166 np0000007691 devstack@neutron-api.service[87681]: DEBUG neutron.api.v2.base [None req-724d515c-ec7d-4401-a35a-510c0b450471 admin admin] Request body: {'subnet': {'name': 'shared-subnet', 'network_id': 'bc18c014-b9c2-43c1-8200-03c3ca40ebb6', 'description': 'shared-subnet', 'cidr': '192.168.233.0/24', 'ip_version': 4}} {{(pid=87681) prepare_request_body /opt/stack/neutron/neutron/api/v2/base.py:727}}
Aug 18 19:31:17.000193 np0000007691 devstack@neutron-api.service[87681]: DEBUG neutron.pecan_wsgi.hooks.quota_enforcement [None req-724d515c-ec7d-4401-a35a-510c0b450471 admin admin] Made reservation on behalf of 0d12d729c26d41558fb29b758d7d2793 for: {'subnet': 1} {{(pid=87681) before /opt/stack/neutron/neutron/pecan_wsgi/hooks/quota_enforcement.py:66}}
Aug 18 19:31:17.002832 np0000007691 devstack@neutron-api.service[87681]: DEBUG neutron_lib.callbacks.manager [None req-724d515c-ec7d-4401-a35a-510c0b450471 admin admin] Publish callbacks [] for subnet (None), before_create {{(pid=87681) _notify_loop /opt/stack/data/venv/lib/python3.12/site-packages/neutron_lib/callbacks/manager.py:184}}
Aug 18 19:31:17.051945 np0000007691 devstack@neutron-api.service[87681]: DEBUG neutron.db.ovn_revision_numbers_db [None req-724d515c-ec7d-4401-a35a-510c0b450471 admin admin] create_initial_revision uuid=13a73d4e-4bc7-4f2e-b725-e50800bdf19d, type=subnets, rev=-1 {{(pid=87681) create_initial_revision /opt/stack/neutron/neutron/db/ovn_revision_numbers_db.py:98}}
Aug 18 19:31:17.055103 np0000007691 devstack@neutron-api.service[87681]: DEBUG neutron_lib.callbacks.manager [None req-724d515c-ec7d-4401-a35a-510c0b450471 admin admin] Publish callbacks ['neutron.plugins.ml2.ovo_rpc._ObjectChangeHandler.handle_event-6977856'] for subnet (13a73d4e-4bc7-4f2e-b725-e50800bdf19d), after_create {{(pid=87681) _notify_loop /opt/stack/data/venv/lib/python3.12/site-packages/neutron_lib/callbacks/manager.py:184}}
Aug 18 19:31:17.065532 np0000007691 devstack@neutron-api.service[87681]: DEBUG neutron.api.rpc.handlers.resources_rpc [None req-724d515c-ec7d-4401-a35a-510c0b450471 admin admin] Pushing event updated for resources: {'Subnet': ['ID=13a73d4e-4bc7-4f2e-b725-e50800bdf19d,revision_number=0']} {{(pid=87681) push /opt/stack/neutron/neutron/api/rpc/handlers/resources_rpc.py:237}}
Aug 18 19:31:17.106030 np0000007691 devstack@neutron-api.service[87681]: DEBUG neutron_lib.callbacks.manager [None req-724d515c-ec7d-4401-a35a-510c0b450471 admin admin] Publish callbacks ['neutron.plugins.ml2.plugin.SecurityGroupDbMixin._ensure_default_security_group_handler-207200', 'neutron.services.ovn_l3.plugin.OVNL3RouterPlugin._port_update-8121425825732', 'neutron.db.l3_db.L3_NAT_dbonly_mixin._prevent_internal_ip_change_for_fip-8121426761498'] for port (ac2eb716-aebe-4960-8ac8-26283f21a248), before_update {{(pid=87681) _notify_loop /opt/stack/data/venv/lib/python3.12/site-packages/neutron_lib/callbacks/manager.py:184}}
Aug 18 19:31:17.178553 np0000007691 devstack@neutron-api.service[87681]: DEBUG neutron.db.db_base_plugin_common [None req-724d515c-ec7d-4401-a35a-510c0b450471 admin admin] Allocated IP 192.168.233.2 (bc18c014-b9c2-43c1-8200-03c3ca40ebb6/13a73d4e-4bc7-4f2e-b725-e50800bdf19d/ac2eb716-aebe-4960-8ac8-26283f21a248) {{(pid=87681) _store_ip_allocation /opt/stack/neutron/neutron/db/db_base_plugin_common.py:131}}
Aug 18 19:31:17.233956 np0000007691 devstack@neutron-api.service[87681]: DEBUG neutron_lib.callbacks.manager [None req-724d515c-ec7d-4401-a35a-510c0b450471 admin admin] Publish callbacks [] for port (ac2eb716-aebe-4960-8ac8-26283f21a248), precommit_update {{(pid=87681) _notify_loop /opt/stack/data/venv/lib/python3.12/site-packages/neutron_lib/callbacks/manager.py:184}}
Aug 18 19:31:17.234119 np0000007691 devstack@neutron-api.service[87681]: DEBUG neutron.plugins.ml2.drivers.ovn.mech_driver.mech_driver [None req-724d515c-ec7d-4401-a35a-510c0b450471 admin admin] No provisioning block for port ac2eb716-aebe-4960-8ac8-26283f21a248 since it does not have a host {{(pid=87681) _is_port_provisioning_required /opt/stack/neutron/neutron/plugins/ml2/drivers/ovn/mech_driver/mech_driver.py:877}}
Aug 18 19:31:17.243416 np0000007691 devstack@neutron-api.service[87681]: DEBUG neutron_lib.callbacks.manager [None req-724d515c-ec7d-4401-a35a-510c0b450471 admin admin] Publish callbacks ['neutron.plugins.ml2.ovo_rpc._ObjectChangeHandler.handle_event-6977863', 'neutron.services.ovn_l3.plugin.OVNL3RouterPlugin._port_update-8121425825732'] for port (ac2eb716-aebe-4960-8ac8-26283f21a248), after_update {{(pid=87681) _notify_loop /opt/stack/data/venv/lib/python3.12/site-packages/neutron_lib/callbacks/manager.py:184}}
Aug 18 19:31:17.267791 np0000007691 devstack@neutron-api.service[87681]: DEBUG neutron.api.rpc.handlers.resources_rpc [None req-724d515c-ec7d-4401-a35a-510c0b450471 admin admin] Pushing event updated for resources: {'Port': ['ID=ac2eb716-aebe-4960-8ac8-26283f21a248,revision_number=2']} {{(pid=87681) push /opt/stack/neutron/neutron/api/rpc/handlers/resources_rpc.py:237}}
Aug 18 19:31:17.342802 np0000007691 devstack@neutron-api.service[87681]: DEBUG neutron.plugins.ml2.drivers.ovn.mech_driver.ovsdb.commands [None req-724d515c-ec7d-4401-a35a-510c0b450471 admin admin] Converting tag [] to a tag_request {{(pid=87681) _tag_column_to_tag_request /opt/stack/neutron/neutron/plugins/ml2/drivers/ovn/mech_driver/ovsdb/commands.py:227}}
