Jun 11 11:32:04.071157 np0000002612 devstack@g-api.service[98856]: DEBUG glance.api.middleware.version_negotiation [None req-87836d93-78d6-4325-87ef-038514e0b5ce tempest-VolumesExtendTest-556494622 tempest-VolumesExtendTest-556494622-project-member] new path /v2/schemas/image {{(pid=98856) process_request /opt/stack/glance/glance/api/middleware/version_negotiation.py:70}}
Jun 11 11:32:04.075514 np0000002612 devstack@g-api.service[98856]: [pid: 98856|app: 0|req: 192/375] 127.0.0.1 () {44 vars in 1047 bytes} [Thu Jun 11 11:32:04 2026] GET /v2/schemas/image => generated 6083 bytes in 5 msecs (HTTP/1.1 200) 4 headers in 158 bytes (1 switches on core 0)
Jun 11 11:32:04.503125 np0000002612 devstack@g-api.service[98857]: DEBUG glance.api.middleware.version_negotiation [None req-87836d93-78d6-4325-87ef-038514e0b5ce tempest-VolumesExtendTest-556494622 tempest-VolumesExtendTest-556494622-project-member] Determining version of request: GET /versions Accept: */* {{(pid=98857) process_request /opt/stack/glance/glance/api/middleware/version_negotiation.py:44}}
Jun 11 11:32:04.503629 np0000002612 devstack@g-api.service[98857]: [pid: 98857|app: 0|req: 184/376] 127.0.0.1 () {44 vars in 1031 bytes} [Thu Jun 11 11:32:04 2026] GET /versions => generated 1381 bytes in 0 msecs (HTTP/1.1 200) 3 headers in 92 bytes (1 switches on core 0)
Jun 11 11:32:04.511132 np0000002612 devstack@g-api.service[98856]: DEBUG glance.api.middleware.version_negotiation [None req-87836d93-78d6-4325-87ef-038514e0b5ce tempest-VolumesExtendTest-556494622 tempest-VolumesExtendTest-556494622-project-member] Determining version of request: GET /v2/images/80c4dab6-2133-4b47-abde-5ed42c3a492e/locations Accept: */* {{(pid=98856) process_request /opt/stack/glance/glance/api/middleware/version_negotiation.py:44}}
Jun 11 11:32:04.511278 np0000002612 devstack@g-api.service[98856]: DEBUG glance.api.middleware.version_negotiation [None req-87836d93-78d6-4325-87ef-038514e0b5ce tempest-VolumesExtendTest-556494622 tempest-VolumesExtendTest-556494622-project-member] Using url versioning {{(pid=98856) process_request /opt/stack/glance/glance/api/middleware/version_negotiation.py:57}}
Jun 11 11:32:04.511431 np0000002612 devstack@g-api.service[98856]: DEBUG glance.api.middleware.version_negotiation [None req-87836d93-78d6-4325-87ef-038514e0b5ce tempest-VolumesExtendTest-556494622 tempest-VolumesExtendTest-556494622-project-member] Matched version: v2 {{(pid=98856) process_request /opt/stack/glance/glance/api/middleware/version_negotiation.py:69}}
Jun 11 11:32:04.511551 np0000002612 devstack@g-api.service[98856]: DEBUG glance.api.middleware.version_negotiation [None req-87836d93-78d6-4325-87ef-038514e0b5ce tempest-VolumesExtendTest-556494622 tempest-VolumesExtendTest-556494622-project-member] new path /v2/images/80c4dab6-2133-4b47-abde-5ed42c3a492e/locations {{(pid=98856) process_request /opt/stack/glance/glance/api/middleware/version_negotiation.py:70}}
Jun 11 11:32:04.562830 np0000002612 devstack@g-api.service[98856]: [pid: 98856|app: 0|req: 193/377] 127.0.0.1 () {44 vars in 1127 bytes} [Thu Jun 11 11:32:04 2026] GET /v2/images/80c4dab6-2133-4b47-abde-5ed42c3a492e/locations => generated 92 bytes in 52 msecs (HTTP/1.1 200) 4 headers in 156 bytes (1 switches on core 0)
Jun 11 11:32:04.575317 np0000002612 devstack@g-api.service[98857]: DEBUG glance.api.middleware.version_negotiation [None req-87836d93-78d6-4325-87ef-038514e0b5ce tempest-VolumesExtendTest-556494622 tempest-VolumesExtendTest-556494622-project-member] Determining version of request: GET /v2/images/80c4dab6-2133-4b47-abde-5ed42c3a492e Accept: */* {{(pid=98857) process_request /opt/stack/glance/glance/api/middleware/version_negotiation.py:44}}
Jun 11 11:32:04.575504 np0000002612 devstack@g-api.service[98857]: DEBUG glance.api.middleware.version_negotiation [None req-87836d93-78d6-4325-87ef-038514e0b5ce tempest-VolumesExtendTest-556494622 tempest-VolumesExtendTest-556494622-project-member] Using url versioning {{(pid=98857) process_request /opt/stack/glance/glance/api/middleware/version_negotiation.py:57}}
Jun 11 11:32:04.576188 np0000002612 devstack@g-api.service[98857]: DEBUG glance.api.middleware.version_negotiation [None req-87836d93-78d6-4325-87ef-038514e0b5ce tempest-VolumesExtendTest-556494622 tempest-VolumesExtendTest-556494622-project-member] Matched version: v2 {{(pid=98857) process_request /opt/stack/glance/glance/api/middleware/version_negotiation.py:69}}
Jun 11 11:32:04.576188 np0000002612 devstack@g-api.service[98857]: DEBUG glance.api.middleware.version_negotiation [None req-87836d93-78d6-4325-87ef-038514e0b5ce tempest-VolumesExtendTest-556494622 tempest-VolumesExtendTest-556494622-project-member] new path /v2/images/80c4dab6-2133-4b47-abde-5ed42c3a492e {{(pid=98857) process_request /opt/stack/glance/glance/api/middleware/version_negotiation.py:70}}
Jun 11 11:32:04.589900 np0000002612 devstack@g-api.service[98857]: [pid: 98857|app: 0|req: 185/378] 127.0.0.1 () {44 vars in 1107 bytes} [Thu Jun 11 11:32:04 2026] GET /v2/images/80c4dab6-2133-4b47-abde-5ed42c3a492e => generated 1044 bytes in 15 msecs (HTTP/1.1 200) 4 headers in 158 bytes (1 switches on core 0)
Jun 11 11:32:04.601148 np0000002612 devstack@g-api.service[98856]: DEBUG glance.api.middleware.version_negotiation [None req-87836d93-78d6-4325-87ef-038514e0b5ce service glance] Determining version of request: GET /v2/schemas/image Accept: */* {{(pid=98856) process_request /opt/stack/glance/glance/api/middleware/version_negotiation.py:44}}
Jun 11 11:32:04.601291 np0000002612 devstack@g-api.service[98856]: DEBUG glance.api.middleware.version_negotiation [None req-87836d93-78d6-4325-87ef-038514e0b5ce service glance] Using url versioning {{(pid=98856) process_request /opt/stack/glance/glance/api/middleware/version_negotiation.py:57}}
Jun 11 11:32:04.601626 np0000002612 devstack@g-api.service[98856]: DEBUG glance.api.middleware.version_negotiation [None req-87836d93-78d6-4325-87ef-038514e0b5ce service glance] Matched version: v2 {{(pid=98856) process_request /opt/stack/glance/glance/api/middleware/version_negotiation.py:69}}
Jun 11 11:32:04.601626 np0000002612 devstack@g-api.service[98856]: DEBUG glance.api.middleware.version_negotiation [None req-87836d93-78d6-4325-87ef-038514e0b5ce service glance] new path /v2/schemas/image {{(pid=98856) process_request /opt/stack/glance/glance/api/middleware/version_negotiation.py:70}}
Jun 11 11:32:04.604602 np0000002612 devstack@g-api.service[98856]: [pid: 98856|app: 0|req: 194/379] 127.0.0.1 () {44 vars in 1047 bytes} [Thu Jun 11 11:32:04 2026] GET /v2/schemas/image => generated 6083 bytes in 3 msecs (HTTP/1.1 200) 4 headers in 158 bytes (1 switches on core 0)
Jun 11 11:32:04.614471 np0000002612 devstack@g-api.service[98857]: DEBUG glance.api.middleware.version_negotiation [None req-87836d93-78d6-4325-87ef-038514e0b5ce tempest-VolumesExtendTest-556494622 tempest-VolumesExtendTest-556494622-project-member] Determining version of request: GET /v2/schemas/image Accept: */* {{(pid=98857) process_request /opt/stack/glance/glance/api/middleware/version_negotiation.py:44}}
Jun 11 11:32:04.614637 np0000002612 devstack@g-api.service[98857]: DEBUG glance.api.middleware.version_negotiation [None req-87836d93-78d6-4325-87ef-038514e0b5ce tempest-VolumesExtendTest-556494622 tempest-VolumesExtendTest-556494622-project-member] Using url versioning {{(pid=98857) process_request /opt/stack/glance/glance/api/middleware/version_negotiation.py:57}}
Jun 11 11:32:04.614718 np0000002612 devstack@g-api.service[98857]: DEBUG glance.api.middleware.version_negotiation [None req-87836d93-78d6-4325-87ef-038514e0b5ce tempest-VolumesExtendTest-556494622 tempest-VolumesExtendTest-556494622-project-member] Matched version: v2 {{(pid=98857) process_request /opt/stack/glance/glance/api/middleware/version_negotiation.py:69}}
Jun 11 11:32:04.614828 np0000002612 devstack@g-api.service[98857]: DEBUG glance.api.middleware.version_negotiation [None req-87836d93-78d6-4325-87ef-038514e0b5ce tempest-VolumesExtendTest-556494622 tempest-VolumesExtendTest-556494622-project-member] new path /v2/schemas/image {{(pid=98857) process_request /opt/stack/glance/glance/api/middleware/version_negotiation.py:70}}
Jun 11 11:32:04.617715 np0000002612 devstack@g-api.service[98857]: [pid: 98857|app: 0|req: 186/380] 127.0.0.1 () {44 vars in 1047 bytes} [Thu Jun 11 11:32:04 2026] GET /v2/schemas/image => generated 6083 bytes in 3 msecs (HTTP/1.1 200) 4 headers in 158 bytes (1 switches on core 0)
Jun 11 11:32:14.506717 np0000002612 devstack@g-api.service[98856]: DEBUG glance.api.middleware.version_negotiation [None req-87836d93-78d6-4325-87ef-038514e0b5ce tempest-VolumesExtendTest-556494622 tempest-VolumesExtendTest-556494622-project-member] Determining version of request: GET /v2/schemas/image Accept: */* {{(pid=98856) process_request /opt/stack/glance/glance/api/middleware/version_negotiation.py:44}}
Jun 11 11:32:14.507865 np0000002612 devstack@g-api.service[98856]: DEBUG glance.api.middleware.version_negotiation [None req-87836d93-78d6-4325-87ef-038514e0b5ce tempest-VolumesExtendTest-556494622 tempest-VolumesExtendTest-556494622-project-member] Using url versioning {{(pid=98856) process_request /opt/stack/glance/glance/api/middleware/version_negotiation.py:57}}
Jun 11 11:32:14.507865 np0000002612 devstack@g-api.service[98856]: DEBUG glance.api.middleware.version_negotiation [None req-87836d93-78d6-4325-87ef-038514e0b5ce tempest-VolumesExtendTest-556494622 tempest-VolumesExtendTest-556494622-project-member] Matched version: v2 {{(pid=98856) process_request /opt/stack/glance/glance/api/middleware/version_negotiation.py:69}}
Jun 11 11:32:14.507865 np0000002612 devstack@g-api.service[98856]: DEBUG glance.api.middleware.version_negotiation [None req-87836d93-78d6-4325-87ef-038514e0b5ce tempest-VolumesExtendTest-556494622 tempest-VolumesExtendTest-556494622-project-member] new path /v2/schemas/image {{(pid=98856) process_request /opt/stack/glance/glance/api/middleware/version_negotiation.py:70}}
Jun 11 11:32:14.562178 np0000002612 devstack@g-api.service[98856]: DEBUG dbcounter [-] [98856] Writing DB stats glance:SELECT=68,glance:UPDATE=27,glance:DELETE=1 {{(pid=98856) stat_writer /opt/stack/data/venv/lib/python3.12/site-packages/dbcounter.py:115}}
Jun 11 11:32:14.587182 np0000002612 devstack@g-api.service[98857]: DEBUG dbcounter [-] [98857] Writing DB stats glance:SELECT=36,glance:UPDATE=25,glance:DELETE=1 {{(pid=98857) stat_writer /opt/stack/data/venv/lib/python3.12/site-packages/dbcounter.py:115}}
Jun 11 11:32:14.669818 np0000002612 devstack@g-api.service[98856]: [pid: 98856|app: 0|req: 195/381] 127.0.0.1 () {44 vars in 1047 bytes} [Thu Jun 11 11:32:14 2026] GET /v2/schemas/image => generated 6083 bytes in 163 msecs (HTTP/1.1 200) 4 headers in 158 bytes (1 switches on core 0)
Jun 11 11:32:14.678247 np0000002612 devstack@g-api.service[98857]: DEBUG glance.api.middleware.version_negotiation [None req-87836d93-78d6-4325-87ef-038514e0b5ce tempest-VolumesExtendTest-556494622 tempest-VolumesExtendTest-556494622-project-member] Determining version of request: POST /v2/images Accept: */* {{(pid=98857) process_request /opt/stack/glance/glance/api/middleware/version_negotiation.py:44}}
Jun 11 11:32:14.678408 np0000002612 devstack@g-api.service[98857]: DEBUG glance.api.middleware.version_negotiation [None req-87836d93-78d6-4325-87ef-038514e0b5ce tempest-VolumesExtendTest-556494622 tempest-VolumesExtendTest-556494622-project-member] Using url versioning {{(pid=98857) process_request /opt/stack/glance/glance/api/middleware/version_negotiation.py:57}}
Jun 11 11:32:14.678518 np0000002612 devstack@g-api.service[98857]: DEBUG glance.api.middleware.version_negotiation [None req-87836d93-78d6-4325-87ef-038514e0b5ce tempest-VolumesExtendTest-556494622 tempest-VolumesExtendTest-556494622-project-member] Matched version: v2 {{(pid=98857) process_request /opt/stack/glance/glance/api/middleware/version_negotiation.py:69}}
Jun 11 11:32:14.678621 np0000002612 devstack@g-api.service[98857]: DEBUG glance.api.middleware.version_negotiation [None req-87836d93-78d6-4325-87ef-038514e0b5ce tempest-VolumesExtendTest-556494622 tempest-VolumesExtendTest-556494622-project-member] new path /v2/images {{(pid=98857) process_request /opt/stack/glance/glance/api/middleware/version_negotiation.py:70}}
Jun 11 11:32:15.252734 np0000002612 devstack@g-api.service[98857]: [pid: 98857|app: 0|req: 187/382] 127.0.0.1 () {46 vars in 1047 bytes} [Thu Jun 11 11:32:14 2026] POST /v2/images => generated 649 bytes in 574 msecs (HTTP/1.1 201) 6 headers in 315 bytes (1 switches on core 0)
Jun 11 11:32:15.275022 np0000002612 devstack@g-api.service[98856]: DEBUG glance.api.middleware.version_negotiation [None req-36de07cc-5a01-4e67-b887-004c979fe605 tempest-VolumesActionsTest-1090200966 tempest-VolumesActionsTest-1090200966-project-member] Determining version of request: GET /v2/images/ac7fe571-be2b-41d4-94f9-8502005a2233 Accept: application/json {{(pid=98856) process_request /opt/stack/glance/glance/api/middleware/version_negotiation.py:44}}
Jun 11 11:32:15.275229 np0000002612 devstack@g-api.service[98856]: DEBUG glance.api.middleware.version_negotiation [None req-36de07cc-5a01-4e67-b887-004c979fe605 tempest-VolumesActionsTest-1090200966 tempest-VolumesActionsTest-1090200966-project-member] Using url versioning {{(pid=98856) process_request /opt/stack/glance/glance/api/middleware/version_negotiation.py:57}}
Jun 11 11:32:15.275425 np0000002612 devstack@g-api.service[98856]: DEBUG glance.api.middleware.version_negotiation [None req-36de07cc-5a01-4e67-b887-004c979fe605 tempest-VolumesActionsTest-1090200966 tempest-VolumesActionsTest-1090200966-project-member] Matched version: v2 {{(pid=98856) process_request /opt/stack/glance/glance/api/middleware/version_negotiation.py:69}}
Jun 11 11:32:15.275569 np0000002612 devstack@g-api.service[98856]: DEBUG glance.api.middleware.version_negotiation [None req-36de07cc-5a01-4e67-b887-004c979fe605 tempest-VolumesActionsTest-1090200966 tempest-VolumesActionsTest-1090200966-project-member] new path /v2/images/ac7fe571-be2b-41d4-94f9-8502005a2233 {{(pid=98856) process_request /opt/stack/glance/glance/api/middleware/version_negotiation.py:70}}
Jun 11 11:32:15.300134 np0000002612 devstack@g-api.service[98856]: [pid: 98856|app: 0|req: 196/383] 127.0.0.1 () {40 vars in 830 bytes} [Thu Jun 11 11:32:15 2026] GET /v2/images/ac7fe571-be2b-41d4-94f9-8502005a2233 => generated 649 bytes in 25 msecs (HTTP/1.1 200) 4 headers in 157 bytes (1 switches on core 0)
Jun 11 11:32:15.819558 np0000002612 devstack@g-api.service[98857]: DEBUG glance.api.middleware.version_negotiation [None req-36de07cc-5a01-4e67-b887-004c979fe605 tempest-VolumesActionsTest-1090200966 tempest-VolumesActionsTest-1090200966-project-member] Determining version of request: PUT /v2/images/ac7fe571-be2b-41d4-94f9-8502005a2233/file Accept: */* {{(pid=98857) process_request /opt/stack/glance/glance/api/middleware/version_negotiation.py:44}}
Jun 11 11:32:15.819896 np0000002612 devstack@g-api.service[98857]: DEBUG glance.api.middleware.version_negotiation [None req-36de07cc-5a01-4e67-b887-004c979fe605 tempest-VolumesActionsTest-1090200966 tempest-VolumesActionsTest-1090200966-project-member] Using url versioning {{(pid=98857) process_request /opt/stack/glance/glance/api/middleware/version_negotiation.py:57}}
Jun 11 11:32:15.819896 np0000002612 devstack@g-api.service[98857]: DEBUG glance.api.middleware.version_negotiation [None req-36de07cc-5a01-4e67-b887-004c979fe605 tempest-VolumesActionsTest-1090200966 tempest-VolumesActionsTest-1090200966-project-member] Matched version: v2 {{(pid=98857) process_request /opt/stack/glance/glance/api/middleware/version_negotiation.py:69}}
Jun 11 11:32:15.819981 np0000002612 devstack@g-api.service[98857]: DEBUG glance.api.middleware.version_negotiation [None req-36de07cc-5a01-4e67-b887-004c979fe605 tempest-VolumesActionsTest-1090200966 tempest-VolumesActionsTest-1090200966-project-member] new path /v2/images/ac7fe571-be2b-41d4-94f9-8502005a2233/file {{(pid=98857) process_request /opt/stack/glance/glance/api/middleware/version_negotiation.py:70}}
Jun 11 11:32:16.237920 np0000002612 devstack@g-api.service[98857]: INFO glance.api.v2.image_data [None req-36de07cc-5a01-4e67-b887-004c979fe605 tempest-VolumesActionsTest-1090200966 tempest-VolumesActionsTest-1090200966-project-member] Unable to create trust: no such option collect_timing in group [keystone_authtoken] Use the existing user token.
Jun 11 11:32:16.310113 np0000002612 devstack@g-api.service[98856]: DEBUG glance.api.middleware.version_negotiation [None req-6983c55d-3839-4dc3-baf8-6b4e054f9167 tempest-VolumesActionsTest-1090200966 tempest-VolumesActionsTest-1090200966-project-member] Determining version of request: GET /v2/images/ac7fe571-be2b-41d4-94f9-8502005a2233 Accept: application/json {{(pid=98856) process_request /opt/stack/glance/glance/api/middleware/version_negotiation.py:44}}
Jun 11 11:32:16.310113 np0000002612 devstack@g-api.service[98856]: DEBUG glance.api.middleware.version_negotiation [None req-6983c55d-3839-4dc3-baf8-6b4e054f9167 tempest-VolumesActionsTest-1090200966 tempest-VolumesActionsTest-1090200966-project-member] Using url versioning {{(pid=98856) process_request /opt/stack/glance/glance/api/middleware/version_negotiation.py:57}}
Jun 11 11:32:16.310113 np0000002612 devstack@g-api.service[98856]: DEBUG glance.api.middleware.version_negotiation [None req-6983c55d-3839-4dc3-baf8-6b4e054f9167 tempest-VolumesActionsTest-1090200966 tempest-VolumesActionsTest-1090200966-project-member] Matched version: v2 {{(pid=98856) process_request /opt/stack/glance/glance/api/middleware/version_negotiation.py:69}}
Jun 11 11:32:16.310569 np0000002612 devstack@g-api.service[98856]: DEBUG glance.api.middleware.version_negotiation [None req-6983c55d-3839-4dc3-baf8-6b4e054f9167 tempest-VolumesActionsTest-1090200966 tempest-VolumesActionsTest-1090200966-project-member] new path /v2/images/ac7fe571-be2b-41d4-94f9-8502005a2233 {{(pid=98856) process_request /opt/stack/glance/glance/api/middleware/version_negotiation.py:70}}
Jun 11 11:32:16.318755 np0000002612 devstack@g-api.service[98856]: [pid: 98856|app: 0|req: 197/384] 127.0.0.1 () {40 vars in 830 bytes} [Thu Jun 11 11:32:16 2026] GET /v2/images/ac7fe571-be2b-41d4-94f9-8502005a2233 => generated 649 bytes in 10 msecs (HTTP/1.1 200) 4 headers in 157 bytes (1 switches on core 0)
Jun 11 11:32:16.634583 np0000002612 devstack@g-api.service[98857]: DEBUG glance.location [None req-36de07cc-5a01-4e67-b887-004c979fe605 tempest-VolumesActionsTest-1090200966 tempest-VolumesActionsTest-1090200966-project-member] Enabling in-flight format inspection for raw {{(pid=98857) set_data /opt/stack/glance/glance/location.py:616}}
Jun 11 11:32:16.635106 np0000002612 devstack@g-api.service[98857]: DEBUG glance_store.backend [None req-36de07cc-5a01-4e67-b887-004c979fe605 tempest-VolumesActionsTest-1090200966 tempest-VolumesActionsTest-1090200966-project-member] Attempting to import store swift {{(pid=98857) _load_store /opt/stack/data/venv/lib/python3.12/site-packages/glance_store/backend.py:215}}
Jun 11 11:32:16.636869 np0000002612 devstack@g-api.service[98857]: DEBUG glance_store.capabilities [None req-36de07cc-5a01-4e67-b887-004c979fe605 tempest-VolumesActionsTest-1090200966 tempest-VolumesActionsTest-1090200966-project-member] Store glance_store._drivers.swift.store.SingleTenantStore doesn't support updating dynamic storage capabilities. Please overwrite 'update_capabilities' method of the store to implement updating logics if needed. {{(pid=98857) update_capabilities /opt/stack/data/venv/lib/python3.12/site-packages/glance_store/capabilities.py:91}}
Jun 11 11:32:16.637025 np0000002612 devstack@g-api.service[98857]: DEBUG glance_store.driver [None req-36de07cc-5a01-4e67-b887-004c979fe605 tempest-VolumesActionsTest-1090200966 tempest-VolumesActionsTest-1090200966-project-member] Late loading location class glance_store._drivers.swift.store.StoreLocation {{(pid=98857) get_store_location_class /opt/stack/data/venv/lib/python3.12/site-packages/glance_store/driver.py:134}}
Jun 11 11:32:16.637528 np0000002612 devstack@g-api.service[98857]: DEBUG glance_store.location [None req-36de07cc-5a01-4e67-b887-004c979fe605 tempest-VolumesActionsTest-1090200966 tempest-VolumesActionsTest-1090200966-project-member] Registering scheme swift+https with {'store': , 'location_class': , 'store_entry': 'swift'} {{(pid=98857) register_scheme_map /opt/stack/data/venv/lib/python3.12/site-packages/glance_store/location.py:146}}
Jun 11 11:32:16.637528 np0000002612 devstack@g-api.service[98857]: DEBUG glance_store.location [None req-36de07cc-5a01-4e67-b887-004c979fe605 tempest-VolumesActionsTest-1090200966 tempest-VolumesActionsTest-1090200966-project-member] Registering scheme swift+https with {'store': , 'location_class': , 'store_entry': 'swift'} {{(pid=98857) register_scheme_map /opt/stack/data/venv/lib/python3.12/site-packages/glance_store/location.py:146}}
Jun 11 11:32:16.637528 np0000002612 devstack@g-api.service[98857]: DEBUG glance_store.location [None req-36de07cc-5a01-4e67-b887-004c979fe605 tempest-VolumesActionsTest-1090200966 tempest-VolumesActionsTest-1090200966-project-member] Registering scheme swift with {'store': , 'location_class': , 'store_entry': 'swift'} {{(pid=98857) register_scheme_map /opt/stack/data/venv/lib/python3.12/site-packages/glance_store/location.py:146}}
Jun 11 11:32:16.637753 np0000002612 devstack@g-api.service[98857]: DEBUG glance_store.location [None req-36de07cc-5a01-4e67-b887-004c979fe605 tempest-VolumesActionsTest-1090200966 tempest-VolumesActionsTest-1090200966-project-member] Registering scheme swift+https with {'store': , 'location_class': , 'store_entry': 'swift'} {{(pid=98857) register_scheme_map /opt/stack/data/venv/lib/python3.12/site-packages/glance_store/location.py:146}}
Jun 11 11:32:16.637753 np0000002612 devstack@g-api.service[98857]: DEBUG glance_store.location [None req-36de07cc-5a01-4e67-b887-004c979fe605 tempest-VolumesActionsTest-1090200966 tempest-VolumesActionsTest-1090200966-project-member] Registering scheme swift with {'store': , 'location_class': , 'store_entry': 'swift'} {{(pid=98857) register_scheme_map /opt/stack/data/venv/lib/python3.12/site-packages/glance_store/location.py:146}}
Jun 11 11:32:16.637928 np0000002612 devstack@g-api.service[98857]: DEBUG glance_store.location [None req-36de07cc-5a01-4e67-b887-004c979fe605 tempest-VolumesActionsTest-1090200966 tempest-VolumesActionsTest-1090200966-project-member] Registering scheme swift+http with {'store': , 'location_class': , 'store_entry': 'swift'} {{(pid=98857) register_scheme_map /opt/stack/data/venv/lib/python3.12/site-packages/glance_store/location.py:146}}
Jun 11 11:32:16.638084 np0000002612 devstack@g-api.service[98857]: DEBUG glance_store.location [None req-36de07cc-5a01-4e67-b887-004c979fe605 tempest-VolumesActionsTest-1090200966 tempest-VolumesActionsTest-1090200966-project-member] Registering scheme swift+https with {'store': , 'location_class': , 'store_entry': 'swift'} {{(pid=98857) register_scheme_map /opt/stack/data/venv/lib/python3.12/site-packages/glance_store/location.py:146}}
Jun 11 11:32:16.638414 np0000002612 devstack@g-api.service[98857]: DEBUG glance_store.location [None req-36de07cc-5a01-4e67-b887-004c979fe605 tempest-VolumesActionsTest-1090200966 tempest-VolumesActionsTest-1090200966-project-member] Registering scheme swift with {'store': , 'location_class': , 'store_entry': 'swift'} {{(pid=98857) register_scheme_map /opt/stack/data/venv/lib/python3.12/site-packages/glance_store/location.py:146}}
Jun 11 11:32:16.638414 np0000002612 devstack@g-api.service[98857]: DEBUG glance_store.location [None req-36de07cc-5a01-4e67-b887-004c979fe605 tempest-VolumesActionsTest-1090200966 tempest-VolumesActionsTest-1090200966-project-member] Registering scheme swift+http with {'store': , 'location_class': , 'store_entry': 'swift'} {{(pid=98857) register_scheme_map /opt/stack/data/venv/lib/python3.12/site-packages/glance_store/location.py:146}}
Jun 11 11:32:16.638414 np0000002612 devstack@g-api.service[98857]: DEBUG glance_store.location [None req-36de07cc-5a01-4e67-b887-004c979fe605 tempest-VolumesActionsTest-1090200966 tempest-VolumesActionsTest-1090200966-project-member] Registering scheme swift+config with {'store': , 'location_class': , 'store_entry': 'swift'} {{(pid=98857) register_scheme_map /opt/stack/data/venv/lib/python3.12/site-packages/glance_store/location.py:146}}
Jun 11 11:32:16.830657 np0000002612 devstack@g-api.service[98856]: DEBUG glance.api.middleware.version_negotiation [None req-b4d34a7a-83bc-42c7-b33d-19db59116fe7 tempest-VolumesActionsTest-1090200966 tempest-VolumesActionsTest-1090200966-project-member] Determining version of request: GET /v2/images/80c4dab6-2133-4b47-abde-5ed42c3a492e Accept: */* {{(pid=98856) process_request /opt/stack/glance/glance/api/middleware/version_negotiation.py:44}}
Jun 11 11:32:16.830860 np0000002612 devstack@g-api.service[98856]: DEBUG glance.api.middleware.version_negotiation [None req-b4d34a7a-83bc-42c7-b33d-19db59116fe7 tempest-VolumesActionsTest-1090200966 tempest-VolumesActionsTest-1090200966-project-member] Using url versioning {{(pid=98856) process_request /opt/stack/glance/glance/api/middleware/version_negotiation.py:57}}
Jun 11 11:32:16.830980 np0000002612 devstack@g-api.service[98856]: DEBUG glance.api.middleware.version_negotiation [None req-b4d34a7a-83bc-42c7-b33d-19db59116fe7 tempest-VolumesActionsTest-1090200966 tempest-VolumesActionsTest-1090200966-project-member] Matched version: v2 {{(pid=98856) process_request /opt/stack/glance/glance/api/middleware/version_negotiation.py:69}}
Jun 11 11:32:16.831078 np0000002612 devstack@g-api.service[98856]: DEBUG glance.api.middleware.version_negotiation [None req-b4d34a7a-83bc-42c7-b33d-19db59116fe7 tempest-VolumesActionsTest-1090200966 tempest-VolumesActionsTest-1090200966-project-member] new path /v2/images/80c4dab6-2133-4b47-abde-5ed42c3a492e {{(pid=98856) process_request /opt/stack/glance/glance/api/middleware/version_negotiation.py:70}}
Jun 11 11:32:16.842454 np0000002612 devstack@g-api.service[98857]: DEBUG swiftclient [None req-36de07cc-5a01-4e67-b887-004c979fe605 tempest-VolumesActionsTest-1090200966 tempest-VolumesActionsTest-1090200966-project-member] REQ: curl -i https://10.4.3.6:8080/v1/AUTH_0428fe65ec0a415b82276b2581e03a30/glance -I -H "X-Auth-Token: gAAAAABqKpzAelCW..." {{(pid=98857) http_log /opt/stack/data/venv/lib/python3.12/site-packages/swiftclient/client.py:160}}
Jun 11 11:32:16.843708 np0000002612 devstack@g-api.service[98856]: [pid: 98856|app: 0|req: 198/385] 127.0.0.1 () {44 vars in 1107 bytes} [Thu Jun 11 11:32:16 2026] GET /v2/images/80c4dab6-2133-4b47-abde-5ed42c3a492e => generated 1044 bytes in 13 msecs (HTTP/1.1 200) 4 headers in 158 bytes (1 switches on core 0)
Jun 11 11:32:16.844053 np0000002612 devstack@g-api.service[98857]: DEBUG swiftclient [None req-36de07cc-5a01-4e67-b887-004c979fe605 tempest-VolumesActionsTest-1090200966 tempest-VolumesActionsTest-1090200966-project-member] RESP STATUS: 204 No Content {{(pid=98857) http_log /opt/stack/data/venv/lib/python3.12/site-packages/swiftclient/client.py:161}}
Jun 11 11:32:16.844053 np0000002612 devstack@g-api.service[98857]: DEBUG swiftclient [None req-36de07cc-5a01-4e67-b887-004c979fe605 tempest-VolumesActionsTest-1090200966 tempest-VolumesActionsTest-1090200966-project-member] RESP HEADERS: {'Date': 'Thu, 11 Jun 2026 11:32:16 GMT', 'Server': 'Apache/2.4.58 (Ubuntu)', 'Content-Type': 'text/plain; charset=utf-8', 'X-Container-Object-Count': '3', 'X-Container-Bytes-Used': '64356352', 'X-Timestamp': '1781177078.36696', 'Last-Modified': 'Thu, 11 Jun 2026 11:24:39 GMT', 'Accept-Ranges': 'bytes', 'X-Storage-Policy': 'Policy-0', 'X-Container-Sharding': 'False', 'Vary': 'Accept', 'X-Trans-Id': 'tx03a7729b156f4b41b8ab2-006a2a9cc0', 'X-Openstack-Request-Id': 'tx03a7729b156f4b41b8ab2-006a2a9cc0', 'Connection': 'close'} {{(pid=98857) http_log /opt/stack/data/venv/lib/python3.12/site-packages/swiftclient/client.py:162}}
Jun 11 11:32:16.844053 np0000002612 devstack@g-api.service[98857]: DEBUG glance_store._drivers.swift.store [None req-36de07cc-5a01-4e67-b887-004c979fe605 tempest-VolumesActionsTest-1090200966 tempest-VolumesActionsTest-1090200966-project-member] Adding image object 'ac7fe571-be2b-41d4-94f9-8502005a2233' to Swift {{(pid=98857) add /opt/stack/data/venv/lib/python3.12/site-packages/glance_store/_drivers/swift/store.py:970}}
Jun 11 11:32:16.844899 np0000002612 devstack@g-api.service[98857]: DEBUG glance_store._drivers.swift.store [None req-36de07cc-5a01-4e67-b887-004c979fe605 tempest-VolumesActionsTest-1090200966 tempest-VolumesActionsTest-1090200966-project-member] Cannot determine image size because it is either not provided in the request or chunked-transfer encoding is used. Adding image as a segmented object to Swift. {{(pid=98857) add /opt/stack/data/venv/lib/python3.12/site-packages/glance_store/_drivers/swift/store.py:994}}
Jun 11 11:32:16.849490 np0000002612 devstack@g-api.service[98857]: DEBUG oslo_utils.imageutils.format_inspector [None req-36de07cc-5a01-4e67-b887-004c979fe605 tempest-VolumesActionsTest-1090200966 tempest-VolumesActionsTest-1090200966-project-member] Format inspector for vmdk does not match, excluding from consideration (Signature KDMV not found: b'\x00\x00\x00\x00') {{(pid=98857) _process_chunk /opt/stack/data/venv/lib/python3.12/site-packages/oslo_utils/imageutils/format_inspector.py:1758}}
Jun 11 11:32:16.851777 np0000002612 devstack@g-api.service[98857]: DEBUG oslo_utils.imageutils.format_inspector [None req-36de07cc-5a01-4e67-b887-004c979fe605 tempest-VolumesActionsTest-1090200966 tempest-VolumesActionsTest-1090200966-project-member] Format inspector for vhdx does not match, excluding from consideration (Region signature not found at 30000) {{(pid=98857) _process_chunk /opt/stack/data/venv/lib/python3.12/site-packages/oslo_utils/imageutils/format_inspector.py:1758}}
Jun 11 11:32:16.907477 np0000002612 devstack@g-api.service[98856]: DEBUG glance.api.middleware.version_negotiation [None req-53e89ea0-96ac-4159-8099-9b0dc089a7fd tempest-ServerRescueNegativeTestJSON-869895933 tempest-ServerRescueNegativeTestJSON-869895933-project-member] Determining version of request: GET /v2/schemas/image Accept: */* {{(pid=98856) process_request /opt/stack/glance/glance/api/middleware/version_negotiation.py:44}}
Jun 11 11:32:16.907658 np0000002612 devstack@g-api.service[98856]: DEBUG glance.api.middleware.version_negotiation [None req-53e89ea0-96ac-4159-8099-9b0dc089a7fd tempest-ServerRescueNegativeTestJSON-869895933 tempest-ServerRescueNegativeTestJSON-869895933-project-member] Using url versioning {{(pid=98856) process_request /opt/stack/glance/glance/api/middleware/version_negotiation.py:57}}
Jun 11 11:32:16.907900 np0000002612 devstack@g-api.service[98856]: DEBUG glance.api.middleware.version_negotiation [None req-53e89ea0-96ac-4159-8099-9b0dc089a7fd tempest-ServerRescueNegativeTestJSON-869895933 tempest-ServerRescueNegativeTestJSON-869895933-project-member] Matched version: v2 {{(pid=98856) process_request /opt/stack/glance/glance/api/middleware/version_negotiation.py:69}}
Jun 11 11:32:16.908001 np0000002612 devstack@g-api.service[98856]: DEBUG glance.api.middleware.version_negotiation [None req-53e89ea0-96ac-4159-8099-9b0dc089a7fd tempest-ServerRescueNegativeTestJSON-869895933 tempest-ServerRescueNegativeTestJSON-869895933-project-member] new path /v2/schemas/image {{(pid=98856) process_request /opt/stack/glance/glance/api/middleware/version_negotiation.py:70}}
Jun 11 11:32:16.911909 np0000002612 devstack@g-api.service[98856]: [pid: 98856|app: 0|req: 199/386] 127.0.0.1 () {44 vars in 1047 bytes} [Thu Jun 11 11:32:16 2026] GET /v2/schemas/image => generated 6083 bytes in 5 msecs (HTTP/1.1 200) 4 headers in 158 bytes (1 switches on core 0)
Jun 11 11:32:17.327503 np0000002612 devstack@g-api.service[98856]: DEBUG glance.api.middleware.version_negotiation [None req-53e89ea0-96ac-4159-8099-9b0dc089a7fd tempest-ServerRescueNegativeTestJSON-869895933 tempest-ServerRescueNegativeTestJSON-869895933-project-member] Determining version of request: GET /v2/images/ac7fe571-be2b-41d4-94f9-8502005a2233 Accept: application/json {{(pid=98856) process_request /opt/stack/glance/glance/api/middleware/version_negotiation.py:44}}
Jun 11 11:32:17.327936 np0000002612 devstack@g-api.service[98856]: DEBUG glance.api.middleware.version_negotiation [None req-53e89ea0-96ac-4159-8099-9b0dc089a7fd tempest-ServerRescueNegativeTestJSON-869895933 tempest-ServerRescueNegativeTestJSON-869895933-project-member] Using url versioning {{(pid=98856) process_request /opt/stack/glance/glance/api/middleware/version_negotiation.py:57}}
Jun 11 11:32:17.327936 np0000002612 devstack@g-api.service[98856]: DEBUG glance.api.middleware.version_negotiation [None req-53e89ea0-96ac-4159-8099-9b0dc089a7fd tempest-ServerRescueNegativeTestJSON-869895933 tempest-ServerRescueNegativeTestJSON-869895933-project-member] Matched version: v2 {{(pid=98856) process_request /opt/stack/glance/glance/api/middleware/version_negotiation.py:69}}
Jun 11 11:32:17.328006 np0000002612 devstack@g-api.service[98856]: DEBUG glance.api.middleware.version_negotiation [None req-53e89ea0-96ac-4159-8099-9b0dc089a7fd tempest-ServerRescueNegativeTestJSON-869895933 tempest-ServerRescueNegativeTestJSON-869895933-project-member] new path /v2/images/ac7fe571-be2b-41d4-94f9-8502005a2233 {{(pid=98856) process_request /opt/stack/glance/glance/api/middleware/version_negotiation.py:70}}
Jun 11 11:32:17.340405 np0000002612 devstack@g-api.service[98856]: [pid: 98856|app: 0|req: 200/387] 127.0.0.1 () {40 vars in 830 bytes} [Thu Jun 11 11:32:17 2026] GET /v2/images/ac7fe571-be2b-41d4-94f9-8502005a2233 => generated 649 bytes in 13 msecs (HTTP/1.1 200) 4 headers in 157 bytes (1 switches on core 0)
Jun 11 11:32:18.349653 np0000002612 devstack@g-api.service[98856]: DEBUG glance.api.middleware.version_negotiation [None req-dc556f73-7025-42a9-bb75-e2bf6b8044de tempest-VolumesActionsTest-1090200966 tempest-VolumesActionsTest-1090200966-project-member] Determining version of request: GET /v2/images/ac7fe571-be2b-41d4-94f9-8502005a2233 Accept: application/json {{(pid=98856) process_request /opt/stack/glance/glance/api/middleware/version_negotiation.py:44}}
Jun 11 11:32:18.351341 np0000002612 devstack@g-api.service[98856]: DEBUG glance.api.middleware.version_negotiation [None req-dc556f73-7025-42a9-bb75-e2bf6b8044de tempest-VolumesActionsTest-1090200966 tempest-VolumesActionsTest-1090200966-project-member] Using url versioning {{(pid=98856) process_request /opt/stack/glance/glance/api/middleware/version_negotiation.py:57}}
Jun 11 11:32:18.351341 np0000002612 devstack@g-api.service[98856]: DEBUG glance.api.middleware.version_negotiation [None req-dc556f73-7025-42a9-bb75-e2bf6b8044de tempest-VolumesActionsTest-1090200966 tempest-VolumesActionsTest-1090200966-project-member] Matched version: v2 {{(pid=98856) process_request /opt/stack/glance/glance/api/middleware/version_negotiation.py:69}}
Jun 11 11:32:18.351341 np0000002612 devstack@g-api.service[98856]: DEBUG glance.api.middleware.version_negotiation [None req-dc556f73-7025-42a9-bb75-e2bf6b8044de tempest-VolumesActionsTest-1090200966 tempest-VolumesActionsTest-1090200966-project-member] new path /v2/images/ac7fe571-be2b-41d4-94f9-8502005a2233 {{(pid=98856) process_request /opt/stack/glance/glance/api/middleware/version_negotiation.py:70}}
Jun 11 11:32:18.364907 np0000002612 devstack@g-api.service[98856]: [pid: 98856|app: 0|req: 201/388] 127.0.0.1 () {40 vars in 830 bytes} [Thu Jun 11 11:32:18 2026] GET /v2/images/ac7fe571-be2b-41d4-94f9-8502005a2233 => generated 649 bytes in 15 msecs (HTTP/1.1 200) 4 headers in 157 bytes (1 switches on core 0)
Jun 11 11:32:19.188996 np0000002612 devstack@g-api.service[98857]: DEBUG swiftclient [None req-36de07cc-5a01-4e67-b887-004c979fe605 tempest-VolumesActionsTest-1090200966 tempest-VolumesActionsTest-1090200966-project-member] REQ: curl -i https://10.4.3.6:8080/v1/AUTH_0428fe65ec0a415b82276b2581e03a30/glance/ac7fe571-be2b-41d4-94f9-8502005a2233-00001 -X PUT -H "X-Auth-Token: gAAAAABqKpzAelCW..." {{(pid=98857) http_log /opt/stack/data/venv/lib/python3.12/site-packages/swiftclient/client.py:160}}
Jun 11 11:32:19.189224 np0000002612 devstack@g-api.service[98857]: DEBUG swiftclient [None req-36de07cc-5a01-4e67-b887-004c979fe605 tempest-VolumesActionsTest-1090200966 tempest-VolumesActionsTest-1090200966-project-member] RESP STATUS: 201 Created {{(pid=98857) http_log /opt/stack/data/venv/lib/python3.12/site-packages/swiftclient/client.py:161}}
Jun 11 11:32:19.189224 np0000002612 devstack@g-api.service[98857]: DEBUG swiftclient [None req-36de07cc-5a01-4e67-b887-004c979fe605 tempest-VolumesActionsTest-1090200966 tempest-VolumesActionsTest-1090200966-project-member] RESP HEADERS: {'Date': 'Thu, 11 Jun 2026 11:32:19 GMT', 'Server': 'Apache/2.4.58 (Ubuntu)', 'Content-Type': 'text/html; charset=UTF-8', 'Content-Length': '0', 'Etag': 'eda9a9889837ac4bc81d6387d92c1bec', 'Last-Modified': 'Thu, 11 Jun 2026 11:32:17 GMT', 'X-Trans-Id': 'txc501270b13c74b9383132-006a2a9cc0', 'X-Openstack-Request-Id': 'txc501270b13c74b9383132-006a2a9cc0', 'Connection': 'close'} {{(pid=98857) http_log /opt/stack/data/venv/lib/python3.12/site-packages/swiftclient/client.py:162}}
Jun 11 11:32:19.189769 np0000002612 devstack@g-api.service[98857]: DEBUG glance_store._drivers.swift.store [None req-36de07cc-5a01-4e67-b887-004c979fe605 tempest-VolumesActionsTest-1090200966 tempest-VolumesActionsTest-1090200966-project-member] Wrote chunk ac7fe571-be2b-41d4-94f9-8502005a2233-00001 (1/?) of length 204800000 to Swift returning MD5 of content: eda9a9889837ac4bc81d6387d92c1bec {{(pid=98857) add /opt/stack/data/venv/lib/python3.12/site-packages/glance_store/_drivers/swift/store.py:1059}}
Jun 11 11:32:19.381049 np0000002612 devstack@g-api.service[98856]: DEBUG glance.api.middleware.version_negotiation [None req-1f9b271f-e009-410c-9c74-247163c3c8b3 tempest-VolumesActionsTest-1090200966 tempest-VolumesActionsTest-1090200966-project-member] Determining version of request: GET /v2/images/ac7fe571-be2b-41d4-94f9-8502005a2233 Accept: application/json {{(pid=98856) process_request /opt/stack/glance/glance/api/middleware/version_negotiation.py:44}}
Jun 11 11:32:19.382194 np0000002612 devstack@g-api.service[98856]: DEBUG glance.api.middleware.version_negotiation [None req-1f9b271f-e009-410c-9c74-247163c3c8b3 tempest-VolumesActionsTest-1090200966 tempest-VolumesActionsTest-1090200966-project-member] Using url versioning {{(pid=98856) process_request /opt/stack/glance/glance/api/middleware/version_negotiation.py:57}}
Jun 11 11:32:19.382194 np0000002612 devstack@g-api.service[98856]: DEBUG glance.api.middleware.version_negotiation [None req-1f9b271f-e009-410c-9c74-247163c3c8b3 tempest-VolumesActionsTest-1090200966 tempest-VolumesActionsTest-1090200966-project-member] Matched version: v2 {{(pid=98856) process_request /opt/stack/glance/glance/api/middleware/version_negotiation.py:69}}
Jun 11 11:32:19.382194 np0000002612 devstack@g-api.service[98856]: DEBUG glance.api.middleware.version_negotiation [None req-1f9b271f-e009-410c-9c74-247163c3c8b3 tempest-VolumesActionsTest-1090200966 tempest-VolumesActionsTest-1090200966-project-member] new path /v2/images/ac7fe571-be2b-41d4-94f9-8502005a2233 {{(pid=98856) process_request /opt/stack/glance/glance/api/middleware/version_negotiation.py:70}}
Jun 11 11:32:19.412614 np0000002612 devstack@g-api.service[98856]: [pid: 98856|app: 0|req: 202/389] 127.0.0.1 () {40 vars in 830 bytes} [Thu Jun 11 11:32:19 2026] GET /v2/images/ac7fe571-be2b-41d4-94f9-8502005a2233 => generated 649 bytes in 32 msecs (HTTP/1.1 200) 4 headers in 157 bytes (1 switches on core 0)
Jun 11 11:32:20.430316 np0000002612 devstack@g-api.service[98856]: DEBUG glance.api.middleware.version_negotiation [None req-96f8ea91-42f0-49c4-8f0d-2a6c2a4ac8d6 tempest-VolumesActionsTest-1090200966 tempest-VolumesActionsTest-1090200966-project-member] Determining version of request: GET /v2/images/ac7fe571-be2b-41d4-94f9-8502005a2233 Accept: application/json {{(pid=98856) process_request /opt/stack/glance/glance/api/middleware/version_negotiation.py:44}}
Jun 11 11:32:20.430316 np0000002612 devstack@g-api.service[98856]: DEBUG glance.api.middleware.version_negotiation [None req-96f8ea91-42f0-49c4-8f0d-2a6c2a4ac8d6 tempest-VolumesActionsTest-1090200966 tempest-VolumesActionsTest-1090200966-project-member] Using url versioning {{(pid=98856) process_request /opt/stack/glance/glance/api/middleware/version_negotiation.py:57}}
Jun 11 11:32:20.430316 np0000002612 devstack@g-api.service[98856]: DEBUG glance.api.middleware.version_negotiation [None req-96f8ea91-42f0-49c4-8f0d-2a6c2a4ac8d6 tempest-VolumesActionsTest-1090200966 tempest-VolumesActionsTest-1090200966-project-member] Matched version: v2 {{(pid=98856) process_request /opt/stack/glance/glance/api/middleware/version_negotiation.py:69}}
Jun 11 11:32:20.430316 np0000002612 devstack@g-api.service[98856]: DEBUG glance.api.middleware.version_negotiation [None req-96f8ea91-42f0-49c4-8f0d-2a6c2a4ac8d6 tempest-VolumesActionsTest-1090200966 tempest-VolumesActionsTest-1090200966-project-member] new path /v2/images/ac7fe571-be2b-41d4-94f9-8502005a2233 {{(pid=98856) process_request /opt/stack/glance/glance/api/middleware/version_negotiation.py:70}}
Jun 11 11:32:20.455184 np0000002612 devstack@g-api.service[98856]: [pid: 98856|app: 0|req: 203/390] 127.0.0.1 () {40 vars in 830 bytes} [Thu Jun 11 11:32:20 2026] GET /v2/images/ac7fe571-be2b-41d4-94f9-8502005a2233 => generated 649 bytes in 24 msecs (HTTP/1.1 200) 4 headers in 157 bytes (1 switches on core 0)
Jun 11 11:32:21.466245 np0000002612 devstack@g-api.service[98856]: DEBUG glance.api.middleware.version_negotiation [None req-9a7ec184-943c-4844-bef4-fbbd1378fffa tempest-VolumesActionsTest-1090200966 tempest-VolumesActionsTest-1090200966-project-member] Determining version of request: GET /v2/images/ac7fe571-be2b-41d4-94f9-8502005a2233 Accept: application/json {{(pid=98856) process_request /opt/stack/glance/glance/api/middleware/version_negotiation.py:44}}
Jun 11 11:32:21.468404 np0000002612 devstack@g-api.service[98856]: DEBUG glance.api.middleware.version_negotiation [None req-9a7ec184-943c-4844-bef4-fbbd1378fffa tempest-VolumesActionsTest-1090200966 tempest-VolumesActionsTest-1090200966-project-member] Using url versioning {{(pid=98856) process_request /opt/stack/glance/glance/api/middleware/version_negotiation.py:57}}
Jun 11 11:32:21.468404 np0000002612 devstack@g-api.service[98856]: DEBUG glance.api.middleware.version_negotiation [None req-9a7ec184-943c-4844-bef4-fbbd1378fffa tempest-VolumesActionsTest-1090200966 tempest-VolumesActionsTest-1090200966-project-member] Matched version: v2 {{(pid=98856) process_request /opt/stack/glance/glance/api/middleware/version_negotiation.py:69}}
Jun 11 11:32:21.468404 np0000002612 devstack@g-api.service[98856]: DEBUG glance.api.middleware.version_negotiation [None req-9a7ec184-943c-4844-bef4-fbbd1378fffa tempest-VolumesActionsTest-1090200966 tempest-VolumesActionsTest-1090200966-project-member] new path /v2/images/ac7fe571-be2b-41d4-94f9-8502005a2233 {{(pid=98856) process_request /opt/stack/glance/glance/api/middleware/version_negotiation.py:70}}
Jun 11 11:32:21.478225 np0000002612 devstack@g-api.service[98856]: [pid: 98856|app: 0|req: 204/391] 127.0.0.1 () {40 vars in 830 bytes} [Thu Jun 11 11:32:21 2026] GET /v2/images/ac7fe571-be2b-41d4-94f9-8502005a2233 => generated 649 bytes in 13 msecs (HTTP/1.1 200) 4 headers in 157 bytes (1 switches on core 0)
Jun 11 11:32:21.521076 np0000002612 devstack@g-api.service[98857]: DEBUG swiftclient [None req-36de07cc-5a01-4e67-b887-004c979fe605 tempest-VolumesActionsTest-1090200966 tempest-VolumesActionsTest-1090200966-project-member] REQ: curl -i https://10.4.3.6:8080/v1/AUTH_0428fe65ec0a415b82276b2581e03a30/glance/ac7fe571-be2b-41d4-94f9-8502005a2233-00002 -X PUT -H "X-Auth-Token: gAAAAABqKpzAelCW..." {{(pid=98857) http_log /opt/stack/data/venv/lib/python3.12/site-packages/swiftclient/client.py:160}}
Jun 11 11:32:21.521336 np0000002612 devstack@g-api.service[98857]: DEBUG swiftclient [None req-36de07cc-5a01-4e67-b887-004c979fe605 tempest-VolumesActionsTest-1090200966 tempest-VolumesActionsTest-1090200966-project-member] RESP STATUS: 201 Created {{(pid=98857) http_log /opt/stack/data/venv/lib/python3.12/site-packages/swiftclient/client.py:161}}
Jun 11 11:32:21.521390 np0000002612 devstack@g-api.service[98857]: DEBUG swiftclient [None req-36de07cc-5a01-4e67-b887-004c979fe605 tempest-VolumesActionsTest-1090200966 tempest-VolumesActionsTest-1090200966-project-member] RESP HEADERS: {'Date': 'Thu, 11 Jun 2026 11:32:21 GMT', 'Server': 'Apache/2.4.58 (Ubuntu)', 'Content-Type': 'text/html; charset=UTF-8', 'Content-Length': '0', 'Etag': 'eda9a9889837ac4bc81d6387d92c1bec', 'Last-Modified': 'Thu, 11 Jun 2026 11:32:20 GMT', 'X-Trans-Id': 'txb021f041b36b4881aab34-006a2a9cc3', 'X-Openstack-Request-Id': 'txb021f041b36b4881aab34-006a2a9cc3', 'Connection': 'close'} {{(pid=98857) http_log /opt/stack/data/venv/lib/python3.12/site-packages/swiftclient/client.py:162}}
Jun 11 11:32:21.521473 np0000002612 devstack@g-api.service[98857]: DEBUG glance_store._drivers.swift.store [None req-36de07cc-5a01-4e67-b887-004c979fe605 tempest-VolumesActionsTest-1090200966 tempest-VolumesActionsTest-1090200966-project-member] Wrote chunk ac7fe571-be2b-41d4-94f9-8502005a2233-00002 (2/?) of length 204800000 to Swift returning MD5 of content: eda9a9889837ac4bc81d6387d92c1bec {{(pid=98857) add /opt/stack/data/venv/lib/python3.12/site-packages/glance_store/_drivers/swift/store.py:1059}}
Jun 11 11:32:22.490505 np0000002612 devstack@g-api.service[98856]: DEBUG glance.api.middleware.version_negotiation [None req-bfd5a1ff-fcac-4e18-bc91-444118e7f7e2 tempest-VolumesActionsTest-1090200966 tempest-VolumesActionsTest-1090200966-project-member] Determining version of request: GET /v2/images/ac7fe571-be2b-41d4-94f9-8502005a2233 Accept: application/json {{(pid=98856) process_request /opt/stack/glance/glance/api/middleware/version_negotiation.py:44}}
Jun 11 11:32:22.492655 np0000002612 devstack@g-api.service[98856]: DEBUG glance.api.middleware.version_negotiation [None req-bfd5a1ff-fcac-4e18-bc91-444118e7f7e2 tempest-VolumesActionsTest-1090200966 tempest-VolumesActionsTest-1090200966-project-member] Using url versioning {{(pid=98856) process_request /opt/stack/glance/glance/api/middleware/version_negotiation.py:57}}
Jun 11 11:32:22.493043 np0000002612 devstack@g-api.service[98856]: DEBUG glance.api.middleware.version_negotiation [None req-bfd5a1ff-fcac-4e18-bc91-444118e7f7e2 tempest-VolumesActionsTest-1090200966 tempest-VolumesActionsTest-1090200966-project-member] Matched version: v2 {{(pid=98856) process_request /opt/stack/glance/glance/api/middleware/version_negotiation.py:69}}
Jun 11 11:32:22.493043 np0000002612 devstack@g-api.service[98856]: DEBUG glance.api.middleware.version_negotiation [None req-bfd5a1ff-fcac-4e18-bc91-444118e7f7e2 tempest-VolumesActionsTest-1090200966 tempest-VolumesActionsTest-1090200966-project-member] new path /v2/images/ac7fe571-be2b-41d4-94f9-8502005a2233 {{(pid=98856) process_request /opt/stack/glance/glance/api/middleware/version_negotiation.py:70}}
Jun 11 11:32:22.506857 np0000002612 devstack@g-api.service[98856]: [pid: 98856|app: 0|req: 205/392] 127.0.0.1 () {40 vars in 830 bytes} [Thu Jun 11 11:32:22 2026] GET /v2/images/ac7fe571-be2b-41d4-94f9-8502005a2233 => generated 649 bytes in 16 msecs (HTTP/1.1 200) 4 headers in 157 bytes (1 switches on core 0)
Jun 11 11:32:23.514691 np0000002612 devstack@g-api.service[98856]: DEBUG glance.api.middleware.version_negotiation [None req-6cffbd62-26cb-42c1-ac89-8e0e4a413c90 tempest-VolumesActionsTest-1090200966 tempest-VolumesActionsTest-1090200966-project-member] Determining version of request: GET /v2/images/ac7fe571-be2b-41d4-94f9-8502005a2233 Accept: application/json {{(pid=98856) process_request /opt/stack/glance/glance/api/middleware/version_negotiation.py:44}}
Jun 11 11:32:23.514691 np0000002612 devstack@g-api.service[98856]: DEBUG glance.api.middleware.version_negotiation [None req-6cffbd62-26cb-42c1-ac89-8e0e4a413c90 tempest-VolumesActionsTest-1090200966 tempest-VolumesActionsTest-1090200966-project-member] Using url versioning {{(pid=98856) process_request /opt/stack/glance/glance/api/middleware/version_negotiation.py:57}}
Jun 11 11:32:23.514691 np0000002612 devstack@g-api.service[98856]: DEBUG glance.api.middleware.version_negotiation [None req-6cffbd62-26cb-42c1-ac89-8e0e4a413c90 tempest-VolumesActionsTest-1090200966 tempest-VolumesActionsTest-1090200966-project-member] Matched version: v2 {{(pid=98856) process_request /opt/stack/glance/glance/api/middleware/version_negotiation.py:69}}
Jun 11 11:32:23.514691 np0000002612 devstack@g-api.service[98856]: DEBUG glance.api.middleware.version_negotiation [None req-6cffbd62-26cb-42c1-ac89-8e0e4a413c90 tempest-VolumesActionsTest-1090200966 tempest-VolumesActionsTest-1090200966-project-member] new path /v2/images/ac7fe571-be2b-41d4-94f9-8502005a2233 {{(pid=98856) process_request /opt/stack/glance/glance/api/middleware/version_negotiation.py:70}}
Jun 11 11:32:23.524663 np0000002612 devstack@g-api.service[98856]: [pid: 98856|app: 0|req: 206/393] 127.0.0.1 () {40 vars in 830 bytes} [Thu Jun 11 11:32:23 2026] GET /v2/images/ac7fe571-be2b-41d4-94f9-8502005a2233 => generated 649 bytes in 11 msecs (HTTP/1.1 200) 4 headers in 157 bytes (1 switches on core 0)
