Jun 26 02:37:38.935821 np0000003683 nova-conductor[98734]: DEBUG cotyledon.oslo_config_glue [-] profiler.es_doc_type = notification {{(pid=98734) log_opt_values /opt/stack/data/venv/lib/python3.12/site-packages/oslo_config/cfg.py:3253}}
Jun 26 02:37:38.936014 np0000003683 nova-conductor[98734]: DEBUG cotyledon.oslo_config_glue [-] profiler.es_scroll_size = 10000 {{(pid=98734) log_opt_values /opt/stack/data/venv/lib/python3.12/site-packages/oslo_config/cfg.py:3253}}
Jun 26 02:37:38.936014 np0000003683 nova-conductor[98734]: DEBUG cotyledon.oslo_config_glue [-] profiler.es_scroll_time = 2m {{(pid=98734) log_opt_values /opt/stack/data/venv/lib/python3.12/site-packages/oslo_config/cfg.py:3253}}
Jun 26 02:37:38.936014 np0000003683 nova-conductor[98734]: DEBUG cotyledon.oslo_config_glue [-] profiler.filter_error_trace = False {{(pid=98734) log_opt_values /opt/stack/data/venv/lib/python3.12/site-packages/oslo_config/cfg.py:3253}}
Jun 26 02:37:38.936014 np0000003683 nova-conductor[98734]: DEBUG cotyledon.oslo_config_glue [-] profiler.hmac_keys = **** {{(pid=98734) log_opt_values /opt/stack/data/venv/lib/python3.12/site-packages/oslo_config/cfg.py:3253}}
Jun 26 02:37:38.936014 np0000003683 nova-conductor[98734]: DEBUG cotyledon.oslo_config_glue [-] profiler.sentinel_service_name = mymaster {{(pid=98734) log_opt_values /opt/stack/data/venv/lib/python3.12/site-packages/oslo_config/cfg.py:3253}}
Jun 26 02:37:38.936014 np0000003683 nova-conductor[98734]: DEBUG cotyledon.oslo_config_glue [-] profiler.socket_timeout = 0.1 {{(pid=98734) log_opt_values /opt/stack/data/venv/lib/python3.12/site-packages/oslo_config/cfg.py:3253}}
Jun 26 02:37:38.936014 np0000003683 nova-conductor[98734]: DEBUG cotyledon.oslo_config_glue [-] profiler.trace_requests = False {{(pid=98734) log_opt_values /opt/stack/data/venv/lib/python3.12/site-packages/oslo_config/cfg.py:3253}}
Jun 26 02:37:38.936014 np0000003683 nova-conductor[98734]: DEBUG cotyledon.oslo_config_glue [-] profiler.trace_sqlalchemy = False {{(pid=98734) log_opt_values /opt/stack/data/venv/lib/python3.12/site-packages/oslo_config/cfg.py:3253}}
Jun 26 02:37:38.936014 np0000003683 nova-conductor[98734]: DEBUG cotyledon.oslo_config_glue [-] profiler_jaeger.process_tags = {} {{(pid=98734) log_opt_values /opt/stack/data/venv/lib/python3.12/site-packages/oslo_config/cfg.py:3253}}
Jun 26 02:37:38.936196 np0000003683 nova-conductor[98734]: DEBUG cotyledon.oslo_config_glue [-] profiler_jaeger.service_name_prefix = None {{(pid=98734) log_opt_values /opt/stack/data/venv/lib/python3.12/site-packages/oslo_config/cfg.py:3253}}
Jun 26 02:37:38.936196 np0000003683 nova-conductor[98734]: DEBUG cotyledon.oslo_config_glue [-] profiler_otlp.service_name_prefix = None {{(pid=98734) log_opt_values /opt/stack/data/venv/lib/python3.12/site-packages/oslo_config/cfg.py:3253}}
Jun 26 02:37:38.936196 np0000003683 nova-conductor[98734]: DEBUG cotyledon.oslo_config_glue [-] oslo_messaging_rabbit.amqp_auto_delete = False {{(pid=98734) log_opt_values /opt/stack/data/venv/lib/python3.12/site-packages/oslo_config/cfg.py:3253}}
Jun 26 02:37:38.936196 np0000003683 nova-conductor[98734]: DEBUG cotyledon.oslo_config_glue [-] oslo_messaging_rabbit.amqp_durable_queues = False {{(pid=98734) log_opt_values /opt/stack/data/venv/lib/python3.12/site-packages/oslo_config/cfg.py:3253}}
Jun 26 02:37:38.936196 np0000003683 nova-conductor[98734]: DEBUG cotyledon.oslo_config_glue [-] oslo_messaging_rabbit.conn_pool_min_size = 2 {{(pid=98734) log_opt_values /opt/stack/data/venv/lib/python3.12/site-packages/oslo_config/cfg.py:3253}}
Jun 26 02:37:38.936196 np0000003683 nova-conductor[98734]: DEBUG cotyledon.oslo_config_glue [-] oslo_messaging_rabbit.conn_pool_ttl = 1200 {{(pid=98734) log_opt_values /opt/stack/data/venv/lib/python3.12/site-packages/oslo_config/cfg.py:3253}}
Jun 26 02:37:38.936196 np0000003683 nova-conductor[98734]: DEBUG cotyledon.oslo_config_glue [-] oslo_messaging_rabbit.direct_mandatory_flag = True {{(pid=98734) log_opt_values /opt/stack/data/venv/lib/python3.12/site-packages/oslo_config/cfg.py:3253}}
Jun 26 02:37:38.936196 np0000003683 nova-conductor[98734]: DEBUG cotyledon.oslo_config_glue [-] oslo_messaging_rabbit.enable_cancel_on_failover = False {{(pid=98734) log_opt_values /opt/stack/data/venv/lib/python3.12/site-packages/oslo_config/cfg.py:3253}}
Jun 26 02:37:38.936196 np0000003683 nova-conductor[98734]: DEBUG cotyledon.oslo_config_glue [-] oslo_messaging_rabbit.heartbeat_rate = 3 {{(pid=98734) log_opt_values /opt/stack/data/venv/lib/python3.12/site-packages/oslo_config/cfg.py:3253}}
Jun 26 02:37:38.936368 np0000003683 nova-conductor[98734]: DEBUG cotyledon.oslo_config_glue [-] oslo_messaging_rabbit.heartbeat_timeout_threshold = 60 {{(pid=98734) log_opt_values /opt/stack/data/venv/lib/python3.12/site-packages/oslo_config/cfg.py:3253}}
Jun 26 02:37:38.936368 np0000003683 nova-conductor[98734]: DEBUG cotyledon.oslo_config_glue [-] oslo_messaging_rabbit.hostname = np0000003683 {{(pid=98734) log_opt_values /opt/stack/data/venv/lib/python3.12/site-packages/oslo_config/cfg.py:3253}}
Jun 26 02:37:38.936368 np0000003683 nova-conductor[98734]: DEBUG cotyledon.oslo_config_glue [-] oslo_messaging_rabbit.kombu_compression = None {{(pid=98734) log_opt_values /opt/stack/data/venv/lib/python3.12/site-packages/oslo_config/cfg.py:3253}}
Jun 26 02:37:38.936368 np0000003683 nova-conductor[98734]: DEBUG cotyledon.oslo_config_glue [-] oslo_messaging_rabbit.kombu_failover_strategy = round-robin {{(pid=98734) log_opt_values /opt/stack/data/venv/lib/python3.12/site-packages/oslo_config/cfg.py:3253}}
Jun 26 02:37:38.936368 np0000003683 nova-conductor[98734]: DEBUG cotyledon.oslo_config_glue [-] oslo_messaging_rabbit.kombu_missing_consumer_retry_timeout = 60 {{(pid=98734) log_opt_values /opt/stack/data/venv/lib/python3.12/site-packages/oslo_config/cfg.py:3253}}
Jun 26 02:37:38.936368 np0000003683 nova-conductor[98734]: DEBUG cotyledon.oslo_config_glue [-] oslo_messaging_rabbit.kombu_reconnect_delay = 1.0 {{(pid=98734) log_opt_values /opt/stack/data/venv/lib/python3.12/site-packages/oslo_config/cfg.py:3253}}
Jun 26 02:37:38.936368 np0000003683 nova-conductor[98734]: DEBUG cotyledon.oslo_config_glue [-] oslo_messaging_rabbit.kombu_reconnect_splay = 0.0 {{(pid=98734) log_opt_values /opt/stack/data/venv/lib/python3.12/site-packages/oslo_config/cfg.py:3253}}
Jun 26 02:37:38.936368 np0000003683 nova-conductor[98734]: DEBUG cotyledon.oslo_config_glue [-] oslo_messaging_rabbit.processname = nova-conductor {{(pid=98734) log_opt_values /opt/stack/data/venv/lib/python3.12/site-packages/oslo_config/cfg.py:3253}}
Jun 26 02:37:38.936368 np0000003683 nova-conductor[98734]: DEBUG cotyledon.oslo_config_glue [-] oslo_messaging_rabbit.rabbit_ha_queues = False {{(pid=98734) log_opt_values /opt/stack/data/venv/lib/python3.12/site-packages/oslo_config/cfg.py:3253}}
Jun 26 02:37:38.936612 np0000003683 nova-conductor[98734]: DEBUG cotyledon.oslo_config_glue [-] oslo_messaging_rabbit.rabbit_interval_max = 30 {{(pid=98734) log_opt_values /opt/stack/data/venv/lib/python3.12/site-packages/oslo_config/cfg.py:3253}}
Jun 26 02:37:38.936612 np0000003683 nova-conductor[98734]: DEBUG cotyledon.oslo_config_glue [-] oslo_messaging_rabbit.rabbit_login_method = AMQPLAIN {{(pid=98734) log_opt_values /opt/stack/data/venv/lib/python3.12/site-packages/oslo_config/cfg.py:3253}}
Jun 26 02:37:38.936612 np0000003683 nova-conductor[98734]: DEBUG cotyledon.oslo_config_glue [-] oslo_messaging_rabbit.rabbit_qos_prefetch_count = 0 {{(pid=98734) log_opt_values /opt/stack/data/venv/lib/python3.12/site-packages/oslo_config/cfg.py:3253}}
Jun 26 02:37:38.936612 np0000003683 nova-conductor[98734]: DEBUG cotyledon.oslo_config_glue [-] oslo_messaging_rabbit.rabbit_quorum_delivery_limit = 0 {{(pid=98734) log_opt_values /opt/stack/data/venv/lib/python3.12/site-packages/oslo_config/cfg.py:3253}}
Jun 26 02:37:38.936612 np0000003683 nova-conductor[98734]: DEBUG cotyledon.oslo_config_glue [-] oslo_messaging_rabbit.rabbit_quorum_max_memory_bytes = 0 {{(pid=98734) log_opt_values /opt/stack/data/venv/lib/python3.12/site-packages/oslo_config/cfg.py:3253}}
Jun 26 02:37:38.936612 np0000003683 nova-conductor[98734]: DEBUG cotyledon.oslo_config_glue [-] oslo_messaging_rabbit.rabbit_quorum_max_memory_length = 0 {{(pid=98734) log_opt_values /opt/stack/data/venv/lib/python3.12/site-packages/oslo_config/cfg.py:3253}}
Jun 26 02:37:38.936612 np0000003683 nova-conductor[98734]: DEBUG cotyledon.oslo_config_glue [-] oslo_messaging_rabbit.rabbit_quorum_queue = False {{(pid=98734) log_opt_values /opt/stack/data/venv/lib/python3.12/site-packages/oslo_config/cfg.py:3253}}
Jun 26 02:37:38.936612 np0000003683 nova-conductor[98734]: DEBUG cotyledon.oslo_config_glue [-] oslo_messaging_rabbit.rabbit_retry_backoff = 2 {{(pid=98734) log_opt_values /opt/stack/data/venv/lib/python3.12/site-packages/oslo_config/cfg.py:3253}}
Jun 26 02:37:38.936612 np0000003683 nova-conductor[98734]: DEBUG cotyledon.oslo_config_glue [-] oslo_messaging_rabbit.rabbit_retry_interval = 1 {{(pid=98734) log_opt_values /opt/stack/data/venv/lib/python3.12/site-packages/oslo_config/cfg.py:3253}}
Jun 26 02:37:38.936808 np0000003683 nova-conductor[98734]: DEBUG cotyledon.oslo_config_glue [-] oslo_messaging_rabbit.rabbit_stream_fanout = False {{(pid=98734) log_opt_values /opt/stack/data/venv/lib/python3.12/site-packages/oslo_config/cfg.py:3253}}
Jun 26 02:37:38.936808 np0000003683 nova-conductor[98734]: DEBUG cotyledon.oslo_config_glue [-] oslo_messaging_rabbit.rabbit_transient_queues_ttl = 1800 {{(pid=98734) log_opt_values /opt/stack/data/venv/lib/python3.12/site-packages/oslo_config/cfg.py:3253}}
Jun 26 02:37:38.936808 np0000003683 nova-conductor[98734]: DEBUG cotyledon.oslo_config_glue [-] oslo_messaging_rabbit.rabbit_transient_quorum_queue = False {{(pid=98734) log_opt_values /opt/stack/data/venv/lib/python3.12/site-packages/oslo_config/cfg.py:3253}}
Jun 26 02:37:38.936808 np0000003683 nova-conductor[98734]: DEBUG cotyledon.oslo_config_glue [-] oslo_messaging_rabbit.rpc_conn_pool_size = 30 {{(pid=98734) log_opt_values /opt/stack/data/venv/lib/python3.12/site-packages/oslo_config/cfg.py:3253}}
Jun 26 02:37:38.936808 np0000003683 nova-conductor[98734]: DEBUG cotyledon.oslo_config_glue [-] oslo_messaging_rabbit.ssl = False {{(pid=98734) log_opt_values /opt/stack/data/venv/lib/python3.12/site-packages/oslo_config/cfg.py:3253}}
Jun 26 02:37:38.936808 np0000003683 nova-conductor[98734]: DEBUG cotyledon.oslo_config_glue [-] oslo_messaging_rabbit.ssl_ca_file = {{(pid=98734) log_opt_values /opt/stack/data/venv/lib/python3.12/site-packages/oslo_config/cfg.py:3253}}
Jun 26 02:37:38.936808 np0000003683 nova-conductor[98734]: DEBUG cotyledon.oslo_config_glue [-] oslo_messaging_rabbit.ssl_cert_file = {{(pid=98734) log_opt_values /opt/stack/data/venv/lib/python3.12/site-packages/oslo_config/cfg.py:3253}}
Jun 26 02:37:38.936808 np0000003683 nova-conductor[98734]: DEBUG cotyledon.oslo_config_glue [-] oslo_messaging_rabbit.ssl_enforce_fips_mode = False {{(pid=98734) log_opt_values /opt/stack/data/venv/lib/python3.12/site-packages/oslo_config/cfg.py:3253}}
Jun 26 02:37:38.936808 np0000003683 nova-conductor[98734]: DEBUG cotyledon.oslo_config_glue [-] oslo_messaging_rabbit.ssl_enforce_hostname_verification = True {{(pid=98734) log_opt_values /opt/stack/data/venv/lib/python3.12/site-packages/oslo_config/cfg.py:3253}}
Jun 26 02:37:38.936988 np0000003683 nova-conductor[98734]: DEBUG cotyledon.oslo_config_glue [-] oslo_messaging_rabbit.ssl_key_file = {{(pid=98734) log_opt_values /opt/stack/data/venv/lib/python3.12/site-packages/oslo_config/cfg.py:3253}}
Jun 26 02:37:38.936988 np0000003683 nova-conductor[98734]: DEBUG cotyledon.oslo_config_glue [-] oslo_messaging_rabbit.ssl_version = {{(pid=98734) log_opt_values /opt/stack/data/venv/lib/python3.12/site-packages/oslo_config/cfg.py:3253}}
Jun 26 02:37:38.936988 np0000003683 nova-conductor[98734]: DEBUG cotyledon.oslo_config_glue [-] oslo_messaging_rabbit.use_queue_manager = False {{(pid=98734) log_opt_values /opt/stack/data/venv/lib/python3.12/site-packages/oslo_config/cfg.py:3253}}
Jun 26 02:37:38.936988 np0000003683 nova-conductor[98734]: DEBUG cotyledon.oslo_config_glue [-] oslo_messaging_notifications.driver = ['messagingv2'] {{(pid=98734) log_opt_values /opt/stack/data/venv/lib/python3.12/site-packages/oslo_config/cfg.py:3253}}
Jun 26 02:37:38.936988 np0000003683 nova-conductor[98734]: DEBUG cotyledon.oslo_config_glue [-] oslo_messaging_notifications.retry = -1 {{(pid=98734) log_opt_values /opt/stack/data/venv/lib/python3.12/site-packages/oslo_config/cfg.py:3253}}
Jun 26 02:37:38.936988 np0000003683 nova-conductor[98734]: DEBUG cotyledon.oslo_config_glue [-] oslo_messaging_notifications.topics = ['notifications'] {{(pid=98734) log_opt_values /opt/stack/data/venv/lib/python3.12/site-packages/oslo_config/cfg.py:3253}}
Jun 26 02:37:38.936988 np0000003683 nova-conductor[98734]: DEBUG cotyledon.oslo_config_glue [-] oslo_messaging_notifications.transport_url = **** {{(pid=98734) log_opt_values /opt/stack/data/venv/lib/python3.12/site-packages/oslo_config/cfg.py:3253}}
Jun 26 02:37:38.936988 np0000003683 nova-conductor[98734]: DEBUG cotyledon.oslo_config_glue [-] oslo_limit.auth_section = None {{(pid=98734) log_opt_values /opt/stack/data/venv/lib/python3.12/site-packages/oslo_config/cfg.py:3253}}
Jun 26 02:37:38.936988 np0000003683 nova-conductor[98734]: DEBUG cotyledon.oslo_config_glue [-] oslo_limit.auth_type = None {{(pid=98734) log_opt_values /opt/stack/data/venv/lib/python3.12/site-packages/oslo_config/cfg.py:3253}}
Jun 26 02:37:38.937168 np0000003683 nova-conductor[98734]: DEBUG cotyledon.oslo_config_glue [-] oslo_limit.cafile = None {{(pid=98734) log_opt_values /opt/stack/data/venv/lib/python3.12/site-packages/oslo_config/cfg.py:3253}}
Jun 26 02:37:38.937168 np0000003683 nova-conductor[98734]: DEBUG cotyledon.oslo_config_glue [-] oslo_limit.certfile = None {{(pid=98734) log_opt_values /opt/stack/data/venv/lib/python3.12/site-packages/oslo_config/cfg.py:3253}}
Jun 26 02:37:38.937168 np0000003683 nova-conductor[98734]: DEBUG cotyledon.oslo_config_glue [-] oslo_limit.collect_timing = False {{(pid=98734) log_opt_values /opt/stack/data/venv/lib/python3.12/site-packages/oslo_config/cfg.py:3253}}
Jun 26 02:37:38.937168 np0000003683 nova-conductor[98734]: DEBUG cotyledon.oslo_config_glue [-] oslo_limit.connect_retries = None {{(pid=98734) log_opt_values /opt/stack/data/venv/lib/python3.12/site-packages/oslo_config/cfg.py:3253}}
Jun 26 02:37:38.937168 np0000003683 nova-conductor[98734]: DEBUG cotyledon.oslo_config_glue [-] oslo_limit.connect_retry_delay = None {{(pid=98734) log_opt_values /opt/stack/data/venv/lib/python3.12/site-packages/oslo_config/cfg.py:3253}}
Jun 26 02:37:38.937168 np0000003683 nova-conductor[98734]: DEBUG cotyledon.oslo_config_glue [-] oslo_limit.endpoint_id = None {{(pid=98734) log_opt_values /opt/stack/data/venv/lib/python3.12/site-packages/oslo_config/cfg.py:3253}}
Jun 26 02:37:38.937168 np0000003683 nova-conductor[98734]: DEBUG cotyledon.oslo_config_glue [-] oslo_limit.endpoint_interface = public {{(pid=98734) log_opt_values /opt/stack/data/venv/lib/python3.12/site-packages/oslo_config/cfg.py:3253}}
Jun 26 02:37:38.937168 np0000003683 nova-conductor[98734]: DEBUG cotyledon.oslo_config_glue [-] oslo_limit.endpoint_override = None {{(pid=98734) log_opt_values /opt/stack/data/venv/lib/python3.12/site-packages/oslo_config/cfg.py:3253}}
Jun 26 02:37:38.937168 np0000003683 nova-conductor[98734]: DEBUG cotyledon.oslo_config_glue [-] oslo_limit.endpoint_region_name = None {{(pid=98734) log_opt_values /opt/stack/data/venv/lib/python3.12/site-packages/oslo_config/cfg.py:3253}}
Jun 26 02:37:38.937347 np0000003683 nova-conductor[98734]: DEBUG cotyledon.oslo_config_glue [-] oslo_limit.endpoint_service_name = None {{(pid=98734) log_opt_values /opt/stack/data/venv/lib/python3.12/site-packages/oslo_config/cfg.py:3253}}
Jun 26 02:37:38.937347 np0000003683 nova-conductor[98734]: DEBUG cotyledon.oslo_config_glue [-] oslo_limit.endpoint_service_type = None {{(pid=98734) log_opt_values /opt/stack/data/venv/lib/python3.12/site-packages/oslo_config/cfg.py:3253}}
Jun 26 02:37:38.937347 np0000003683 nova-conductor[98734]: DEBUG cotyledon.oslo_config_glue [-] oslo_limit.insecure = False {{(pid=98734) log_opt_values /opt/stack/data/venv/lib/python3.12/site-packages/oslo_config/cfg.py:3253}}
Jun 26 02:37:38.937347 np0000003683 nova-conductor[98734]: DEBUG cotyledon.oslo_config_glue [-] oslo_limit.keyfile = None {{(pid=98734) log_opt_values /opt/stack/data/venv/lib/python3.12/site-packages/oslo_config/cfg.py:3253}}
Jun 26 02:37:38.937347 np0000003683 nova-conductor[98734]: DEBUG cotyledon.oslo_config_glue [-] oslo_limit.max_version = None {{(pid=98734) log_opt_values /opt/stack/data/venv/lib/python3.12/site-packages/oslo_config/cfg.py:3253}}
Jun 26 02:37:38.937347 np0000003683 nova-conductor[98734]: DEBUG cotyledon.oslo_config_glue [-] oslo_limit.min_version = None {{(pid=98734) log_opt_values /opt/stack/data/venv/lib/python3.12/site-packages/oslo_config/cfg.py:3253}}
Jun 26 02:37:38.937347 np0000003683 nova-conductor[98734]: DEBUG cotyledon.oslo_config_glue [-] oslo_limit.region_name = None {{(pid=98734) log_opt_values /opt/stack/data/venv/lib/python3.12/site-packages/oslo_config/cfg.py:3253}}
Jun 26 02:37:38.937347 np0000003683 nova-conductor[98734]: DEBUG cotyledon.oslo_config_glue [-] oslo_limit.retriable_status_codes = None {{(pid=98734) log_opt_values /opt/stack/data/venv/lib/python3.12/site-packages/oslo_config/cfg.py:3253}}
Jun 26 02:37:38.937347 np0000003683 nova-conductor[98734]: DEBUG cotyledon.oslo_config_glue [-] oslo_limit.service_name = None {{(pid=98734) log_opt_values /opt/stack/data/venv/lib/python3.12/site-packages/oslo_config/cfg.py:3253}}
Jun 26 02:37:38.937546 np0000003683 nova-conductor[98734]: DEBUG cotyledon.oslo_config_glue [-] oslo_limit.service_type = None {{(pid=98734) log_opt_values /opt/stack/data/venv/lib/python3.12/site-packages/oslo_config/cfg.py:3253}}
Jun 26 02:37:38.937546 np0000003683 nova-conductor[98734]: DEBUG cotyledon.oslo_config_glue [-] oslo_limit.split_loggers = False {{(pid=98734) log_opt_values /opt/stack/data/venv/lib/python3.12/site-packages/oslo_config/cfg.py:3253}}
Jun 26 02:37:38.937546 np0000003683 nova-conductor[98734]: DEBUG cotyledon.oslo_config_glue [-] oslo_limit.status_code_retries = None {{(pid=98734) log_opt_values /opt/stack/data/venv/lib/python3.12/site-packages/oslo_config/cfg.py:3253}}
Jun 26 02:37:38.937546 np0000003683 nova-conductor[98734]: DEBUG cotyledon.oslo_config_glue [-] oslo_limit.status_code_retry_delay = None {{(pid=98734) log_opt_values /opt/stack/data/venv/lib/python3.12/site-packages/oslo_config/cfg.py:3253}}
Jun 26 02:37:38.937546 np0000003683 nova-conductor[98734]: DEBUG cotyledon.oslo_config_glue [-] oslo_limit.timeout = None {{(pid=98734) log_opt_values /opt/stack/data/venv/lib/python3.12/site-packages/oslo_config/cfg.py:3253}}
Jun 26 02:37:38.937546 np0000003683 nova-conductor[98734]: DEBUG cotyledon.oslo_config_glue [-] oslo_limit.valid_interfaces = None {{(pid=98734) log_opt_values /opt/stack/data/venv/lib/python3.12/site-packages/oslo_config/cfg.py:3253}}
Jun 26 02:37:38.937546 np0000003683 nova-conductor[98734]: DEBUG cotyledon.oslo_config_glue [-] oslo_limit.version = None {{(pid=98734) log_opt_values /opt/stack/data/venv/lib/python3.12/site-packages/oslo_config/cfg.py:3253}}
Jun 26 02:37:38.937546 np0000003683 nova-conductor[98734]: DEBUG cotyledon.oslo_config_glue [-] oslo_reports.file_event_handler = None {{(pid=98734) log_opt_values /opt/stack/data/venv/lib/python3.12/site-packages/oslo_config/cfg.py:3253}}
Jun 26 02:37:38.937546 np0000003683 nova-conductor[98734]: DEBUG cotyledon.oslo_config_glue [-] oslo_reports.file_event_handler_interval = 1 {{(pid=98734) log_opt_values /opt/stack/data/venv/lib/python3.12/site-packages/oslo_config/cfg.py:3253}}
Jun 26 02:37:38.937733 np0000003683 nova-conductor[98734]: DEBUG cotyledon.oslo_config_glue [-] oslo_reports.log_dir = None {{(pid=98734) log_opt_values /opt/stack/data/venv/lib/python3.12/site-packages/oslo_config/cfg.py:3253}}
Jun 26 02:37:38.937733 np0000003683 nova-conductor[98734]: DEBUG cotyledon.oslo_config_glue [-] ******************************************************************************** {{(pid=98734) log_opt_values /opt/stack/data/venv/lib/python3.12/site-packages/oslo_config/cfg.py:3260}}
Jun 26 02:37:38.937733 np0000003683 nova-conductor[98734]: DEBUG cotyledon._service_worker [-] Run service ServiceWrapper(3) [98734] {{(pid=98734) wait_forever /opt/stack/data/venv/lib/python3.12/site-packages/cotyledon/_service_worker.py:218}}
Jun 26 02:37:38.937733 np0000003683 nova-conductor[98734]: INFO nova.service [-] Starting conductor node (version 33.1.0)
Jun 26 02:37:38.937733 np0000003683 nova-conductor[98734]: INFO dbcounter [None req-b0069c1b-4020-4fd3-89b8-217fb4fdb927 None None] Registered counter for database nova_cell0
Jun 26 02:37:38.937836 np0000003683 nova-conductor[98714]: DEBUG nova.service [None req-5a542981-0a36-4e76-b309-a1aac4a7fd2b None None] Creating RPC server for service: nova-conductor on topic: conductor {{(pid=98714) start /opt/stack/nova/nova/service.py:196}}
Jun 26 02:37:38.937861 np0000003683 nova-conductor[98727]: DEBUG oslo_db.sqlalchemy.engines [None req-f59ef012-5b14-42de-aa89-789080a6d713 None None] MySQL server mode set to STRICT_TRANS_TABLES,STRICT_ALL_TABLES,NO_ZERO_IN_DATE,NO_ZERO_DATE,ERROR_FOR_DIVISION_BY_ZERO,TRADITIONAL,NO_ENGINE_SUBSTITUTION {{(pid=98727) _check_effective_sql_mode /opt/stack/data/venv/lib/python3.12/site-packages/oslo_db/sqlalchemy/engines.py:325}}
Jun 26 02:37:38.941224 np0000003683 nova-conductor[98714]: DEBUG nova.service [None req-5a542981-0a36-4e76-b309-a1aac4a7fd2b None None] Join ServiceGroup membership for this service conductor {{(pid=98714) start /opt/stack/nova/nova/service.py:222}}
Jun 26 02:37:38.941433 np0000003683 nova-conductor[98714]: DEBUG nova.servicegroup.drivers.db [None req-5a542981-0a36-4e76-b309-a1aac4a7fd2b None None] DB_Driver: join new ServiceGroup member np0000003683 to the conductor group, service = {{(pid=98714) join /opt/stack/nova/nova/servicegroup/drivers/db.py:44}}
Jun 26 02:37:38.942947 np0000003683 nova-conductor[98719]: DEBUG oslo_db.sqlalchemy.engines [None req-98e92c53-7092-4602-a935-ac770b819b49 None None] MySQL server mode set to STRICT_TRANS_TABLES,STRICT_ALL_TABLES,NO_ZERO_IN_DATE,NO_ZERO_DATE,ERROR_FOR_DIVISION_BY_ZERO,TRADITIONAL,NO_ENGINE_SUBSTITUTION {{(pid=98719) _check_effective_sql_mode /opt/stack/data/venv/lib/python3.12/site-packages/oslo_db/sqlalchemy/engines.py:325}}
Jun 26 02:37:38.948509 np0000003683 nova-conductor[98727]: DEBUG dbcounter [-] [98727] Writer thread running {{(pid=98727) stat_writer /opt/stack/data/venv/lib/python3.12/site-packages/dbcounter.py:102}}
Jun 26 02:37:38.950011 np0000003683 nova-conductor[98734]: DEBUG oslo_db.sqlalchemy.engines [None req-b0069c1b-4020-4fd3-89b8-217fb4fdb927 None None] MySQL server mode set to STRICT_TRANS_TABLES,STRICT_ALL_TABLES,NO_ZERO_IN_DATE,NO_ZERO_DATE,ERROR_FOR_DIVISION_BY_ZERO,TRADITIONAL,NO_ENGINE_SUBSTITUTION {{(pid=98734) _check_effective_sql_mode /opt/stack/data/venv/lib/python3.12/site-packages/oslo_db/sqlalchemy/engines.py:325}}
Jun 26 02:37:38.950376 np0000003683 nova-conductor[98727]: DEBUG nova.service [None req-f59ef012-5b14-42de-aa89-789080a6d713 None None] Creating RPC server for service: nova-conductor on topic: conductor {{(pid=98727) start /opt/stack/nova/nova/service.py:196}}
Jun 26 02:37:38.956028 np0000003683 nova-conductor[98719]: DEBUG dbcounter [-] [98719] Writer thread running {{(pid=98719) stat_writer /opt/stack/data/venv/lib/python3.12/site-packages/dbcounter.py:102}}
Jun 26 02:37:38.959282 np0000003683 nova-conductor[98719]: DEBUG nova.service [None req-98e92c53-7092-4602-a935-ac770b819b49 None None] Creating RPC server for service: nova-conductor on topic: conductor {{(pid=98719) start /opt/stack/nova/nova/service.py:196}}
Jun 26 02:37:38.959675 np0000003683 nova-conductor[98734]: DEBUG dbcounter [-] [98734] Writer thread running {{(pid=98734) stat_writer /opt/stack/data/venv/lib/python3.12/site-packages/dbcounter.py:102}}
Jun 26 02:37:38.962842 np0000003683 nova-conductor[98734]: DEBUG nova.service [None req-b0069c1b-4020-4fd3-89b8-217fb4fdb927 None None] Creating RPC server for service: nova-conductor on topic: conductor {{(pid=98734) start /opt/stack/nova/nova/service.py:196}}
Jun 26 02:37:38.971265 np0000003683 nova-conductor[98727]: DEBUG nova.service [None req-f59ef012-5b14-42de-aa89-789080a6d713 None None] Join ServiceGroup membership for this service conductor {{(pid=98727) start /opt/stack/nova/nova/service.py:222}}
Jun 26 02:37:38.971461 np0000003683 nova-conductor[98727]: DEBUG nova.servicegroup.drivers.db [None req-f59ef012-5b14-42de-aa89-789080a6d713 None None] DB_Driver: join new ServiceGroup member np0000003683 to the conductor group, service = {{(pid=98727) join /opt/stack/nova/nova/servicegroup/drivers/db.py:44}}
Jun 26 02:37:38.978541 np0000003683 nova-conductor[98719]: DEBUG nova.service [None req-98e92c53-7092-4602-a935-ac770b819b49 None None] Join ServiceGroup membership for this service conductor {{(pid=98719) start /opt/stack/nova/nova/service.py:222}}
Jun 26 02:37:38.978823 np0000003683 nova-conductor[98719]: DEBUG nova.servicegroup.drivers.db [None req-98e92c53-7092-4602-a935-ac770b819b49 None None] DB_Driver: join new ServiceGroup member np0000003683 to the conductor group, service = {{(pid=98719) join /opt/stack/nova/nova/servicegroup/drivers/db.py:44}}
Jun 26 02:37:38.980336 np0000003683 nova-conductor[98734]: DEBUG nova.service [None req-b0069c1b-4020-4fd3-89b8-217fb4fdb927 None None] Join ServiceGroup membership for this service conductor {{(pid=98734) start /opt/stack/nova/nova/service.py:222}}
Jun 26 02:37:38.980994 np0000003683 nova-conductor[98734]: DEBUG nova.servicegroup.drivers.db [None req-b0069c1b-4020-4fd3-89b8-217fb4fdb927 None None] DB_Driver: join new ServiceGroup member np0000003683 to the conductor group, service = {{(pid=98734) join /opt/stack/nova/nova/servicegroup/drivers/db.py:44}}
Jun 26 02:37:43.954487 np0000003683 nova-conductor[98714]: DEBUG oslo.service.backend._threading.loopingcall [-] Fixed interval looping call 'nova.servicegroup.drivers.db.DbDriver._report_state' sleeping for 119.99 seconds {{(pid=98714) _run_loop /opt/stack/data/venv/lib/python3.12/site-packages/oslo_service/backend/_threading/loopingcall.py:125}}
Jun 26 02:37:43.980989 np0000003683 nova-conductor[98727]: DEBUG oslo.service.backend._threading.loopingcall [-] Fixed interval looping call 'nova.servicegroup.drivers.db.DbDriver._report_state' sleeping for 119.99 seconds {{(pid=98727) _run_loop /opt/stack/data/venv/lib/python3.12/site-packages/oslo_service/backend/_threading/loopingcall.py:125}}
Jun 26 02:37:43.988164 np0000003683 nova-conductor[98719]: DEBUG oslo.service.backend._threading.loopingcall [-] Fixed interval looping call 'nova.servicegroup.drivers.db.DbDriver._report_state' sleeping for 119.99 seconds {{(pid=98719) _run_loop /opt/stack/data/venv/lib/python3.12/site-packages/oslo_service/backend/_threading/loopingcall.py:125}}
Jun 26 02:37:43.991582 np0000003683 nova-conductor[98734]: DEBUG oslo.service.backend._threading.loopingcall [-] Fixed interval looping call 'nova.servicegroup.drivers.db.DbDriver._report_state' sleeping for 119.99 seconds {{(pid=98734) _run_loop /opt/stack/data/venv/lib/python3.12/site-packages/oslo_service/backend/_threading/loopingcall.py:125}}
Jun 26 02:37:46.973967 np0000003683 nova-conductor[98727]: DEBUG oslo.service.backend._threading.loopingcall [None req-e032b7c0-bb88-4b6a-8338-a19ed4c714cc None None] Dynamic interval looping call 'nova.service.Service.periodic_tasks' sleeping for 60.00 seconds {{(pid=98727) _run_loop /opt/stack/data/venv/lib/python3.12/site-packages/oslo_service/backend/_threading/loopingcall.py:125}}
Jun 26 02:37:47.524682 np0000003683 nova-conductor[97250]: DEBUG dbcounter [-] [97250] Writing DB stats nova_api:SELECT=1 {{(pid=97250) stat_writer /opt/stack/data/venv/lib/python3.12/site-packages/dbcounter.py:115}}
Jun 26 02:37:47.656619 np0000003683 nova-conductor[97250]: DEBUG dbcounter [-] [97250] Writing DB stats nova_cell0:SELECT=1 {{(pid=97250) stat_writer /opt/stack/data/venv/lib/python3.12/site-packages/dbcounter.py:115}}
Jun 26 02:37:47.661039 np0000003683 nova-conductor[97250]: DEBUG dbcounter [-] [97250] Writing DB stats nova_cell1:SELECT=1 {{(pid=97250) stat_writer /opt/stack/data/venv/lib/python3.12/site-packages/dbcounter.py:115}}
Jun 26 02:37:53.951586 np0000003683 nova-conductor[98714]: DEBUG dbcounter [-] [98714] Writing DB stats nova_cell0:SELECT=4,nova_cell0:INSERT=1,nova_cell0:UPDATE=1 {{(pid=98714) stat_writer /opt/stack/data/venv/lib/python3.12/site-packages/dbcounter.py:115}}
Jun 26 02:37:53.981498 np0000003683 nova-conductor[98727]: DEBUG dbcounter [-] [98727] Writing DB stats nova_cell0:SELECT=3 {{(pid=98727) stat_writer /opt/stack/data/venv/lib/python3.12/site-packages/dbcounter.py:115}}
Jun 26 02:37:53.985714 np0000003683 nova-conductor[98719]: DEBUG dbcounter [-] [98719] Writing DB stats nova_cell0:SELECT=3 {{(pid=98719) stat_writer /opt/stack/data/venv/lib/python3.12/site-packages/dbcounter.py:115}}
Jun 26 02:37:53.988403 np0000003683 nova-conductor[98734]: DEBUG dbcounter [-] [98734] Writing DB stats nova_cell0:SELECT=3 {{(pid=98734) stat_writer /opt/stack/data/venv/lib/python3.12/site-packages/dbcounter.py:115}}
Jun 26 02:38:16.981122 np0000003683 nova-conductor[98719]: DEBUG oslo.service.backend._threading.loopingcall [None req-bdb3252d-de58-4e95-b30c-bd2e158e3401 None None] Dynamic interval looping call 'nova.service.Service.periodic_tasks' sleeping for 60.00 seconds {{(pid=98719) _run_loop /opt/stack/data/venv/lib/python3.12/site-packages/oslo_service/backend/_threading/loopingcall.py:125}}
Jun 26 02:38:17.943911 np0000003683 nova-conductor[98714]: DEBUG oslo.service.backend._threading.loopingcall [None req-202fed08-24c3-4e5c-8900-33fdee0fbfbc None None] Dynamic interval looping call 'nova.service.Service.periodic_tasks' sleeping for 60.00 seconds {{(pid=98714) _run_loop /opt/stack/data/venv/lib/python3.12/site-packages/oslo_service/backend/_threading/loopingcall.py:125}}
Jun 26 02:38:19.983618 np0000003683 nova-conductor[98734]: DEBUG oslo.service.backend._threading.loopingcall [None req-fe7e50e8-1224-476b-8588-a39cd29ca6c6 None None] Dynamic interval looping call 'nova.service.Service.periodic_tasks' sleeping for 60.00 seconds {{(pid=98734) _run_loop /opt/stack/data/venv/lib/python3.12/site-packages/oslo_service/backend/_threading/loopingcall.py:125}}
Jun 26 02:38:46.974805 np0000003683 nova-conductor[98727]: DEBUG oslo.service.backend._threading.loopingcall [None req-e032b7c0-bb88-4b6a-8338-a19ed4c714cc None None] Dynamic interval looping call 'nova.service.Service.periodic_tasks' sleeping for 60.00 seconds {{(pid=98727) _run_loop /opt/stack/data/venv/lib/python3.12/site-packages/oslo_service/backend/_threading/loopingcall.py:125}}
Jun 26 02:39:16.981621 np0000003683 nova-conductor[98719]: DEBUG oslo.service.backend._threading.loopingcall [None req-bdb3252d-de58-4e95-b30c-bd2e158e3401 None None] Dynamic interval looping call 'nova.service.Service.periodic_tasks' sleeping for 60.00 seconds {{(pid=98719) _run_loop /opt/stack/data/venv/lib/python3.12/site-packages/oslo_service/backend/_threading/loopingcall.py:125}}
Jun 26 02:39:17.944339 np0000003683 nova-conductor[98714]: DEBUG oslo.service.backend._threading.loopingcall [None req-202fed08-24c3-4e5c-8900-33fdee0fbfbc None None] Dynamic interval looping call 'nova.service.Service.periodic_tasks' sleeping for 60.00 seconds {{(pid=98714) _run_loop /opt/stack/data/venv/lib/python3.12/site-packages/oslo_service/backend/_threading/loopingcall.py:125}}
Jun 26 02:39:19.984010 np0000003683 nova-conductor[98734]: DEBUG oslo.service.backend._threading.loopingcall [None req-fe7e50e8-1224-476b-8588-a39cd29ca6c6 None None] Dynamic interval looping call 'nova.service.Service.periodic_tasks' sleeping for 60.00 seconds {{(pid=98734) _run_loop /opt/stack/data/venv/lib/python3.12/site-packages/oslo_service/backend/_threading/loopingcall.py:125}}
Jun 26 02:39:43.952574 np0000003683 nova-conductor[98714]: DEBUG oslo.service.backend._threading.loopingcall [-] Fixed interval looping call 'nova.servicegroup.drivers.db.DbDriver._report_state' sleeping for 119.99 seconds {{(pid=98714) _run_loop /opt/stack/data/venv/lib/python3.12/site-packages/oslo_service/backend/_threading/loopingcall.py:125}}
Jun 26 02:39:43.975373 np0000003683 nova-conductor[98727]: DEBUG oslo.service.backend._threading.loopingcall [-] Fixed interval looping call 'nova.servicegroup.drivers.db.DbDriver._report_state' sleeping for 120.00 seconds {{(pid=98727) _run_loop /opt/stack/data/venv/lib/python3.12/site-packages/oslo_service/backend/_threading/loopingcall.py:125}}
Jun 26 02:39:43.981320 np0000003683 nova-conductor[98719]: DEBUG oslo.service.backend._threading.loopingcall [-] Fixed interval looping call 'nova.servicegroup.drivers.db.DbDriver._report_state' sleeping for 120.00 seconds {{(pid=98719) _run_loop /opt/stack/data/venv/lib/python3.12/site-packages/oslo_service/backend/_threading/loopingcall.py:125}}
Jun 26 02:39:43.985246 np0000003683 nova-conductor[98734]: DEBUG oslo.service.backend._threading.loopingcall [-] Fixed interval looping call 'nova.servicegroup.drivers.db.DbDriver._report_state' sleeping for 120.00 seconds {{(pid=98734) _run_loop /opt/stack/data/venv/lib/python3.12/site-packages/oslo_service/backend/_threading/loopingcall.py:125}}
Jun 26 02:39:46.975398 np0000003683 nova-conductor[98727]: DEBUG oslo.service.backend._threading.loopingcall [None req-e032b7c0-bb88-4b6a-8338-a19ed4c714cc None None] Dynamic interval looping call 'nova.service.Service.periodic_tasks' sleeping for 60.00 seconds {{(pid=98727) _run_loop /opt/stack/data/venv/lib/python3.12/site-packages/oslo_service/backend/_threading/loopingcall.py:125}}
Jun 26 02:39:53.948249 np0000003683 nova-conductor[98714]: DEBUG dbcounter [-] [98714] Writing DB stats nova_cell0:SELECT=1,nova_cell0:UPDATE=1 {{(pid=98714) stat_writer /opt/stack/data/venv/lib/python3.12/site-packages/dbcounter.py:115}}
Jun 26 02:39:53.973223 np0000003683 nova-conductor[98727]: DEBUG dbcounter [-] [98727] Writing DB stats nova_cell0:SELECT=1 {{(pid=98727) stat_writer /opt/stack/data/venv/lib/python3.12/site-packages/dbcounter.py:115}}
Jun 26 02:39:53.979900 np0000003683 nova-conductor[98719]: DEBUG dbcounter [-] [98719] Writing DB stats nova_cell0:SELECT=1 {{(pid=98719) stat_writer /opt/stack/data/venv/lib/python3.12/site-packages/dbcounter.py:115}}
Jun 26 02:39:53.987318 np0000003683 nova-conductor[98734]: DEBUG dbcounter [-] [98734] Writing DB stats nova_cell0:SELECT=1 {{(pid=98734) stat_writer /opt/stack/data/venv/lib/python3.12/site-packages/dbcounter.py:115}}
Jun 26 02:40:05.384252 np0000003683 nova-conductor[98714]: DEBUG oslo_db.sqlalchemy.engines [None req-d8ac9281-d3e6-421e-b955-76c2efc2c3a5 tempest-DeleteServersTestJSON-70351402 tempest-DeleteServersTestJSON-70351402-project-member] Parent process 97250 forked (98714) with an open database connection, which is being discarded and recreated. {{(pid=98714) checkout /opt/stack/data/venv/lib/python3.12/site-packages/oslo_db/sqlalchemy/engines.py:402}}
Jun 26 02:40:05.426613 np0000003683 nova-conductor[98714]: DEBUG dbcounter [-] [98714] Writer thread running {{(pid=98714) stat_writer /opt/stack/data/venv/lib/python3.12/site-packages/dbcounter.py:102}}
Jun 26 02:40:06.466085 np0000003683 nova-conductor[98714]: DEBUG nova.conductor.manager [None req-d8ac9281-d3e6-421e-b955-76c2efc2c3a5 tempest-DeleteServersTestJSON-70351402 tempest-DeleteServersTestJSON-70351402-project-member] Took 1.04 seconds to select destinations for 1 instance(s). {{(pid=98714) _schedule_instances /opt/stack/nova/nova/conductor/manager.py:968}}
Jun 26 02:40:06.492861 np0000003683 nova-conductor[98714]: DEBUG oslo_concurrency.lockutils [None req-d8ac9281-d3e6-421e-b955-76c2efc2c3a5 tempest-DeleteServersTestJSON-70351402 tempest-DeleteServersTestJSON-70351402-project-member] Acquiring lock "56f211e4-a9d5-408c-b6a1-e5608bbbad1e" by "nova.context.set_target_cell..get_or_set_cached_cell_and_set_connections" {{(pid=98714) inner /opt/stack/data/venv/lib/python3.12/site-packages/oslo_concurrency/lockutils.py:511}}
Jun 26 02:40:06.493092 np0000003683 nova-conductor[98714]: DEBUG oslo_concurrency.lockutils [None req-d8ac9281-d3e6-421e-b955-76c2efc2c3a5 tempest-DeleteServersTestJSON-70351402 tempest-DeleteServersTestJSON-70351402-project-member] Lock "56f211e4-a9d5-408c-b6a1-e5608bbbad1e" acquired by "nova.context.set_target_cell..get_or_set_cached_cell_and_set_connections" :: waited 0.000s {{(pid=98714) inner /opt/stack/data/venv/lib/python3.12/site-packages/oslo_concurrency/lockutils.py:524}}
Jun 26 02:40:06.494344 np0000003683 nova-conductor[98714]: DEBUG oslo_concurrency.lockutils [None req-d8ac9281-d3e6-421e-b955-76c2efc2c3a5 tempest-DeleteServersTestJSON-70351402 tempest-DeleteServersTestJSON-70351402-project-member] Lock "56f211e4-a9d5-408c-b6a1-e5608bbbad1e" "released" by "nova.context.set_target_cell..get_or_set_cached_cell_and_set_connections" :: held 0.001s {{(pid=98714) inner /opt/stack/data/venv/lib/python3.12/site-packages/oslo_concurrency/lockutils.py:543}}
Jun 26 02:40:06.495997 np0000003683 nova-conductor[98714]: INFO dbcounter [None req-d8ac9281-d3e6-421e-b955-76c2efc2c3a5 tempest-DeleteServersTestJSON-70351402 tempest-DeleteServersTestJSON-70351402-project-member] Registered counter for database nova_cell1
Jun 26 02:40:06.540513 np0000003683 nova-conductor[98714]: DEBUG oslo_db.sqlalchemy.engines [None req-d8ac9281-d3e6-421e-b955-76c2efc2c3a5 tempest-DeleteServersTestJSON-70351402 tempest-DeleteServersTestJSON-70351402-project-member] MySQL server mode set to STRICT_TRANS_TABLES,STRICT_ALL_TABLES,NO_ZERO_IN_DATE,NO_ZERO_DATE,ERROR_FOR_DIVISION_BY_ZERO,TRADITIONAL,NO_ENGINE_SUBSTITUTION {{(pid=98714) _check_effective_sql_mode /opt/stack/data/venv/lib/python3.12/site-packages/oslo_db/sqlalchemy/engines.py:325}}
Jun 26 02:40:06.546599 np0000003683 nova-conductor[98714]: DEBUG dbcounter [-] [98714] Writer thread running {{(pid=98714) stat_writer /opt/stack/data/venv/lib/python3.12/site-packages/dbcounter.py:102}}
Jun 26 02:40:06.639035 np0000003683 nova-conductor[98714]: INFO nova.utils [None req-d8ac9281-d3e6-421e-b955-76c2efc2c3a5 tempest-DeleteServersTestJSON-70351402 tempest-DeleteServersTestJSON-70351402-project-member] The cell worker thread pool ForkProcess-1.cell_worker is initialized
Jun 26 02:40:06.639660 np0000003683 nova-conductor[98714]: DEBUG oslo_concurrency.lockutils [None req-d8ac9281-d3e6-421e-b955-76c2efc2c3a5 tempest-DeleteServersTestJSON-70351402 tempest-DeleteServersTestJSON-70351402-project-member] Acquiring lock "00000000-0000-0000-0000-000000000000" by "nova.context.set_target_cell..get_or_set_cached_cell_and_set_connections" {{(pid=98714) inner /opt/stack/data/venv/lib/python3.12/site-packages/oslo_concurrency/lockutils.py:511}}
Jun 26 02:40:06.639660 np0000003683 nova-conductor[98714]: DEBUG oslo_concurrency.lockutils [None req-d8ac9281-d3e6-421e-b955-76c2efc2c3a5 tempest-DeleteServersTestJSON-70351402 tempest-DeleteServersTestJSON-70351402-project-member] Lock "00000000-0000-0000-0000-000000000000" acquired by "nova.context.set_target_cell..get_or_set_cached_cell_and_set_connections" :: waited 0.000s {{(pid=98714) inner /opt/stack/data/venv/lib/python3.12/site-packages/oslo_concurrency/lockutils.py:524}}
Jun 26 02:40:06.639872 np0000003683 nova-conductor[98714]: DEBUG oslo_concurrency.lockutils [None req-d8ac9281-d3e6-421e-b955-76c2efc2c3a5 tempest-DeleteServersTestJSON-70351402 tempest-DeleteServersTestJSON-70351402-project-member] Lock "00000000-0000-0000-0000-000000000000" "released" by "nova.context.set_target_cell..get_or_set_cached_cell_and_set_connections" :: held 0.000s {{(pid=98714) inner /opt/stack/data/venv/lib/python3.12/site-packages/oslo_concurrency/lockutils.py:543}}
Jun 26 02:40:06.640539 np0000003683 nova-conductor[98714]: DEBUG oslo_concurrency.lockutils [None req-d8ac9281-d3e6-421e-b955-76c2efc2c3a5 tempest-DeleteServersTestJSON-70351402 tempest-DeleteServersTestJSON-70351402-project-member] Acquiring lock "56f211e4-a9d5-408c-b6a1-e5608bbbad1e" by "nova.context.set_target_cell..get_or_set_cached_cell_and_set_connections" {{(pid=98714) inner /opt/stack/data/venv/lib/python3.12/site-packages/oslo_concurrency/lockutils.py:511}}
Jun 26 02:40:06.640691 np0000003683 nova-conductor[98714]: DEBUG oslo_concurrency.lockutils [None req-d8ac9281-d3e6-421e-b955-76c2efc2c3a5 tempest-DeleteServersTestJSON-70351402 tempest-DeleteServersTestJSON-70351402-project-member] Lock "56f211e4-a9d5-408c-b6a1-e5608bbbad1e" acquired by "nova.context.set_target_cell..get_or_set_cached_cell_and_set_connections" :: waited 0.000s {{(pid=98714) inner /opt/stack/data/venv/lib/python3.12/site-packages/oslo_concurrency/lockutils.py:524}}
Jun 26 02:40:06.640823 np0000003683 nova-conductor[98714]: DEBUG oslo_concurrency.lockutils [None req-d8ac9281-d3e6-421e-b955-76c2efc2c3a5 tempest-DeleteServersTestJSON-70351402 tempest-DeleteServersTestJSON-70351402-project-member] Lock "56f211e4-a9d5-408c-b6a1-e5608bbbad1e" "released" by "nova.context.set_target_cell..get_or_set_cached_cell_and_set_connections" :: held 0.000s {{(pid=98714) inner /opt/stack/data/venv/lib/python3.12/site-packages/oslo_concurrency/lockutils.py:543}}
Jun 26 02:40:06.642111 np0000003683 nova-conductor[98714]: INFO dbcounter [None req-d8ac9281-d3e6-421e-b955-76c2efc2c3a5 tempest-DeleteServersTestJSON-70351402 tempest-DeleteServersTestJSON-70351402-project-member] Registered counter for database nova_cell0
Jun 26 02:40:06.684514 np0000003683 nova-conductor[98714]: DEBUG oslo_db.sqlalchemy.engines [None req-d8ac9281-d3e6-421e-b955-76c2efc2c3a5 tempest-DeleteServersTestJSON-70351402 tempest-DeleteServersTestJSON-70351402-project-member] MySQL server mode set to STRICT_TRANS_TABLES,STRICT_ALL_TABLES,NO_ZERO_IN_DATE,NO_ZERO_DATE,ERROR_FOR_DIVISION_BY_ZERO,TRADITIONAL,NO_ENGINE_SUBSTITUTION {{(pid=98714) _check_effective_sql_mode /opt/stack/data/venv/lib/python3.12/site-packages/oslo_db/sqlalchemy/engines.py:325}}
Jun 26 02:40:06.692466 np0000003683 nova-conductor[98714]: DEBUG dbcounter [-] [98714] Writer thread running {{(pid=98714) stat_writer /opt/stack/data/venv/lib/python3.12/site-packages/dbcounter.py:102}}
Jun 26 02:40:06.708676 np0000003683 nova-conductor[98714]: DEBUG nova.quota [None req-d8ac9281-d3e6-421e-b955-76c2efc2c3a5 tempest-DeleteServersTestJSON-70351402 tempest-DeleteServersTestJSON-70351402-project-member] Getting quotas for project 7249714268a84dc2942c668f4096bb5b. Resources: {'instances', 'cores', 'ram'} {{(pid=98714) _get_quotas /opt/stack/nova/nova/quota.py:392}}
Jun 26 02:40:06.713909 np0000003683 nova-conductor[98714]: DEBUG nova.quota [None req-d8ac9281-d3e6-421e-b955-76c2efc2c3a5 tempest-DeleteServersTestJSON-70351402 tempest-DeleteServersTestJSON-70351402-project-member] Getting quotas for user aa6ac420579348c284a33443abac5250 and project 7249714268a84dc2942c668f4096bb5b. Resources: {'instances', 'cores', 'ram'} {{(pid=98714) _get_quotas /opt/stack/nova/nova/quota.py:382}}
Jun 26 02:40:06.719740 np0000003683 nova-conductor[98714]: DEBUG nova.conductor.manager [None req-d8ac9281-d3e6-421e-b955-76c2efc2c3a5 tempest-DeleteServersTestJSON-70351402 tempest-DeleteServersTestJSON-70351402-project-member] [instance: 78756f9d-416d-4bb5-a50b-f7401d3789c2] Selected host: np0000003683; Selected node: np0000003683; Alternates: [] {{(pid=98714) schedule_and_build_instances /opt/stack/nova/nova/conductor/manager.py:1784}}
Jun 26 02:40:06.720222 np0000003683 nova-conductor[98714]: DEBUG oslo_concurrency.lockutils [None req-d8ac9281-d3e6-421e-b955-76c2efc2c3a5 tempest-DeleteServersTestJSON-70351402 tempest-DeleteServersTestJSON-70351402-project-member] Acquiring lock "56f211e4-a9d5-408c-b6a1-e5608bbbad1e" by "nova.context.set_target_cell..get_or_set_cached_cell_and_set_connections" {{(pid=98714) inner /opt/stack/data/venv/lib/python3.12/site-packages/oslo_concurrency/lockutils.py:511}}
Jun 26 02:40:06.720365 np0000003683 nova-conductor[98714]: DEBUG oslo_concurrency.lockutils [None req-d8ac9281-d3e6-421e-b955-76c2efc2c3a5 tempest-DeleteServersTestJSON-70351402 tempest-DeleteServersTestJSON-70351402-project-member] Lock "56f211e4-a9d5-408c-b6a1-e5608bbbad1e" acquired by "nova.context.set_target_cell..get_or_set_cached_cell_and_set_connections" :: waited 0.000s {{(pid=98714) inner /opt/stack/data/venv/lib/python3.12/site-packages/oslo_concurrency/lockutils.py:524}}
Jun 26 02:40:06.720467 np0000003683 nova-conductor[98714]: DEBUG oslo_concurrency.lockutils [None req-d8ac9281-d3e6-421e-b955-76c2efc2c3a5 tempest-DeleteServersTestJSON-70351402 tempest-DeleteServersTestJSON-70351402-project-member] Lock "56f211e4-a9d5-408c-b6a1-e5608bbbad1e" "released" by "nova.context.set_target_cell..get_or_set_cached_cell_and_set_connections" :: held 0.000s {{(pid=98714) inner /opt/stack/data/venv/lib/python3.12/site-packages/oslo_concurrency/lockutils.py:543}}
Jun 26 02:40:06.752713 np0000003683 nova-conductor[98714]: DEBUG nova.conductor.manager [None req-d8ac9281-d3e6-421e-b955-76c2efc2c3a5 tempest-DeleteServersTestJSON-70351402 tempest-DeleteServersTestJSON-70351402-project-member] [instance: 78756f9d-416d-4bb5-a50b-f7401d3789c2] block_device_mapping [BlockDeviceMapping(attachment_id=,boot_index=0,connection_info=None,created_at=,delete_on_termination=True,deleted=,deleted_at=,destination_type='local',device_name=None,device_type='disk',disk_bus=None,encrypted=False,encryption_format=None,encryption_options=None,encryption_secret_uuid=None,guest_format=None,id=,image_id='eb0918cd-17b7-4dc6-8a46-002286996c07',instance=,instance_uuid=,no_device=False,snapshot_id=None,source_type='image',tag=None,updated_at=,uuid=,volume_id=None,volume_size=None,volume_type=None)] {{(pid=98714) _create_block_device_mapping /opt/stack/nova/nova/conductor/manager.py:1529}}
Jun 26 02:40:06.754281 np0000003683 nova-conductor[98714]: DEBUG oslo_concurrency.lockutils [None req-d8ac9281-d3e6-421e-b955-76c2efc2c3a5 tempest-DeleteServersTestJSON-70351402 tempest-DeleteServersTestJSON-70351402-project-member] Acquiring lock "56f211e4-a9d5-408c-b6a1-e5608bbbad1e" by "nova.context.set_target_cell..get_or_set_cached_cell_and_set_connections" {{(pid=98714) inner /opt/stack/data/venv/lib/python3.12/site-packages/oslo_concurrency/lockutils.py:511}}
Jun 26 02:40:06.754440 np0000003683 nova-conductor[98714]: DEBUG oslo_concurrency.lockutils [None req-d8ac9281-d3e6-421e-b955-76c2efc2c3a5 tempest-DeleteServersTestJSON-70351402 tempest-DeleteServersTestJSON-70351402-project-member] Lock "56f211e4-a9d5-408c-b6a1-e5608bbbad1e" acquired by "nova.context.set_target_cell..get_or_set_cached_cell_and_set_connections" :: waited 0.000s {{(pid=98714) inner /opt/stack/data/venv/lib/python3.12/site-packages/oslo_concurrency/lockutils.py:524}}
Jun 26 02:40:06.754580 np0000003683 nova-conductor[98714]: DEBUG oslo_concurrency.lockutils [None req-d8ac9281-d3e6-421e-b955-76c2efc2c3a5 tempest-DeleteServersTestJSON-70351402 tempest-DeleteServersTestJSON-70351402-project-member] Lock "56f211e4-a9d5-408c-b6a1-e5608bbbad1e" "released" by "nova.context.set_target_cell..get_or_set_cached_cell_and_set_connections" :: held 0.000s {{(pid=98714) inner /opt/stack/data/venv/lib/python3.12/site-packages/oslo_concurrency/lockutils.py:543}}
Jun 26 02:40:06.796129 np0000003683 nova-conductor[98714]: DEBUG oslo_concurrency.lockutils [None req-d8ac9281-d3e6-421e-b955-76c2efc2c3a5 tempest-DeleteServersTestJSON-70351402 tempest-DeleteServersTestJSON-70351402-project-member] Acquiring lock "56f211e4-a9d5-408c-b6a1-e5608bbbad1e" by "nova.context.set_target_cell..get_or_set_cached_cell_and_set_connections" {{(pid=98714) inner /opt/stack/data/venv/lib/python3.12/site-packages/oslo_concurrency/lockutils.py:511}}
Jun 26 02:40:06.796285 np0000003683 nova-conductor[98714]: DEBUG oslo_concurrency.lockutils [None req-d8ac9281-d3e6-421e-b955-76c2efc2c3a5 tempest-DeleteServersTestJSON-70351402 tempest-DeleteServersTestJSON-70351402-project-member] Lock "56f211e4-a9d5-408c-b6a1-e5608bbbad1e" acquired by "nova.context.set_target_cell..get_or_set_cached_cell_and_set_connections" :: waited 0.000s {{(pid=98714) inner /opt/stack/data/venv/lib/python3.12/site-packages/oslo_concurrency/lockutils.py:524}}
Jun 26 02:40:06.796393 np0000003683 nova-conductor[98714]: DEBUG oslo_concurrency.lockutils [None req-d8ac9281-d3e6-421e-b955-76c2efc2c3a5 tempest-DeleteServersTestJSON-70351402 tempest-DeleteServersTestJSON-70351402-project-member] Lock "56f211e4-a9d5-408c-b6a1-e5608bbbad1e" "released" by "nova.context.set_target_cell..get_or_set_cached_cell_and_set_connections" :: held 0.000s {{(pid=98714) inner /opt/stack/data/venv/lib/python3.12/site-packages/oslo_concurrency/lockutils.py:543}}
Jun 26 02:40:06.796599 np0000003683 nova-conductor[98714]: DEBUG oslo_concurrency.lockutils [None req-d8ac9281-d3e6-421e-b955-76c2efc2c3a5 tempest-DeleteServersTestJSON-70351402 tempest-DeleteServersTestJSON-70351402-project-member] Acquiring lock "compute-rpcapi-router" {{(pid=98714) lock /opt/stack/data/venv/lib/python3.12/site-packages/oslo_concurrency/lockutils.py:395}}
Jun 26 02:40:06.796683 np0000003683 nova-conductor[98714]: DEBUG oslo_concurrency.lockutils [None req-d8ac9281-d3e6-421e-b955-76c2efc2c3a5 tempest-DeleteServersTestJSON-70351402 tempest-DeleteServersTestJSON-70351402-project-member] Acquired lock "compute-rpcapi-router" {{(pid=98714) lock /opt/stack/data/venv/lib/python3.12/site-packages/oslo_concurrency/lockutils.py:398}}
