May 26 15:25:37.868364 np0000001427 neutron-periodic-workers[88980]: DEBUG cotyledon.oslo_config_glue [-] ovn.bfd_min_rx = 1000 {{(pid=88980) log_opt_values /opt/stack/data/venv/lib/python3.12/site-packages/oslo_config/cfg.py:3256}}
May 26 15:25:37.868400 np0000001427 neutron-periodic-workers[89001]: DEBUG cotyledon._service_worker [-] Run service ServiceWrapper(0) [89001] {{(pid=89001) wait_forever /opt/stack/data/venv/lib/python3.12/site-packages/cotyledon/_service_worker.py:218}}
May 26 15:25:37.868462 np0000001427 neutron-periodic-workers[88980]: DEBUG cotyledon.oslo_config_glue [-] ovn.bfd_min_tx = 100 {{(pid=88980) log_opt_values /opt/stack/data/venv/lib/python3.12/site-packages/oslo_config/cfg.py:3256}}
May 26 15:25:37.868537 np0000001427 neutron-periodic-workers[88980]: DEBUG cotyledon.oslo_config_glue [-] ovn.bfd_mult = 3 {{(pid=88980) log_opt_values /opt/stack/data/venv/lib/python3.12/site-packages/oslo_config/cfg.py:3256}}
May 26 15:25:37.868622 np0000001427 neutron-periodic-workers[88980]: DEBUG cotyledon.oslo_config_glue [-] ovn.broadcast_arps_to_all_routers = True {{(pid=88980) log_opt_values /opt/stack/data/venv/lib/python3.12/site-packages/oslo_config/cfg.py:3256}}
May 26 15:25:37.868711 np0000001427 neutron-periodic-workers[88980]: DEBUG cotyledon.oslo_config_glue [-] ovn.dhcp_default_lease_time = 43200 {{(pid=88980) log_opt_values /opt/stack/data/venv/lib/python3.12/site-packages/oslo_config/cfg.py:3256}}
May 26 15:25:37.868810 np0000001427 neutron-periodic-workers[88980]: DEBUG cotyledon.oslo_config_glue [-] ovn.disable_ovn_dhcp_for_baremetal_ports = False {{(pid=88980) log_opt_values /opt/stack/data/venv/lib/python3.12/site-packages/oslo_config/cfg.py:3256}}
May 26 15:25:37.868886 np0000001427 neutron-periodic-workers[88980]: DEBUG cotyledon.oslo_config_glue [-] ovn.dns_records_ovn_owned = False {{(pid=88980) log_opt_values /opt/stack/data/venv/lib/python3.12/site-packages/oslo_config/cfg.py:3256}}
May 26 15:25:37.868959 np0000001427 neutron-periodic-workers[88980]: DEBUG cotyledon.oslo_config_glue [-] ovn.dns_servers = [] {{(pid=88980) log_opt_values /opt/stack/data/venv/lib/python3.12/site-packages/oslo_config/cfg.py:3256}}
May 26 15:25:37.869044 np0000001427 neutron-periodic-workers[88980]: DEBUG cotyledon.oslo_config_glue [-] ovn.enable_distributed_floating_ip = False {{(pid=88980) log_opt_values /opt/stack/data/venv/lib/python3.12/site-packages/oslo_config/cfg.py:3256}}
May 26 15:25:37.869118 np0000001427 neutron-periodic-workers[88980]: DEBUG cotyledon.oslo_config_glue [-] ovn.fdb_age_threshold = 300 {{(pid=88980) log_opt_values /opt/stack/data/venv/lib/python3.12/site-packages/oslo_config/cfg.py:3256}}
May 26 15:25:37.869190 np0000001427 neutron-periodic-workers[88980]: DEBUG cotyledon.oslo_config_glue [-] ovn.ha_failover_strategy = normal {{(pid=88980) log_opt_values /opt/stack/data/venv/lib/python3.12/site-packages/oslo_config/cfg.py:3256}}
May 26 15:25:37.869262 np0000001427 neutron-periodic-workers[88980]: DEBUG cotyledon.oslo_config_glue [-] ovn.live_migration_activation_strategy = rarp {{(pid=88980) log_opt_values /opt/stack/data/venv/lib/python3.12/site-packages/oslo_config/cfg.py:3256}}
May 26 15:25:37.869333 np0000001427 neutron-periodic-workers[88980]: DEBUG cotyledon.oslo_config_glue [-] ovn.localnet_learn_fdb = False {{(pid=88980) log_opt_values /opt/stack/data/venv/lib/python3.12/site-packages/oslo_config/cfg.py:3256}}
May 26 15:25:37.869408 np0000001427 neutron-periodic-workers[88980]: DEBUG cotyledon.oslo_config_glue [-] ovn.mac_binding_age_threshold = 300 {{(pid=88980) log_opt_values /opt/stack/data/venv/lib/python3.12/site-packages/oslo_config/cfg.py:3256}}
May 26 15:25:37.869488 np0000001427 neutron-periodic-workers[88980]: DEBUG cotyledon.oslo_config_glue [-] ovn.neutron_sync_mode = log {{(pid=88980) log_opt_values /opt/stack/data/venv/lib/python3.12/site-packages/oslo_config/cfg.py:3256}}
May 26 15:25:37.869595 np0000001427 neutron-periodic-workers[88980]: DEBUG cotyledon.oslo_config_glue [-] ovn.ovn_dhcp4_global_options = {} {{(pid=88980) log_opt_values /opt/stack/data/venv/lib/python3.12/site-packages/oslo_config/cfg.py:3256}}
May 26 15:25:37.869693 np0000001427 neutron-periodic-workers[88980]: DEBUG cotyledon.oslo_config_glue [-] ovn.ovn_dhcp6_global_options = {} {{(pid=88980) log_opt_values /opt/stack/data/venv/lib/python3.12/site-packages/oslo_config/cfg.py:3256}}
May 26 15:25:37.869791 np0000001427 neutron-periodic-workers[88980]: DEBUG cotyledon.oslo_config_glue [-] ovn.ovn_l3_scheduler = leastloaded {{(pid=88980) log_opt_values /opt/stack/data/venv/lib/python3.12/site-packages/oslo_config/cfg.py:3256}}
May 26 15:25:37.869884 np0000001427 neutron-periodic-workers[88980]: DEBUG cotyledon.oslo_config_glue [-] ovn.ovn_metadata_enabled = True {{(pid=88980) log_opt_values /opt/stack/data/venv/lib/python3.12/site-packages/oslo_config/cfg.py:3256}}
May 26 15:25:37.869970 np0000001427 neutron-periodic-workers[88980]: DEBUG cotyledon.oslo_config_glue [-] ovn.ovn_nb_ca_cert = /opt/stack/data/CA/int-ca/ca-chain.pem {{(pid=88980) log_opt_values /opt/stack/data/venv/lib/python3.12/site-packages/oslo_config/cfg.py:3256}}
May 26 15:25:37.870071 np0000001427 neutron-periodic-workers[88980]: DEBUG cotyledon.oslo_config_glue [-] ovn.ovn_nb_certificate = /opt/stack/data/CA/int-ca/devstack-cert.crt {{(pid=88980) log_opt_values /opt/stack/data/venv/lib/python3.12/site-packages/oslo_config/cfg.py:3256}}
May 26 15:25:37.870148 np0000001427 neutron-periodic-workers[88980]: DEBUG cotyledon.oslo_config_glue [-] ovn.ovn_nb_connection = ['ssl:10.4.3.82:6641'] {{(pid=88980) log_opt_values /opt/stack/data/venv/lib/python3.12/site-packages/oslo_config/cfg.py:3256}}
May 26 15:25:37.870223 np0000001427 neutron-periodic-workers[88980]: DEBUG cotyledon.oslo_config_glue [-] ovn.ovn_nb_private_key = /opt/stack/data/CA/int-ca/private/devstack-cert.key {{(pid=88980) log_opt_values /opt/stack/data/venv/lib/python3.12/site-packages/oslo_config/cfg.py:3256}}
May 26 15:25:37.870297 np0000001427 neutron-periodic-workers[88980]: DEBUG cotyledon.oslo_config_glue [-] ovn.ovn_router_indirect_snat = False {{(pid=88980) log_opt_values /opt/stack/data/venv/lib/python3.12/site-packages/oslo_config/cfg.py:3256}}
May 26 15:25:37.870370 np0000001427 neutron-periodic-workers[88980]: DEBUG cotyledon.oslo_config_glue [-] ovn.ovn_sb_ca_cert = /opt/stack/data/CA/int-ca/ca-chain.pem {{(pid=88980) log_opt_values /opt/stack/data/venv/lib/python3.12/site-packages/oslo_config/cfg.py:3256}}
May 26 15:25:37.870440 np0000001427 neutron-periodic-workers[88980]: DEBUG cotyledon.oslo_config_glue [-] ovn.ovn_sb_certificate = /opt/stack/data/CA/int-ca/devstack-cert.crt {{(pid=88980) log_opt_values /opt/stack/data/venv/lib/python3.12/site-packages/oslo_config/cfg.py:3256}}
May 26 15:25:37.870516 np0000001427 neutron-periodic-workers[88980]: DEBUG cotyledon.oslo_config_glue [-] ovn.ovn_sb_connection = ['ssl:10.4.3.82:6642'] {{(pid=88980) log_opt_values /opt/stack/data/venv/lib/python3.12/site-packages/oslo_config/cfg.py:3256}}
May 26 15:25:37.870663 np0000001427 neutron-periodic-workers[88980]: DEBUG cotyledon.oslo_config_glue [-] ovn.ovn_sb_private_key = /opt/stack/data/CA/int-ca/private/devstack-cert.key {{(pid=88980) log_opt_values /opt/stack/data/venv/lib/python3.12/site-packages/oslo_config/cfg.py:3256}}
May 26 15:25:37.870663 np0000001427 neutron-periodic-workers[88980]: DEBUG cotyledon.oslo_config_glue [-] ovn.ovs_create_tap = False {{(pid=88980) log_opt_values /opt/stack/data/venv/lib/python3.12/site-packages/oslo_config/cfg.py:3256}}
May 26 15:25:37.870807 np0000001427 neutron-periodic-workers[88980]: DEBUG cotyledon.oslo_config_glue [-] ovn.ovsdb_connection_timeout = 180 {{(pid=88980) log_opt_values /opt/stack/data/venv/lib/python3.12/site-packages/oslo_config/cfg.py:3256}}
May 26 15:25:37.870895 np0000001427 neutron-periodic-workers[88980]: DEBUG cotyledon.oslo_config_glue [-] ovn.ovsdb_log_level = INFO {{(pid=88980) log_opt_values /opt/stack/data/venv/lib/python3.12/site-packages/oslo_config/cfg.py:3256}}
May 26 15:25:37.870970 np0000001427 neutron-periodic-workers[88980]: DEBUG cotyledon.oslo_config_glue [-] ovn.ovsdb_probe_interval = 60000 {{(pid=88980) log_opt_values /opt/stack/data/venv/lib/python3.12/site-packages/oslo_config/cfg.py:3256}}
May 26 15:25:37.871064 np0000001427 neutron-periodic-workers[88980]: DEBUG cotyledon.oslo_config_glue [-] ovn.ovsdb_retry_max_interval = 180 {{(pid=88980) log_opt_values /opt/stack/data/venv/lib/python3.12/site-packages/oslo_config/cfg.py:3256}}
May 26 15:25:37.871145 np0000001427 neutron-periodic-workers[88980]: DEBUG cotyledon.oslo_config_glue [-] ovn.stateless_nat_enabled = False {{(pid=88980) log_opt_values /opt/stack/data/venv/lib/python3.12/site-packages/oslo_config/cfg.py:3256}}
May 26 15:25:37.871227 np0000001427 neutron-periodic-workers[88980]: DEBUG cotyledon.oslo_config_glue [-] ovn.vhost_sock_dir = /var/run/openvswitch {{(pid=88980) log_opt_values /opt/stack/data/venv/lib/python3.12/site-packages/oslo_config/cfg.py:3256}}
May 26 15:25:37.871314 np0000001427 neutron-periodic-workers[88980]: DEBUG cotyledon.oslo_config_glue [-] OVS.bridge_mac_table_size = 50000 {{(pid=88980) log_opt_values /opt/stack/data/venv/lib/python3.12/site-packages/oslo_config/cfg.py:3256}}
May 26 15:25:37.871384 np0000001427 neutron-periodic-workers[88980]: DEBUG cotyledon.oslo_config_glue [-] OVS.igmp_flood = False {{(pid=88980) log_opt_values /opt/stack/data/venv/lib/python3.12/site-packages/oslo_config/cfg.py:3256}}
May 26 15:25:37.871466 np0000001427 neutron-periodic-workers[88980]: DEBUG cotyledon.oslo_config_glue [-] OVS.igmp_flood_reports = True {{(pid=88980) log_opt_values /opt/stack/data/venv/lib/python3.12/site-packages/oslo_config/cfg.py:3256}}
May 26 15:25:37.871539 np0000001427 neutron-periodic-workers[88980]: DEBUG cotyledon.oslo_config_glue [-] OVS.igmp_flood_unregistered = False {{(pid=88980) log_opt_values /opt/stack/data/venv/lib/python3.12/site-packages/oslo_config/cfg.py:3256}}
May 26 15:25:37.871608 np0000001427 neutron-periodic-workers[88980]: DEBUG cotyledon.oslo_config_glue [-] OVS.igmp_snooping_enable = False {{(pid=88980) log_opt_values /opt/stack/data/venv/lib/python3.12/site-packages/oslo_config/cfg.py:3256}}
May 26 15:25:37.871681 np0000001427 neutron-periodic-workers[88980]: DEBUG cotyledon.oslo_config_glue [-] OVS.ovsdb_timeout = 10 {{(pid=88980) log_opt_values /opt/stack/data/venv/lib/python3.12/site-packages/oslo_config/cfg.py:3256}}
May 26 15:25:37.871785 np0000001427 neutron-periodic-workers[88980]: DEBUG cotyledon.oslo_config_glue [-] ovn_nb_global.fdb_removal_limit = 0 {{(pid=88980) log_opt_values /opt/stack/data/venv/lib/python3.12/site-packages/oslo_config/cfg.py:3256}}
May 26 15:25:37.871869 np0000001427 neutron-periodic-workers[88980]: DEBUG cotyledon.oslo_config_glue [-] ovn_nb_global.ignore_lsp_down = False {{(pid=88980) log_opt_values /opt/stack/data/venv/lib/python3.12/site-packages/oslo_config/cfg.py:3256}}
May 26 15:25:37.871960 np0000001427 neutron-periodic-workers[88980]: DEBUG cotyledon.oslo_config_glue [-] ovn_nb_global.mac_binding_removal_limit = 0 {{(pid=88980) log_opt_values /opt/stack/data/venv/lib/python3.12/site-packages/oslo_config/cfg.py:3256}}
May 26 15:25:37.872048 np0000001427 neutron-periodic-workers[88980]: DEBUG cotyledon.oslo_config_glue [-] ******************************************************************************** {{(pid=88980) log_opt_values /opt/stack/data/venv/lib/python3.12/site-packages/oslo_config/cfg.py:3263}}
May 26 15:25:37.872240 np0000001427 neutron-periodic-workers[88980]: DEBUG cotyledon._service_worker [-] Run service ServiceWrapper(0) [88980] {{(pid=88980) wait_forever /opt/stack/data/venv/lib/python3.12/site-packages/cotyledon/_service_worker.py:218}}
May 26 15:25:47.556253 np0000001427 neutron-periodic-workers[88104]: DEBUG dbcounter [-] [88104] Writing DB stats neutron:SELECT=4 {{(pid=88104) stat_writer /opt/stack/data/venv/lib/python3.12/site-packages/dbcounter.py:115}}
May 26 15:26:21.879126 np0000001427 neutron-periodic-workers[88980]: DEBUG oslo_db.sqlalchemy.engines [None req-5371b3ca-458b-4961-87d1-3c6d6606a565 None None] Parent process 88104 forked (88980) with an open database connection, which is being discarded and recreated. {{(pid=88980) checkout /opt/stack/data/venv/lib/python3.12/site-packages/oslo_db/sqlalchemy/engines.py:402}}
May 26 15:26:21.920445 np0000001427 neutron-periodic-workers[88980]: DEBUG dbcounter [-] [88980] Writer thread running {{(pid=88980) stat_writer /opt/stack/data/venv/lib/python3.12/site-packages/dbcounter.py:102}}
May 26 15:26:21.931481 np0000001427 neutron-periodic-workers[88980]: DEBUG oslo.service.backend._threading.loopingcall [None req-5371b3ca-458b-4961-87d1-3c6d6606a565 None None] Fixed interval looping call 'neutron.plugins.ml2.plugin.DhcpAgentSchedulerDbMixin.remove_networks_from_down_agents' sleeping for 36.94 seconds {{(pid=88980) _run_loop /opt/stack/data/venv/lib/python3.12/site-packages/oslo_service/backend/_threading/loopingcall.py:125}}
May 26 15:26:22.919295 np0000001427 neutron-periodic-workers[88986]: DEBUG dbcounter [-] [88986] Writer thread running {{(pid=88986) stat_writer /opt/stack/data/venv/lib/python3.12/site-packages/dbcounter.py:102}}
May 26 15:26:22.922490 np0000001427 neutron-periodic-workers[88986]: DEBUG neutron.db.agents_db [None req-f529a8cb-3cbd-4fd2-9308-e6b87006de0a None None] Agent healthcheck: found 0 active agents {{(pid=88986) agent_health_check /opt/stack/neutron/neutron/db/agents_db.py:322}}
May 26 15:26:22.922665 np0000001427 neutron-periodic-workers[88986]: DEBUG oslo.service.backend._threading.loopingcall [None req-f529a8cb-3cbd-4fd2-9308-e6b87006de0a None None] Fixed interval looping call 'neutron.plugins.ml2.plugin.AgentDbMixin.agent_health_check' sleeping for 36.94 seconds {{(pid=88986) _run_loop /opt/stack/data/venv/lib/python3.12/site-packages/oslo_service/backend/_threading/loopingcall.py:125}}
May 26 15:26:31.929914 np0000001427 neutron-periodic-workers[88980]: DEBUG dbcounter [-] [88980] Writing DB stats neutron:SELECT=3 {{(pid=88980) stat_writer /opt/stack/data/venv/lib/python3.12/site-packages/dbcounter.py:115}}
May 26 15:26:32.919676 np0000001427 neutron-periodic-workers[88986]: DEBUG dbcounter [-] [88986] Writing DB stats neutron:SELECT=1 {{(pid=88986) stat_writer /opt/stack/data/venv/lib/python3.12/site-packages/dbcounter.py:115}}
May 26 15:26:58.878969 np0000001427 neutron-periodic-workers[88980]: DEBUG oslo.service.backend._threading.loopingcall [None req-5371b3ca-458b-4961-87d1-3c6d6606a565 None None] Fixed interval looping call 'neutron.plugins.ml2.plugin.DhcpAgentSchedulerDbMixin.remove_networks_from_down_agents' sleeping for 36.99 seconds {{(pid=88980) _run_loop /opt/stack/data/venv/lib/python3.12/site-packages/oslo_service/backend/_threading/loopingcall.py:125}}
May 26 15:26:59.866549 np0000001427 neutron-periodic-workers[88986]: DEBUG neutron.db.agents_db [None req-f529a8cb-3cbd-4fd2-9308-e6b87006de0a None None] Agent healthcheck: found 0 active agents {{(pid=88986) agent_health_check /opt/stack/neutron/neutron/db/agents_db.py:322}}
May 26 15:26:59.866944 np0000001427 neutron-periodic-workers[88986]: DEBUG oslo.service.backend._threading.loopingcall [None req-f529a8cb-3cbd-4fd2-9308-e6b87006de0a None None] Fixed interval looping call 'neutron.plugins.ml2.plugin.AgentDbMixin.agent_health_check' sleeping for 37.00 seconds {{(pid=88986) _run_loop /opt/stack/data/venv/lib/python3.12/site-packages/oslo_service/backend/_threading/loopingcall.py:125}}
May 26 15:27:08.878265 np0000001427 neutron-periodic-workers[88980]: DEBUG dbcounter [-] [88980] Writing DB stats neutron:SELECT=3 {{(pid=88980) stat_writer /opt/stack/data/venv/lib/python3.12/site-packages/dbcounter.py:115}}
May 26 15:27:09.866126 np0000001427 neutron-periodic-workers[88986]: DEBUG dbcounter [-] [88986] Writing DB stats neutron:SELECT=1 {{(pid=88986) stat_writer /opt/stack/data/venv/lib/python3.12/site-packages/dbcounter.py:115}}
May 26 15:27:35.878742 np0000001427 neutron-periodic-workers[88980]: DEBUG oslo.service.backend._threading.loopingcall [None req-5371b3ca-458b-4961-87d1-3c6d6606a565 None None] Fixed interval looping call 'neutron.plugins.ml2.plugin.DhcpAgentSchedulerDbMixin.remove_networks_from_down_agents' sleeping for 36.99 seconds {{(pid=88980) _run_loop /opt/stack/data/venv/lib/python3.12/site-packages/oslo_service/backend/_threading/loopingcall.py:125}}
May 26 15:27:36.870518 np0000001427 neutron-periodic-workers[88986]: DEBUG neutron.db.agents_db [None req-f529a8cb-3cbd-4fd2-9308-e6b87006de0a None None] Agent healthcheck: found 0 active agents {{(pid=88986) agent_health_check /opt/stack/neutron/neutron/db/agents_db.py:322}}
May 26 15:27:36.871003 np0000001427 neutron-periodic-workers[88986]: DEBUG oslo.service.backend._threading.loopingcall [None req-f529a8cb-3cbd-4fd2-9308-e6b87006de0a None None] Fixed interval looping call 'neutron.plugins.ml2.plugin.AgentDbMixin.agent_health_check' sleeping for 37.00 seconds {{(pid=88986) _run_loop /opt/stack/data/venv/lib/python3.12/site-packages/oslo_service/backend/_threading/loopingcall.py:125}}
May 26 15:27:37.909131 np0000001427 neutron-periodic-workers[89001]: DEBUG dbcounter [-] [89001] Writer thread running {{(pid=89001) stat_writer /opt/stack/data/venv/lib/python3.12/site-packages/dbcounter.py:102}}
May 26 15:27:37.910770 np0000001427 neutron-periodic-workers[89001]: DEBUG oslo.service.backend._threading.loopingcall [None req-700d075c-6127-4fd2-b590-cbc9d390857a None None] Fixed interval looping call 'neutron.db.quota.driver_nolock.DbQuotaNoLockDriver._remove_expired_reservations' sleeping for 119.96 seconds {{(pid=89001) _run_loop /opt/stack/data/venv/lib/python3.12/site-packages/oslo_service/backend/_threading/loopingcall.py:125}}
May 26 15:27:45.877673 np0000001427 neutron-periodic-workers[88980]: DEBUG dbcounter [-] [88980] Writing DB stats neutron:SELECT=3 {{(pid=88980) stat_writer /opt/stack/data/venv/lib/python3.12/site-packages/dbcounter.py:115}}
May 26 15:27:46.869391 np0000001427 neutron-periodic-workers[88986]: DEBUG dbcounter [-] [88986] Writing DB stats neutron:SELECT=1 {{(pid=88986) stat_writer /opt/stack/data/venv/lib/python3.12/site-packages/dbcounter.py:115}}
May 26 15:27:47.909539 np0000001427 neutron-periodic-workers[89001]: DEBUG dbcounter [-] [89001] Writing DB stats neutron:DELETE=1 {{(pid=89001) stat_writer /opt/stack/data/venv/lib/python3.12/site-packages/dbcounter.py:115}}
May 26 15:28:12.876049 np0000001427 neutron-periodic-workers[88980]: DEBUG oslo.service.backend._threading.loopingcall [None req-5371b3ca-458b-4961-87d1-3c6d6606a565 None None] Fixed interval looping call 'neutron.plugins.ml2.plugin.DhcpAgentSchedulerDbMixin.remove_networks_from_down_agents' sleeping for 36.99 seconds {{(pid=88980) _run_loop /opt/stack/data/venv/lib/python3.12/site-packages/oslo_service/backend/_threading/loopingcall.py:125}}
May 26 15:28:13.874196 np0000001427 neutron-periodic-workers[88986]: DEBUG neutron.db.agents_db [None req-f529a8cb-3cbd-4fd2-9308-e6b87006de0a None None] Agent healthcheck: found 0 active agents {{(pid=88986) agent_health_check /opt/stack/neutron/neutron/db/agents_db.py:322}}
May 26 15:28:13.874614 np0000001427 neutron-periodic-workers[88986]: DEBUG oslo.service.backend._threading.loopingcall [None req-f529a8cb-3cbd-4fd2-9308-e6b87006de0a None None] Fixed interval looping call 'neutron.plugins.ml2.plugin.AgentDbMixin.agent_health_check' sleeping for 37.00 seconds {{(pid=88986) _run_loop /opt/stack/data/venv/lib/python3.12/site-packages/oslo_service/backend/_threading/loopingcall.py:125}}
May 26 15:28:22.874559 np0000001427 neutron-periodic-workers[88980]: DEBUG dbcounter [-] [88980] Writing DB stats neutron:SELECT=3 {{(pid=88980) stat_writer /opt/stack/data/venv/lib/python3.12/site-packages/dbcounter.py:115}}
May 26 15:28:23.873030 np0000001427 neutron-periodic-workers[88986]: DEBUG dbcounter [-] [88986] Writing DB stats neutron:SELECT=1 {{(pid=88986) stat_writer /opt/stack/data/venv/lib/python3.12/site-packages/dbcounter.py:115}}
May 26 15:28:49.871512 np0000001427 neutron-periodic-workers[88980]: DEBUG oslo.service.backend._threading.loopingcall [None req-5371b3ca-458b-4961-87d1-3c6d6606a565 None None] Fixed interval looping call 'neutron.plugins.ml2.plugin.DhcpAgentSchedulerDbMixin.remove_networks_from_down_agents' sleeping for 36.99 seconds {{(pid=88980) _run_loop /opt/stack/data/venv/lib/python3.12/site-packages/oslo_service/backend/_threading/loopingcall.py:125}}
May 26 15:28:50.878052 np0000001427 neutron-periodic-workers[88986]: DEBUG neutron.db.agents_db [None req-f529a8cb-3cbd-4fd2-9308-e6b87006de0a None None] Agent healthcheck: found 0 active agents {{(pid=88986) agent_health_check /opt/stack/neutron/neutron/db/agents_db.py:322}}
May 26 15:28:50.878484 np0000001427 neutron-periodic-workers[88986]: DEBUG oslo.service.backend._threading.loopingcall [None req-f529a8cb-3cbd-4fd2-9308-e6b87006de0a None None] Fixed interval looping call 'neutron.plugins.ml2.plugin.AgentDbMixin.agent_health_check' sleeping for 37.00 seconds {{(pid=88986) _run_loop /opt/stack/data/venv/lib/python3.12/site-packages/oslo_service/backend/_threading/loopingcall.py:125}}
May 26 15:28:59.872207 np0000001427 neutron-periodic-workers[88980]: DEBUG dbcounter [-] [88980] Writing DB stats neutron:SELECT=3 {{(pid=88980) stat_writer /opt/stack/data/venv/lib/python3.12/site-packages/dbcounter.py:115}}
May 26 15:29:00.877638 np0000001427 neutron-periodic-workers[88986]: DEBUG dbcounter [-] [88986] Writing DB stats neutron:SELECT=1 {{(pid=88986) stat_writer /opt/stack/data/venv/lib/python3.12/site-packages/dbcounter.py:115}}
May 26 15:29:24.919027 np0000001427 neutron-periodic-workers[88976]: DEBUG dbcounter [-] [88976] Writer thread running {{(pid=88976) stat_writer /opt/stack/data/venv/lib/python3.12/site-packages/dbcounter.py:102}}
May 26 15:29:24.925579 np0000001427 neutron-periodic-workers[88976]: DEBUG oslo.service.backend._threading.loopingcall [None req-27b1085f-2c27-437c-bc93-0d46f3260ca8 None None] Fixed interval looping call 'neutron.services.ovn_l3.plugin.L3_NAT_dbonly_mixin._clean_garbage' sleeping for 299.90 seconds {{(pid=88976) _run_loop /opt/stack/data/venv/lib/python3.12/site-packages/oslo_service/backend/_threading/loopingcall.py:125}}
May 26 15:29:26.868621 np0000001427 neutron-periodic-workers[88980]: DEBUG oslo.service.backend._threading.loopingcall [None req-5371b3ca-458b-4961-87d1-3c6d6606a565 None None] Fixed interval looping call 'neutron.plugins.ml2.plugin.DhcpAgentSchedulerDbMixin.remove_networks_from_down_agents' sleeping for 36.99 seconds {{(pid=88980) _run_loop /opt/stack/data/venv/lib/python3.12/site-packages/oslo_service/backend/_threading/loopingcall.py:125}}
May 26 15:29:27.882295 np0000001427 neutron-periodic-workers[88986]: DEBUG neutron.db.agents_db [None req-f529a8cb-3cbd-4fd2-9308-e6b87006de0a None None] Agent healthcheck: found 0 active agents {{(pid=88986) agent_health_check /opt/stack/neutron/neutron/db/agents_db.py:322}}
May 26 15:29:27.882656 np0000001427 neutron-periodic-workers[88986]: DEBUG oslo.service.backend._threading.loopingcall [None req-f529a8cb-3cbd-4fd2-9308-e6b87006de0a None None] Fixed interval looping call 'neutron.plugins.ml2.plugin.AgentDbMixin.agent_health_check' sleeping for 37.00 seconds {{(pid=88986) _run_loop /opt/stack/data/venv/lib/python3.12/site-packages/oslo_service/backend/_threading/loopingcall.py:125}}
May 26 15:29:34.918082 np0000001427 neutron-periodic-workers[88976]: DEBUG dbcounter [-] [88976] Writing DB stats neutron:SELECT=1 {{(pid=88976) stat_writer /opt/stack/data/venv/lib/python3.12/site-packages/dbcounter.py:115}}
May 26 15:29:36.868157 np0000001427 neutron-periodic-workers[88980]: DEBUG dbcounter [-] [88980] Writing DB stats neutron:SELECT=3 {{(pid=88980) stat_writer /opt/stack/data/venv/lib/python3.12/site-packages/dbcounter.py:115}}
May 26 15:29:37.883435 np0000001427 neutron-periodic-workers[88986]: DEBUG dbcounter [-] [88986] Writing DB stats neutron:SELECT=1 {{(pid=88986) stat_writer /opt/stack/data/venv/lib/python3.12/site-packages/dbcounter.py:115}}
May 26 15:29:37.892642 np0000001427 neutron-periodic-workers[89001]: DEBUG oslo.service.backend._threading.loopingcall [None req-700d075c-6127-4fd2-b590-cbc9d390857a None None] Fixed interval looping call 'neutron.db.quota.driver_nolock.DbQuotaNoLockDriver._remove_expired_reservations' sleeping for 119.98 seconds {{(pid=89001) _run_loop /opt/stack/data/venv/lib/python3.12/site-packages/oslo_service/backend/_threading/loopingcall.py:125}}
May 26 15:29:47.890316 np0000001427 neutron-periodic-workers[89001]: DEBUG dbcounter [-] [89001] Writing DB stats neutron:DELETE=1 {{(pid=89001) stat_writer /opt/stack/data/venv/lib/python3.12/site-packages/dbcounter.py:115}}
May 26 15:30:03.868202 np0000001427 neutron-periodic-workers[88980]: DEBUG oslo.service.backend._threading.loopingcall [None req-5371b3ca-458b-4961-87d1-3c6d6606a565 None None] Fixed interval looping call 'neutron.plugins.ml2.plugin.DhcpAgentSchedulerDbMixin.remove_networks_from_down_agents' sleeping for 36.99 seconds {{(pid=88980) _run_loop /opt/stack/data/venv/lib/python3.12/site-packages/oslo_service/backend/_threading/loopingcall.py:125}}
May 26 15:30:04.889590 np0000001427 neutron-periodic-workers[88986]: DEBUG neutron.db.agents_db [None req-f529a8cb-3cbd-4fd2-9308-e6b87006de0a None None] Agent healthcheck: found 0 active agents {{(pid=88986) agent_health_check /opt/stack/neutron/neutron/db/agents_db.py:322}}
May 26 15:30:04.890177 np0000001427 neutron-periodic-workers[88986]: DEBUG oslo.service.backend._threading.loopingcall [None req-f529a8cb-3cbd-4fd2-9308-e6b87006de0a None None] Fixed interval looping call 'neutron.plugins.ml2.plugin.AgentDbMixin.agent_health_check' sleeping for 36.99 seconds {{(pid=88986) _run_loop /opt/stack/data/venv/lib/python3.12/site-packages/oslo_service/backend/_threading/loopingcall.py:125}}
May 26 15:30:13.867300 np0000001427 neutron-periodic-workers[88980]: DEBUG dbcounter [-] [88980] Writing DB stats neutron:SELECT=3 {{(pid=88980) stat_writer /opt/stack/data/venv/lib/python3.12/site-packages/dbcounter.py:115}}
May 26 15:30:14.888007 np0000001427 neutron-periodic-workers[88986]: DEBUG dbcounter [-] [88986] Writing DB stats neutron:SELECT=1 {{(pid=88986) stat_writer /opt/stack/data/venv/lib/python3.12/site-packages/dbcounter.py:115}}
May 26 15:30:40.869768 np0000001427 neutron-periodic-workers[88980]: DEBUG oslo.service.backend._threading.loopingcall [None req-5371b3ca-458b-4961-87d1-3c6d6606a565 None None] Fixed interval looping call 'neutron.plugins.ml2.plugin.DhcpAgentSchedulerDbMixin.remove_networks_from_down_agents' sleeping for 36.99 seconds {{(pid=88980) _run_loop /opt/stack/data/venv/lib/python3.12/site-packages/oslo_service/backend/_threading/loopingcall.py:125}}
May 26 15:30:41.886918 np0000001427 neutron-periodic-workers[88986]: DEBUG neutron.db.agents_db [None req-f529a8cb-3cbd-4fd2-9308-e6b87006de0a None None] Agent healthcheck: found 0 active agents {{(pid=88986) agent_health_check /opt/stack/neutron/neutron/db/agents_db.py:322}}
May 26 15:30:41.887320 np0000001427 neutron-periodic-workers[88986]: DEBUG oslo.service.backend._threading.loopingcall [None req-f529a8cb-3cbd-4fd2-9308-e6b87006de0a None None] Fixed interval looping call 'neutron.plugins.ml2.plugin.AgentDbMixin.agent_health_check' sleeping for 36.99 seconds {{(pid=88986) _run_loop /opt/stack/data/venv/lib/python3.12/site-packages/oslo_service/backend/_threading/loopingcall.py:125}}
May 26 15:30:50.868449 np0000001427 neutron-periodic-workers[88980]: DEBUG dbcounter [-] [88980] Writing DB stats neutron:SELECT=3 {{(pid=88980) stat_writer /opt/stack/data/venv/lib/python3.12/site-packages/dbcounter.py:115}}
May 26 15:30:51.885074 np0000001427 neutron-periodic-workers[88986]: DEBUG dbcounter [-] [88986] Writing DB stats neutron:SELECT=1 {{(pid=88986) stat_writer /opt/stack/data/venv/lib/python3.12/site-packages/dbcounter.py:115}}
May 26 15:31:17.867286 np0000001427 neutron-periodic-workers[88980]: DEBUG oslo.service.backend._threading.loopingcall [None req-5371b3ca-458b-4961-87d1-3c6d6606a565 None None] Fixed interval looping call 'neutron.plugins.ml2.plugin.DhcpAgentSchedulerDbMixin.remove_networks_from_down_agents' sleeping for 36.99 seconds {{(pid=88980) _run_loop /opt/stack/data/venv/lib/python3.12/site-packages/oslo_service/backend/_threading/loopingcall.py:125}}
May 26 15:31:18.886473 np0000001427 neutron-periodic-workers[88986]: DEBUG neutron.db.agents_db [None req-f529a8cb-3cbd-4fd2-9308-e6b87006de0a None None] Agent healthcheck: found 0 active agents {{(pid=88986) agent_health_check /opt/stack/neutron/neutron/db/agents_db.py:322}}
May 26 15:31:18.886909 np0000001427 neutron-periodic-workers[88986]: DEBUG oslo.service.backend._threading.loopingcall [None req-f529a8cb-3cbd-4fd2-9308-e6b87006de0a None None] Fixed interval looping call 'neutron.plugins.ml2.plugin.AgentDbMixin.agent_health_check' sleeping for 36.99 seconds {{(pid=88986) _run_loop /opt/stack/data/venv/lib/python3.12/site-packages/oslo_service/backend/_threading/loopingcall.py:125}}
May 26 15:31:27.866206 np0000001427 neutron-periodic-workers[88980]: DEBUG dbcounter [-] [88980] Writing DB stats neutron:SELECT=3 {{(pid=88980) stat_writer /opt/stack/data/venv/lib/python3.12/site-packages/dbcounter.py:115}}
May 26 15:31:28.881321 np0000001427 neutron-periodic-workers[88986]: DEBUG dbcounter [-] [88986] Writing DB stats neutron:SELECT=1 {{(pid=88986) stat_writer /opt/stack/data/venv/lib/python3.12/site-packages/dbcounter.py:115}}
May 26 15:31:37.876164 np0000001427 neutron-periodic-workers[89001]: DEBUG oslo.service.backend._threading.loopingcall [None req-700d075c-6127-4fd2-b590-cbc9d390857a None None] Fixed interval looping call 'neutron.db.quota.driver_nolock.DbQuotaNoLockDriver._remove_expired_reservations' sleeping for 120.00 seconds {{(pid=89001) _run_loop /opt/stack/data/venv/lib/python3.12/site-packages/oslo_service/backend/_threading/loopingcall.py:125}}
May 26 15:31:47.875500 np0000001427 neutron-periodic-workers[89001]: DEBUG dbcounter [-] [89001] Writing DB stats neutron:DELETE=1 {{(pid=89001) stat_writer /opt/stack/data/venv/lib/python3.12/site-packages/dbcounter.py:115}}
May 26 15:31:54.865552 np0000001427 neutron-periodic-workers[88980]: DEBUG oslo.service.backend._threading.loopingcall [None req-5371b3ca-458b-4961-87d1-3c6d6606a565 None None] Fixed interval looping call 'neutron.plugins.ml2.plugin.DhcpAgentSchedulerDbMixin.remove_networks_from_down_agents' sleeping for 36.99 seconds {{(pid=88980) _run_loop /opt/stack/data/venv/lib/python3.12/site-packages/oslo_service/backend/_threading/loopingcall.py:125}}
May 26 15:31:55.882136 np0000001427 neutron-periodic-workers[88986]: DEBUG neutron.db.agents_db [None req-f529a8cb-3cbd-4fd2-9308-e6b87006de0a None None] Agent healthcheck: found 0 active agents {{(pid=88986) agent_health_check /opt/stack/neutron/neutron/db/agents_db.py:322}}
May 26 15:31:55.883321 np0000001427 neutron-periodic-workers[88986]: DEBUG oslo.service.backend._threading.loopingcall [None req-f529a8cb-3cbd-4fd2-9308-e6b87006de0a None None] Fixed interval looping call 'neutron.plugins.ml2.plugin.AgentDbMixin.agent_health_check' sleeping for 36.99 seconds {{(pid=88986) _run_loop /opt/stack/data/venv/lib/python3.12/site-packages/oslo_service/backend/_threading/loopingcall.py:125}}
May 26 15:32:04.864745 np0000001427 neutron-periodic-workers[88980]: DEBUG dbcounter [-] [88980] Writing DB stats neutron:SELECT=3 {{(pid=88980) stat_writer /opt/stack/data/venv/lib/python3.12/site-packages/dbcounter.py:115}}
May 26 15:32:05.880523 np0000001427 neutron-periodic-workers[88986]: DEBUG dbcounter [-] [88986] Writing DB stats neutron:SELECT=1 {{(pid=88986) stat_writer /opt/stack/data/venv/lib/python3.12/site-packages/dbcounter.py:115}}
May 26 15:32:31.866709 np0000001427 neutron-periodic-workers[88980]: DEBUG oslo.service.backend._threading.loopingcall [None req-5371b3ca-458b-4961-87d1-3c6d6606a565 None None] Fixed interval looping call 'neutron.plugins.ml2.plugin.DhcpAgentSchedulerDbMixin.remove_networks_from_down_agents' sleeping for 36.99 seconds {{(pid=88980) _run_loop /opt/stack/data/venv/lib/python3.12/site-packages/oslo_service/backend/_threading/loopingcall.py:125}}
May 26 15:32:32.877975 np0000001427 neutron-periodic-workers[88986]: DEBUG neutron.db.agents_db [None req-f529a8cb-3cbd-4fd2-9308-e6b87006de0a None None] Agent healthcheck: found 0 active agents {{(pid=88986) agent_health_check /opt/stack/neutron/neutron/db/agents_db.py:322}}
May 26 15:32:32.878377 np0000001427 neutron-periodic-workers[88986]: DEBUG oslo.service.backend._threading.loopingcall [None req-f529a8cb-3cbd-4fd2-9308-e6b87006de0a None None] Fixed interval looping call 'neutron.plugins.ml2.plugin.AgentDbMixin.agent_health_check' sleeping for 36.99 seconds {{(pid=88986) _run_loop /opt/stack/data/venv/lib/python3.12/site-packages/oslo_service/backend/_threading/loopingcall.py:125}}
May 26 15:32:41.866207 np0000001427 neutron-periodic-workers[88980]: DEBUG dbcounter [-] [88980] Writing DB stats neutron:SELECT=3 {{(pid=88980) stat_writer /opt/stack/data/venv/lib/python3.12/site-packages/dbcounter.py:115}}
May 26 15:32:42.876278 np0000001427 neutron-periodic-workers[88986]: DEBUG dbcounter [-] [88986] Writing DB stats neutron:SELECT=1 {{(pid=88986) stat_writer /opt/stack/data/venv/lib/python3.12/site-packages/dbcounter.py:115}}
May 26 15:33:08.870253 np0000001427 neutron-periodic-workers[88980]: DEBUG oslo.service.backend._threading.loopingcall [None req-5371b3ca-458b-4961-87d1-3c6d6606a565 None None] Fixed interval looping call 'neutron.plugins.ml2.plugin.DhcpAgentSchedulerDbMixin.remove_networks_from_down_agents' sleeping for 36.99 seconds {{(pid=88980) _run_loop /opt/stack/data/venv/lib/python3.12/site-packages/oslo_service/backend/_threading/loopingcall.py:125}}
May 26 15:33:09.879583 np0000001427 neutron-periodic-workers[88986]: DEBUG neutron.db.agents_db [None req-f529a8cb-3cbd-4fd2-9308-e6b87006de0a None None] Agent healthcheck: found 0 active agents {{(pid=88986) agent_health_check /opt/stack/neutron/neutron/db/agents_db.py:322}}
May 26 15:33:09.881292 np0000001427 neutron-periodic-workers[88986]: DEBUG oslo.service.backend._threading.loopingcall [None req-f529a8cb-3cbd-4fd2-9308-e6b87006de0a None None] Fixed interval looping call 'neutron.plugins.ml2.plugin.AgentDbMixin.agent_health_check' sleeping for 36.99 seconds {{(pid=88986) _run_loop /opt/stack/data/venv/lib/python3.12/site-packages/oslo_service/backend/_threading/loopingcall.py:125}}
May 26 15:33:18.867905 np0000001427 neutron-periodic-workers[88980]: DEBUG dbcounter [-] [88980] Writing DB stats neutron:SELECT=3 {{(pid=88980) stat_writer /opt/stack/data/venv/lib/python3.12/site-packages/dbcounter.py:115}}
May 26 15:33:19.876637 np0000001427 neutron-periodic-workers[88986]: DEBUG dbcounter [-] [88986] Writing DB stats neutron:SELECT=1 {{(pid=88986) stat_writer /opt/stack/data/venv/lib/python3.12/site-packages/dbcounter.py:115}}
May 26 15:33:37.879894 np0000001427 neutron-periodic-workers[89001]: DEBUG oslo.service.backend._threading.loopingcall [None req-700d075c-6127-4fd2-b590-cbc9d390857a None None] Fixed interval looping call 'neutron.db.quota.driver_nolock.DbQuotaNoLockDriver._remove_expired_reservations' sleeping for 120.00 seconds {{(pid=89001) _run_loop /opt/stack/data/venv/lib/python3.12/site-packages/oslo_service/backend/_threading/loopingcall.py:125}}
May 26 15:33:45.874119 np0000001427 neutron-periodic-workers[88980]: DEBUG oslo.service.backend._threading.loopingcall [None req-5371b3ca-458b-4961-87d1-3c6d6606a565 None None] Fixed interval looping call 'neutron.plugins.ml2.plugin.DhcpAgentSchedulerDbMixin.remove_networks_from_down_agents' sleeping for 36.99 seconds {{(pid=88980) _run_loop /opt/stack/data/venv/lib/python3.12/site-packages/oslo_service/backend/_threading/loopingcall.py:125}}
May 26 15:33:46.883761 np0000001427 neutron-periodic-workers[88986]: DEBUG neutron.db.agents_db [None req-f529a8cb-3cbd-4fd2-9308-e6b87006de0a None None] Agent healthcheck: found 0 active agents {{(pid=88986) agent_health_check /opt/stack/neutron/neutron/db/agents_db.py:322}}
May 26 15:33:46.883761 np0000001427 neutron-periodic-workers[88986]: DEBUG oslo.service.backend._threading.loopingcall [None req-f529a8cb-3cbd-4fd2-9308-e6b87006de0a None None] Fixed interval looping call 'neutron.plugins.ml2.plugin.AgentDbMixin.agent_health_check' sleeping for 36.99 seconds {{(pid=88986) _run_loop /opt/stack/data/venv/lib/python3.12/site-packages/oslo_service/backend/_threading/loopingcall.py:125}}
May 26 15:33:47.879756 np0000001427 neutron-periodic-workers[89001]: DEBUG dbcounter [-] [89001] Writing DB stats neutron:DELETE=1 {{(pid=89001) stat_writer /opt/stack/data/venv/lib/python3.12/site-packages/dbcounter.py:115}}
May 26 15:33:55.871339 np0000001427 neutron-periodic-workers[88980]: DEBUG dbcounter [-] [88980] Writing DB stats neutron:SELECT=3 {{(pid=88980) stat_writer /opt/stack/data/venv/lib/python3.12/site-packages/dbcounter.py:115}}
May 26 15:33:56.875127 np0000001427 neutron-periodic-workers[88986]: DEBUG dbcounter [-] [88986] Writing DB stats neutron:SELECT=1 {{(pid=88986) stat_writer /opt/stack/data/venv/lib/python3.12/site-packages/dbcounter.py:115}}
May 26 15:34:22.875535 np0000001427 neutron-periodic-workers[88980]: DEBUG oslo.service.backend._threading.loopingcall [None req-5371b3ca-458b-4961-87d1-3c6d6606a565 None None] Fixed interval looping call 'neutron.plugins.ml2.plugin.DhcpAgentSchedulerDbMixin.remove_networks_from_down_agents' sleeping for 36.99 seconds {{(pid=88980) _run_loop /opt/stack/data/venv/lib/python3.12/site-packages/oslo_service/backend/_threading/loopingcall.py:125}}
May 26 15:34:23.881266 np0000001427 neutron-periodic-workers[88986]: DEBUG neutron.db.agents_db [None req-f529a8cb-3cbd-4fd2-9308-e6b87006de0a None None] Agent healthcheck: found 0 active agents {{(pid=88986) agent_health_check /opt/stack/neutron/neutron/db/agents_db.py:322}}
May 26 15:34:23.881266 np0000001427 neutron-periodic-workers[88986]: DEBUG oslo.service.backend._threading.loopingcall [None req-f529a8cb-3cbd-4fd2-9308-e6b87006de0a None None] Fixed interval looping call 'neutron.plugins.ml2.plugin.AgentDbMixin.agent_health_check' sleeping for 36.99 seconds {{(pid=88986) _run_loop /opt/stack/data/venv/lib/python3.12/site-packages/oslo_service/backend/_threading/loopingcall.py:125}}
May 26 15:34:24.835750 np0000001427 neutron-periodic-workers[88976]: DEBUG oslo.service.backend._threading.loopingcall [None req-27b1085f-2c27-437c-bc93-0d46f3260ca8 None None] Fixed interval looping call 'neutron.services.ovn_l3.plugin.L3_NAT_dbonly_mixin._clean_garbage' sleeping for 299.99 seconds {{(pid=88976) _run_loop /opt/stack/data/venv/lib/python3.12/site-packages/oslo_service/backend/_threading/loopingcall.py:125}}
May 26 15:34:32.874198 np0000001427 neutron-periodic-workers[88980]: DEBUG dbcounter [-] [88980] Writing DB stats neutron:SELECT=3 {{(pid=88980) stat_writer /opt/stack/data/venv/lib/python3.12/site-packages/dbcounter.py:115}}
May 26 15:34:33.883376 np0000001427 neutron-periodic-workers[88986]: DEBUG dbcounter [-] [88986] Writing DB stats neutron:SELECT=1 {{(pid=88986) stat_writer /opt/stack/data/venv/lib/python3.12/site-packages/dbcounter.py:115}}
May 26 15:34:34.828262 np0000001427 neutron-periodic-workers[88976]: DEBUG dbcounter [-] [88976] Writing DB stats neutron:SELECT=1 {{(pid=88976) stat_writer /opt/stack/data/venv/lib/python3.12/site-packages/dbcounter.py:115}}
May 26 15:34:59.874802 np0000001427 neutron-periodic-workers[88980]: DEBUG oslo.service.backend._threading.loopingcall [None req-5371b3ca-458b-4961-87d1-3c6d6606a565 None None] Fixed interval looping call 'neutron.plugins.ml2.plugin.DhcpAgentSchedulerDbMixin.remove_networks_from_down_agents' sleeping for 36.99 seconds {{(pid=88980) _run_loop /opt/stack/data/venv/lib/python3.12/site-packages/oslo_service/backend/_threading/loopingcall.py:125}}
May 26 15:35:00.874718 np0000001427 neutron-periodic-workers[88986]: DEBUG neutron.db.agents_db [None req-f529a8cb-3cbd-4fd2-9308-e6b87006de0a None None] Agent healthcheck: found 0 active agents {{(pid=88986) agent_health_check /opt/stack/neutron/neutron/db/agents_db.py:322}}
May 26 15:35:00.875215 np0000001427 neutron-periodic-workers[88986]: DEBUG oslo.service.backend._threading.loopingcall [None req-f529a8cb-3cbd-4fd2-9308-e6b87006de0a None None] Fixed interval looping call 'neutron.plugins.ml2.plugin.AgentDbMixin.agent_health_check' sleeping for 37.00 seconds {{(pid=88986) _run_loop /opt/stack/data/venv/lib/python3.12/site-packages/oslo_service/backend/_threading/loopingcall.py:125}}
May 26 15:35:09.873717 np0000001427 neutron-periodic-workers[88980]: DEBUG dbcounter [-] [88980] Writing DB stats neutron:SELECT=3 {{(pid=88980) stat_writer /opt/stack/data/venv/lib/python3.12/site-packages/dbcounter.py:115}}
May 26 15:35:10.874249 np0000001427 neutron-periodic-workers[88986]: DEBUG dbcounter [-] [88986] Writing DB stats neutron:SELECT=1 {{(pid=88986) stat_writer /opt/stack/data/venv/lib/python3.12/site-packages/dbcounter.py:115}}
May 26 15:35:36.885448 np0000001427 neutron-periodic-workers[88980]: DEBUG oslo.service.backend._threading.loopingcall [None req-5371b3ca-458b-4961-87d1-3c6d6606a565 None None] Fixed interval looping call 'neutron.plugins.ml2.plugin.DhcpAgentSchedulerDbMixin.remove_networks_from_down_agents' sleeping for 36.98 seconds {{(pid=88980) _run_loop /opt/stack/data/venv/lib/python3.12/site-packages/oslo_service/backend/_threading/loopingcall.py:125}}
May 26 15:35:37.883285 np0000001427 neutron-periodic-workers[88986]: DEBUG neutron.db.agents_db [None req-f529a8cb-3cbd-4fd2-9308-e6b87006de0a None None] Agent healthcheck: found 0 active agents {{(pid=88986) agent_health_check /opt/stack/neutron/neutron/db/agents_db.py:322}}
May 26 15:35:37.883285 np0000001427 neutron-periodic-workers[88986]: DEBUG oslo.service.backend._threading.loopingcall [None req-f529a8cb-3cbd-4fd2-9308-e6b87006de0a None None] Fixed interval looping call 'neutron.plugins.ml2.plugin.AgentDbMixin.agent_health_check' sleeping for 36.99 seconds {{(pid=88986) _run_loop /opt/stack/data/venv/lib/python3.12/site-packages/oslo_service/backend/_threading/loopingcall.py:125}}
May 26 15:35:37.883745 np0000001427 neutron-periodic-workers[89001]: DEBUG oslo.service.backend._threading.loopingcall [None req-700d075c-6127-4fd2-b590-cbc9d390857a None None] Fixed interval looping call 'neutron.db.quota.driver_nolock.DbQuotaNoLockDriver._remove_expired_reservations' sleeping for 120.00 seconds {{(pid=89001) _run_loop /opt/stack/data/venv/lib/python3.12/site-packages/oslo_service/backend/_threading/loopingcall.py:125}}
May 26 15:35:46.884401 np0000001427 neutron-periodic-workers[88980]: DEBUG dbcounter [-] [88980] Writing DB stats neutron:SELECT=3 {{(pid=88980) stat_writer /opt/stack/data/venv/lib/python3.12/site-packages/dbcounter.py:115}}
May 26 15:35:47.882896 np0000001427 neutron-periodic-workers[88986]: DEBUG dbcounter [-] [88986] Writing DB stats neutron:SELECT=1 {{(pid=88986) stat_writer /opt/stack/data/venv/lib/python3.12/site-packages/dbcounter.py:115}}
May 26 15:35:47.884792 np0000001427 neutron-periodic-workers[89001]: DEBUG dbcounter [-] [89001] Writing DB stats neutron:DELETE=1 {{(pid=89001) stat_writer /opt/stack/data/venv/lib/python3.12/site-packages/dbcounter.py:115}}
May 26 15:36:13.874879 np0000001427 neutron-periodic-workers[88980]: DEBUG oslo.service.backend._threading.loopingcall [None req-5371b3ca-458b-4961-87d1-3c6d6606a565 None None] Fixed interval looping call 'neutron.plugins.ml2.plugin.DhcpAgentSchedulerDbMixin.remove_networks_from_down_agents' sleeping for 36.99 seconds {{(pid=88980) _run_loop /opt/stack/data/venv/lib/python3.12/site-packages/oslo_service/backend/_threading/loopingcall.py:125}}
May 26 15:36:14.876992 np0000001427 neutron-periodic-workers[88986]: DEBUG neutron.db.agents_db [None req-f529a8cb-3cbd-4fd2-9308-e6b87006de0a None None] Agent healthcheck: found 0 active agents {{(pid=88986) agent_health_check /opt/stack/neutron/neutron/db/agents_db.py:322}}
May 26 15:36:14.877477 np0000001427 neutron-periodic-workers[88986]: DEBUG oslo.service.backend._threading.loopingcall [None req-f529a8cb-3cbd-4fd2-9308-e6b87006de0a None None] Fixed interval looping call 'neutron.plugins.ml2.plugin.AgentDbMixin.agent_health_check' sleeping for 37.00 seconds {{(pid=88986) _run_loop /opt/stack/data/venv/lib/python3.12/site-packages/oslo_service/backend/_threading/loopingcall.py:125}}
May 26 15:36:23.873689 np0000001427 neutron-periodic-workers[88980]: DEBUG dbcounter [-] [88980] Writing DB stats neutron:SELECT=3 {{(pid=88980) stat_writer /opt/stack/data/venv/lib/python3.12/site-packages/dbcounter.py:115}}
May 26 15:36:24.875405 np0000001427 neutron-periodic-workers[88986]: DEBUG dbcounter [-] [88986] Writing DB stats neutron:SELECT=1 {{(pid=88986) stat_writer /opt/stack/data/venv/lib/python3.12/site-packages/dbcounter.py:115}}
May 26 15:36:50.875570 np0000001427 neutron-periodic-workers[88980]: DEBUG oslo.service.backend._threading.loopingcall [None req-5371b3ca-458b-4961-87d1-3c6d6606a565 None None] Fixed interval looping call 'neutron.plugins.ml2.plugin.DhcpAgentSchedulerDbMixin.remove_networks_from_down_agents' sleeping for 36.99 seconds {{(pid=88980) _run_loop /opt/stack/data/venv/lib/python3.12/site-packages/oslo_service/backend/_threading/loopingcall.py:125}}
May 26 15:36:51.881231 np0000001427 neutron-periodic-workers[88986]: DEBUG neutron.db.agents_db [None req-f529a8cb-3cbd-4fd2-9308-e6b87006de0a None None] Agent healthcheck: found 0 active agents {{(pid=88986) agent_health_check /opt/stack/neutron/neutron/db/agents_db.py:322}}
May 26 15:36:51.881644 np0000001427 neutron-periodic-workers[88986]: DEBUG oslo.service.backend._threading.loopingcall [None req-f529a8cb-3cbd-4fd2-9308-e6b87006de0a None None] Fixed interval looping call 'neutron.plugins.ml2.plugin.AgentDbMixin.agent_health_check' sleeping for 37.00 seconds {{(pid=88986) _run_loop /opt/stack/data/venv/lib/python3.12/site-packages/oslo_service/backend/_threading/loopingcall.py:125}}
May 26 15:37:00.873796 np0000001427 neutron-periodic-workers[88980]: DEBUG dbcounter [-] [88980] Writing DB stats neutron:SELECT=3 {{(pid=88980) stat_writer /opt/stack/data/venv/lib/python3.12/site-packages/dbcounter.py:115}}
May 26 15:37:01.880315 np0000001427 neutron-periodic-workers[88986]: DEBUG dbcounter [-] [88986] Writing DB stats neutron:SELECT=1 {{(pid=88986) stat_writer /opt/stack/data/venv/lib/python3.12/site-packages/dbcounter.py:115}}
May 26 15:37:27.874238 np0000001427 neutron-periodic-workers[88980]: DEBUG oslo.service.backend._threading.loopingcall [None req-5371b3ca-458b-4961-87d1-3c6d6606a565 None None] Fixed interval looping call 'neutron.plugins.ml2.plugin.DhcpAgentSchedulerDbMixin.remove_networks_from_down_agents' sleeping for 36.99 seconds {{(pid=88980) _run_loop /opt/stack/data/venv/lib/python3.12/site-packages/oslo_service/backend/_threading/loopingcall.py:125}}
May 26 15:37:28.886052 np0000001427 neutron-periodic-workers[88986]: DEBUG neutron.db.agents_db [None req-f529a8cb-3cbd-4fd2-9308-e6b87006de0a None None] Agent healthcheck: found 0 active agents {{(pid=88986) agent_health_check /opt/stack/neutron/neutron/db/agents_db.py:322}}
May 26 15:37:28.886547 np0000001427 neutron-periodic-workers[88986]: DEBUG oslo.service.backend._threading.loopingcall [None req-f529a8cb-3cbd-4fd2-9308-e6b87006de0a None None] Fixed interval looping call 'neutron.plugins.ml2.plugin.AgentDbMixin.agent_health_check' sleeping for 37.00 seconds {{(pid=88986) _run_loop /opt/stack/data/venv/lib/python3.12/site-packages/oslo_service/backend/_threading/loopingcall.py:125}}
May 26 15:37:37.872881 np0000001427 neutron-periodic-workers[88980]: DEBUG dbcounter [-] [88980] Writing DB stats neutron:SELECT=3 {{(pid=88980) stat_writer /opt/stack/data/venv/lib/python3.12/site-packages/dbcounter.py:115}}
May 26 15:37:37.886786 np0000001427 neutron-periodic-workers[89001]: DEBUG oslo.service.backend._threading.loopingcall [None req-700d075c-6127-4fd2-b590-cbc9d390857a None None] Fixed interval looping call 'neutron.db.quota.driver_nolock.DbQuotaNoLockDriver._remove_expired_reservations' sleeping for 120.00 seconds {{(pid=89001) _run_loop /opt/stack/data/venv/lib/python3.12/site-packages/oslo_service/backend/_threading/loopingcall.py:125}}
May 26 15:37:38.886101 np0000001427 neutron-periodic-workers[88986]: DEBUG dbcounter [-] [88986] Writing DB stats neutron:SELECT=1 {{(pid=88986) stat_writer /opt/stack/data/venv/lib/python3.12/site-packages/dbcounter.py:115}}
May 26 15:37:47.885916 np0000001427 neutron-periodic-workers[89001]: DEBUG dbcounter [-] [89001] Writing DB stats neutron:DELETE=1 {{(pid=89001) stat_writer /opt/stack/data/venv/lib/python3.12/site-packages/dbcounter.py:115}}
May 26 15:38:04.870965 np0000001427 neutron-periodic-workers[88980]: DEBUG oslo.service.backend._threading.loopingcall [None req-5371b3ca-458b-4961-87d1-3c6d6606a565 None None] Fixed interval looping call 'neutron.plugins.ml2.plugin.DhcpAgentSchedulerDbMixin.remove_networks_from_down_agents' sleeping for 36.99 seconds {{(pid=88980) _run_loop /opt/stack/data/venv/lib/python3.12/site-packages/oslo_service/backend/_threading/loopingcall.py:125}}
May 26 15:38:05.890557 np0000001427 neutron-periodic-workers[88986]: DEBUG neutron.db.agents_db [None req-f529a8cb-3cbd-4fd2-9308-e6b87006de0a None None] Agent healthcheck: found 0 active agents {{(pid=88986) agent_health_check /opt/stack/neutron/neutron/db/agents_db.py:322}}
