May 28 13:02:47.097606 np0000001637 neutron-periodic-workers[91974]: DEBUG cotyledon.oslo_config_glue [-] database.connection_trace = False {{(pid=91974) log_opt_values /opt/stack/data/venv/lib/python3.12/site-packages/oslo_config/cfg.py:3256}}
May 28 13:02:47.097606 np0000001637 neutron-periodic-workers[91974]: DEBUG cotyledon.oslo_config_glue [-] database.db_inc_retry_interval = True {{(pid=91974) log_opt_values /opt/stack/data/venv/lib/python3.12/site-packages/oslo_config/cfg.py:3256}}
May 28 13:02:47.097606 np0000001637 neutron-periodic-workers[91974]: DEBUG cotyledon.oslo_config_glue [-] database.db_max_retries = 20 {{(pid=91974) log_opt_values /opt/stack/data/venv/lib/python3.12/site-packages/oslo_config/cfg.py:3256}}
May 28 13:02:47.097606 np0000001637 neutron-periodic-workers[91974]: DEBUG cotyledon.oslo_config_glue [-] database.db_max_retry_interval = 10 {{(pid=91974) log_opt_values /opt/stack/data/venv/lib/python3.12/site-packages/oslo_config/cfg.py:3256}}
May 28 13:02:47.097606 np0000001637 neutron-periodic-workers[91974]: DEBUG cotyledon.oslo_config_glue [-] database.db_retry_interval = 1 {{(pid=91974) log_opt_values /opt/stack/data/venv/lib/python3.12/site-packages/oslo_config/cfg.py:3256}}
May 28 13:02:47.097606 np0000001637 neutron-periodic-workers[91974]: DEBUG cotyledon.oslo_config_glue [-] database.max_overflow = 50 {{(pid=91974) log_opt_values /opt/stack/data/venv/lib/python3.12/site-packages/oslo_config/cfg.py:3256}}
May 28 13:02:47.097764 np0000001637 neutron-periodic-workers[91974]: DEBUG cotyledon.oslo_config_glue [-] database.max_pool_size = 5 {{(pid=91974) log_opt_values /opt/stack/data/venv/lib/python3.12/site-packages/oslo_config/cfg.py:3256}}
May 28 13:02:47.097764 np0000001637 neutron-periodic-workers[91974]: DEBUG cotyledon.oslo_config_glue [-] database.max_retries = 10 {{(pid=91974) log_opt_values /opt/stack/data/venv/lib/python3.12/site-packages/oslo_config/cfg.py:3256}}
May 28 13:02:47.097764 np0000001637 neutron-periodic-workers[91974]: DEBUG cotyledon.oslo_config_glue [-] database.mysql_sql_mode = TRADITIONAL {{(pid=91974) log_opt_values /opt/stack/data/venv/lib/python3.12/site-packages/oslo_config/cfg.py:3256}}
May 28 13:02:47.097764 np0000001637 neutron-periodic-workers[91974]: DEBUG cotyledon.oslo_config_glue [-] database.mysql_wsrep_sync_wait = None {{(pid=91974) log_opt_values /opt/stack/data/venv/lib/python3.12/site-packages/oslo_config/cfg.py:3256}}
May 28 13:02:47.097764 np0000001637 neutron-periodic-workers[91974]: DEBUG cotyledon.oslo_config_glue [-] database.pool_timeout = None {{(pid=91974) log_opt_values /opt/stack/data/venv/lib/python3.12/site-packages/oslo_config/cfg.py:3256}}
May 28 13:02:47.097764 np0000001637 neutron-periodic-workers[91974]: DEBUG cotyledon.oslo_config_glue [-] database.retry_interval = 10 {{(pid=91974) log_opt_values /opt/stack/data/venv/lib/python3.12/site-packages/oslo_config/cfg.py:3256}}
May 28 13:02:47.097764 np0000001637 neutron-periodic-workers[91974]: DEBUG cotyledon.oslo_config_glue [-] database.slave_connection = **** {{(pid=91974) log_opt_values /opt/stack/data/venv/lib/python3.12/site-packages/oslo_config/cfg.py:3256}}
May 28 13:02:47.097764 np0000001637 neutron-periodic-workers[91974]: DEBUG cotyledon.oslo_config_glue [-] database.sqlite_synchronous = True {{(pid=91974) log_opt_values /opt/stack/data/venv/lib/python3.12/site-packages/oslo_config/cfg.py:3256}}
May 28 13:02:47.097764 np0000001637 neutron-periodic-workers[91974]: DEBUG cotyledon.oslo_config_glue [-] database.synchronous_reader = True {{(pid=91974) log_opt_values /opt/stack/data/venv/lib/python3.12/site-packages/oslo_config/cfg.py:3256}}
May 28 13:02:47.097956 np0000001637 neutron-periodic-workers[91974]: DEBUG cotyledon.oslo_config_glue [-] database.use_db_reconnect = False {{(pid=91974) log_opt_values /opt/stack/data/venv/lib/python3.12/site-packages/oslo_config/cfg.py:3256}}
May 28 13:02:47.097956 np0000001637 neutron-periodic-workers[91974]: DEBUG cotyledon.oslo_config_glue [-] ovn.bfd_min_rx = 1000 {{(pid=91974) log_opt_values /opt/stack/data/venv/lib/python3.12/site-packages/oslo_config/cfg.py:3256}}
May 28 13:02:47.097956 np0000001637 neutron-periodic-workers[91974]: DEBUG cotyledon.oslo_config_glue [-] ovn.bfd_min_tx = 100 {{(pid=91974) log_opt_values /opt/stack/data/venv/lib/python3.12/site-packages/oslo_config/cfg.py:3256}}
May 28 13:02:47.097956 np0000001637 neutron-periodic-workers[91974]: DEBUG cotyledon.oslo_config_glue [-] ovn.bfd_mult = 3 {{(pid=91974) log_opt_values /opt/stack/data/venv/lib/python3.12/site-packages/oslo_config/cfg.py:3256}}
May 28 13:02:47.097956 np0000001637 neutron-periodic-workers[91974]: DEBUG cotyledon.oslo_config_glue [-] ovn.broadcast_arps_to_all_routers = True {{(pid=91974) log_opt_values /opt/stack/data/venv/lib/python3.12/site-packages/oslo_config/cfg.py:3256}}
May 28 13:02:47.097956 np0000001637 neutron-periodic-workers[91974]: DEBUG cotyledon.oslo_config_glue [-] ovn.dhcp_default_lease_time = 43200 {{(pid=91974) log_opt_values /opt/stack/data/venv/lib/python3.12/site-packages/oslo_config/cfg.py:3256}}
May 28 13:02:47.097956 np0000001637 neutron-periodic-workers[91974]: DEBUG cotyledon.oslo_config_glue [-] ovn.disable_ovn_dhcp_for_baremetal_ports = False {{(pid=91974) log_opt_values /opt/stack/data/venv/lib/python3.12/site-packages/oslo_config/cfg.py:3256}}
May 28 13:02:47.097956 np0000001637 neutron-periodic-workers[91974]: DEBUG cotyledon.oslo_config_glue [-] ovn.dns_records_ovn_owned = False {{(pid=91974) log_opt_values /opt/stack/data/venv/lib/python3.12/site-packages/oslo_config/cfg.py:3256}}
May 28 13:02:47.097956 np0000001637 neutron-periodic-workers[91974]: DEBUG cotyledon.oslo_config_glue [-] ovn.dns_servers = [] {{(pid=91974) log_opt_values /opt/stack/data/venv/lib/python3.12/site-packages/oslo_config/cfg.py:3256}}
May 28 13:02:47.098131 np0000001637 neutron-periodic-workers[91974]: DEBUG cotyledon.oslo_config_glue [-] ovn.enable_distributed_floating_ip = False {{(pid=91974) log_opt_values /opt/stack/data/venv/lib/python3.12/site-packages/oslo_config/cfg.py:3256}}
May 28 13:02:47.098131 np0000001637 neutron-periodic-workers[91974]: DEBUG cotyledon.oslo_config_glue [-] ovn.fdb_age_threshold = 300 {{(pid=91974) log_opt_values /opt/stack/data/venv/lib/python3.12/site-packages/oslo_config/cfg.py:3256}}
May 28 13:02:47.098131 np0000001637 neutron-periodic-workers[91974]: DEBUG cotyledon.oslo_config_glue [-] ovn.ha_failover_strategy = normal {{(pid=91974) log_opt_values /opt/stack/data/venv/lib/python3.12/site-packages/oslo_config/cfg.py:3256}}
May 28 13:02:47.098131 np0000001637 neutron-periodic-workers[91974]: DEBUG cotyledon.oslo_config_glue [-] ovn.live_migration_activation_strategy = rarp {{(pid=91974) log_opt_values /opt/stack/data/venv/lib/python3.12/site-packages/oslo_config/cfg.py:3256}}
May 28 13:02:47.098131 np0000001637 neutron-periodic-workers[91974]: DEBUG cotyledon.oslo_config_glue [-] ovn.localnet_learn_fdb = False {{(pid=91974) log_opt_values /opt/stack/data/venv/lib/python3.12/site-packages/oslo_config/cfg.py:3256}}
May 28 13:02:47.098131 np0000001637 neutron-periodic-workers[91974]: DEBUG cotyledon.oslo_config_glue [-] ovn.mac_binding_age_threshold = 300 {{(pid=91974) log_opt_values /opt/stack/data/venv/lib/python3.12/site-packages/oslo_config/cfg.py:3256}}
May 28 13:02:47.098131 np0000001637 neutron-periodic-workers[91974]: DEBUG cotyledon.oslo_config_glue [-] ovn.neutron_sync_mode = log {{(pid=91974) log_opt_values /opt/stack/data/venv/lib/python3.12/site-packages/oslo_config/cfg.py:3256}}
May 28 13:02:47.098131 np0000001637 neutron-periodic-workers[91974]: DEBUG cotyledon.oslo_config_glue [-] ovn.ovn_dhcp4_global_options = {} {{(pid=91974) log_opt_values /opt/stack/data/venv/lib/python3.12/site-packages/oslo_config/cfg.py:3256}}
May 28 13:02:47.098131 np0000001637 neutron-periodic-workers[91974]: DEBUG cotyledon.oslo_config_glue [-] ovn.ovn_dhcp6_global_options = {} {{(pid=91974) log_opt_values /opt/stack/data/venv/lib/python3.12/site-packages/oslo_config/cfg.py:3256}}
May 28 13:02:47.098313 np0000001637 neutron-periodic-workers[91974]: DEBUG cotyledon.oslo_config_glue [-] ovn.ovn_l3_scheduler = leastloaded {{(pid=91974) log_opt_values /opt/stack/data/venv/lib/python3.12/site-packages/oslo_config/cfg.py:3256}}
May 28 13:02:47.098313 np0000001637 neutron-periodic-workers[91974]: DEBUG cotyledon.oslo_config_glue [-] ovn.ovn_metadata_enabled = True {{(pid=91974) log_opt_values /opt/stack/data/venv/lib/python3.12/site-packages/oslo_config/cfg.py:3256}}
May 28 13:02:47.098313 np0000001637 neutron-periodic-workers[91974]: DEBUG cotyledon.oslo_config_glue [-] ovn.ovn_nb_ca_cert = /opt/stack/data/CA/int-ca/ca-chain.pem {{(pid=91974) log_opt_values /opt/stack/data/venv/lib/python3.12/site-packages/oslo_config/cfg.py:3256}}
May 28 13:02:47.098313 np0000001637 neutron-periodic-workers[91974]: DEBUG cotyledon.oslo_config_glue [-] ovn.ovn_nb_certificate = /opt/stack/data/CA/int-ca/devstack-cert.crt {{(pid=91974) log_opt_values /opt/stack/data/venv/lib/python3.12/site-packages/oslo_config/cfg.py:3256}}
May 28 13:02:47.098313 np0000001637 neutron-periodic-workers[91974]: DEBUG cotyledon.oslo_config_glue [-] ovn.ovn_nb_connection = ['ssl:10.4.3.112:6641'] {{(pid=91974) log_opt_values /opt/stack/data/venv/lib/python3.12/site-packages/oslo_config/cfg.py:3256}}
May 28 13:02:47.098313 np0000001637 neutron-periodic-workers[91974]: DEBUG cotyledon.oslo_config_glue [-] ovn.ovn_nb_private_key = /opt/stack/data/CA/int-ca/private/devstack-cert.key {{(pid=91974) log_opt_values /opt/stack/data/venv/lib/python3.12/site-packages/oslo_config/cfg.py:3256}}
May 28 13:02:47.098313 np0000001637 neutron-periodic-workers[91974]: DEBUG cotyledon.oslo_config_glue [-] ovn.ovn_router_indirect_snat = False {{(pid=91974) log_opt_values /opt/stack/data/venv/lib/python3.12/site-packages/oslo_config/cfg.py:3256}}
May 28 13:02:47.098313 np0000001637 neutron-periodic-workers[91974]: DEBUG cotyledon.oslo_config_glue [-] ovn.ovn_sb_ca_cert = /opt/stack/data/CA/int-ca/ca-chain.pem {{(pid=91974) log_opt_values /opt/stack/data/venv/lib/python3.12/site-packages/oslo_config/cfg.py:3256}}
May 28 13:02:47.098514 np0000001637 neutron-periodic-workers[91974]: DEBUG cotyledon.oslo_config_glue [-] ovn.ovn_sb_certificate = /opt/stack/data/CA/int-ca/devstack-cert.crt {{(pid=91974) log_opt_values /opt/stack/data/venv/lib/python3.12/site-packages/oslo_config/cfg.py:3256}}
May 28 13:02:47.098514 np0000001637 neutron-periodic-workers[91974]: DEBUG cotyledon.oslo_config_glue [-] ovn.ovn_sb_connection = ['ssl:10.4.3.112:6642'] {{(pid=91974) log_opt_values /opt/stack/data/venv/lib/python3.12/site-packages/oslo_config/cfg.py:3256}}
May 28 13:02:47.098514 np0000001637 neutron-periodic-workers[91974]: DEBUG cotyledon.oslo_config_glue [-] ovn.ovn_sb_private_key = /opt/stack/data/CA/int-ca/private/devstack-cert.key {{(pid=91974) log_opt_values /opt/stack/data/venv/lib/python3.12/site-packages/oslo_config/cfg.py:3256}}
May 28 13:02:47.098514 np0000001637 neutron-periodic-workers[91974]: DEBUG cotyledon.oslo_config_glue [-] ovn.ovs_create_tap = False {{(pid=91974) log_opt_values /opt/stack/data/venv/lib/python3.12/site-packages/oslo_config/cfg.py:3256}}
May 28 13:02:47.098514 np0000001637 neutron-periodic-workers[91974]: DEBUG cotyledon.oslo_config_glue [-] ovn.ovsdb_connection_timeout = 180 {{(pid=91974) log_opt_values /opt/stack/data/venv/lib/python3.12/site-packages/oslo_config/cfg.py:3256}}
May 28 13:02:47.098514 np0000001637 neutron-periodic-workers[91974]: DEBUG cotyledon.oslo_config_glue [-] ovn.ovsdb_log_level = INFO {{(pid=91974) log_opt_values /opt/stack/data/venv/lib/python3.12/site-packages/oslo_config/cfg.py:3256}}
May 28 13:02:47.098514 np0000001637 neutron-periodic-workers[91974]: DEBUG cotyledon.oslo_config_glue [-] ovn.ovsdb_probe_interval = 60000 {{(pid=91974) log_opt_values /opt/stack/data/venv/lib/python3.12/site-packages/oslo_config/cfg.py:3256}}
May 28 13:02:47.098514 np0000001637 neutron-periodic-workers[91974]: DEBUG cotyledon.oslo_config_glue [-] ovn.ovsdb_retry_max_interval = 180 {{(pid=91974) log_opt_values /opt/stack/data/venv/lib/python3.12/site-packages/oslo_config/cfg.py:3256}}
May 28 13:02:47.098514 np0000001637 neutron-periodic-workers[91974]: DEBUG cotyledon.oslo_config_glue [-] ovn.stateless_nat_enabled = False {{(pid=91974) log_opt_values /opt/stack/data/venv/lib/python3.12/site-packages/oslo_config/cfg.py:3256}}
May 28 13:02:47.098687 np0000001637 neutron-periodic-workers[91974]: DEBUG cotyledon.oslo_config_glue [-] ovn.vhost_sock_dir = /var/run/openvswitch {{(pid=91974) log_opt_values /opt/stack/data/venv/lib/python3.12/site-packages/oslo_config/cfg.py:3256}}
May 28 13:02:47.098687 np0000001637 neutron-periodic-workers[91974]: DEBUG cotyledon.oslo_config_glue [-] OVS.bridge_mac_table_size = 50000 {{(pid=91974) log_opt_values /opt/stack/data/venv/lib/python3.12/site-packages/oslo_config/cfg.py:3256}}
May 28 13:02:47.098687 np0000001637 neutron-periodic-workers[91974]: DEBUG cotyledon.oslo_config_glue [-] OVS.igmp_flood = False {{(pid=91974) log_opt_values /opt/stack/data/venv/lib/python3.12/site-packages/oslo_config/cfg.py:3256}}
May 28 13:02:47.098687 np0000001637 neutron-periodic-workers[91974]: DEBUG cotyledon.oslo_config_glue [-] OVS.igmp_flood_reports = True {{(pid=91974) log_opt_values /opt/stack/data/venv/lib/python3.12/site-packages/oslo_config/cfg.py:3256}}
May 28 13:02:47.098687 np0000001637 neutron-periodic-workers[91974]: DEBUG cotyledon.oslo_config_glue [-] OVS.igmp_flood_unregistered = False {{(pid=91974) log_opt_values /opt/stack/data/venv/lib/python3.12/site-packages/oslo_config/cfg.py:3256}}
May 28 13:02:47.098687 np0000001637 neutron-periodic-workers[91974]: DEBUG cotyledon.oslo_config_glue [-] OVS.igmp_snooping_enable = False {{(pid=91974) log_opt_values /opt/stack/data/venv/lib/python3.12/site-packages/oslo_config/cfg.py:3256}}
May 28 13:02:47.098687 np0000001637 neutron-periodic-workers[91974]: DEBUG cotyledon.oslo_config_glue [-] OVS.ovsdb_timeout = 10 {{(pid=91974) log_opt_values /opt/stack/data/venv/lib/python3.12/site-packages/oslo_config/cfg.py:3256}}
May 28 13:02:47.098687 np0000001637 neutron-periodic-workers[91974]: DEBUG cotyledon.oslo_config_glue [-] ovn_nb_global.fdb_removal_limit = 0 {{(pid=91974) log_opt_values /opt/stack/data/venv/lib/python3.12/site-packages/oslo_config/cfg.py:3256}}
May 28 13:02:47.098687 np0000001637 neutron-periodic-workers[91974]: DEBUG cotyledon.oslo_config_glue [-] ovn_nb_global.ignore_lsp_down = False {{(pid=91974) log_opt_values /opt/stack/data/venv/lib/python3.12/site-packages/oslo_config/cfg.py:3256}}
May 28 13:02:47.098852 np0000001637 neutron-periodic-workers[91974]: DEBUG cotyledon.oslo_config_glue [-] ovn_nb_global.mac_binding_removal_limit = 0 {{(pid=91974) log_opt_values /opt/stack/data/venv/lib/python3.12/site-packages/oslo_config/cfg.py:3256}}
May 28 13:02:47.098852 np0000001637 neutron-periodic-workers[91974]: DEBUG cotyledon.oslo_config_glue [-] ******************************************************************************** {{(pid=91974) log_opt_values /opt/stack/data/venv/lib/python3.12/site-packages/oslo_config/cfg.py:3263}}
May 28 13:02:47.098852 np0000001637 neutron-periodic-workers[91974]: DEBUG cotyledon._service_worker [-] Run service ServiceWrapper(0) [91974] {{(pid=91974) wait_forever /opt/stack/data/venv/lib/python3.12/site-packages/cotyledon/_service_worker.py:218}}
May 28 13:02:47.098852 np0000001637 neutron-periodic-workers[91974]: DEBUG neutron.worker [-] PeriodicWorker start called, description: Periodic worker for "L3_NAT_dbonly_mixin" {{(pid=91974) wrapper /opt/stack/neutron/neutron/common/utils.py:197}}
May 28 13:02:47.098852 np0000001637 neutron-periodic-workers[91974]: DEBUG neutron.worker [-] PeriodicWorker start finished, description: Periodic worker for "L3_NAT_dbonly_mixin" {{(pid=91974) wrapper /opt/stack/neutron/neutron/common/utils.py:200}}
May 28 13:02:47.098852 np0000001637 neutron-periodic-workers[91974]: DEBUG neutron.worker [-] PeriodicWorker wait called, description: Periodic worker for "L3_NAT_dbonly_mixin" {{(pid=91974) wrapper /opt/stack/neutron/neutron/common/utils.py:197}}
May 28 13:02:56.760814 np0000001637 neutron-periodic-workers[90965]: DEBUG dbcounter [-] [90965] Writing DB stats neutron:SELECT=4 {{(pid=90965) stat_writer /opt/stack/data/venv/lib/python3.12/site-packages/dbcounter.py:115}}
May 28 13:03:25.072158 np0000001637 neutron-periodic-workers[91939]: DEBUG oslo_db.sqlalchemy.engines [None req-d4280b05-a484-4ddd-8745-6707e5f8cb19 None None] Parent process 90965 forked (91939) with an open database connection, which is being discarded and recreated. {{(pid=91939) checkout /opt/stack/data/venv/lib/python3.12/site-packages/oslo_db/sqlalchemy/engines.py:402}}
May 28 13:03:25.114665 np0000001637 neutron-periodic-workers[91939]: DEBUG dbcounter [-] [91939] Writer thread running {{(pid=91939) stat_writer /opt/stack/data/venv/lib/python3.12/site-packages/dbcounter.py:102}}
May 28 13:03:25.124377 np0000001637 neutron-periodic-workers[91939]: DEBUG oslo.service.backend._threading.loopingcall [None req-d4280b05-a484-4ddd-8745-6707e5f8cb19 None None] Fixed interval looping call 'neutron.plugins.ml2.plugin.DhcpAgentSchedulerDbMixin.remove_networks_from_down_agents' sleeping for 36.94 seconds {{(pid=91939) _run_loop /opt/stack/data/venv/lib/python3.12/site-packages/oslo_service/backend/_threading/loopingcall.py:125}}
May 28 13:03:28.115412 np0000001637 neutron-periodic-workers[91955]: DEBUG dbcounter [-] [91955] Writer thread running {{(pid=91955) stat_writer /opt/stack/data/venv/lib/python3.12/site-packages/dbcounter.py:102}}
May 28 13:03:28.118437 np0000001637 neutron-periodic-workers[91955]: DEBUG neutron.db.agents_db [None req-136aa17a-00ac-41c3-b512-74f00763a375 None None] Agent healthcheck: found 0 active agents {{(pid=91955) agent_health_check /opt/stack/neutron/neutron/db/agents_db.py:322}}
May 28 13:03:28.118595 np0000001637 neutron-periodic-workers[91955]: DEBUG oslo.service.backend._threading.loopingcall [None req-136aa17a-00ac-41c3-b512-74f00763a375 None None] Fixed interval looping call 'neutron.plugins.ml2.plugin.AgentDbMixin.agent_health_check' sleeping for 36.95 seconds {{(pid=91955) _run_loop /opt/stack/data/venv/lib/python3.12/site-packages/oslo_service/backend/_threading/loopingcall.py:125}}
May 28 13:03:35.123264 np0000001637 neutron-periodic-workers[91939]: DEBUG dbcounter [-] [91939] Writing DB stats neutron:SELECT=3 {{(pid=91939) stat_writer /opt/stack/data/venv/lib/python3.12/site-packages/dbcounter.py:115}}
May 28 13:03:38.115859 np0000001637 neutron-periodic-workers[91955]: DEBUG dbcounter [-] [91955] Writing DB stats neutron:SELECT=1 {{(pid=91955) stat_writer /opt/stack/data/venv/lib/python3.12/site-packages/dbcounter.py:115}}
May 28 13:04:02.070191 np0000001637 neutron-periodic-workers[91939]: DEBUG oslo.service.backend._threading.loopingcall [None req-d4280b05-a484-4ddd-8745-6707e5f8cb19 None None] Fixed interval looping call 'neutron.plugins.ml2.plugin.DhcpAgentSchedulerDbMixin.remove_networks_from_down_agents' sleeping for 36.99 seconds {{(pid=91939) _run_loop /opt/stack/data/venv/lib/python3.12/site-packages/oslo_service/backend/_threading/loopingcall.py:125}}
May 28 13:04:05.072352 np0000001637 neutron-periodic-workers[91955]: DEBUG neutron.db.agents_db [None req-136aa17a-00ac-41c3-b512-74f00763a375 None None] Agent healthcheck: found 0 active agents {{(pid=91955) agent_health_check /opt/stack/neutron/neutron/db/agents_db.py:322}}
May 28 13:04:05.072699 np0000001637 neutron-periodic-workers[91955]: DEBUG oslo.service.backend._threading.loopingcall [None req-136aa17a-00ac-41c3-b512-74f00763a375 None None] Fixed interval looping call 'neutron.plugins.ml2.plugin.AgentDbMixin.agent_health_check' sleeping for 37.00 seconds {{(pid=91955) _run_loop /opt/stack/data/venv/lib/python3.12/site-packages/oslo_service/backend/_threading/loopingcall.py:125}}
May 28 13:04:12.069517 np0000001637 neutron-periodic-workers[91939]: DEBUG dbcounter [-] [91939] Writing DB stats neutron:SELECT=3 {{(pid=91939) stat_writer /opt/stack/data/venv/lib/python3.12/site-packages/dbcounter.py:115}}
May 28 13:04:15.071247 np0000001637 neutron-periodic-workers[91955]: DEBUG dbcounter [-] [91955] Writing DB stats neutron:SELECT=1 {{(pid=91955) stat_writer /opt/stack/data/venv/lib/python3.12/site-packages/dbcounter.py:115}}
May 28 13:04:39.068325 np0000001637 neutron-periodic-workers[91939]: DEBUG oslo.service.backend._threading.loopingcall [None req-d4280b05-a484-4ddd-8745-6707e5f8cb19 None None] Fixed interval looping call 'neutron.plugins.ml2.plugin.DhcpAgentSchedulerDbMixin.remove_networks_from_down_agents' sleeping for 36.99 seconds {{(pid=91939) _run_loop /opt/stack/data/venv/lib/python3.12/site-packages/oslo_service/backend/_threading/loopingcall.py:125}}
May 28 13:04:42.075681 np0000001637 neutron-periodic-workers[91955]: DEBUG neutron.db.agents_db [None req-136aa17a-00ac-41c3-b512-74f00763a375 None None] Agent healthcheck: found 0 active agents {{(pid=91955) agent_health_check /opt/stack/neutron/neutron/db/agents_db.py:322}}
May 28 13:04:42.076140 np0000001637 neutron-periodic-workers[91955]: DEBUG oslo.service.backend._threading.loopingcall [None req-136aa17a-00ac-41c3-b512-74f00763a375 None None] Fixed interval looping call 'neutron.plugins.ml2.plugin.AgentDbMixin.agent_health_check' sleeping for 37.00 seconds {{(pid=91955) _run_loop /opt/stack/data/venv/lib/python3.12/site-packages/oslo_service/backend/_threading/loopingcall.py:125}}
May 28 13:04:42.177777 np0000001637 neutron-periodic-workers[91974]: DEBUG dbcounter [-] [91974] Writer thread running {{(pid=91974) stat_writer /opt/stack/data/venv/lib/python3.12/site-packages/dbcounter.py:102}}
May 28 13:04:42.189119 np0000001637 neutron-periodic-workers[91974]: DEBUG oslo.service.backend._threading.loopingcall [None req-6a4a68ba-50da-445c-8096-84f18b1b9e63 None None] Fixed interval looping call 'neutron.services.ovn_l3.plugin.L3_NAT_dbonly_mixin._clean_garbage' sleeping for 299.91 seconds {{(pid=91974) _run_loop /opt/stack/data/venv/lib/python3.12/site-packages/oslo_service/backend/_threading/loopingcall.py:125}}
May 28 13:04:47.130695 np0000001637 neutron-periodic-workers[91965]: DEBUG dbcounter [-] [91965] Writer thread running {{(pid=91965) stat_writer /opt/stack/data/venv/lib/python3.12/site-packages/dbcounter.py:102}}
May 28 13:04:47.132236 np0000001637 neutron-periodic-workers[91965]: DEBUG oslo.service.backend._threading.loopingcall [None req-46d8495c-e322-412e-9d8c-09a29e7d3654 None None] Fixed interval looping call 'neutron.db.quota.driver_nolock.DbQuotaNoLockDriver._remove_expired_reservations' sleeping for 119.96 seconds {{(pid=91965) _run_loop /opt/stack/data/venv/lib/python3.12/site-packages/oslo_service/backend/_threading/loopingcall.py:125}}
May 28 13:04:49.067414 np0000001637 neutron-periodic-workers[91939]: DEBUG dbcounter [-] [91939] Writing DB stats neutron:SELECT=3 {{(pid=91939) stat_writer /opt/stack/data/venv/lib/python3.12/site-packages/dbcounter.py:115}}
May 28 13:04:52.074629 np0000001637 neutron-periodic-workers[91955]: DEBUG dbcounter [-] [91955] Writing DB stats neutron:SELECT=1 {{(pid=91955) stat_writer /opt/stack/data/venv/lib/python3.12/site-packages/dbcounter.py:115}}
May 28 13:04:52.178378 np0000001637 neutron-periodic-workers[91974]: DEBUG dbcounter [-] [91974] Writing DB stats neutron:SELECT=1 {{(pid=91974) stat_writer /opt/stack/data/venv/lib/python3.12/site-packages/dbcounter.py:115}}
May 28 13:04:57.131120 np0000001637 neutron-periodic-workers[91965]: DEBUG dbcounter [-] [91965] Writing DB stats neutron:DELETE=1 {{(pid=91965) stat_writer /opt/stack/data/venv/lib/python3.12/site-packages/dbcounter.py:115}}
May 28 13:05:16.065432 np0000001637 neutron-periodic-workers[91939]: DEBUG oslo.service.backend._threading.loopingcall [None req-d4280b05-a484-4ddd-8745-6707e5f8cb19 None None] Fixed interval looping call 'neutron.plugins.ml2.plugin.DhcpAgentSchedulerDbMixin.remove_networks_from_down_agents' sleeping for 36.99 seconds {{(pid=91939) _run_loop /opt/stack/data/venv/lib/python3.12/site-packages/oslo_service/backend/_threading/loopingcall.py:125}}
May 28 13:05:19.079859 np0000001637 neutron-periodic-workers[91955]: DEBUG neutron.db.agents_db [None req-136aa17a-00ac-41c3-b512-74f00763a375 None None] Agent healthcheck: found 0 active agents {{(pid=91955) agent_health_check /opt/stack/neutron/neutron/db/agents_db.py:322}}
May 28 13:05:19.080264 np0000001637 neutron-periodic-workers[91955]: DEBUG oslo.service.backend._threading.loopingcall [None req-136aa17a-00ac-41c3-b512-74f00763a375 None None] Fixed interval looping call 'neutron.plugins.ml2.plugin.AgentDbMixin.agent_health_check' sleeping for 37.00 seconds {{(pid=91955) _run_loop /opt/stack/data/venv/lib/python3.12/site-packages/oslo_service/backend/_threading/loopingcall.py:125}}
May 28 13:05:26.064360 np0000001637 neutron-periodic-workers[91939]: DEBUG dbcounter [-] [91939] Writing DB stats neutron:SELECT=3 {{(pid=91939) stat_writer /opt/stack/data/venv/lib/python3.12/site-packages/dbcounter.py:115}}
May 28 13:05:29.078526 np0000001637 neutron-periodic-workers[91955]: DEBUG dbcounter [-] [91955] Writing DB stats neutron:SELECT=1 {{(pid=91955) stat_writer /opt/stack/data/venv/lib/python3.12/site-packages/dbcounter.py:115}}
May 28 13:05:53.062496 np0000001637 neutron-periodic-workers[91939]: DEBUG oslo.service.backend._threading.loopingcall [None req-d4280b05-a484-4ddd-8745-6707e5f8cb19 None None] Fixed interval looping call 'neutron.plugins.ml2.plugin.DhcpAgentSchedulerDbMixin.remove_networks_from_down_agents' sleeping for 36.99 seconds {{(pid=91939) _run_loop /opt/stack/data/venv/lib/python3.12/site-packages/oslo_service/backend/_threading/loopingcall.py:125}}
May 28 13:05:56.086363 np0000001637 neutron-periodic-workers[91955]: DEBUG neutron.db.agents_db [None req-136aa17a-00ac-41c3-b512-74f00763a375 None None] Agent healthcheck: found 0 active agents {{(pid=91955) agent_health_check /opt/stack/neutron/neutron/db/agents_db.py:322}}
May 28 13:05:56.087345 np0000001637 neutron-periodic-workers[91955]: DEBUG oslo.service.backend._threading.loopingcall [None req-136aa17a-00ac-41c3-b512-74f00763a375 None None] Fixed interval looping call 'neutron.plugins.ml2.plugin.AgentDbMixin.agent_health_check' sleeping for 36.99 seconds {{(pid=91955) _run_loop /opt/stack/data/venv/lib/python3.12/site-packages/oslo_service/backend/_threading/loopingcall.py:125}}
May 28 13:06:03.061485 np0000001637 neutron-periodic-workers[91939]: DEBUG dbcounter [-] [91939] Writing DB stats neutron:SELECT=3 {{(pid=91939) stat_writer /opt/stack/data/venv/lib/python3.12/site-packages/dbcounter.py:115}}
May 28 13:06:06.085776 np0000001637 neutron-periodic-workers[91955]: DEBUG dbcounter [-] [91955] Writing DB stats neutron:SELECT=1 {{(pid=91955) stat_writer /opt/stack/data/venv/lib/python3.12/site-packages/dbcounter.py:115}}
May 28 13:06:30.064655 np0000001637 neutron-periodic-workers[91939]: DEBUG oslo.service.backend._threading.loopingcall [None req-d4280b05-a484-4ddd-8745-6707e5f8cb19 None None] Fixed interval looping call 'neutron.plugins.ml2.plugin.DhcpAgentSchedulerDbMixin.remove_networks_from_down_agents' sleeping for 36.99 seconds {{(pid=91939) _run_loop /opt/stack/data/venv/lib/python3.12/site-packages/oslo_service/backend/_threading/loopingcall.py:125}}
May 28 13:06:33.081668 np0000001637 neutron-periodic-workers[91955]: DEBUG neutron.db.agents_db [None req-136aa17a-00ac-41c3-b512-74f00763a375 None None] Agent healthcheck: found 0 active agents {{(pid=91955) agent_health_check /opt/stack/neutron/neutron/db/agents_db.py:322}}
May 28 13:06:33.082024 np0000001637 neutron-periodic-workers[91955]: DEBUG oslo.service.backend._threading.loopingcall [None req-136aa17a-00ac-41c3-b512-74f00763a375 None None] Fixed interval looping call 'neutron.plugins.ml2.plugin.AgentDbMixin.agent_health_check' sleeping for 37.00 seconds {{(pid=91955) _run_loop /opt/stack/data/venv/lib/python3.12/site-packages/oslo_service/backend/_threading/loopingcall.py:125}}
May 28 13:06:40.062539 np0000001637 neutron-periodic-workers[91939]: DEBUG dbcounter [-] [91939] Writing DB stats neutron:SELECT=3 {{(pid=91939) stat_writer /opt/stack/data/venv/lib/python3.12/site-packages/dbcounter.py:115}}
May 28 13:06:43.081799 np0000001637 neutron-periodic-workers[91955]: DEBUG dbcounter [-] [91955] Writing DB stats neutron:SELECT=1 {{(pid=91955) stat_writer /opt/stack/data/venv/lib/python3.12/site-packages/dbcounter.py:115}}
May 28 13:06:47.108248 np0000001637 neutron-periodic-workers[91965]: DEBUG oslo.service.backend._threading.loopingcall [None req-46d8495c-e322-412e-9d8c-09a29e7d3654 None None] Fixed interval looping call 'neutron.db.quota.driver_nolock.DbQuotaNoLockDriver._remove_expired_reservations' sleeping for 119.99 seconds {{(pid=91965) _run_loop /opt/stack/data/venv/lib/python3.12/site-packages/oslo_service/backend/_threading/loopingcall.py:125}}
May 28 13:06:57.106154 np0000001637 neutron-periodic-workers[91965]: DEBUG dbcounter [-] [91965] Writing DB stats neutron:DELETE=1 {{(pid=91965) stat_writer /opt/stack/data/venv/lib/python3.12/site-packages/dbcounter.py:115}}
May 28 13:07:07.065045 np0000001637 neutron-periodic-workers[91939]: DEBUG oslo.service.backend._threading.loopingcall [None req-d4280b05-a484-4ddd-8745-6707e5f8cb19 None None] Fixed interval looping call 'neutron.plugins.ml2.plugin.DhcpAgentSchedulerDbMixin.remove_networks_from_down_agents' sleeping for 36.99 seconds {{(pid=91939) _run_loop /opt/stack/data/venv/lib/python3.12/site-packages/oslo_service/backend/_threading/loopingcall.py:125}}
May 28 13:07:10.085319 np0000001637 neutron-periodic-workers[91955]: DEBUG neutron.db.agents_db [None req-136aa17a-00ac-41c3-b512-74f00763a375 None None] Agent healthcheck: found 0 active agents {{(pid=91955) agent_health_check /opt/stack/neutron/neutron/db/agents_db.py:322}}
May 28 13:07:10.085761 np0000001637 neutron-periodic-workers[91955]: DEBUG oslo.service.backend._threading.loopingcall [None req-136aa17a-00ac-41c3-b512-74f00763a375 None None] Fixed interval looping call 'neutron.plugins.ml2.plugin.AgentDbMixin.agent_health_check' sleeping for 37.00 seconds {{(pid=91955) _run_loop /opt/stack/data/venv/lib/python3.12/site-packages/oslo_service/backend/_threading/loopingcall.py:125}}
May 28 13:07:17.062701 np0000001637 neutron-periodic-workers[91939]: DEBUG dbcounter [-] [91939] Writing DB stats neutron:SELECT=3 {{(pid=91939) stat_writer /opt/stack/data/venv/lib/python3.12/site-packages/dbcounter.py:115}}
May 28 13:07:20.085502 np0000001637 neutron-periodic-workers[91955]: DEBUG dbcounter [-] [91955] Writing DB stats neutron:SELECT=1 {{(pid=91955) stat_writer /opt/stack/data/venv/lib/python3.12/site-packages/dbcounter.py:115}}
May 28 13:07:44.070959 np0000001637 neutron-periodic-workers[91939]: DEBUG oslo.service.backend._threading.loopingcall [None req-d4280b05-a484-4ddd-8745-6707e5f8cb19 None None] Fixed interval looping call 'neutron.plugins.ml2.plugin.DhcpAgentSchedulerDbMixin.remove_networks_from_down_agents' sleeping for 36.98 seconds {{(pid=91939) _run_loop /opt/stack/data/venv/lib/python3.12/site-packages/oslo_service/backend/_threading/loopingcall.py:125}}
May 28 13:07:47.094102 np0000001637 neutron-periodic-workers[91955]: DEBUG neutron.db.agents_db [None req-136aa17a-00ac-41c3-b512-74f00763a375 None None] Agent healthcheck: found 0 active agents {{(pid=91955) agent_health_check /opt/stack/neutron/neutron/db/agents_db.py:322}}
May 28 13:07:47.094471 np0000001637 neutron-periodic-workers[91955]: DEBUG oslo.service.backend._threading.loopingcall [None req-136aa17a-00ac-41c3-b512-74f00763a375 None None] Fixed interval looping call 'neutron.plugins.ml2.plugin.AgentDbMixin.agent_health_check' sleeping for 36.99 seconds {{(pid=91955) _run_loop /opt/stack/data/venv/lib/python3.12/site-packages/oslo_service/backend/_threading/loopingcall.py:125}}
May 28 13:07:54.066320 np0000001637 neutron-periodic-workers[91939]: DEBUG dbcounter [-] [91939] Writing DB stats neutron:SELECT=3 {{(pid=91939) stat_writer /opt/stack/data/venv/lib/python3.12/site-packages/dbcounter.py:115}}
May 28 13:07:57.091388 np0000001637 neutron-periodic-workers[91955]: DEBUG dbcounter [-] [91955] Writing DB stats neutron:SELECT=1 {{(pid=91955) stat_writer /opt/stack/data/venv/lib/python3.12/site-packages/dbcounter.py:115}}
May 28 13:08:21.060341 np0000001637 neutron-periodic-workers[91939]: DEBUG oslo.service.backend._threading.loopingcall [None req-d4280b05-a484-4ddd-8745-6707e5f8cb19 None None] Fixed interval looping call 'neutron.plugins.ml2.plugin.DhcpAgentSchedulerDbMixin.remove_networks_from_down_agents' sleeping for 36.99 seconds {{(pid=91939) _run_loop /opt/stack/data/venv/lib/python3.12/site-packages/oslo_service/backend/_threading/loopingcall.py:125}}
May 28 13:08:24.091379 np0000001637 neutron-periodic-workers[91955]: DEBUG neutron.db.agents_db [None req-136aa17a-00ac-41c3-b512-74f00763a375 None None] Agent healthcheck: found 0 active agents {{(pid=91955) agent_health_check /opt/stack/neutron/neutron/db/agents_db.py:322}}
May 28 13:08:24.091379 np0000001637 neutron-periodic-workers[91955]: DEBUG oslo.service.backend._threading.loopingcall [None req-136aa17a-00ac-41c3-b512-74f00763a375 None None] Fixed interval looping call 'neutron.plugins.ml2.plugin.AgentDbMixin.agent_health_check' sleeping for 37.00 seconds {{(pid=91955) _run_loop /opt/stack/data/venv/lib/python3.12/site-packages/oslo_service/backend/_threading/loopingcall.py:125}}
May 28 13:08:31.063151 np0000001637 neutron-periodic-workers[91939]: DEBUG dbcounter [-] [91939] Writing DB stats neutron:SELECT=3 {{(pid=91939) stat_writer /opt/stack/data/venv/lib/python3.12/site-packages/dbcounter.py:115}}
May 28 13:08:34.088513 np0000001637 neutron-periodic-workers[91955]: DEBUG dbcounter [-] [91955] Writing DB stats neutron:SELECT=1 {{(pid=91955) stat_writer /opt/stack/data/venv/lib/python3.12/site-packages/dbcounter.py:115}}
May 28 13:08:47.102676 np0000001637 neutron-periodic-workers[91965]: DEBUG oslo.service.backend._threading.loopingcall [None req-46d8495c-e322-412e-9d8c-09a29e7d3654 None None] Fixed interval looping call 'neutron.db.quota.driver_nolock.DbQuotaNoLockDriver._remove_expired_reservations' sleeping for 120.00 seconds {{(pid=91965) _run_loop /opt/stack/data/venv/lib/python3.12/site-packages/oslo_service/backend/_threading/loopingcall.py:125}}
May 28 13:08:57.101841 np0000001637 neutron-periodic-workers[91965]: DEBUG dbcounter [-] [91965] Writing DB stats neutron:DELETE=1 {{(pid=91965) stat_writer /opt/stack/data/venv/lib/python3.12/site-packages/dbcounter.py:115}}
May 28 13:08:58.067573 np0000001637 neutron-periodic-workers[91939]: DEBUG oslo.service.backend._threading.loopingcall [None req-d4280b05-a484-4ddd-8745-6707e5f8cb19 None None] Fixed interval looping call 'neutron.plugins.ml2.plugin.DhcpAgentSchedulerDbMixin.remove_networks_from_down_agents' sleeping for 36.98 seconds {{(pid=91939) _run_loop /opt/stack/data/venv/lib/python3.12/site-packages/oslo_service/backend/_threading/loopingcall.py:125}}
May 28 13:09:01.095438 np0000001637 neutron-periodic-workers[91955]: DEBUG neutron.db.agents_db [None req-136aa17a-00ac-41c3-b512-74f00763a375 None None] Agent healthcheck: found 0 active agents {{(pid=91955) agent_health_check /opt/stack/neutron/neutron/db/agents_db.py:322}}
May 28 13:09:01.095438 np0000001637 neutron-periodic-workers[91955]: DEBUG oslo.service.backend._threading.loopingcall [None req-136aa17a-00ac-41c3-b512-74f00763a375 None None] Fixed interval looping call 'neutron.plugins.ml2.plugin.AgentDbMixin.agent_health_check' sleeping for 36.99 seconds {{(pid=91955) _run_loop /opt/stack/data/venv/lib/python3.12/site-packages/oslo_service/backend/_threading/loopingcall.py:125}}
May 28 13:09:08.065948 np0000001637 neutron-periodic-workers[91939]: DEBUG dbcounter [-] [91939] Writing DB stats neutron:SELECT=3 {{(pid=91939) stat_writer /opt/stack/data/venv/lib/python3.12/site-packages/dbcounter.py:115}}
May 28 13:09:11.094503 np0000001637 neutron-periodic-workers[91955]: DEBUG dbcounter [-] [91955] Writing DB stats neutron:SELECT=1 {{(pid=91955) stat_writer /opt/stack/data/venv/lib/python3.12/site-packages/dbcounter.py:115}}
May 28 13:09:35.058656 np0000001637 neutron-periodic-workers[91939]: DEBUG oslo.service.backend._threading.loopingcall [None req-d4280b05-a484-4ddd-8745-6707e5f8cb19 None None] Fixed interval looping call 'neutron.plugins.ml2.plugin.DhcpAgentSchedulerDbMixin.remove_networks_from_down_agents' sleeping for 36.99 seconds {{(pid=91939) _run_loop /opt/stack/data/venv/lib/python3.12/site-packages/oslo_service/backend/_threading/loopingcall.py:125}}
May 28 13:09:38.089117 np0000001637 neutron-periodic-workers[91955]: DEBUG neutron.db.agents_db [None req-136aa17a-00ac-41c3-b512-74f00763a375 None None] Agent healthcheck: found 0 active agents {{(pid=91955) agent_health_check /opt/stack/neutron/neutron/db/agents_db.py:322}}
May 28 13:09:38.089500 np0000001637 neutron-periodic-workers[91955]: DEBUG oslo.service.backend._threading.loopingcall [None req-136aa17a-00ac-41c3-b512-74f00763a375 None None] Fixed interval looping call 'neutron.plugins.ml2.plugin.AgentDbMixin.agent_health_check' sleeping for 37.00 seconds {{(pid=91955) _run_loop /opt/stack/data/venv/lib/python3.12/site-packages/oslo_service/backend/_threading/loopingcall.py:125}}
May 28 13:09:42.108887 np0000001637 neutron-periodic-workers[91974]: DEBUG oslo.service.backend._threading.loopingcall [None req-6a4a68ba-50da-445c-8096-84f18b1b9e63 None None] Fixed interval looping call 'neutron.services.ovn_l3.plugin.L3_NAT_dbonly_mixin._clean_garbage' sleeping for 299.99 seconds {{(pid=91974) _run_loop /opt/stack/data/venv/lib/python3.12/site-packages/oslo_service/backend/_threading/loopingcall.py:125}}
May 28 13:09:45.055356 np0000001637 neutron-periodic-workers[91939]: DEBUG dbcounter [-] [91939] Writing DB stats neutron:SELECT=3 {{(pid=91939) stat_writer /opt/stack/data/venv/lib/python3.12/site-packages/dbcounter.py:115}}
May 28 13:09:48.087916 np0000001637 neutron-periodic-workers[91955]: DEBUG dbcounter [-] [91955] Writing DB stats neutron:SELECT=1 {{(pid=91955) stat_writer /opt/stack/data/venv/lib/python3.12/site-packages/dbcounter.py:115}}
May 28 13:09:52.105248 np0000001637 neutron-periodic-workers[91974]: DEBUG dbcounter [-] [91974] Writing DB stats neutron:SELECT=1 {{(pid=91974) stat_writer /opt/stack/data/venv/lib/python3.12/site-packages/dbcounter.py:115}}
May 28 13:10:12.054789 np0000001637 neutron-periodic-workers[91939]: DEBUG oslo.service.backend._threading.loopingcall [None req-d4280b05-a484-4ddd-8745-6707e5f8cb19 None None] Fixed interval looping call 'neutron.plugins.ml2.plugin.DhcpAgentSchedulerDbMixin.remove_networks_from_down_agents' sleeping for 36.99 seconds {{(pid=91939) _run_loop /opt/stack/data/venv/lib/python3.12/site-packages/oslo_service/backend/_threading/loopingcall.py:125}}
May 28 13:10:15.097192 np0000001637 neutron-periodic-workers[91955]: DEBUG neutron.db.agents_db [None req-136aa17a-00ac-41c3-b512-74f00763a375 None None] Agent healthcheck: found 0 active agents {{(pid=91955) agent_health_check /opt/stack/neutron/neutron/db/agents_db.py:322}}
May 28 13:10:15.097761 np0000001637 neutron-periodic-workers[91955]: DEBUG oslo.service.backend._threading.loopingcall [None req-136aa17a-00ac-41c3-b512-74f00763a375 None None] Fixed interval looping call 'neutron.plugins.ml2.plugin.AgentDbMixin.agent_health_check' sleeping for 36.99 seconds {{(pid=91955) _run_loop /opt/stack/data/venv/lib/python3.12/site-packages/oslo_service/backend/_threading/loopingcall.py:125}}
May 28 13:10:22.053808 np0000001637 neutron-periodic-workers[91939]: DEBUG dbcounter [-] [91939] Writing DB stats neutron:SELECT=3 {{(pid=91939) stat_writer /opt/stack/data/venv/lib/python3.12/site-packages/dbcounter.py:115}}
May 28 13:10:25.092119 np0000001637 neutron-periodic-workers[91955]: DEBUG dbcounter [-] [91955] Writing DB stats neutron:SELECT=1 {{(pid=91955) stat_writer /opt/stack/data/venv/lib/python3.12/site-packages/dbcounter.py:115}}
May 28 13:10:47.106914 np0000001637 neutron-periodic-workers[91965]: DEBUG oslo.service.backend._threading.loopingcall [None req-46d8495c-e322-412e-9d8c-09a29e7d3654 None None] Fixed interval looping call 'neutron.db.quota.driver_nolock.DbQuotaNoLockDriver._remove_expired_reservations' sleeping for 120.00 seconds {{(pid=91965) _run_loop /opt/stack/data/venv/lib/python3.12/site-packages/oslo_service/backend/_threading/loopingcall.py:125}}
May 28 13:10:49.061418 np0000001637 neutron-periodic-workers[91939]: DEBUG oslo.service.backend._threading.loopingcall [None req-d4280b05-a484-4ddd-8745-6707e5f8cb19 None None] Fixed interval looping call 'neutron.plugins.ml2.plugin.DhcpAgentSchedulerDbMixin.remove_networks_from_down_agents' sleeping for 36.98 seconds {{(pid=91939) _run_loop /opt/stack/data/venv/lib/python3.12/site-packages/oslo_service/backend/_threading/loopingcall.py:125}}
May 28 13:10:52.091528 np0000001637 neutron-periodic-workers[91955]: DEBUG neutron.db.agents_db [None req-136aa17a-00ac-41c3-b512-74f00763a375 None None] Agent healthcheck: found 0 active agents {{(pid=91955) agent_health_check /opt/stack/neutron/neutron/db/agents_db.py:322}}
May 28 13:10:52.091953 np0000001637 neutron-periodic-workers[91955]: DEBUG oslo.service.backend._threading.loopingcall [None req-136aa17a-00ac-41c3-b512-74f00763a375 None None] Fixed interval looping call 'neutron.plugins.ml2.plugin.AgentDbMixin.agent_health_check' sleeping for 37.00 seconds {{(pid=91955) _run_loop /opt/stack/data/venv/lib/python3.12/site-packages/oslo_service/backend/_threading/loopingcall.py:125}}
May 28 13:10:57.105863 np0000001637 neutron-periodic-workers[91965]: DEBUG dbcounter [-] [91965] Writing DB stats neutron:DELETE=1 {{(pid=91965) stat_writer /opt/stack/data/venv/lib/python3.12/site-packages/dbcounter.py:115}}
May 28 13:10:59.060582 np0000001637 neutron-periodic-workers[91939]: DEBUG dbcounter [-] [91939] Writing DB stats neutron:SELECT=3 {{(pid=91939) stat_writer /opt/stack/data/venv/lib/python3.12/site-packages/dbcounter.py:115}}
May 28 13:11:02.090354 np0000001637 neutron-periodic-workers[91955]: DEBUG dbcounter [-] [91955] Writing DB stats neutron:SELECT=1 {{(pid=91955) stat_writer /opt/stack/data/venv/lib/python3.12/site-packages/dbcounter.py:115}}
May 28 13:11:26.053301 np0000001637 neutron-periodic-workers[91939]: DEBUG oslo.service.backend._threading.loopingcall [None req-d4280b05-a484-4ddd-8745-6707e5f8cb19 None None] Fixed interval looping call 'neutron.plugins.ml2.plugin.DhcpAgentSchedulerDbMixin.remove_networks_from_down_agents' sleeping for 36.99 seconds {{(pid=91939) _run_loop /opt/stack/data/venv/lib/python3.12/site-packages/oslo_service/backend/_threading/loopingcall.py:125}}
May 28 13:11:29.095625 np0000001637 neutron-periodic-workers[91955]: DEBUG neutron.db.agents_db [None req-136aa17a-00ac-41c3-b512-74f00763a375 None None] Agent healthcheck: found 0 active agents {{(pid=91955) agent_health_check /opt/stack/neutron/neutron/db/agents_db.py:322}}
May 28 13:11:29.096049 np0000001637 neutron-periodic-workers[91955]: DEBUG oslo.service.backend._threading.loopingcall [None req-136aa17a-00ac-41c3-b512-74f00763a375 None None] Fixed interval looping call 'neutron.plugins.ml2.plugin.AgentDbMixin.agent_health_check' sleeping for 37.00 seconds {{(pid=91955) _run_loop /opt/stack/data/venv/lib/python3.12/site-packages/oslo_service/backend/_threading/loopingcall.py:125}}
May 28 13:11:36.051633 np0000001637 neutron-periodic-workers[91939]: DEBUG dbcounter [-] [91939] Writing DB stats neutron:SELECT=3 {{(pid=91939) stat_writer /opt/stack/data/venv/lib/python3.12/site-packages/dbcounter.py:115}}
May 28 13:11:39.094371 np0000001637 neutron-periodic-workers[91955]: DEBUG dbcounter [-] [91955] Writing DB stats neutron:SELECT=1 {{(pid=91955) stat_writer /opt/stack/data/venv/lib/python3.12/site-packages/dbcounter.py:115}}
May 28 13:12:03.050524 np0000001637 neutron-periodic-workers[91939]: DEBUG oslo.service.backend._threading.loopingcall [None req-d4280b05-a484-4ddd-8745-6707e5f8cb19 None None] Fixed interval looping call 'neutron.plugins.ml2.plugin.DhcpAgentSchedulerDbMixin.remove_networks_from_down_agents' sleeping for 36.99 seconds {{(pid=91939) _run_loop /opt/stack/data/venv/lib/python3.12/site-packages/oslo_service/backend/_threading/loopingcall.py:125}}
May 28 13:12:06.100917 np0000001637 neutron-periodic-workers[91955]: DEBUG neutron.db.agents_db [None req-136aa17a-00ac-41c3-b512-74f00763a375 None None] Agent healthcheck: found 0 active agents {{(pid=91955) agent_health_check /opt/stack/neutron/neutron/db/agents_db.py:322}}
May 28 13:12:06.100917 np0000001637 neutron-periodic-workers[91955]: DEBUG oslo.service.backend._threading.loopingcall [None req-136aa17a-00ac-41c3-b512-74f00763a375 None None] Fixed interval looping call 'neutron.plugins.ml2.plugin.AgentDbMixin.agent_health_check' sleeping for 37.00 seconds {{(pid=91955) _run_loop /opt/stack/data/venv/lib/python3.12/site-packages/oslo_service/backend/_threading/loopingcall.py:125}}
May 28 13:12:13.049611 np0000001637 neutron-periodic-workers[91939]: DEBUG dbcounter [-] [91939] Writing DB stats neutron:SELECT=3 {{(pid=91939) stat_writer /opt/stack/data/venv/lib/python3.12/site-packages/dbcounter.py:115}}
May 28 13:12:16.100188 np0000001637 neutron-periodic-workers[91955]: DEBUG dbcounter [-] [91955] Writing DB stats neutron:SELECT=1 {{(pid=91955) stat_writer /opt/stack/data/venv/lib/python3.12/site-packages/dbcounter.py:115}}
May 28 13:12:40.049066 np0000001637 neutron-periodic-workers[91939]: DEBUG oslo.service.backend._threading.loopingcall [None req-d4280b05-a484-4ddd-8745-6707e5f8cb19 None None] Fixed interval looping call 'neutron.plugins.ml2.plugin.DhcpAgentSchedulerDbMixin.remove_networks_from_down_agents' sleeping for 36.99 seconds {{(pid=91939) _run_loop /opt/stack/data/venv/lib/python3.12/site-packages/oslo_service/backend/_threading/loopingcall.py:125}}
May 28 13:12:43.105012 np0000001637 neutron-periodic-workers[91955]: DEBUG neutron.db.agents_db [None req-136aa17a-00ac-41c3-b512-74f00763a375 None None] Agent healthcheck: found 0 active agents {{(pid=91955) agent_health_check /opt/stack/neutron/neutron/db/agents_db.py:322}}
May 28 13:12:43.105514 np0000001637 neutron-periodic-workers[91955]: DEBUG oslo.service.backend._threading.loopingcall [None req-136aa17a-00ac-41c3-b512-74f00763a375 None None] Fixed interval looping call 'neutron.plugins.ml2.plugin.AgentDbMixin.agent_health_check' sleeping for 37.00 seconds {{(pid=91955) _run_loop /opt/stack/data/venv/lib/python3.12/site-packages/oslo_service/backend/_threading/loopingcall.py:125}}
May 28 13:12:47.114005 np0000001637 neutron-periodic-workers[91965]: DEBUG oslo.service.backend._threading.loopingcall [None req-46d8495c-e322-412e-9d8c-09a29e7d3654 None None] Fixed interval looping call 'neutron.db.quota.driver_nolock.DbQuotaNoLockDriver._remove_expired_reservations' sleeping for 119.99 seconds {{(pid=91965) _run_loop /opt/stack/data/venv/lib/python3.12/site-packages/oslo_service/backend/_threading/loopingcall.py:125}}
May 28 13:12:50.049466 np0000001637 neutron-periodic-workers[91939]: DEBUG dbcounter [-] [91939] Writing DB stats neutron:SELECT=3 {{(pid=91939) stat_writer /opt/stack/data/venv/lib/python3.12/site-packages/dbcounter.py:115}}
May 28 13:12:53.104183 np0000001637 neutron-periodic-workers[91955]: DEBUG dbcounter [-] [91955] Writing DB stats neutron:SELECT=1 {{(pid=91955) stat_writer /opt/stack/data/venv/lib/python3.12/site-packages/dbcounter.py:115}}
May 28 13:12:57.111249 np0000001637 neutron-periodic-workers[91965]: DEBUG dbcounter [-] [91965] Writing DB stats neutron:DELETE=1 {{(pid=91965) stat_writer /opt/stack/data/venv/lib/python3.12/site-packages/dbcounter.py:115}}
May 28 13:13:17.047383 np0000001637 neutron-periodic-workers[91939]: DEBUG oslo.service.backend._threading.loopingcall [None req-d4280b05-a484-4ddd-8745-6707e5f8cb19 None None] Fixed interval looping call 'neutron.plugins.ml2.plugin.DhcpAgentSchedulerDbMixin.remove_networks_from_down_agents' sleeping for 36.99 seconds {{(pid=91939) _run_loop /opt/stack/data/venv/lib/python3.12/site-packages/oslo_service/backend/_threading/loopingcall.py:125}}
May 28 13:13:20.109482 np0000001637 neutron-periodic-workers[91955]: DEBUG neutron.db.agents_db [None req-136aa17a-00ac-41c3-b512-74f00763a375 None None] Agent healthcheck: found 0 active agents {{(pid=91955) agent_health_check /opt/stack/neutron/neutron/db/agents_db.py:322}}
May 28 13:13:20.109977 np0000001637 neutron-periodic-workers[91955]: DEBUG oslo.service.backend._threading.loopingcall [None req-136aa17a-00ac-41c3-b512-74f00763a375 None None] Fixed interval looping call 'neutron.plugins.ml2.plugin.AgentDbMixin.agent_health_check' sleeping for 37.00 seconds {{(pid=91955) _run_loop /opt/stack/data/venv/lib/python3.12/site-packages/oslo_service/backend/_threading/loopingcall.py:125}}
May 28 13:13:27.046308 np0000001637 neutron-periodic-workers[91939]: DEBUG dbcounter [-] [91939] Writing DB stats neutron:SELECT=3 {{(pid=91939) stat_writer /opt/stack/data/venv/lib/python3.12/site-packages/dbcounter.py:115}}
May 28 13:13:30.108423 np0000001637 neutron-periodic-workers[91955]: DEBUG dbcounter [-] [91955] Writing DB stats neutron:SELECT=1 {{(pid=91955) stat_writer /opt/stack/data/venv/lib/python3.12/site-packages/dbcounter.py:115}}
May 28 13:13:54.053163 np0000001637 neutron-periodic-workers[91939]: DEBUG oslo.service.backend._threading.loopingcall [None req-d4280b05-a484-4ddd-8745-6707e5f8cb19 None None] Fixed interval looping call 'neutron.plugins.ml2.plugin.DhcpAgentSchedulerDbMixin.remove_networks_from_down_agents' sleeping for 36.99 seconds {{(pid=91939) _run_loop /opt/stack/data/venv/lib/python3.12/site-packages/oslo_service/backend/_threading/loopingcall.py:125}}
