Jun 30 09:01:54.201166 np0000003959 devstack@g-api.service[99485]: DEBUG glance.api.middleware.version_negotiation [None req-a874286f-1487-410a-9360-05a3fa18d7b9 tempest-VolumesGetTest-1162111322 tempest-VolumesGetTest-1162111322-project-member] Matched version: v2 {{(pid=99485) process_request /opt/stack/glance/glance/api/middleware/version_negotiation.py:69}}
Jun 30 09:01:54.201287 np0000003959 devstack@g-api.service[99485]: DEBUG glance.api.middleware.version_negotiation [None req-a874286f-1487-410a-9360-05a3fa18d7b9 tempest-VolumesGetTest-1162111322 tempest-VolumesGetTest-1162111322-project-member] new path /v2/images/a9026d5c-1cab-41e6-8b2e-1895b74d5864/locations {{(pid=99485) process_request /opt/stack/glance/glance/api/middleware/version_negotiation.py:70}}
Jun 30 09:01:54.237434 np0000003959 devstack@g-api.service[99485]: [pid: 99485|app: 0|req: 136/413] 127.0.0.1 () {44 vars in 1131 bytes} [Tue Jun 30 09:01:54 2026] GET /v2/images/a9026d5c-1cab-41e6-8b2e-1895b74d5864/locations => generated 92 bytes in 37 msecs (HTTP/1.1 200) 4 headers in 156 bytes (1 switches on core 0)
Jun 30 09:01:54.243842 np0000003959 devstack@g-api.service[99483]: DEBUG glance.api.middleware.version_negotiation [None req-a874286f-1487-410a-9360-05a3fa18d7b9 tempest-VolumesGetTest-1162111322 tempest-VolumesGetTest-1162111322-project-member] Determining version of request: GET /v2/images/a9026d5c-1cab-41e6-8b2e-1895b74d5864 Accept: */* {{(pid=99483) process_request /opt/stack/glance/glance/api/middleware/version_negotiation.py:44}}
Jun 30 09:01:54.244018 np0000003959 devstack@g-api.service[99483]: DEBUG glance.api.middleware.version_negotiation [None req-a874286f-1487-410a-9360-05a3fa18d7b9 tempest-VolumesGetTest-1162111322 tempest-VolumesGetTest-1162111322-project-member] Using url versioning {{(pid=99483) process_request /opt/stack/glance/glance/api/middleware/version_negotiation.py:57}}
Jun 30 09:01:54.244172 np0000003959 devstack@g-api.service[99483]: DEBUG glance.api.middleware.version_negotiation [None req-a874286f-1487-410a-9360-05a3fa18d7b9 tempest-VolumesGetTest-1162111322 tempest-VolumesGetTest-1162111322-project-member] Matched version: v2 {{(pid=99483) process_request /opt/stack/glance/glance/api/middleware/version_negotiation.py:69}}
Jun 30 09:01:54.244299 np0000003959 devstack@g-api.service[99483]: DEBUG glance.api.middleware.version_negotiation [None req-a874286f-1487-410a-9360-05a3fa18d7b9 tempest-VolumesGetTest-1162111322 tempest-VolumesGetTest-1162111322-project-member] new path /v2/images/a9026d5c-1cab-41e6-8b2e-1895b74d5864 {{(pid=99483) process_request /opt/stack/glance/glance/api/middleware/version_negotiation.py:70}}
Jun 30 09:01:54.253111 np0000003959 devstack@g-api.service[99483]: [pid: 99483|app: 0|req: 141/414] 127.0.0.1 () {44 vars in 1111 bytes} [Tue Jun 30 09:01:54 2026] GET /v2/images/a9026d5c-1cab-41e6-8b2e-1895b74d5864 => generated 1044 bytes in 9 msecs (HTTP/1.1 200) 4 headers in 158 bytes (1 switches on core 0)
Jun 30 09:01:54.259706 np0000003959 devstack@g-api.service[99484]: DEBUG glance.api.middleware.version_negotiation [None req-a874286f-1487-410a-9360-05a3fa18d7b9 tempest-VolumesGetTest-1162111322 tempest-VolumesGetTest-1162111322-project-member] Determining version of request: GET /v2/schemas/image Accept: */* {{(pid=99484) process_request /opt/stack/glance/glance/api/middleware/version_negotiation.py:44}}
Jun 30 09:01:54.259821 np0000003959 devstack@g-api.service[99484]: DEBUG glance.api.middleware.version_negotiation [None req-a874286f-1487-410a-9360-05a3fa18d7b9 tempest-VolumesGetTest-1162111322 tempest-VolumesGetTest-1162111322-project-member] Using url versioning {{(pid=99484) process_request /opt/stack/glance/glance/api/middleware/version_negotiation.py:57}}
Jun 30 09:01:54.259942 np0000003959 devstack@g-api.service[99484]: DEBUG glance.api.middleware.version_negotiation [None req-a874286f-1487-410a-9360-05a3fa18d7b9 tempest-VolumesGetTest-1162111322 tempest-VolumesGetTest-1162111322-project-member] Matched version: v2 {{(pid=99484) process_request /opt/stack/glance/glance/api/middleware/version_negotiation.py:69}}
Jun 30 09:01:54.260035 np0000003959 devstack@g-api.service[99484]: DEBUG glance.api.middleware.version_negotiation [None req-a874286f-1487-410a-9360-05a3fa18d7b9 tempest-VolumesGetTest-1162111322 tempest-VolumesGetTest-1162111322-project-member] new path /v2/schemas/image {{(pid=99484) process_request /opt/stack/glance/glance/api/middleware/version_negotiation.py:70}}
Jun 30 09:01:54.262034 np0000003959 devstack@g-api.service[99484]: [pid: 99484|app: 0|req: 138/415] 127.0.0.1 () {44 vars in 1051 bytes} [Tue Jun 30 09:01:54 2026] GET /v2/schemas/image => generated 6083 bytes in 2 msecs (HTTP/1.1 200) 4 headers in 158 bytes (1 switches on core 0)
Jun 30 09:01:54.268580 np0000003959 devstack@g-api.service[99485]: DEBUG glance.api.middleware.version_negotiation [None req-a874286f-1487-410a-9360-05a3fa18d7b9 service glance] Determining version of request: GET /v2/schemas/image Accept: */* {{(pid=99485) process_request /opt/stack/glance/glance/api/middleware/version_negotiation.py:44}}
Jun 30 09:01:54.268748 np0000003959 devstack@g-api.service[99485]: DEBUG glance.api.middleware.version_negotiation [None req-a874286f-1487-410a-9360-05a3fa18d7b9 service glance] Using url versioning {{(pid=99485) process_request /opt/stack/glance/glance/api/middleware/version_negotiation.py:57}}
Jun 30 09:01:54.268870 np0000003959 devstack@g-api.service[99485]: DEBUG glance.api.middleware.version_negotiation [None req-a874286f-1487-410a-9360-05a3fa18d7b9 service glance] Matched version: v2 {{(pid=99485) process_request /opt/stack/glance/glance/api/middleware/version_negotiation.py:69}}
Jun 30 09:01:54.268958 np0000003959 devstack@g-api.service[99485]: DEBUG glance.api.middleware.version_negotiation [None req-a874286f-1487-410a-9360-05a3fa18d7b9 service glance] new path /v2/schemas/image {{(pid=99485) process_request /opt/stack/glance/glance/api/middleware/version_negotiation.py:70}}
Jun 30 09:01:54.271164 np0000003959 devstack@g-api.service[99485]: [pid: 99485|app: 0|req: 137/416] 127.0.0.1 () {44 vars in 1051 bytes} [Tue Jun 30 09:01:54 2026] GET /v2/schemas/image => generated 6083 bytes in 2 msecs (HTTP/1.1 200) 4 headers in 158 bytes (1 switches on core 0)
Jun 30 09:01:55.226477 np0000003959 devstack@g-api.service[99483]: DEBUG glance.api.middleware.version_negotiation [None req-a874286f-1487-410a-9360-05a3fa18d7b9 tempest-VolumesGetTest-1162111322 tempest-VolumesGetTest-1162111322-project-member] Determining version of request: GET /v2/schemas/image Accept: */* {{(pid=99483) process_request /opt/stack/glance/glance/api/middleware/version_negotiation.py:44}}
Jun 30 09:01:55.226845 np0000003959 devstack@g-api.service[99483]: DEBUG glance.api.middleware.version_negotiation [None req-a874286f-1487-410a-9360-05a3fa18d7b9 tempest-VolumesGetTest-1162111322 tempest-VolumesGetTest-1162111322-project-member] Using url versioning {{(pid=99483) process_request /opt/stack/glance/glance/api/middleware/version_negotiation.py:57}}
Jun 30 09:01:55.226845 np0000003959 devstack@g-api.service[99483]: DEBUG glance.api.middleware.version_negotiation [None req-a874286f-1487-410a-9360-05a3fa18d7b9 tempest-VolumesGetTest-1162111322 tempest-VolumesGetTest-1162111322-project-member] Matched version: v2 {{(pid=99483) process_request /opt/stack/glance/glance/api/middleware/version_negotiation.py:69}}
Jun 30 09:01:55.226845 np0000003959 devstack@g-api.service[99483]: DEBUG glance.api.middleware.version_negotiation [None req-a874286f-1487-410a-9360-05a3fa18d7b9 tempest-VolumesGetTest-1162111322 tempest-VolumesGetTest-1162111322-project-member] new path /v2/schemas/image {{(pid=99483) process_request /opt/stack/glance/glance/api/middleware/version_negotiation.py:70}}
Jun 30 09:01:55.229917 np0000003959 devstack@g-api.service[99483]: [pid: 99483|app: 0|req: 142/417] 127.0.0.1 () {44 vars in 1051 bytes} [Tue Jun 30 09:01:55 2026] GET /v2/schemas/image => generated 6083 bytes in 3 msecs (HTTP/1.1 200) 4 headers in 158 bytes (1 switches on core 0)
Jun 30 09:01:55.236741 np0000003959 devstack@g-api.service[99484]: DEBUG glance.api.middleware.version_negotiation [None req-a874286f-1487-410a-9360-05a3fa18d7b9 tempest-VolumesGetTest-1162111322 tempest-VolumesGetTest-1162111322-project-member] Determining version of request: POST /v2/images Accept: */* {{(pid=99484) process_request /opt/stack/glance/glance/api/middleware/version_negotiation.py:44}}
Jun 30 09:01:55.237042 np0000003959 devstack@g-api.service[99484]: DEBUG glance.api.middleware.version_negotiation [None req-a874286f-1487-410a-9360-05a3fa18d7b9 tempest-VolumesGetTest-1162111322 tempest-VolumesGetTest-1162111322-project-member] Using url versioning {{(pid=99484) process_request /opt/stack/glance/glance/api/middleware/version_negotiation.py:57}}
Jun 30 09:01:55.237042 np0000003959 devstack@g-api.service[99484]: DEBUG glance.api.middleware.version_negotiation [None req-a874286f-1487-410a-9360-05a3fa18d7b9 tempest-VolumesGetTest-1162111322 tempest-VolumesGetTest-1162111322-project-member] Matched version: v2 {{(pid=99484) process_request /opt/stack/glance/glance/api/middleware/version_negotiation.py:69}}
Jun 30 09:01:55.237113 np0000003959 devstack@g-api.service[99484]: DEBUG glance.api.middleware.version_negotiation [None req-a874286f-1487-410a-9360-05a3fa18d7b9 tempest-VolumesGetTest-1162111322 tempest-VolumesGetTest-1162111322-project-member] new path /v2/images {{(pid=99484) process_request /opt/stack/glance/glance/api/middleware/version_negotiation.py:70}}
Jun 30 09:01:55.716488 np0000003959 devstack@g-api.service[99484]: [pid: 99484|app: 0|req: 139/418] 127.0.0.1 () {46 vars in 1051 bytes} [Tue Jun 30 09:01:55 2026] POST /v2/images => generated 650 bytes in 480 msecs (HTTP/1.1 201) 6 headers in 315 bytes (1 switches on core 0)
Jun 30 09:01:55.724839 np0000003959 devstack@g-api.service[99485]: DEBUG glance.api.middleware.version_negotiation [None req-a874286f-1487-410a-9360-05a3fa18d7b9 tempest-VolumesGetTest-1162111322 tempest-VolumesGetTest-1162111322-project-member] Determining version of request: GET /v2/schemas/image Accept: */* {{(pid=99485) process_request /opt/stack/glance/glance/api/middleware/version_negotiation.py:44}}
Jun 30 09:01:55.725361 np0000003959 devstack@g-api.service[99485]: DEBUG glance.api.middleware.version_negotiation [None req-a874286f-1487-410a-9360-05a3fa18d7b9 tempest-VolumesGetTest-1162111322 tempest-VolumesGetTest-1162111322-project-member] Using url versioning {{(pid=99485) process_request /opt/stack/glance/glance/api/middleware/version_negotiation.py:57}}
Jun 30 09:01:55.725361 np0000003959 devstack@g-api.service[99485]: DEBUG glance.api.middleware.version_negotiation [None req-a874286f-1487-410a-9360-05a3fa18d7b9 tempest-VolumesGetTest-1162111322 tempest-VolumesGetTest-1162111322-project-member] Matched version: v2 {{(pid=99485) process_request /opt/stack/glance/glance/api/middleware/version_negotiation.py:69}}
Jun 30 09:01:55.725361 np0000003959 devstack@g-api.service[99485]: DEBUG glance.api.middleware.version_negotiation [None req-a874286f-1487-410a-9360-05a3fa18d7b9 tempest-VolumesGetTest-1162111322 tempest-VolumesGetTest-1162111322-project-member] new path /v2/schemas/image {{(pid=99485) process_request /opt/stack/glance/glance/api/middleware/version_negotiation.py:70}}
Jun 30 09:01:55.728076 np0000003959 devstack@g-api.service[99485]: [pid: 99485|app: 0|req: 138/419] 127.0.0.1 () {44 vars in 1051 bytes} [Tue Jun 30 09:01:55 2026] GET /v2/schemas/image => generated 6083 bytes in 3 msecs (HTTP/1.1 200) 4 headers in 158 bytes (1 switches on core 0)
Jun 30 09:01:55.739461 np0000003959 devstack@g-api.service[99483]: DEBUG glance.api.middleware.version_negotiation [None req-0eeb5757-a30f-4698-b676-7009511b8c55 tempest-VolumesActionsTest-1708929084 tempest-VolumesActionsTest-1708929084-project-member] Determining version of request: GET /v2/images/bdd94b4a-7aa8-47be-af22-40d417c632ac Accept: application/json {{(pid=99483) process_request /opt/stack/glance/glance/api/middleware/version_negotiation.py:44}}
Jun 30 09:01:55.739673 np0000003959 devstack@g-api.service[99483]: DEBUG glance.api.middleware.version_negotiation [None req-0eeb5757-a30f-4698-b676-7009511b8c55 tempest-VolumesActionsTest-1708929084 tempest-VolumesActionsTest-1708929084-project-member] Using url versioning {{(pid=99483) process_request /opt/stack/glance/glance/api/middleware/version_negotiation.py:57}}
Jun 30 09:01:55.739816 np0000003959 devstack@g-api.service[99483]: DEBUG glance.api.middleware.version_negotiation [None req-0eeb5757-a30f-4698-b676-7009511b8c55 tempest-VolumesActionsTest-1708929084 tempest-VolumesActionsTest-1708929084-project-member] Matched version: v2 {{(pid=99483) process_request /opt/stack/glance/glance/api/middleware/version_negotiation.py:69}}
Jun 30 09:01:55.739867 np0000003959 devstack@g-api.service[99483]: DEBUG glance.api.middleware.version_negotiation [None req-0eeb5757-a30f-4698-b676-7009511b8c55 tempest-VolumesActionsTest-1708929084 tempest-VolumesActionsTest-1708929084-project-member] new path /v2/images/bdd94b4a-7aa8-47be-af22-40d417c632ac {{(pid=99483) process_request /opt/stack/glance/glance/api/middleware/version_negotiation.py:70}}
Jun 30 09:01:55.752532 np0000003959 devstack@g-api.service[99483]: [pid: 99483|app: 0|req: 143/420] 127.0.0.1 () {40 vars in 834 bytes} [Tue Jun 30 09:01:55 2026] GET /v2/images/bdd94b4a-7aa8-47be-af22-40d417c632ac => generated 650 bytes in 13 msecs (HTTP/1.1 200) 4 headers in 157 bytes (1 switches on core 0)
Jun 30 09:01:56.218781 np0000003959 devstack@g-api.service[99484]: DEBUG glance.api.middleware.version_negotiation [None req-0eeb5757-a30f-4698-b676-7009511b8c55 tempest-VolumesActionsTest-1708929084 tempest-VolumesActionsTest-1708929084-project-member] Determining version of request: PUT /v2/images/bdd94b4a-7aa8-47be-af22-40d417c632ac/file Accept: */* {{(pid=99484) process_request /opt/stack/glance/glance/api/middleware/version_negotiation.py:44}}
Jun 30 09:01:56.218931 np0000003959 devstack@g-api.service[99484]: DEBUG glance.api.middleware.version_negotiation [None req-0eeb5757-a30f-4698-b676-7009511b8c55 tempest-VolumesActionsTest-1708929084 tempest-VolumesActionsTest-1708929084-project-member] Using url versioning {{(pid=99484) process_request /opt/stack/glance/glance/api/middleware/version_negotiation.py:57}}
Jun 30 09:01:56.219063 np0000003959 devstack@g-api.service[99484]: DEBUG glance.api.middleware.version_negotiation [None req-0eeb5757-a30f-4698-b676-7009511b8c55 tempest-VolumesActionsTest-1708929084 tempest-VolumesActionsTest-1708929084-project-member] Matched version: v2 {{(pid=99484) process_request /opt/stack/glance/glance/api/middleware/version_negotiation.py:69}}
Jun 30 09:01:56.219142 np0000003959 devstack@g-api.service[99484]: DEBUG glance.api.middleware.version_negotiation [None req-0eeb5757-a30f-4698-b676-7009511b8c55 tempest-VolumesActionsTest-1708929084 tempest-VolumesActionsTest-1708929084-project-member] new path /v2/images/bdd94b4a-7aa8-47be-af22-40d417c632ac/file {{(pid=99484) process_request /opt/stack/glance/glance/api/middleware/version_negotiation.py:70}}
Jun 30 09:01:56.748825 np0000003959 devstack@g-api.service[99484]: INFO glance.api.v2.image_data [None req-0eeb5757-a30f-4698-b676-7009511b8c55 tempest-VolumesActionsTest-1708929084 tempest-VolumesActionsTest-1708929084-project-member] Unable to create trust: no such option collect_timing in group [keystone_authtoken] Use the existing user token.
Jun 30 09:01:56.759474 np0000003959 devstack@g-api.service[99485]: DEBUG glance.api.middleware.version_negotiation [None req-0eeb5757-a30f-4698-b676-7009511b8c55 tempest-VolumesActionsTest-1708929084 tempest-VolumesActionsTest-1708929084-project-member] Determining version of request: GET /v2/images/bdd94b4a-7aa8-47be-af22-40d417c632ac Accept: application/json {{(pid=99485) process_request /opt/stack/glance/glance/api/middleware/version_negotiation.py:44}}
Jun 30 09:01:56.759895 np0000003959 devstack@g-api.service[99485]: DEBUG glance.api.middleware.version_negotiation [None req-0eeb5757-a30f-4698-b676-7009511b8c55 tempest-VolumesActionsTest-1708929084 tempest-VolumesActionsTest-1708929084-project-member] Using url versioning {{(pid=99485) process_request /opt/stack/glance/glance/api/middleware/version_negotiation.py:57}}
Jun 30 09:01:56.759895 np0000003959 devstack@g-api.service[99485]: DEBUG glance.api.middleware.version_negotiation [None req-0eeb5757-a30f-4698-b676-7009511b8c55 tempest-VolumesActionsTest-1708929084 tempest-VolumesActionsTest-1708929084-project-member] Matched version: v2 {{(pid=99485) process_request /opt/stack/glance/glance/api/middleware/version_negotiation.py:69}}
Jun 30 09:01:56.759895 np0000003959 devstack@g-api.service[99485]: DEBUG glance.api.middleware.version_negotiation [None req-0eeb5757-a30f-4698-b676-7009511b8c55 tempest-VolumesActionsTest-1708929084 tempest-VolumesActionsTest-1708929084-project-member] new path /v2/images/bdd94b4a-7aa8-47be-af22-40d417c632ac {{(pid=99485) process_request /opt/stack/glance/glance/api/middleware/version_negotiation.py:70}}
Jun 30 09:01:56.783741 np0000003959 devstack@g-api.service[99485]: [pid: 99485|app: 0|req: 139/421] 127.0.0.1 () {40 vars in 834 bytes} [Tue Jun 30 09:01:56 2026] GET /v2/images/bdd94b4a-7aa8-47be-af22-40d417c632ac => generated 650 bytes in 24 msecs (HTTP/1.1 200) 4 headers in 157 bytes (1 switches on core 0)
Jun 30 09:01:57.131015 np0000003959 devstack@g-api.service[99484]: DEBUG glance.location [None req-0eeb5757-a30f-4698-b676-7009511b8c55 tempest-VolumesActionsTest-1708929084 tempest-VolumesActionsTest-1708929084-project-member] Enabling in-flight format inspection for raw {{(pid=99484) set_data /opt/stack/glance/glance/location.py:616}}
Jun 30 09:01:57.131468 np0000003959 devstack@g-api.service[99484]: DEBUG glance_store.backend [None req-0eeb5757-a30f-4698-b676-7009511b8c55 tempest-VolumesActionsTest-1708929084 tempest-VolumesActionsTest-1708929084-project-member] Attempting to import store swift {{(pid=99484) _load_store /opt/stack/data/venv/lib/python3.12/site-packages/glance_store/backend.py:215}}
Jun 30 09:01:57.133241 np0000003959 devstack@g-api.service[99484]: DEBUG glance_store.capabilities [None req-0eeb5757-a30f-4698-b676-7009511b8c55 tempest-VolumesActionsTest-1708929084 tempest-VolumesActionsTest-1708929084-project-member] Store glance_store._drivers.swift.store.SingleTenantStore doesn't support updating dynamic storage capabilities. Please overwrite 'update_capabilities' method of the store to implement updating logics if needed. {{(pid=99484) update_capabilities /opt/stack/data/venv/lib/python3.12/site-packages/glance_store/capabilities.py:91}}
Jun 30 09:01:57.133363 np0000003959 devstack@g-api.service[99484]: DEBUG glance_store.driver [None req-0eeb5757-a30f-4698-b676-7009511b8c55 tempest-VolumesActionsTest-1708929084 tempest-VolumesActionsTest-1708929084-project-member] Late loading location class glance_store._drivers.swift.store.StoreLocation {{(pid=99484) get_store_location_class /opt/stack/data/venv/lib/python3.12/site-packages/glance_store/driver.py:134}}
Jun 30 09:01:57.133429 np0000003959 devstack@g-api.service[99484]: DEBUG glance_store.location [None req-0eeb5757-a30f-4698-b676-7009511b8c55 tempest-VolumesActionsTest-1708929084 tempest-VolumesActionsTest-1708929084-project-member] Registering scheme swift+https with {'store': , 'location_class': , 'store_entry': 'swift'} {{(pid=99484) register_scheme_map /opt/stack/data/venv/lib/python3.12/site-packages/glance_store/location.py:146}}
Jun 30 09:01:57.133506 np0000003959 devstack@g-api.service[99484]: DEBUG glance_store.location [None req-0eeb5757-a30f-4698-b676-7009511b8c55 tempest-VolumesActionsTest-1708929084 tempest-VolumesActionsTest-1708929084-project-member] Registering scheme swift+https with {'store': , 'location_class': , 'store_entry': 'swift'} {{(pid=99484) register_scheme_map /opt/stack/data/venv/lib/python3.12/site-packages/glance_store/location.py:146}}
Jun 30 09:01:57.133566 np0000003959 devstack@g-api.service[99484]: DEBUG glance_store.location [None req-0eeb5757-a30f-4698-b676-7009511b8c55 tempest-VolumesActionsTest-1708929084 tempest-VolumesActionsTest-1708929084-project-member] Registering scheme swift with {'store': , 'location_class': , 'store_entry': 'swift'} {{(pid=99484) register_scheme_map /opt/stack/data/venv/lib/python3.12/site-packages/glance_store/location.py:146}}
Jun 30 09:01:57.133724 np0000003959 devstack@g-api.service[99484]: DEBUG glance_store.location [None req-0eeb5757-a30f-4698-b676-7009511b8c55 tempest-VolumesActionsTest-1708929084 tempest-VolumesActionsTest-1708929084-project-member] Registering scheme swift+https with {'store': , 'location_class': , 'store_entry': 'swift'} {{(pid=99484) register_scheme_map /opt/stack/data/venv/lib/python3.12/site-packages/glance_store/location.py:146}}
Jun 30 09:01:57.133724 np0000003959 devstack@g-api.service[99484]: DEBUG glance_store.location [None req-0eeb5757-a30f-4698-b676-7009511b8c55 tempest-VolumesActionsTest-1708929084 tempest-VolumesActionsTest-1708929084-project-member] Registering scheme swift with {'store': , 'location_class': , 'store_entry': 'swift'} {{(pid=99484) register_scheme_map /opt/stack/data/venv/lib/python3.12/site-packages/glance_store/location.py:146}}
Jun 30 09:01:57.133810 np0000003959 devstack@g-api.service[99484]: DEBUG glance_store.location [None req-0eeb5757-a30f-4698-b676-7009511b8c55 tempest-VolumesActionsTest-1708929084 tempest-VolumesActionsTest-1708929084-project-member] Registering scheme swift+http with {'store': , 'location_class': , 'store_entry': 'swift'} {{(pid=99484) register_scheme_map /opt/stack/data/venv/lib/python3.12/site-packages/glance_store/location.py:146}}
Jun 30 09:01:57.133853 np0000003959 devstack@g-api.service[99484]: DEBUG glance_store.location [None req-0eeb5757-a30f-4698-b676-7009511b8c55 tempest-VolumesActionsTest-1708929084 tempest-VolumesActionsTest-1708929084-project-member] Registering scheme swift+https with {'store': , 'location_class': , 'store_entry': 'swift'} {{(pid=99484) register_scheme_map /opt/stack/data/venv/lib/python3.12/site-packages/glance_store/location.py:146}}
Jun 30 09:01:57.133913 np0000003959 devstack@g-api.service[99484]: DEBUG glance_store.location [None req-0eeb5757-a30f-4698-b676-7009511b8c55 tempest-VolumesActionsTest-1708929084 tempest-VolumesActionsTest-1708929084-project-member] Registering scheme swift with {'store': , 'location_class': , 'store_entry': 'swift'} {{(pid=99484) register_scheme_map /opt/stack/data/venv/lib/python3.12/site-packages/glance_store/location.py:146}}
Jun 30 09:01:57.134004 np0000003959 devstack@g-api.service[99484]: DEBUG glance_store.location [None req-0eeb5757-a30f-4698-b676-7009511b8c55 tempest-VolumesActionsTest-1708929084 tempest-VolumesActionsTest-1708929084-project-member] Registering scheme swift+http with {'store': , 'location_class': , 'store_entry': 'swift'} {{(pid=99484) register_scheme_map /opt/stack/data/venv/lib/python3.12/site-packages/glance_store/location.py:146}}
Jun 30 09:01:57.134072 np0000003959 devstack@g-api.service[99484]: DEBUG glance_store.location [None req-0eeb5757-a30f-4698-b676-7009511b8c55 tempest-VolumesActionsTest-1708929084 tempest-VolumesActionsTest-1708929084-project-member] Registering scheme swift+config with {'store': , 'location_class': , 'store_entry': 'swift'} {{(pid=99484) register_scheme_map /opt/stack/data/venv/lib/python3.12/site-packages/glance_store/location.py:146}}
Jun 30 09:01:57.355206 np0000003959 devstack@g-api.service[99484]: DEBUG swiftclient [None req-0eeb5757-a30f-4698-b676-7009511b8c55 tempest-VolumesActionsTest-1708929084 tempest-VolumesActionsTest-1708929084-project-member] REQ: curl -i https://10.4.3.91:8080/v1/AUTH_abade595a5994f00a44dc683ba661b87/glance -I -H "X-Auth-Token: gAAAAABqQ4YF7s9Y..." {{(pid=99484) http_log /opt/stack/data/venv/lib/python3.12/site-packages/swiftclient/client.py:160}}
Jun 30 09:01:57.355370 np0000003959 devstack@g-api.service[99484]: DEBUG swiftclient [None req-0eeb5757-a30f-4698-b676-7009511b8c55 tempest-VolumesActionsTest-1708929084 tempest-VolumesActionsTest-1708929084-project-member] RESP STATUS: 204 No Content {{(pid=99484) http_log /opt/stack/data/venv/lib/python3.12/site-packages/swiftclient/client.py:161}}
Jun 30 09:01:57.355565 np0000003959 devstack@g-api.service[99484]: DEBUG swiftclient [None req-0eeb5757-a30f-4698-b676-7009511b8c55 tempest-VolumesActionsTest-1708929084 tempest-VolumesActionsTest-1708929084-project-member] RESP HEADERS: {'Date': 'Tue, 30 Jun 2026 09:01:57 GMT', 'Server': 'Apache/2.4.58 (Ubuntu)', 'Content-Type': 'text/plain; charset=utf-8', 'X-Container-Object-Count': '3', 'X-Container-Bytes-Used': '64356352', 'X-Timestamp': '1782809619.29991', 'Last-Modified': 'Tue, 30 Jun 2026 08:53:40 GMT', 'Accept-Ranges': 'bytes', 'X-Storage-Policy': 'Policy-0', 'X-Container-Sharding': 'False', 'Vary': 'Accept', 'X-Trans-Id': 'tx9094feb50a944320bb1c4-006a438605', 'X-Openstack-Request-Id': 'tx9094feb50a944320bb1c4-006a438605', 'Connection': 'close'} {{(pid=99484) http_log /opt/stack/data/venv/lib/python3.12/site-packages/swiftclient/client.py:162}}
Jun 30 09:01:57.355719 np0000003959 devstack@g-api.service[99484]: DEBUG glance_store._drivers.swift.store [None req-0eeb5757-a30f-4698-b676-7009511b8c55 tempest-VolumesActionsTest-1708929084 tempest-VolumesActionsTest-1708929084-project-member] Adding image object 'bdd94b4a-7aa8-47be-af22-40d417c632ac' to Swift {{(pid=99484) add /opt/stack/data/venv/lib/python3.12/site-packages/glance_store/_drivers/swift/store.py:970}}
Jun 30 09:01:57.355793 np0000003959 devstack@g-api.service[99484]: DEBUG glance_store._drivers.swift.store [None req-0eeb5757-a30f-4698-b676-7009511b8c55 tempest-VolumesActionsTest-1708929084 tempest-VolumesActionsTest-1708929084-project-member] Cannot determine image size because it is either not provided in the request or chunked-transfer encoding is used. Adding image as a segmented object to Swift. {{(pid=99484) add /opt/stack/data/venv/lib/python3.12/site-packages/glance_store/_drivers/swift/store.py:994}}
Jun 30 09:01:57.361071 np0000003959 devstack@g-api.service[99484]: DEBUG oslo_utils.imageutils.format_inspector [None req-0eeb5757-a30f-4698-b676-7009511b8c55 tempest-VolumesActionsTest-1708929084 tempest-VolumesActionsTest-1708929084-project-member] Format inspector for vmdk does not match, excluding from consideration (Signature KDMV not found: b'\x00\x00\x00\x00') {{(pid=99484) _process_chunk /opt/stack/data/venv/lib/python3.12/site-packages/oslo_utils/imageutils/format_inspector.py:1758}}
Jun 30 09:01:57.363163 np0000003959 devstack@g-api.service[99484]: DEBUG oslo_utils.imageutils.format_inspector [None req-0eeb5757-a30f-4698-b676-7009511b8c55 tempest-VolumesActionsTest-1708929084 tempest-VolumesActionsTest-1708929084-project-member] Format inspector for vhdx does not match, excluding from consideration (Region signature not found at 30000) {{(pid=99484) _process_chunk /opt/stack/data/venv/lib/python3.12/site-packages/oslo_utils/imageutils/format_inspector.py:1758}}
Jun 30 09:01:57.795396 np0000003959 devstack@g-api.service[99483]: DEBUG glance.api.middleware.version_negotiation [None req-b3ce1968-0968-4d27-9ad2-1482458469f3 tempest-VolumesActionsTest-1708929084 tempest-VolumesActionsTest-1708929084-project-member] Determining version of request: GET /v2/images/bdd94b4a-7aa8-47be-af22-40d417c632ac Accept: application/json {{(pid=99483) process_request /opt/stack/glance/glance/api/middleware/version_negotiation.py:44}}
Jun 30 09:01:57.795396 np0000003959 devstack@g-api.service[99483]: DEBUG glance.api.middleware.version_negotiation [None req-b3ce1968-0968-4d27-9ad2-1482458469f3 tempest-VolumesActionsTest-1708929084 tempest-VolumesActionsTest-1708929084-project-member] Using url versioning {{(pid=99483) process_request /opt/stack/glance/glance/api/middleware/version_negotiation.py:57}}
Jun 30 09:01:57.795396 np0000003959 devstack@g-api.service[99483]: DEBUG glance.api.middleware.version_negotiation [None req-b3ce1968-0968-4d27-9ad2-1482458469f3 tempest-VolumesActionsTest-1708929084 tempest-VolumesActionsTest-1708929084-project-member] Matched version: v2 {{(pid=99483) process_request /opt/stack/glance/glance/api/middleware/version_negotiation.py:69}}
Jun 30 09:01:57.795396 np0000003959 devstack@g-api.service[99483]: DEBUG glance.api.middleware.version_negotiation [None req-b3ce1968-0968-4d27-9ad2-1482458469f3 tempest-VolumesActionsTest-1708929084 tempest-VolumesActionsTest-1708929084-project-member] new path /v2/images/bdd94b4a-7aa8-47be-af22-40d417c632ac {{(pid=99483) process_request /opt/stack/glance/glance/api/middleware/version_negotiation.py:70}}
Jun 30 09:01:57.819781 np0000003959 devstack@g-api.service[99483]: [pid: 99483|app: 0|req: 144/422] 127.0.0.1 () {40 vars in 834 bytes} [Tue Jun 30 09:01:57 2026] GET /v2/images/bdd94b4a-7aa8-47be-af22-40d417c632ac => generated 650 bytes in 25 msecs (HTTP/1.1 200) 4 headers in 157 bytes (1 switches on core 0)
Jun 30 09:01:58.828185 np0000003959 devstack@g-api.service[99485]: DEBUG glance.api.middleware.version_negotiation [None req-0c025914-0cba-494a-a0d5-cf3a531812f8 tempest-VolumesActionsTest-1708929084 tempest-VolumesActionsTest-1708929084-project-member] Determining version of request: GET /v2/images/bdd94b4a-7aa8-47be-af22-40d417c632ac Accept: application/json {{(pid=99485) process_request /opt/stack/glance/glance/api/middleware/version_negotiation.py:44}}
Jun 30 09:01:58.828725 np0000003959 devstack@g-api.service[99485]: DEBUG glance.api.middleware.version_negotiation [None req-0c025914-0cba-494a-a0d5-cf3a531812f8 tempest-VolumesActionsTest-1708929084 tempest-VolumesActionsTest-1708929084-project-member] Using url versioning {{(pid=99485) process_request /opt/stack/glance/glance/api/middleware/version_negotiation.py:57}}
Jun 30 09:01:58.828725 np0000003959 devstack@g-api.service[99485]: DEBUG glance.api.middleware.version_negotiation [None req-0c025914-0cba-494a-a0d5-cf3a531812f8 tempest-VolumesActionsTest-1708929084 tempest-VolumesActionsTest-1708929084-project-member] Matched version: v2 {{(pid=99485) process_request /opt/stack/glance/glance/api/middleware/version_negotiation.py:69}}
Jun 30 09:01:58.828725 np0000003959 devstack@g-api.service[99485]: DEBUG glance.api.middleware.version_negotiation [None req-0c025914-0cba-494a-a0d5-cf3a531812f8 tempest-VolumesActionsTest-1708929084 tempest-VolumesActionsTest-1708929084-project-member] new path /v2/images/bdd94b4a-7aa8-47be-af22-40d417c632ac {{(pid=99485) process_request /opt/stack/glance/glance/api/middleware/version_negotiation.py:70}}
Jun 30 09:01:58.860383 np0000003959 devstack@g-api.service[99485]: [pid: 99485|app: 0|req: 140/423] 127.0.0.1 () {40 vars in 834 bytes} [Tue Jun 30 09:01:58 2026] GET /v2/images/bdd94b4a-7aa8-47be-af22-40d417c632ac => generated 650 bytes in 32 msecs (HTTP/1.1 200) 4 headers in 157 bytes (1 switches on core 0)
Jun 30 09:01:59.491577 np0000003959 devstack@g-api.service[99484]: DEBUG swiftclient [None req-0eeb5757-a30f-4698-b676-7009511b8c55 tempest-VolumesActionsTest-1708929084 tempest-VolumesActionsTest-1708929084-project-member] REQ: curl -i https://10.4.3.91:8080/v1/AUTH_abade595a5994f00a44dc683ba661b87/glance/bdd94b4a-7aa8-47be-af22-40d417c632ac-00001 -X PUT -H "X-Auth-Token: gAAAAABqQ4YF7s9Y..." {{(pid=99484) http_log /opt/stack/data/venv/lib/python3.12/site-packages/swiftclient/client.py:160}}
Jun 30 09:01:59.491577 np0000003959 devstack@g-api.service[99484]: DEBUG swiftclient [None req-0eeb5757-a30f-4698-b676-7009511b8c55 tempest-VolumesActionsTest-1708929084 tempest-VolumesActionsTest-1708929084-project-member] RESP STATUS: 201 Created {{(pid=99484) http_log /opt/stack/data/venv/lib/python3.12/site-packages/swiftclient/client.py:161}}
Jun 30 09:01:59.491577 np0000003959 devstack@g-api.service[99484]: DEBUG swiftclient [None req-0eeb5757-a30f-4698-b676-7009511b8c55 tempest-VolumesActionsTest-1708929084 tempest-VolumesActionsTest-1708929084-project-member] RESP HEADERS: {'Date': 'Tue, 30 Jun 2026 09:01:59 GMT', 'Server': 'Apache/2.4.58 (Ubuntu)', 'Content-Type': 'text/html; charset=UTF-8', 'Content-Length': '0', 'Etag': 'eda9a9889837ac4bc81d6387d92c1bec', 'Last-Modified': 'Tue, 30 Jun 2026 09:01:58 GMT', 'X-Trans-Id': 'tx91cedf578ba74a9bb7ddc-006a438605', 'X-Openstack-Request-Id': 'tx91cedf578ba74a9bb7ddc-006a438605', 'Connection': 'close'} {{(pid=99484) http_log /opt/stack/data/venv/lib/python3.12/site-packages/swiftclient/client.py:162}}
Jun 30 09:01:59.491577 np0000003959 devstack@g-api.service[99484]: DEBUG glance_store._drivers.swift.store [None req-0eeb5757-a30f-4698-b676-7009511b8c55 tempest-VolumesActionsTest-1708929084 tempest-VolumesActionsTest-1708929084-project-member] Wrote chunk bdd94b4a-7aa8-47be-af22-40d417c632ac-00001 (1/?) of length 204800000 to Swift returning MD5 of content: eda9a9889837ac4bc81d6387d92c1bec {{(pid=99484) add /opt/stack/data/venv/lib/python3.12/site-packages/glance_store/_drivers/swift/store.py:1059}}
Jun 30 09:01:59.871340 np0000003959 devstack@g-api.service[99483]: DEBUG glance.api.middleware.version_negotiation [None req-4fee94f4-f657-46ed-a46d-f026e9b737f8 tempest-VolumesActionsTest-1708929084 tempest-VolumesActionsTest-1708929084-project-member] Determining version of request: GET /v2/images/bdd94b4a-7aa8-47be-af22-40d417c632ac Accept: application/json {{(pid=99483) process_request /opt/stack/glance/glance/api/middleware/version_negotiation.py:44}}
Jun 30 09:01:59.871790 np0000003959 devstack@g-api.service[99483]: DEBUG glance.api.middleware.version_negotiation [None req-4fee94f4-f657-46ed-a46d-f026e9b737f8 tempest-VolumesActionsTest-1708929084 tempest-VolumesActionsTest-1708929084-project-member] Using url versioning {{(pid=99483) process_request /opt/stack/glance/glance/api/middleware/version_negotiation.py:57}}
Jun 30 09:01:59.871790 np0000003959 devstack@g-api.service[99483]: DEBUG glance.api.middleware.version_negotiation [None req-4fee94f4-f657-46ed-a46d-f026e9b737f8 tempest-VolumesActionsTest-1708929084 tempest-VolumesActionsTest-1708929084-project-member] Matched version: v2 {{(pid=99483) process_request /opt/stack/glance/glance/api/middleware/version_negotiation.py:69}}
Jun 30 09:01:59.871790 np0000003959 devstack@g-api.service[99483]: DEBUG glance.api.middleware.version_negotiation [None req-4fee94f4-f657-46ed-a46d-f026e9b737f8 tempest-VolumesActionsTest-1708929084 tempest-VolumesActionsTest-1708929084-project-member] new path /v2/images/bdd94b4a-7aa8-47be-af22-40d417c632ac {{(pid=99483) process_request /opt/stack/glance/glance/api/middleware/version_negotiation.py:70}}
Jun 30 09:01:59.885311 np0000003959 devstack@g-api.service[99483]: [pid: 99483|app: 0|req: 145/424] 127.0.0.1 () {40 vars in 834 bytes} [Tue Jun 30 09:01:59 2026] GET /v2/images/bdd94b4a-7aa8-47be-af22-40d417c632ac => generated 650 bytes in 14 msecs (HTTP/1.1 200) 4 headers in 157 bytes (1 switches on core 0)
Jun 30 09:02:00.897717 np0000003959 devstack@g-api.service[99485]: DEBUG glance.api.middleware.version_negotiation [None req-59bfdc1c-c6a3-4102-a8b5-ee174af3abf5 tempest-VolumesActionsTest-1708929084 tempest-VolumesActionsTest-1708929084-project-member] Determining version of request: GET /v2/images/bdd94b4a-7aa8-47be-af22-40d417c632ac Accept: application/json {{(pid=99485) process_request /opt/stack/glance/glance/api/middleware/version_negotiation.py:44}}
Jun 30 09:02:00.898121 np0000003959 devstack@g-api.service[99485]: DEBUG glance.api.middleware.version_negotiation [None req-59bfdc1c-c6a3-4102-a8b5-ee174af3abf5 tempest-VolumesActionsTest-1708929084 tempest-VolumesActionsTest-1708929084-project-member] Using url versioning {{(pid=99485) process_request /opt/stack/glance/glance/api/middleware/version_negotiation.py:57}}
Jun 30 09:02:00.898619 np0000003959 devstack@g-api.service[99485]: DEBUG glance.api.middleware.version_negotiation [None req-59bfdc1c-c6a3-4102-a8b5-ee174af3abf5 tempest-VolumesActionsTest-1708929084 tempest-VolumesActionsTest-1708929084-project-member] Matched version: v2 {{(pid=99485) process_request /opt/stack/glance/glance/api/middleware/version_negotiation.py:69}}
Jun 30 09:02:00.898805 np0000003959 devstack@g-api.service[99485]: DEBUG glance.api.middleware.version_negotiation [None req-59bfdc1c-c6a3-4102-a8b5-ee174af3abf5 tempest-VolumesActionsTest-1708929084 tempest-VolumesActionsTest-1708929084-project-member] new path /v2/images/bdd94b4a-7aa8-47be-af22-40d417c632ac {{(pid=99485) process_request /opt/stack/glance/glance/api/middleware/version_negotiation.py:70}}
Jun 30 09:02:00.920141 np0000003959 devstack@g-api.service[99485]: [pid: 99485|app: 0|req: 141/425] 127.0.0.1 () {40 vars in 834 bytes} [Tue Jun 30 09:02:00 2026] GET /v2/images/bdd94b4a-7aa8-47be-af22-40d417c632ac => generated 650 bytes in 23 msecs (HTTP/1.1 200) 4 headers in 157 bytes (1 switches on core 0)
Jun 30 09:02:01.631317 np0000003959 devstack@g-api.service[99484]: DEBUG swiftclient [None req-0eeb5757-a30f-4698-b676-7009511b8c55 tempest-VolumesActionsTest-1708929084 tempest-VolumesActionsTest-1708929084-project-member] REQ: curl -i https://10.4.3.91:8080/v1/AUTH_abade595a5994f00a44dc683ba661b87/glance/bdd94b4a-7aa8-47be-af22-40d417c632ac-00002 -X PUT -H "X-Auth-Token: gAAAAABqQ4YF7s9Y..." {{(pid=99484) http_log /opt/stack/data/venv/lib/python3.12/site-packages/swiftclient/client.py:160}}
Jun 30 09:02:01.631317 np0000003959 devstack@g-api.service[99484]: DEBUG swiftclient [None req-0eeb5757-a30f-4698-b676-7009511b8c55 tempest-VolumesActionsTest-1708929084 tempest-VolumesActionsTest-1708929084-project-member] RESP STATUS: 201 Created {{(pid=99484) http_log /opt/stack/data/venv/lib/python3.12/site-packages/swiftclient/client.py:161}}
Jun 30 09:02:01.631317 np0000003959 devstack@g-api.service[99484]: DEBUG swiftclient [None req-0eeb5757-a30f-4698-b676-7009511b8c55 tempest-VolumesActionsTest-1708929084 tempest-VolumesActionsTest-1708929084-project-member] RESP HEADERS: {'Date': 'Tue, 30 Jun 2026 09:02:01 GMT', 'Server': 'Apache/2.4.58 (Ubuntu)', 'Content-Type': 'text/html; charset=UTF-8', 'Content-Length': '0', 'Etag': 'eda9a9889837ac4bc81d6387d92c1bec', 'Last-Modified': 'Tue, 30 Jun 2026 09:02:00 GMT', 'X-Trans-Id': 'tx635992b220fb403591c6a-006a438607', 'X-Openstack-Request-Id': 'tx635992b220fb403591c6a-006a438607', 'Connection': 'close'} {{(pid=99484) http_log /opt/stack/data/venv/lib/python3.12/site-packages/swiftclient/client.py:162}}
Jun 30 09:02:01.632030 np0000003959 devstack@g-api.service[99484]: DEBUG glance_store._drivers.swift.store [None req-0eeb5757-a30f-4698-b676-7009511b8c55 tempest-VolumesActionsTest-1708929084 tempest-VolumesActionsTest-1708929084-project-member] Wrote chunk bdd94b4a-7aa8-47be-af22-40d417c632ac-00002 (2/?) of length 204800000 to Swift returning MD5 of content: eda9a9889837ac4bc81d6387d92c1bec {{(pid=99484) add /opt/stack/data/venv/lib/python3.12/site-packages/glance_store/_drivers/swift/store.py:1059}}
Jun 30 09:02:01.930325 np0000003959 devstack@g-api.service[99483]: DEBUG glance.api.middleware.version_negotiation [None req-9d0c9758-3d95-4d9d-a93d-8600fb1a170c tempest-VolumesActionsTest-1708929084 tempest-VolumesActionsTest-1708929084-project-member] Determining version of request: GET /v2/images/bdd94b4a-7aa8-47be-af22-40d417c632ac Accept: application/json {{(pid=99483) process_request /opt/stack/glance/glance/api/middleware/version_negotiation.py:44}}
Jun 30 09:02:01.930864 np0000003959 devstack@g-api.service[99483]: DEBUG glance.api.middleware.version_negotiation [None req-9d0c9758-3d95-4d9d-a93d-8600fb1a170c tempest-VolumesActionsTest-1708929084 tempest-VolumesActionsTest-1708929084-project-member] Using url versioning {{(pid=99483) process_request /opt/stack/glance/glance/api/middleware/version_negotiation.py:57}}
Jun 30 09:02:01.930864 np0000003959 devstack@g-api.service[99483]: DEBUG glance.api.middleware.version_negotiation [None req-9d0c9758-3d95-4d9d-a93d-8600fb1a170c tempest-VolumesActionsTest-1708929084 tempest-VolumesActionsTest-1708929084-project-member] Matched version: v2 {{(pid=99483) process_request /opt/stack/glance/glance/api/middleware/version_negotiation.py:69}}
Jun 30 09:02:01.930864 np0000003959 devstack@g-api.service[99483]: DEBUG glance.api.middleware.version_negotiation [None req-9d0c9758-3d95-4d9d-a93d-8600fb1a170c tempest-VolumesActionsTest-1708929084 tempest-VolumesActionsTest-1708929084-project-member] new path /v2/images/bdd94b4a-7aa8-47be-af22-40d417c632ac {{(pid=99483) process_request /opt/stack/glance/glance/api/middleware/version_negotiation.py:70}}
Jun 30 09:02:01.940034 np0000003959 devstack@g-api.service[99483]: [pid: 99483|app: 0|req: 146/426] 127.0.0.1 () {40 vars in 834 bytes} [Tue Jun 30 09:02:01 2026] GET /v2/images/bdd94b4a-7aa8-47be-af22-40d417c632ac => generated 650 bytes in 10 msecs (HTTP/1.1 200) 4 headers in 157 bytes (1 switches on core 0)
Jun 30 09:02:02.951425 np0000003959 devstack@g-api.service[99485]: DEBUG glance.api.middleware.version_negotiation [None req-a9980431-d40b-496a-a3df-a6dead4bbbb3 tempest-VolumesActionsTest-1708929084 tempest-VolumesActionsTest-1708929084-project-member] Determining version of request: GET /v2/images/bdd94b4a-7aa8-47be-af22-40d417c632ac Accept: application/json {{(pid=99485) process_request /opt/stack/glance/glance/api/middleware/version_negotiation.py:44}}
Jun 30 09:02:02.951885 np0000003959 devstack@g-api.service[99485]: DEBUG glance.api.middleware.version_negotiation [None req-a9980431-d40b-496a-a3df-a6dead4bbbb3 tempest-VolumesActionsTest-1708929084 tempest-VolumesActionsTest-1708929084-project-member] Using url versioning {{(pid=99485) process_request /opt/stack/glance/glance/api/middleware/version_negotiation.py:57}}
Jun 30 09:02:02.951885 np0000003959 devstack@g-api.service[99485]: DEBUG glance.api.middleware.version_negotiation [None req-a9980431-d40b-496a-a3df-a6dead4bbbb3 tempest-VolumesActionsTest-1708929084 tempest-VolumesActionsTest-1708929084-project-member] Matched version: v2 {{(pid=99485) process_request /opt/stack/glance/glance/api/middleware/version_negotiation.py:69}}
Jun 30 09:02:02.951885 np0000003959 devstack@g-api.service[99485]: DEBUG glance.api.middleware.version_negotiation [None req-a9980431-d40b-496a-a3df-a6dead4bbbb3 tempest-VolumesActionsTest-1708929084 tempest-VolumesActionsTest-1708929084-project-member] new path /v2/images/bdd94b4a-7aa8-47be-af22-40d417c632ac {{(pid=99485) process_request /opt/stack/glance/glance/api/middleware/version_negotiation.py:70}}
Jun 30 09:02:02.977609 np0000003959 devstack@g-api.service[99485]: [pid: 99485|app: 0|req: 142/427] 127.0.0.1 () {40 vars in 834 bytes} [Tue Jun 30 09:02:02 2026] GET /v2/images/bdd94b4a-7aa8-47be-af22-40d417c632ac => generated 650 bytes in 26 msecs (HTTP/1.1 200) 4 headers in 157 bytes (1 switches on core 0)
Jun 30 09:02:03.686987 np0000003959 devstack@g-api.service[99484]: DEBUG swiftclient [None req-0eeb5757-a30f-4698-b676-7009511b8c55 tempest-VolumesActionsTest-1708929084 tempest-VolumesActionsTest-1708929084-project-member] REQ: curl -i https://10.4.3.91:8080/v1/AUTH_abade595a5994f00a44dc683ba661b87/glance/bdd94b4a-7aa8-47be-af22-40d417c632ac-00003 -X PUT -H "X-Auth-Token: gAAAAABqQ4YF7s9Y..." {{(pid=99484) http_log /opt/stack/data/venv/lib/python3.12/site-packages/swiftclient/client.py:160}}
Jun 30 09:02:03.687323 np0000003959 devstack@g-api.service[99484]: DEBUG swiftclient [None req-0eeb5757-a30f-4698-b676-7009511b8c55 tempest-VolumesActionsTest-1708929084 tempest-VolumesActionsTest-1708929084-project-member] RESP STATUS: 201 Created {{(pid=99484) http_log /opt/stack/data/venv/lib/python3.12/site-packages/swiftclient/client.py:161}}
Jun 30 09:02:03.687323 np0000003959 devstack@g-api.service[99484]: DEBUG swiftclient [None req-0eeb5757-a30f-4698-b676-7009511b8c55 tempest-VolumesActionsTest-1708929084 tempest-VolumesActionsTest-1708929084-project-member] RESP HEADERS: {'Date': 'Tue, 30 Jun 2026 09:02:03 GMT', 'Server': 'Apache/2.4.58 (Ubuntu)', 'Content-Type': 'text/html; charset=UTF-8', 'Content-Length': '0', 'Etag': 'eda9a9889837ac4bc81d6387d92c1bec', 'Last-Modified': 'Tue, 30 Jun 2026 09:02:02 GMT', 'X-Trans-Id': 'tx0f0a336650964968b713d-006a438609', 'X-Openstack-Request-Id': 'tx0f0a336650964968b713d-006a438609', 'Connection': 'close'} {{(pid=99484) http_log /opt/stack/data/venv/lib/python3.12/site-packages/swiftclient/client.py:162}}
Jun 30 09:02:03.687456 np0000003959 devstack@g-api.service[99484]: DEBUG glance_store._drivers.swift.store [None req-0eeb5757-a30f-4698-b676-7009511b8c55 tempest-VolumesActionsTest-1708929084 tempest-VolumesActionsTest-1708929084-project-member] Wrote chunk bdd94b4a-7aa8-47be-af22-40d417c632ac-00003 (3/?) of length 204800000 to Swift returning MD5 of content: eda9a9889837ac4bc81d6387d92c1bec {{(pid=99484) add /opt/stack/data/venv/lib/python3.12/site-packages/glance_store/_drivers/swift/store.py:1059}}
Jun 30 09:02:03.994030 np0000003959 devstack@g-api.service[99483]: DEBUG glance.api.middleware.version_negotiation [None req-56260da4-64b1-4bf4-974f-b2efd95ae5fd tempest-VolumesActionsTest-1708929084 tempest-VolumesActionsTest-1708929084-project-member] Determining version of request: GET /v2/images/bdd94b4a-7aa8-47be-af22-40d417c632ac Accept: application/json {{(pid=99483) process_request /opt/stack/glance/glance/api/middleware/version_negotiation.py:44}}
Jun 30 09:02:03.994030 np0000003959 devstack@g-api.service[99483]: DEBUG glance.api.middleware.version_negotiation [None req-56260da4-64b1-4bf4-974f-b2efd95ae5fd tempest-VolumesActionsTest-1708929084 tempest-VolumesActionsTest-1708929084-project-member] Using url versioning {{(pid=99483) process_request /opt/stack/glance/glance/api/middleware/version_negotiation.py:57}}
Jun 30 09:02:03.994030 np0000003959 devstack@g-api.service[99483]: DEBUG glance.api.middleware.version_negotiation [None req-56260da4-64b1-4bf4-974f-b2efd95ae5fd tempest-VolumesActionsTest-1708929084 tempest-VolumesActionsTest-1708929084-project-member] Matched version: v2 {{(pid=99483) process_request /opt/stack/glance/glance/api/middleware/version_negotiation.py:69}}
Jun 30 09:02:03.994557 np0000003959 devstack@g-api.service[99483]: DEBUG glance.api.middleware.version_negotiation [None req-56260da4-64b1-4bf4-974f-b2efd95ae5fd tempest-VolumesActionsTest-1708929084 tempest-VolumesActionsTest-1708929084-project-member] new path /v2/images/bdd94b4a-7aa8-47be-af22-40d417c632ac {{(pid=99483) process_request /opt/stack/glance/glance/api/middleware/version_negotiation.py:70}}
Jun 30 09:02:04.019918 np0000003959 devstack@g-api.service[99483]: [pid: 99483|app: 0|req: 147/428] 127.0.0.1 () {40 vars in 834 bytes} [Tue Jun 30 09:02:03 2026] GET /v2/images/bdd94b4a-7aa8-47be-af22-40d417c632ac => generated 650 bytes in 25 msecs (HTTP/1.1 200) 4 headers in 157 bytes (1 switches on core 0)
Jun 30 09:02:05.030405 np0000003959 devstack@g-api.service[99485]: DEBUG glance.api.middleware.version_negotiation [None req-73151b6a-5f8e-4521-a9fc-a02b24de2bb6 tempest-VolumesActionsTest-1708929084 tempest-VolumesActionsTest-1708929084-project-member] Determining version of request: GET /v2/images/bdd94b4a-7aa8-47be-af22-40d417c632ac Accept: application/json {{(pid=99485) process_request /opt/stack/glance/glance/api/middleware/version_negotiation.py:44}}
Jun 30 09:02:05.030800 np0000003959 devstack@g-api.service[99485]: DEBUG glance.api.middleware.version_negotiation [None req-73151b6a-5f8e-4521-a9fc-a02b24de2bb6 tempest-VolumesActionsTest-1708929084 tempest-VolumesActionsTest-1708929084-project-member] Using url versioning {{(pid=99485) process_request /opt/stack/glance/glance/api/middleware/version_negotiation.py:57}}
Jun 30 09:02:05.030800 np0000003959 devstack@g-api.service[99485]: DEBUG glance.api.middleware.version_negotiation [None req-73151b6a-5f8e-4521-a9fc-a02b24de2bb6 tempest-VolumesActionsTest-1708929084 tempest-VolumesActionsTest-1708929084-project-member] Matched version: v2 {{(pid=99485) process_request /opt/stack/glance/glance/api/middleware/version_negotiation.py:69}}
Jun 30 09:02:05.030800 np0000003959 devstack@g-api.service[99485]: DEBUG glance.api.middleware.version_negotiation [None req-73151b6a-5f8e-4521-a9fc-a02b24de2bb6 tempest-VolumesActionsTest-1708929084 tempest-VolumesActionsTest-1708929084-project-member] new path /v2/images/bdd94b4a-7aa8-47be-af22-40d417c632ac {{(pid=99485) process_request /opt/stack/glance/glance/api/middleware/version_negotiation.py:70}}
Jun 30 09:02:05.045641 np0000003959 devstack@g-api.service[99485]: [pid: 99485|app: 0|req: 143/429] 127.0.0.1 () {40 vars in 834 bytes} [Tue Jun 30 09:02:05 2026] GET /v2/images/bdd94b4a-7aa8-47be-af22-40d417c632ac => generated 650 bytes in 15 msecs (HTTP/1.1 200) 4 headers in 157 bytes (1 switches on core 0)
Jun 30 09:02:05.852369 np0000003959 devstack@g-api.service[99484]: DEBUG swiftclient [None req-0eeb5757-a30f-4698-b676-7009511b8c55 tempest-VolumesActionsTest-1708929084 tempest-VolumesActionsTest-1708929084-project-member] REQ: curl -i https://10.4.3.91:8080/v1/AUTH_abade595a5994f00a44dc683ba661b87/glance/bdd94b4a-7aa8-47be-af22-40d417c632ac-00004 -X PUT -H "X-Auth-Token: gAAAAABqQ4YF7s9Y..." {{(pid=99484) http_log /opt/stack/data/venv/lib/python3.12/site-packages/swiftclient/client.py:160}}
Jun 30 09:02:05.852369 np0000003959 devstack@g-api.service[99484]: DEBUG swiftclient [None req-0eeb5757-a30f-4698-b676-7009511b8c55 tempest-VolumesActionsTest-1708929084 tempest-VolumesActionsTest-1708929084-project-member] RESP STATUS: 201 Created {{(pid=99484) http_log /opt/stack/data/venv/lib/python3.12/site-packages/swiftclient/client.py:161}}
