Jun 30 08:53:10.318419 np0000003959 nova-scheduler[93218]: DEBUG cotyledon.oslo_config_glue [-] oslo_limit.auth_section = None {{(pid=93218) log_opt_values /opt/stack/data/venv/lib/python3.12/site-packages/oslo_config/cfg.py:3253}}
Jun 30 08:53:10.318419 np0000003959 nova-scheduler[93218]: DEBUG cotyledon.oslo_config_glue [-] oslo_limit.auth_type = None {{(pid=93218) log_opt_values /opt/stack/data/venv/lib/python3.12/site-packages/oslo_config/cfg.py:3253}}
Jun 30 08:53:10.318419 np0000003959 nova-scheduler[93218]: DEBUG cotyledon.oslo_config_glue [-] oslo_limit.cafile = None {{(pid=93218) log_opt_values /opt/stack/data/venv/lib/python3.12/site-packages/oslo_config/cfg.py:3253}}
Jun 30 08:53:10.318476 np0000003959 nova-scheduler[93218]: DEBUG cotyledon.oslo_config_glue [-] oslo_limit.certfile = None {{(pid=93218) log_opt_values /opt/stack/data/venv/lib/python3.12/site-packages/oslo_config/cfg.py:3253}}
Jun 30 08:53:10.318498 np0000003959 nova-scheduler[93218]: DEBUG cotyledon.oslo_config_glue [-] oslo_limit.collect_timing = False {{(pid=93218) log_opt_values /opt/stack/data/venv/lib/python3.12/site-packages/oslo_config/cfg.py:3253}}
Jun 30 08:53:10.319358 np0000003959 nova-scheduler[93218]: DEBUG cotyledon.oslo_config_glue [-] oslo_limit.connect_retries = None {{(pid=93218) log_opt_values /opt/stack/data/venv/lib/python3.12/site-packages/oslo_config/cfg.py:3253}}
Jun 30 08:53:10.319358 np0000003959 nova-scheduler[93218]: DEBUG cotyledon.oslo_config_glue [-] oslo_limit.connect_retry_delay = None {{(pid=93218) log_opt_values /opt/stack/data/venv/lib/python3.12/site-packages/oslo_config/cfg.py:3253}}
Jun 30 08:53:10.319358 np0000003959 nova-scheduler[93218]: DEBUG cotyledon.oslo_config_glue [-] oslo_limit.endpoint_id = None {{(pid=93218) log_opt_values /opt/stack/data/venv/lib/python3.12/site-packages/oslo_config/cfg.py:3253}}
Jun 30 08:53:10.319358 np0000003959 nova-scheduler[93218]: DEBUG cotyledon.oslo_config_glue [-] oslo_limit.endpoint_interface = public {{(pid=93218) log_opt_values /opt/stack/data/venv/lib/python3.12/site-packages/oslo_config/cfg.py:3253}}
Jun 30 08:53:10.319358 np0000003959 nova-scheduler[93218]: DEBUG cotyledon.oslo_config_glue [-] oslo_limit.endpoint_override = None {{(pid=93218) log_opt_values /opt/stack/data/venv/lib/python3.12/site-packages/oslo_config/cfg.py:3253}}
Jun 30 08:53:10.319358 np0000003959 nova-scheduler[93218]: DEBUG cotyledon.oslo_config_glue [-] oslo_limit.endpoint_region_name = None {{(pid=93218) log_opt_values /opt/stack/data/venv/lib/python3.12/site-packages/oslo_config/cfg.py:3253}}
Jun 30 08:53:10.319358 np0000003959 nova-scheduler[93218]: DEBUG cotyledon.oslo_config_glue [-] oslo_limit.endpoint_service_name = None {{(pid=93218) log_opt_values /opt/stack/data/venv/lib/python3.12/site-packages/oslo_config/cfg.py:3253}}
Jun 30 08:53:10.319358 np0000003959 nova-scheduler[93218]: DEBUG cotyledon.oslo_config_glue [-] oslo_limit.endpoint_service_type = None {{(pid=93218) log_opt_values /opt/stack/data/venv/lib/python3.12/site-packages/oslo_config/cfg.py:3253}}
Jun 30 08:53:10.319358 np0000003959 nova-scheduler[93218]: DEBUG cotyledon.oslo_config_glue [-] oslo_limit.insecure = False {{(pid=93218) log_opt_values /opt/stack/data/venv/lib/python3.12/site-packages/oslo_config/cfg.py:3253}}
Jun 30 08:53:10.319596 np0000003959 nova-scheduler[93218]: DEBUG cotyledon.oslo_config_glue [-] oslo_limit.keyfile = None {{(pid=93218) log_opt_values /opt/stack/data/venv/lib/python3.12/site-packages/oslo_config/cfg.py:3253}}
Jun 30 08:53:10.319596 np0000003959 nova-scheduler[93218]: DEBUG cotyledon.oslo_config_glue [-] oslo_limit.max_version = None {{(pid=93218) log_opt_values /opt/stack/data/venv/lib/python3.12/site-packages/oslo_config/cfg.py:3253}}
Jun 30 08:53:10.319596 np0000003959 nova-scheduler[93218]: DEBUG cotyledon.oslo_config_glue [-] oslo_limit.min_version = None {{(pid=93218) log_opt_values /opt/stack/data/venv/lib/python3.12/site-packages/oslo_config/cfg.py:3253}}
Jun 30 08:53:10.319596 np0000003959 nova-scheduler[93218]: DEBUG cotyledon.oslo_config_glue [-] oslo_limit.region_name = None {{(pid=93218) log_opt_values /opt/stack/data/venv/lib/python3.12/site-packages/oslo_config/cfg.py:3253}}
Jun 30 08:53:10.319596 np0000003959 nova-scheduler[93218]: DEBUG cotyledon.oslo_config_glue [-] oslo_limit.retriable_status_codes = None {{(pid=93218) log_opt_values /opt/stack/data/venv/lib/python3.12/site-packages/oslo_config/cfg.py:3253}}
Jun 30 08:53:10.319596 np0000003959 nova-scheduler[93218]: DEBUG cotyledon.oslo_config_glue [-] oslo_limit.service_name = None {{(pid=93218) log_opt_values /opt/stack/data/venv/lib/python3.12/site-packages/oslo_config/cfg.py:3253}}
Jun 30 08:53:10.319596 np0000003959 nova-scheduler[93218]: DEBUG cotyledon.oslo_config_glue [-] oslo_limit.service_type = None {{(pid=93218) log_opt_values /opt/stack/data/venv/lib/python3.12/site-packages/oslo_config/cfg.py:3253}}
Jun 30 08:53:10.319596 np0000003959 nova-scheduler[93218]: DEBUG cotyledon.oslo_config_glue [-] oslo_limit.split_loggers = False {{(pid=93218) log_opt_values /opt/stack/data/venv/lib/python3.12/site-packages/oslo_config/cfg.py:3253}}
Jun 30 08:53:10.319596 np0000003959 nova-scheduler[93218]: DEBUG cotyledon.oslo_config_glue [-] oslo_limit.status_code_retries = None {{(pid=93218) log_opt_values /opt/stack/data/venv/lib/python3.12/site-packages/oslo_config/cfg.py:3253}}
Jun 30 08:53:10.319780 np0000003959 nova-scheduler[93218]: DEBUG cotyledon.oslo_config_glue [-] oslo_limit.status_code_retry_delay = None {{(pid=93218) log_opt_values /opt/stack/data/venv/lib/python3.12/site-packages/oslo_config/cfg.py:3253}}
Jun 30 08:53:10.319780 np0000003959 nova-scheduler[93218]: DEBUG cotyledon.oslo_config_glue [-] oslo_limit.timeout = None {{(pid=93218) log_opt_values /opt/stack/data/venv/lib/python3.12/site-packages/oslo_config/cfg.py:3253}}
Jun 30 08:53:10.319780 np0000003959 nova-scheduler[93218]: DEBUG cotyledon.oslo_config_glue [-] oslo_limit.valid_interfaces = None {{(pid=93218) log_opt_values /opt/stack/data/venv/lib/python3.12/site-packages/oslo_config/cfg.py:3253}}
Jun 30 08:53:10.319780 np0000003959 nova-scheduler[93218]: DEBUG cotyledon.oslo_config_glue [-] oslo_limit.version = None {{(pid=93218) log_opt_values /opt/stack/data/venv/lib/python3.12/site-packages/oslo_config/cfg.py:3253}}
Jun 30 08:53:10.319872 np0000003959 nova-scheduler[93218]: DEBUG cotyledon.oslo_config_glue [-] oslo_reports.file_event_handler = None {{(pid=93218) log_opt_values /opt/stack/data/venv/lib/python3.12/site-packages/oslo_config/cfg.py:3253}}
Jun 30 08:53:10.319968 np0000003959 nova-scheduler[93218]: DEBUG cotyledon.oslo_config_glue [-] oslo_reports.file_event_handler_interval = 1 {{(pid=93218) log_opt_values /opt/stack/data/venv/lib/python3.12/site-packages/oslo_config/cfg.py:3253}}
Jun 30 08:53:10.319999 np0000003959 nova-scheduler[93218]: DEBUG cotyledon.oslo_config_glue [-] oslo_reports.log_dir = None {{(pid=93218) log_opt_values /opt/stack/data/venv/lib/python3.12/site-packages/oslo_config/cfg.py:3253}}
Jun 30 08:53:10.320056 np0000003959 nova-scheduler[93218]: DEBUG cotyledon.oslo_config_glue [-] ******************************************************************************** {{(pid=93218) log_opt_values /opt/stack/data/venv/lib/python3.12/site-packages/oslo_config/cfg.py:3260}}
Jun 30 08:53:10.320265 np0000003959 nova-scheduler[93218]: DEBUG cotyledon._service_worker [-] Run service ServiceWrapper(2) [93218] {{(pid=93218) wait_forever /opt/stack/data/venv/lib/python3.12/site-packages/cotyledon/_service_worker.py:218}}
Jun 30 08:53:10.321571 np0000003959 nova-scheduler[93218]: INFO nova.service [-] Starting scheduler node (version 33.1.0)
Jun 30 08:53:10.325811 np0000003959 nova-scheduler[93218]: INFO dbcounter [None req-ecee5918-8ba5-4585-8d00-4dc5cf62ca56 None None] Registered counter for database nova_cell0
Jun 30 08:53:10.335169 np0000003959 nova-scheduler[93216]: DEBUG oslo_db.sqlalchemy.engines [None req-d33648c2-6f65-4ada-95cf-803aea542770 None None] MySQL server mode set to STRICT_TRANS_TABLES,STRICT_ALL_TABLES,NO_ZERO_IN_DATE,NO_ZERO_DATE,ERROR_FOR_DIVISION_BY_ZERO,TRADITIONAL,NO_ENGINE_SUBSTITUTION {{(pid=93216) _check_effective_sql_mode /opt/stack/data/venv/lib/python3.12/site-packages/oslo_db/sqlalchemy/engines.py:325}}
Jun 30 08:53:10.345702 np0000003959 nova-scheduler[93216]: DEBUG dbcounter [-] [93216] Writer thread running {{(pid=93216) stat_writer /opt/stack/data/venv/lib/python3.12/site-packages/dbcounter.py:102}}
Jun 30 08:53:10.350086 np0000003959 nova-scheduler[93214]: DEBUG oslo_db.sqlalchemy.engines [None req-ebd1bca5-8f87-4523-adef-d30dd1db6416 None None] MySQL server mode set to STRICT_TRANS_TABLES,STRICT_ALL_TABLES,NO_ZERO_IN_DATE,NO_ZERO_DATE,ERROR_FOR_DIVISION_BY_ZERO,TRADITIONAL,NO_ENGINE_SUBSTITUTION {{(pid=93214) _check_effective_sql_mode /opt/stack/data/venv/lib/python3.12/site-packages/oslo_db/sqlalchemy/engines.py:325}}
Jun 30 08:53:10.360019 np0000003959 nova-scheduler[93214]: DEBUG dbcounter [-] [93214] Writer thread running {{(pid=93214) stat_writer /opt/stack/data/venv/lib/python3.12/site-packages/dbcounter.py:102}}
Jun 30 08:53:10.365021 np0000003959 nova-scheduler[93218]: DEBUG oslo_db.sqlalchemy.engines [None req-ecee5918-8ba5-4585-8d00-4dc5cf62ca56 None None] MySQL server mode set to STRICT_TRANS_TABLES,STRICT_ALL_TABLES,NO_ZERO_IN_DATE,NO_ZERO_DATE,ERROR_FOR_DIVISION_BY_ZERO,TRADITIONAL,NO_ENGINE_SUBSTITUTION {{(pid=93218) _check_effective_sql_mode /opt/stack/data/venv/lib/python3.12/site-packages/oslo_db/sqlalchemy/engines.py:325}}
Jun 30 08:53:10.365762 np0000003959 nova-scheduler[93216]: DEBUG nova.service [None req-d33648c2-6f65-4ada-95cf-803aea542770 None None] Creating RPC server for service: nova-scheduler on topic: scheduler {{(pid=93216) start /opt/stack/nova/nova/service.py:196}}
Jun 30 08:53:10.374727 np0000003959 nova-scheduler[93218]: DEBUG dbcounter [-] [93218] Writer thread running {{(pid=93218) stat_writer /opt/stack/data/venv/lib/python3.12/site-packages/dbcounter.py:102}}
Jun 30 08:53:10.377258 np0000003959 nova-scheduler[93218]: DEBUG nova.service [None req-ecee5918-8ba5-4585-8d00-4dc5cf62ca56 None None] Creating RPC server for service: nova-scheduler on topic: scheduler {{(pid=93218) start /opt/stack/nova/nova/service.py:196}}
Jun 30 08:53:10.377858 np0000003959 nova-scheduler[93214]: DEBUG nova.service [None req-ebd1bca5-8f87-4523-adef-d30dd1db6416 None None] Creating RPC server for service: nova-scheduler on topic: scheduler {{(pid=93214) start /opt/stack/nova/nova/service.py:196}}
Jun 30 08:53:10.399096 np0000003959 nova-scheduler[93214]: DEBUG nova.service [None req-ebd1bca5-8f87-4523-adef-d30dd1db6416 None None] Join ServiceGroup membership for this service scheduler {{(pid=93214) start /opt/stack/nova/nova/service.py:222}}
Jun 30 08:53:10.399818 np0000003959 nova-scheduler[93214]: DEBUG nova.servicegroup.drivers.db [None req-ebd1bca5-8f87-4523-adef-d30dd1db6416 None None] DB_Driver: join new ServiceGroup member np0000003959 to the scheduler group, service = {{(pid=93214) join /opt/stack/nova/nova/servicegroup/drivers/db.py:44}}
Jun 30 08:53:10.399917 np0000003959 nova-scheduler[93218]: DEBUG nova.service [None req-ecee5918-8ba5-4585-8d00-4dc5cf62ca56 None None] Join ServiceGroup membership for this service scheduler {{(pid=93218) start /opt/stack/nova/nova/service.py:222}}
Jun 30 08:53:10.399962 np0000003959 nova-scheduler[93218]: DEBUG nova.servicegroup.drivers.db [None req-ecee5918-8ba5-4585-8d00-4dc5cf62ca56 None None] DB_Driver: join new ServiceGroup member np0000003959 to the scheduler group, service = {{(pid=93218) join /opt/stack/nova/nova/servicegroup/drivers/db.py:44}}
Jun 30 08:53:10.400252 np0000003959 nova-scheduler[93216]: DEBUG nova.service [None req-d33648c2-6f65-4ada-95cf-803aea542770 None None] Join ServiceGroup membership for this service scheduler {{(pid=93216) start /opt/stack/nova/nova/service.py:222}}
Jun 30 08:53:10.400489 np0000003959 nova-scheduler[93216]: DEBUG nova.servicegroup.drivers.db [None req-d33648c2-6f65-4ada-95cf-803aea542770 None None] DB_Driver: join new ServiceGroup member np0000003959 to the scheduler group, service = {{(pid=93216) join /opt/stack/nova/nova/servicegroup/drivers/db.py:44}}
Jun 30 08:53:15.412673 np0000003959 nova-scheduler[93214]: DEBUG oslo.service.backend._threading.loopingcall [-] Fixed interval looping call 'nova.servicegroup.drivers.db.DbDriver._report_state' sleeping for 119.99 seconds {{(pid=93214) _run_loop /opt/stack/data/venv/lib/python3.12/site-packages/oslo_service/backend/_threading/loopingcall.py:125}}
Jun 30 08:53:15.413842 np0000003959 nova-scheduler[93216]: DEBUG oslo.service.backend._threading.loopingcall [-] Fixed interval looping call 'nova.servicegroup.drivers.db.DbDriver._report_state' sleeping for 119.99 seconds {{(pid=93216) _run_loop /opt/stack/data/venv/lib/python3.12/site-packages/oslo_service/backend/_threading/loopingcall.py:125}}
Jun 30 08:53:15.414199 np0000003959 nova-scheduler[93218]: DEBUG oslo.service.backend._threading.loopingcall [-] Fixed interval looping call 'nova.servicegroup.drivers.db.DbDriver._report_state' sleeping for 119.99 seconds {{(pid=93218) _run_loop /opt/stack/data/venv/lib/python3.12/site-packages/oslo_service/backend/_threading/loopingcall.py:125}}
Jun 30 08:53:18.965290 np0000003959 nova-scheduler[92019]: DEBUG dbcounter [-] [92019] Writing DB stats nova_api:SELECT=3 {{(pid=92019) stat_writer /opt/stack/data/venv/lib/python3.12/site-packages/dbcounter.py:115}}
Jun 30 08:53:19.087083 np0000003959 nova-scheduler[92019]: DEBUG dbcounter [-] [92019] Writing DB stats nova_cell0:SELECT=1 {{(pid=92019) stat_writer /opt/stack/data/venv/lib/python3.12/site-packages/dbcounter.py:115}}
Jun 30 08:53:19.092362 np0000003959 nova-scheduler[92019]: DEBUG dbcounter [-] [92019] Writing DB stats nova_cell1:SELECT=1 {{(pid=92019) stat_writer /opt/stack/data/venv/lib/python3.12/site-packages/dbcounter.py:115}}
Jun 30 08:53:19.402597 np0000003959 nova-scheduler[93218]: DEBUG oslo.service.backend._threading.loopingcall [None req-46bc04c0-113d-4af6-8469-0cd704a97d5e None None] Dynamic interval looping call 'nova.service.Service.periodic_tasks' sleeping for 60.00 seconds {{(pid=93218) _run_loop /opt/stack/data/venv/lib/python3.12/site-packages/oslo_service/backend/_threading/loopingcall.py:125}}
Jun 30 08:53:25.407906 np0000003959 nova-scheduler[93214]: DEBUG dbcounter [-] [93214] Writing DB stats nova_cell0:SELECT=4,nova_cell0:INSERT=1,nova_cell0:UPDATE=1 {{(pid=93214) stat_writer /opt/stack/data/venv/lib/python3.12/site-packages/dbcounter.py:115}}
Jun 30 08:53:25.410152 np0000003959 nova-scheduler[93216]: DEBUG dbcounter [-] [93216] Writing DB stats nova_cell0:SELECT=4,nova_cell0:INSERT=1,nova_cell0:UPDATE=1 {{(pid=93216) stat_writer /opt/stack/data/venv/lib/python3.12/site-packages/dbcounter.py:115}}
Jun 30 08:53:25.413019 np0000003959 nova-scheduler[93218]: DEBUG dbcounter [-] [93218] Writing DB stats nova_cell0:SELECT=3,nova_cell0:UPDATE=1 {{(pid=93218) stat_writer /opt/stack/data/venv/lib/python3.12/site-packages/dbcounter.py:115}}
Jun 30 08:53:46.402729 np0000003959 nova-scheduler[93214]: DEBUG oslo.service.backend._threading.loopingcall [None req-e4a23dbe-5ffc-4833-8add-54dc49159efe None None] Dynamic interval looping call 'nova.service.Service.periodic_tasks' sleeping for 60.00 seconds {{(pid=93214) _run_loop /opt/stack/data/venv/lib/python3.12/site-packages/oslo_service/backend/_threading/loopingcall.py:125}}
Jun 30 08:53:59.402483 np0000003959 nova-scheduler[93216]: DEBUG oslo.service.backend._threading.loopingcall [None req-b67d21e9-cb60-46e7-8620-d08873901079 None None] Dynamic interval looping call 'nova.service.Service.periodic_tasks' sleeping for 60.00 seconds {{(pid=93216) _run_loop /opt/stack/data/venv/lib/python3.12/site-packages/oslo_service/backend/_threading/loopingcall.py:125}}
Jun 30 08:54:19.403180 np0000003959 nova-scheduler[93218]: DEBUG oslo.service.backend._threading.loopingcall [None req-46bc04c0-113d-4af6-8469-0cd704a97d5e None None] Dynamic interval looping call 'nova.service.Service.periodic_tasks' sleeping for 60.00 seconds {{(pid=93218) _run_loop /opt/stack/data/venv/lib/python3.12/site-packages/oslo_service/backend/_threading/loopingcall.py:125}}
Jun 30 08:54:46.403180 np0000003959 nova-scheduler[93214]: DEBUG oslo.service.backend._threading.loopingcall [None req-e4a23dbe-5ffc-4833-8add-54dc49159efe None None] Dynamic interval looping call 'nova.service.Service.periodic_tasks' sleeping for 60.00 seconds {{(pid=93214) _run_loop /opt/stack/data/venv/lib/python3.12/site-packages/oslo_service/backend/_threading/loopingcall.py:125}}
Jun 30 08:54:59.402867 np0000003959 nova-scheduler[93216]: DEBUG oslo.service.backend._threading.loopingcall [None req-b67d21e9-cb60-46e7-8620-d08873901079 None None] Dynamic interval looping call 'nova.service.Service.periodic_tasks' sleeping for 60.00 seconds {{(pid=93216) _run_loop /opt/stack/data/venv/lib/python3.12/site-packages/oslo_service/backend/_threading/loopingcall.py:125}}
Jun 30 08:55:15.410293 np0000003959 nova-scheduler[93214]: DEBUG oslo.service.backend._threading.loopingcall [-] Fixed interval looping call 'nova.servicegroup.drivers.db.DbDriver._report_state' sleeping for 119.99 seconds {{(pid=93214) _run_loop /opt/stack/data/venv/lib/python3.12/site-packages/oslo_service/backend/_threading/loopingcall.py:125}}
Jun 30 08:55:15.411005 np0000003959 nova-scheduler[93216]: DEBUG oslo.service.backend._threading.loopingcall [-] Fixed interval looping call 'nova.servicegroup.drivers.db.DbDriver._report_state' sleeping for 119.99 seconds {{(pid=93216) _run_loop /opt/stack/data/venv/lib/python3.12/site-packages/oslo_service/backend/_threading/loopingcall.py:125}}
Jun 30 08:55:15.411763 np0000003959 nova-scheduler[93218]: DEBUG oslo.service.backend._threading.loopingcall [-] Fixed interval looping call 'nova.servicegroup.drivers.db.DbDriver._report_state' sleeping for 119.99 seconds {{(pid=93218) _run_loop /opt/stack/data/venv/lib/python3.12/site-packages/oslo_service/backend/_threading/loopingcall.py:125}}
Jun 30 08:55:19.403731 np0000003959 nova-scheduler[93218]: DEBUG oslo.service.backend._threading.loopingcall [None req-46bc04c0-113d-4af6-8469-0cd704a97d5e None None] Dynamic interval looping call 'nova.service.Service.periodic_tasks' sleeping for 60.00 seconds {{(pid=93218) _run_loop /opt/stack/data/venv/lib/python3.12/site-packages/oslo_service/backend/_threading/loopingcall.py:125}}
Jun 30 08:55:25.407458 np0000003959 nova-scheduler[93216]: DEBUG dbcounter [-] [93216] Writing DB stats nova_cell0:SELECT=1,nova_cell0:UPDATE=1 {{(pid=93216) stat_writer /opt/stack/data/venv/lib/python3.12/site-packages/dbcounter.py:115}}
Jun 30 08:55:25.409785 np0000003959 nova-scheduler[93218]: DEBUG dbcounter [-] [93218] Writing DB stats nova_cell0:SELECT=1,nova_cell0:UPDATE=1 {{(pid=93218) stat_writer /opt/stack/data/venv/lib/python3.12/site-packages/dbcounter.py:115}}
Jun 30 08:55:25.410641 np0000003959 nova-scheduler[93214]: DEBUG dbcounter [-] [93214] Writing DB stats nova_cell0:SELECT=1,nova_cell0:UPDATE=1 {{(pid=93214) stat_writer /opt/stack/data/venv/lib/python3.12/site-packages/dbcounter.py:115}}
Jun 30 08:55:36.764878 np0000003959 nova-scheduler[93214]: DEBUG nova.scheduler.manager [None req-3839d311-249f-4892-b734-431ca6db4b13 tempest-ServerRescueNegativeTestJSON-695914358 tempest-ServerRescueNegativeTestJSON-695914358-project-member] Starting to schedule for instances: ['d83ee48b-b4ad-48b5-bdd2-8e0b06c00aa6'] {{(pid=93214) select_destinations /opt/stack/nova/nova/scheduler/manager.py:209}}
Jun 30 08:55:36.765832 np0000003959 nova-scheduler[93214]: DEBUG nova.scheduler.request_filter [None req-3839d311-249f-4892-b734-431ca6db4b13 tempest-ServerRescueNegativeTestJSON-695914358 tempest-ServerRescueNegativeTestJSON-695914358-project-member] compute_status_filter request filter added forbidden trait COMPUTE_STATUS_DISABLED {{(pid=93214) compute_status_filter /opt/stack/nova/nova/scheduler/request_filter.py:253}}
Jun 30 08:55:36.765984 np0000003959 nova-scheduler[93214]: DEBUG nova.scheduler.request_filter [None req-3839d311-249f-4892-b734-431ca6db4b13 tempest-ServerRescueNegativeTestJSON-695914358 tempest-ServerRescueNegativeTestJSON-695914358-project-member] Request filter 'compute_status_filter' took 0.0 seconds {{(pid=93214) wrapper /opt/stack/nova/nova/scheduler/request_filter.py:46}}
Jun 30 08:55:36.766282 np0000003959 nova-scheduler[93214]: DEBUG nova.scheduler.request_filter [None req-3839d311-249f-4892-b734-431ca6db4b13 tempest-ServerRescueNegativeTestJSON-695914358 tempest-ServerRescueNegativeTestJSON-695914358-project-member] Request filter 'accelerators_filter' took 0.0 seconds {{(pid=93214) wrapper /opt/stack/nova/nova/scheduler/request_filter.py:46}}
Jun 30 08:55:36.766904 np0000003959 nova-scheduler[93214]: DEBUG nova.scheduler.request_filter [None req-3839d311-249f-4892-b734-431ca6db4b13 tempest-ServerRescueNegativeTestJSON-695914358 tempest-ServerRescueNegativeTestJSON-695914358-project-member] Request filter 'packed_virtqueue_filter' took 0.0 seconds {{(pid=93214) wrapper /opt/stack/nova/nova/scheduler/request_filter.py:46}}
Jun 30 08:55:36.767462 np0000003959 nova-scheduler[93214]: DEBUG nova.scheduler.request_filter [None req-3839d311-249f-4892-b734-431ca6db4b13 tempest-ServerRescueNegativeTestJSON-695914358 tempest-ServerRescueNegativeTestJSON-695914358-project-member] Request filter 'remote_managed_ports_filter' took 0.0 seconds {{(pid=93214) wrapper /opt/stack/nova/nova/scheduler/request_filter.py:46}}
Jun 30 08:55:36.767462 np0000003959 nova-scheduler[93214]: DEBUG nova.scheduler.request_filter [None req-3839d311-249f-4892-b734-431ca6db4b13 tempest-ServerRescueNegativeTestJSON-695914358 tempest-ServerRescueNegativeTestJSON-695914358-project-member] ephemeral_encryption_filter skipped {{(pid=93214) ephemeral_encryption_filter /opt/stack/nova/nova/scheduler/request_filter.py:426}}
Jun 30 08:55:36.767909 np0000003959 nova-scheduler[93214]: DEBUG nova.scheduler.request_filter [None req-3839d311-249f-4892-b734-431ca6db4b13 tempest-ServerRescueNegativeTestJSON-695914358 tempest-ServerRescueNegativeTestJSON-695914358-project-member] virtio_sound_filter skipped {{(pid=93214) virtio_sound_filter /opt/stack/nova/nova/scheduler/request_filter.py:460}}
Jun 30 08:55:36.767909 np0000003959 nova-scheduler[93214]: DEBUG nova.scheduler.request_filter [None req-3839d311-249f-4892-b734-431ca6db4b13 tempest-ServerRescueNegativeTestJSON-695914358 tempest-ServerRescueNegativeTestJSON-695914358-project-member] tpm_secret_security_filter skipped {{(pid=93214) tpm_secret_security_filter /opt/stack/nova/nova/scheduler/request_filter.py:477}}
Jun 30 08:55:37.235822 np0000003959 nova-scheduler[93214]: INFO nova.utils [None req-3839d311-249f-4892-b734-431ca6db4b13 tempest-ServerRescueNegativeTestJSON-695914358 tempest-ServerRescueNegativeTestJSON-695914358-project-member] The cell worker thread pool ForkProcess-1.cell_worker is initialized
Jun 30 08:55:37.236308 np0000003959 nova-scheduler[93214]: DEBUG oslo_concurrency.lockutils [None req-3839d311-249f-4892-b734-431ca6db4b13 tempest-ServerRescueNegativeTestJSON-695914358 tempest-ServerRescueNegativeTestJSON-695914358-project-member] Acquiring lock "ca683783-ef9a-4fbc-b896-21e766f83c77" by "nova.context.set_target_cell..get_or_set_cached_cell_and_set_connections" {{(pid=93214) inner /opt/stack/data/venv/lib/python3.12/site-packages/oslo_concurrency/lockutils.py:511}}
Jun 30 08:55:37.236581 np0000003959 nova-scheduler[93214]: DEBUG oslo_concurrency.lockutils [None req-3839d311-249f-4892-b734-431ca6db4b13 tempest-ServerRescueNegativeTestJSON-695914358 tempest-ServerRescueNegativeTestJSON-695914358-project-member] Lock "ca683783-ef9a-4fbc-b896-21e766f83c77" acquired by "nova.context.set_target_cell..get_or_set_cached_cell_and_set_connections" :: waited 0.000s {{(pid=93214) inner /opt/stack/data/venv/lib/python3.12/site-packages/oslo_concurrency/lockutils.py:524}}
Jun 30 08:55:37.238495 np0000003959 nova-scheduler[93214]: DEBUG oslo_concurrency.lockutils [None req-3839d311-249f-4892-b734-431ca6db4b13 tempest-ServerRescueNegativeTestJSON-695914358 tempest-ServerRescueNegativeTestJSON-695914358-project-member] Lock "ca683783-ef9a-4fbc-b896-21e766f83c77" "released" by "nova.context.set_target_cell..get_or_set_cached_cell_and_set_connections" :: held 0.002s {{(pid=93214) inner /opt/stack/data/venv/lib/python3.12/site-packages/oslo_concurrency/lockutils.py:543}}
Jun 30 08:55:37.241103 np0000003959 nova-scheduler[93214]: INFO dbcounter [None req-3839d311-249f-4892-b734-431ca6db4b13 tempest-ServerRescueNegativeTestJSON-695914358 tempest-ServerRescueNegativeTestJSON-695914358-project-member] Registered counter for database nova_cell1
Jun 30 08:55:37.279674 np0000003959 nova-scheduler[93214]: DEBUG oslo_db.sqlalchemy.engines [None req-3839d311-249f-4892-b734-431ca6db4b13 tempest-ServerRescueNegativeTestJSON-695914358 tempest-ServerRescueNegativeTestJSON-695914358-project-member] MySQL server mode set to STRICT_TRANS_TABLES,STRICT_ALL_TABLES,NO_ZERO_IN_DATE,NO_ZERO_DATE,ERROR_FOR_DIVISION_BY_ZERO,TRADITIONAL,NO_ENGINE_SUBSTITUTION {{(pid=93214) _check_effective_sql_mode /opt/stack/data/venv/lib/python3.12/site-packages/oslo_db/sqlalchemy/engines.py:325}}
Jun 30 08:55:37.285841 np0000003959 nova-scheduler[93214]: DEBUG dbcounter [-] [93214] Writer thread running {{(pid=93214) stat_writer /opt/stack/data/venv/lib/python3.12/site-packages/dbcounter.py:102}}
Jun 30 08:55:37.308504 np0000003959 nova-scheduler[93214]: DEBUG oslo_db.sqlalchemy.engines [None req-3839d311-249f-4892-b734-431ca6db4b13 tempest-ServerRescueNegativeTestJSON-695914358 tempest-ServerRescueNegativeTestJSON-695914358-project-member] Parent process 92019 forked (93214) with an open database connection, which is being discarded and recreated. {{(pid=93214) checkout /opt/stack/data/venv/lib/python3.12/site-packages/oslo_db/sqlalchemy/engines.py:402}}
Jun 30 08:55:37.351463 np0000003959 nova-scheduler[93218]: DEBUG nova.scheduler.manager [None req-1b0ff4a2-257a-4106-b0e8-c8ec8fbbcfdb tempest-DeleteServersTestJSON-1123702166 tempest-DeleteServersTestJSON-1123702166-project-member] Starting to schedule for instances: ['9eb1b2f0-c020-499e-8819-7bb1918880f0'] {{(pid=93218) select_destinations /opt/stack/nova/nova/scheduler/manager.py:209}}
Jun 30 08:55:37.352019 np0000003959 nova-scheduler[93218]: DEBUG nova.scheduler.request_filter [None req-1b0ff4a2-257a-4106-b0e8-c8ec8fbbcfdb tempest-DeleteServersTestJSON-1123702166 tempest-DeleteServersTestJSON-1123702166-project-member] compute_status_filter request filter added forbidden trait COMPUTE_STATUS_DISABLED {{(pid=93218) compute_status_filter /opt/stack/nova/nova/scheduler/request_filter.py:253}}
Jun 30 08:55:37.352442 np0000003959 nova-scheduler[93218]: DEBUG nova.scheduler.request_filter [None req-1b0ff4a2-257a-4106-b0e8-c8ec8fbbcfdb tempest-DeleteServersTestJSON-1123702166 tempest-DeleteServersTestJSON-1123702166-project-member] Request filter 'compute_status_filter' took 0.0 seconds {{(pid=93218) wrapper /opt/stack/nova/nova/scheduler/request_filter.py:46}}
Jun 30 08:55:37.352720 np0000003959 nova-scheduler[93218]: DEBUG nova.scheduler.request_filter [None req-1b0ff4a2-257a-4106-b0e8-c8ec8fbbcfdb tempest-DeleteServersTestJSON-1123702166 tempest-DeleteServersTestJSON-1123702166-project-member] Request filter 'accelerators_filter' took 0.0 seconds {{(pid=93218) wrapper /opt/stack/nova/nova/scheduler/request_filter.py:46}}
Jun 30 08:55:37.352985 np0000003959 nova-scheduler[93218]: DEBUG nova.scheduler.request_filter [None req-1b0ff4a2-257a-4106-b0e8-c8ec8fbbcfdb tempest-DeleteServersTestJSON-1123702166 tempest-DeleteServersTestJSON-1123702166-project-member] Request filter 'packed_virtqueue_filter' took 0.0 seconds {{(pid=93218) wrapper /opt/stack/nova/nova/scheduler/request_filter.py:46}}
Jun 30 08:55:37.353304 np0000003959 nova-scheduler[93218]: DEBUG nova.scheduler.request_filter [None req-1b0ff4a2-257a-4106-b0e8-c8ec8fbbcfdb tempest-DeleteServersTestJSON-1123702166 tempest-DeleteServersTestJSON-1123702166-project-member] Request filter 'remote_managed_ports_filter' took 0.0 seconds {{(pid=93218) wrapper /opt/stack/nova/nova/scheduler/request_filter.py:46}}
Jun 30 08:55:37.353841 np0000003959 nova-scheduler[93218]: DEBUG nova.scheduler.request_filter [None req-1b0ff4a2-257a-4106-b0e8-c8ec8fbbcfdb tempest-DeleteServersTestJSON-1123702166 tempest-DeleteServersTestJSON-1123702166-project-member] ephemeral_encryption_filter skipped {{(pid=93218) ephemeral_encryption_filter /opt/stack/nova/nova/scheduler/request_filter.py:426}}
Jun 30 08:55:37.353841 np0000003959 nova-scheduler[93218]: DEBUG nova.scheduler.request_filter [None req-1b0ff4a2-257a-4106-b0e8-c8ec8fbbcfdb tempest-DeleteServersTestJSON-1123702166 tempest-DeleteServersTestJSON-1123702166-project-member] virtio_sound_filter skipped {{(pid=93218) virtio_sound_filter /opt/stack/nova/nova/scheduler/request_filter.py:460}}
Jun 30 08:55:37.353984 np0000003959 nova-scheduler[93214]: DEBUG dbcounter [-] [93214] Writer thread running {{(pid=93214) stat_writer /opt/stack/data/venv/lib/python3.12/site-packages/dbcounter.py:102}}
Jun 30 08:55:37.354026 np0000003959 nova-scheduler[93218]: DEBUG nova.scheduler.request_filter [None req-1b0ff4a2-257a-4106-b0e8-c8ec8fbbcfdb tempest-DeleteServersTestJSON-1123702166 tempest-DeleteServersTestJSON-1123702166-project-member] tpm_secret_security_filter skipped {{(pid=93218) tpm_secret_security_filter /opt/stack/nova/nova/scheduler/request_filter.py:477}}
Jun 30 08:55:37.358780 np0000003959 nova-scheduler[93214]: DEBUG oslo_concurrency.lockutils [None req-3839d311-249f-4892-b734-431ca6db4b13 tempest-ServerRescueNegativeTestJSON-695914358 tempest-ServerRescueNegativeTestJSON-695914358-project-member] Acquiring lock "ca683783-ef9a-4fbc-b896-21e766f83c77" by "nova.context.set_target_cell..get_or_set_cached_cell_and_set_connections" {{(pid=93214) inner /opt/stack/data/venv/lib/python3.12/site-packages/oslo_concurrency/lockutils.py:511}}
Jun 30 08:55:37.359013 np0000003959 nova-scheduler[93214]: DEBUG oslo_concurrency.lockutils [None req-3839d311-249f-4892-b734-431ca6db4b13 tempest-ServerRescueNegativeTestJSON-695914358 tempest-ServerRescueNegativeTestJSON-695914358-project-member] Lock "ca683783-ef9a-4fbc-b896-21e766f83c77" acquired by "nova.context.set_target_cell..get_or_set_cached_cell_and_set_connections" :: waited 0.000s {{(pid=93214) inner /opt/stack/data/venv/lib/python3.12/site-packages/oslo_concurrency/lockutils.py:524}}
Jun 30 08:55:37.359167 np0000003959 nova-scheduler[93214]: DEBUG oslo_concurrency.lockutils [None req-3839d311-249f-4892-b734-431ca6db4b13 tempest-ServerRescueNegativeTestJSON-695914358 tempest-ServerRescueNegativeTestJSON-695914358-project-member] Lock "ca683783-ef9a-4fbc-b896-21e766f83c77" "released" by "nova.context.set_target_cell..get_or_set_cached_cell_and_set_connections" :: held 0.000s {{(pid=93214) inner /opt/stack/data/venv/lib/python3.12/site-packages/oslo_concurrency/lockutils.py:543}}
Jun 30 08:55:37.362674 np0000003959 nova-scheduler[93214]: DEBUG oslo_concurrency.lockutils [None req-3839d311-249f-4892-b734-431ca6db4b13 tempest-ServerRescueNegativeTestJSON-695914358 tempest-ServerRescueNegativeTestJSON-695914358-project-member] Acquiring lock "np0000003959-np0000003959" by "nova.scheduler.host_manager.HostState.update.._locked_update" {{(pid=93214) inner /opt/stack/data/venv/lib/python3.12/site-packages/oslo_concurrency/lockutils.py:511}}
Jun 30 08:55:37.362847 np0000003959 nova-scheduler[93214]: DEBUG oslo_concurrency.lockutils [None req-3839d311-249f-4892-b734-431ca6db4b13 tempest-ServerRescueNegativeTestJSON-695914358 tempest-ServerRescueNegativeTestJSON-695914358-project-member] Lock "np0000003959-np0000003959" acquired by "nova.scheduler.host_manager.HostState.update.._locked_update" :: waited 0.000s {{(pid=93214) inner /opt/stack/data/venv/lib/python3.12/site-packages/oslo_concurrency/lockutils.py:524}}
Jun 30 08:55:37.364353 np0000003959 nova-scheduler[93214]: DEBUG nova.scheduler.host_manager [None req-3839d311-249f-4892-b734-431ca6db4b13 tempest-ServerRescueNegativeTestJSON-695914358 tempest-ServerRescueNegativeTestJSON-695914358-project-member] Update host state from compute node: ComputeNode(cpu_allocation_ratio=4.0,cpu_info='{"arch": "x86_64", "model": "EPYC-Milan", "vendor": "AMD", "topology": {"cells": 1, "sockets": 16, "cores": 1, "threads": 1}, "maxphysaddr": {"mode": "emulate", "bits": 40}, "features": ["mmxext", "amd-psfd", "tsc-deadline", "mca", "cx16", "mce", "topoext", "pku", "virt-ssbd", "smap", "clwb", "fsrm", "abm", "clzero", "osvw", "skip-l1dfl-vmentry", "popcnt", "gds-no", "rdseed", "hypervisor", "svme-addr-chk", "xsaves", "amd-stibp", "msr", "sse4a", "v-vmsave-vmload", "pse36", "stibp", "tsc-scale", "fxsr", "rdpid", "pfthreshold", "perfctr_core", "xsaveopt", "lahf_lm", "fma", "syscall", "bmi2", "sse4.2", "sse", "xsave", "pcid", "vme", "movbe", "mtrr", "no-nested-data-bp", "smep", "misalignsse", "pse", "pat", "spec-ctrl", "xgetbv1", "null-sel-clr-base", "amd-ssbd", "de", "tsc", "mds-no", "f16c", "bmi1", "vmcb-clean", "sse4.1", "lfence-always-serializing", "flushbyasid", "wbnoinvd", "cx8", "cmov", "clflushopt", "x2apic", "apic", "svm", "tsc_adjust", "pni", "pae", "sse2", "xsavec", "mmx", "pause-filter", "aes", "pdpe1gb", "xsaveerptr", "fxsr_opt", "pclmuldq", "avx2", "stibp-always-on", "vpclmulqdq", "vgif", "npt", "ssse3", "invpcid", "erms", "pge", "sep", "rdctl-no", "fpu", "arat", "clflush", "ibrs", "nrip-save", "rdtscp", "avx", "adx", "pschange-mc-no", "ssbd", "cr8legacy", "cmp_legacy", "3dnowprefetch", "lm", "vaes", "rdrand", "umip", "nx", "arch-capabilities", "fsgsbase", "sha-ni", "ibpb", "lbrv"]}',created_at=2026-06-30T08:53:36Z,current_workload=0,deleted=False,deleted_at=None,disk_allocation_ratio=1.0,disk_available_least=73,free_disk_gb=95,free_ram_mb=62765,host='np0000003959',host_ip=10.4.3.91,hypervisor_hostname='np0000003959',hypervisor_type='QEMU',hypervisor_version=8002002,id=1,local_gb=95,local_gb_used=0,mapped=1,memory_mb=63277,memory_mb_used=512,metrics='[]',numa_topology='{"nova_object.name": "NUMATopology", "nova_object.namespace": "nova", "nova_object.version": "1.2", "nova_object.data": {"cells": [{"nova_object.name": "NUMACell", "nova_object.namespace": "nova", "nova_object.version": "1.5", "nova_object.data": {"id": 0, "cpuset": [0, 1, 2, 3, 4, 5, 6, 7, 8, 9, 10, 11, 12, 13, 14, 15], "pcpuset": [0, 1, 2, 3, 4, 5, 6, 7, 8, 9, 10, 11, 12, 13, 14, 15], "memory": 63277, "cpu_usage": 0, "memory_usage": 0, "pinned_cpus": [], "siblings": [[6], [12], [2], [15], [5], [11], [8], [14], [4], [1], [7], [10], [0], [13], [3], [9]], "mempages": [{"nova_object.name": "NUMAPagesTopology", "nova_object.namespace": "nova", "nova_object.version": "1.1", "nova_object.data": {"size_kb": 4, "total": 16177930, "used": 0, "reserved": 0}, "nova_object.changes": ["reserved", "size_kb", "used", "total"]}, {"nova_object.name": "NUMAPagesTopology", "nova_object.namespace": "nova", "nova_object.version": "1.1", "nova_object.data": {"size_kb": 2048, "total": 41, "used": 0, "reserved": 0}, "nova_object.changes": ["reserved", "size_kb", "used", "total"]}, {"nova_object.name": "NUMAPagesTopology", "nova_object.namespace": "nova", "nova_object.version": "1.1", "nova_object.data": {"size_kb": 1048576, "total": 0, "used": 0, "reserved": 0}, "nova_object.changes": ["reserved", "size_kb", "used", "total"]}], "network_metadata": {"nova_object.name": "NetworkMetadata", "nova_object.namespace": "nova", "nova_object.version": "1.0", "nova_object.data": {"physnets": [], "tunneled": false}, "nova_object.changes": ["physnets", "tunneled"]}, "socket": null}, "nova_object.changes": ["socket", "cpuset", "siblings", "memory_usage", "memory", "network_metadata", "id", "pinned_cpus", "pcpuset", "cpu_usage", "mempages"]}]}, "nova_object.changes": ["cells"]}',pci_device_pools=PciDevicePoolList,ram_allocation_ratio=1.0,running_vms=0,service_id=2,stats={failed_builds='0',uptime=' 08:55:21 up 14 min, 2 users, load average: 1.99, 1.75, 0.99
Jun 30 08:55:37.364353 np0000003959 nova-scheduler[93214]: '},supported_hv_specs=[HVSpec,HVSpec,HVSpec,HVSpec,HVSpec,HVSpec,HVSpec,HVSpec,HVSpec,HVSpec,HVSpec,HVSpec,HVSpec,HVSpec,HVSpec,HVSpec,HVSpec,HVSpec,HVSpec,HVSpec,HVSpec,HVSpec,HVSpec,HVSpec,HVSpec],updated_at=2026-06-30T08:55:23Z,uuid=d857f931-7f99-40a5-8880-0a05e6f6bde9,vcpus=16,vcpus_used=0) {{(pid=93214) _locked_update /opt/stack/nova/nova/scheduler/host_manager.py:168}}
Jun 30 08:55:37.365135 np0000003959 nova-scheduler[93214]: DEBUG nova.scheduler.host_manager [None req-3839d311-249f-4892-b734-431ca6db4b13 tempest-ServerRescueNegativeTestJSON-695914358 tempest-ServerRescueNegativeTestJSON-695914358-project-member] Update host state with aggregates: [] {{(pid=93214) _locked_update /opt/stack/nova/nova/scheduler/host_manager.py:171}}
Jun 30 08:55:37.365733 np0000003959 nova-scheduler[93214]: DEBUG nova.scheduler.host_manager [None req-3839d311-249f-4892-b734-431ca6db4b13 tempest-ServerRescueNegativeTestJSON-695914358 tempest-ServerRescueNegativeTestJSON-695914358-project-member] Update host state with service dict: {'id': 2, 'uuid': '54be94a6-42bd-4be6-ba1a-74507db8cbf5', 'host': 'np0000003959', 'binary': 'nova-compute', 'topic': 'compute', 'report_count': 1, 'disabled': False, 'disabled_reason': None, 'last_seen_up': datetime.datetime(2026, 6, 30, 8, 53, 45, tzinfo=datetime.timezone.utc), 'forced_down': False, 'version': 72, 'created_at': datetime.datetime(2026, 6, 30, 8, 53, 34, tzinfo=datetime.timezone.utc), 'updated_at': datetime.datetime(2026, 6, 30, 8, 53, 45, tzinfo=datetime.timezone.utc), 'deleted_at': None, 'deleted': False} {{(pid=93214) _locked_update /opt/stack/nova/nova/scheduler/host_manager.py:174}}
Jun 30 08:55:37.365733 np0000003959 nova-scheduler[93214]: DEBUG nova.scheduler.host_manager [None req-3839d311-249f-4892-b734-431ca6db4b13 tempest-ServerRescueNegativeTestJSON-695914358 tempest-ServerRescueNegativeTestJSON-695914358-project-member] Update host state with instances: [] {{(pid=93214) _locked_update /opt/stack/nova/nova/scheduler/host_manager.py:177}}
Jun 30 08:55:37.365733 np0000003959 nova-scheduler[93214]: DEBUG oslo_concurrency.lockutils [None req-3839d311-249f-4892-b734-431ca6db4b13 tempest-ServerRescueNegativeTestJSON-695914358 tempest-ServerRescueNegativeTestJSON-695914358-project-member] Lock "np0000003959-np0000003959" "released" by "nova.scheduler.host_manager.HostState.update.._locked_update" :: held 0.003s {{(pid=93214) inner /opt/stack/data/venv/lib/python3.12/site-packages/oslo_concurrency/lockutils.py:543}}
Jun 30 08:55:37.365890 np0000003959 nova-scheduler[93214]: DEBUG nova.filters [None req-3839d311-249f-4892-b734-431ca6db4b13 tempest-ServerRescueNegativeTestJSON-695914358 tempest-ServerRescueNegativeTestJSON-695914358-project-member] Starting with 1 host(s) {{(pid=93214) get_filtered_objects /opt/stack/nova/nova/filters.py:70}}
Jun 30 08:55:37.366125 np0000003959 nova-scheduler[93214]: DEBUG nova.filters [None req-3839d311-249f-4892-b734-431ca6db4b13 tempest-ServerRescueNegativeTestJSON-695914358 tempest-ServerRescueNegativeTestJSON-695914358-project-member] Filter ComputeFilter returned 1 host(s) {{(pid=93214) get_filtered_objects /opt/stack/nova/nova/filters.py:102}}
Jun 30 08:55:37.366264 np0000003959 nova-scheduler[93214]: DEBUG nova.filters [None req-3839d311-249f-4892-b734-431ca6db4b13 tempest-ServerRescueNegativeTestJSON-695914358 tempest-ServerRescueNegativeTestJSON-695914358-project-member] Filter ComputeCapabilitiesFilter returned 1 host(s) {{(pid=93214) get_filtered_objects /opt/stack/nova/nova/filters.py:102}}
Jun 30 08:55:37.366481 np0000003959 nova-scheduler[93214]: DEBUG nova.filters [None req-3839d311-249f-4892-b734-431ca6db4b13 tempest-ServerRescueNegativeTestJSON-695914358 tempest-ServerRescueNegativeTestJSON-695914358-project-member] Filter ImagePropertiesFilter returned 1 host(s) {{(pid=93214) get_filtered_objects /opt/stack/nova/nova/filters.py:102}}
Jun 30 08:55:37.366740 np0000003959 nova-scheduler[93214]: DEBUG nova.filters [None req-3839d311-249f-4892-b734-431ca6db4b13 tempest-ServerRescueNegativeTestJSON-695914358 tempest-ServerRescueNegativeTestJSON-695914358-project-member] Filter ServerGroupAntiAffinityFilter returned 1 host(s) {{(pid=93214) get_filtered_objects /opt/stack/nova/nova/filters.py:102}}
Jun 30 08:55:37.366740 np0000003959 nova-scheduler[93214]: DEBUG nova.filters [None req-3839d311-249f-4892-b734-431ca6db4b13 tempest-ServerRescueNegativeTestJSON-695914358 tempest-ServerRescueNegativeTestJSON-695914358-project-member] Filter ServerGroupAffinityFilter returned 1 host(s) {{(pid=93214) get_filtered_objects /opt/stack/nova/nova/filters.py:102}}
Jun 30 08:55:37.366833 np0000003959 nova-scheduler[93214]: DEBUG nova.filters [None req-3839d311-249f-4892-b734-431ca6db4b13 tempest-ServerRescueNegativeTestJSON-695914358 tempest-ServerRescueNegativeTestJSON-695914358-project-member] Filter SameHostFilter returned 1 host(s) {{(pid=93214) get_filtered_objects /opt/stack/nova/nova/filters.py:102}}
Jun 30 08:55:37.366941 np0000003959 nova-scheduler[93214]: DEBUG nova.filters [None req-3839d311-249f-4892-b734-431ca6db4b13 tempest-ServerRescueNegativeTestJSON-695914358 tempest-ServerRescueNegativeTestJSON-695914358-project-member] Filter DifferentHostFilter returned 1 host(s) {{(pid=93214) get_filtered_objects /opt/stack/nova/nova/filters.py:102}}
Jun 30 08:55:37.367063 np0000003959 nova-scheduler[93214]: DEBUG nova.scheduler.manager [None req-3839d311-249f-4892-b734-431ca6db4b13 tempest-ServerRescueNegativeTestJSON-695914358 tempest-ServerRescueNegativeTestJSON-695914358-project-member] Filtered [(np0000003959, np0000003959) ram: 62765MB disk: 74752MB io_ops: 0 instances: 0, allocation_candidates: 1] {{(pid=93214) _get_sorted_hosts /opt/stack/nova/nova/scheduler/manager.py:742}}
Jun 30 08:55:37.367257 np0000003959 nova-scheduler[93214]: DEBUG nova.scheduler.manager [None req-3839d311-249f-4892-b734-431ca6db4b13 tempest-ServerRescueNegativeTestJSON-695914358 tempest-ServerRescueNegativeTestJSON-695914358-project-member] Weighed [WeighedHost [host: (np0000003959, np0000003959) ram: 62765MB disk: 74752MB io_ops: 0 instances: 0, allocation_candidates: 1, weight: 0.0]] {{(pid=93214) _get_sorted_hosts /opt/stack/nova/nova/scheduler/manager.py:764}}
Jun 30 08:55:37.367420 np0000003959 nova-scheduler[93214]: DEBUG nova.scheduler.utils [None req-3839d311-249f-4892-b734-431ca6db4b13 tempest-ServerRescueNegativeTestJSON-695914358 tempest-ServerRescueNegativeTestJSON-695914358-project-member] Attempting to claim resources in the placement API for instance d83ee48b-b4ad-48b5-bdd2-8e0b06c00aa6 {{(pid=93214) claim_resources /opt/stack/nova/nova/scheduler/utils.py:1345}}
Jun 30 08:55:37.426863 np0000003959 nova-scheduler[93216]: DEBUG nova.scheduler.manager [None req-97ca27fd-ec74-4218-a8a4-a233698c01ed tempest-ServerBootFromVolumeStableRescueTest-1180371460 tempest-ServerBootFromVolumeStableRescueTest-1180371460-project-member] Starting to schedule for instances: ['5bd137c3-131e-4341-b5ed-d94892bdd6f4'] {{(pid=93216) select_destinations /opt/stack/nova/nova/scheduler/manager.py:209}}
Jun 30 08:55:37.428172 np0000003959 nova-scheduler[93216]: DEBUG nova.scheduler.request_filter [None req-97ca27fd-ec74-4218-a8a4-a233698c01ed tempest-ServerBootFromVolumeStableRescueTest-1180371460 tempest-ServerBootFromVolumeStableRescueTest-1180371460-project-member] compute_status_filter request filter added forbidden trait COMPUTE_STATUS_DISABLED {{(pid=93216) compute_status_filter /opt/stack/nova/nova/scheduler/request_filter.py:253}}
Jun 30 08:55:37.428172 np0000003959 nova-scheduler[93216]: DEBUG nova.scheduler.request_filter [None req-97ca27fd-ec74-4218-a8a4-a233698c01ed tempest-ServerBootFromVolumeStableRescueTest-1180371460 tempest-ServerBootFromVolumeStableRescueTest-1180371460-project-member] Request filter 'compute_status_filter' took 0.0 seconds {{(pid=93216) wrapper /opt/stack/nova/nova/scheduler/request_filter.py:46}}
Jun 30 08:55:37.428172 np0000003959 nova-scheduler[93216]: DEBUG nova.scheduler.request_filter [None req-97ca27fd-ec74-4218-a8a4-a233698c01ed tempest-ServerBootFromVolumeStableRescueTest-1180371460 tempest-ServerBootFromVolumeStableRescueTest-1180371460-project-member] Request filter 'accelerators_filter' took 0.0 seconds {{(pid=93216) wrapper /opt/stack/nova/nova/scheduler/request_filter.py:46}}
Jun 30 08:55:37.428172 np0000003959 nova-scheduler[93216]: DEBUG nova.scheduler.request_filter [None req-97ca27fd-ec74-4218-a8a4-a233698c01ed tempest-ServerBootFromVolumeStableRescueTest-1180371460 tempest-ServerBootFromVolumeStableRescueTest-1180371460-project-member] Request filter 'packed_virtqueue_filter' took 0.0 seconds {{(pid=93216) wrapper /opt/stack/nova/nova/scheduler/request_filter.py:46}}
Jun 30 08:55:37.428622 np0000003959 nova-scheduler[93216]: DEBUG nova.scheduler.request_filter [None req-97ca27fd-ec74-4218-a8a4-a233698c01ed tempest-ServerBootFromVolumeStableRescueTest-1180371460 tempest-ServerBootFromVolumeStableRescueTest-1180371460-project-member] Request filter 'remote_managed_ports_filter' took 0.0 seconds {{(pid=93216) wrapper /opt/stack/nova/nova/scheduler/request_filter.py:46}}
Jun 30 08:55:37.428622 np0000003959 nova-scheduler[93216]: DEBUG nova.scheduler.request_filter [None req-97ca27fd-ec74-4218-a8a4-a233698c01ed tempest-ServerBootFromVolumeStableRescueTest-1180371460 tempest-ServerBootFromVolumeStableRescueTest-1180371460-project-member] ephemeral_encryption_filter skipped {{(pid=93216) ephemeral_encryption_filter /opt/stack/nova/nova/scheduler/request_filter.py:426}}
Jun 30 08:55:37.428783 np0000003959 nova-scheduler[93216]: DEBUG nova.scheduler.request_filter [None req-97ca27fd-ec74-4218-a8a4-a233698c01ed tempest-ServerBootFromVolumeStableRescueTest-1180371460 tempest-ServerBootFromVolumeStableRescueTest-1180371460-project-member] virtio_sound_filter skipped {{(pid=93216) virtio_sound_filter /opt/stack/nova/nova/scheduler/request_filter.py:460}}
Jun 30 08:55:37.428963 np0000003959 nova-scheduler[93216]: DEBUG nova.scheduler.request_filter [None req-97ca27fd-ec74-4218-a8a4-a233698c01ed tempest-ServerBootFromVolumeStableRescueTest-1180371460 tempest-ServerBootFromVolumeStableRescueTest-1180371460-project-member] tpm_secret_security_filter skipped {{(pid=93216) tpm_secret_security_filter /opt/stack/nova/nova/scheduler/request_filter.py:477}}
Jun 30 08:55:37.486599 np0000003959 nova-scheduler[93218]: INFO nova.utils [None req-1b0ff4a2-257a-4106-b0e8-c8ec8fbbcfdb tempest-DeleteServersTestJSON-1123702166 tempest-DeleteServersTestJSON-1123702166-project-member] The cell worker thread pool ForkProcess-3.cell_worker is initialized
Jun 30 08:55:37.487048 np0000003959 nova-scheduler[93218]: DEBUG oslo_concurrency.lockutils [None req-1b0ff4a2-257a-4106-b0e8-c8ec8fbbcfdb tempest-DeleteServersTestJSON-1123702166 tempest-DeleteServersTestJSON-1123702166-project-member] Acquiring lock "ca683783-ef9a-4fbc-b896-21e766f83c77" by "nova.context.set_target_cell..get_or_set_cached_cell_and_set_connections" {{(pid=93218) inner /opt/stack/data/venv/lib/python3.12/site-packages/oslo_concurrency/lockutils.py:511}}
Jun 30 08:55:37.487315 np0000003959 nova-scheduler[93218]: DEBUG oslo_concurrency.lockutils [None req-1b0ff4a2-257a-4106-b0e8-c8ec8fbbcfdb tempest-DeleteServersTestJSON-1123702166 tempest-DeleteServersTestJSON-1123702166-project-member] Lock "ca683783-ef9a-4fbc-b896-21e766f83c77" acquired by "nova.context.set_target_cell..get_or_set_cached_cell_and_set_connections" :: waited 0.000s {{(pid=93218) inner /opt/stack/data/venv/lib/python3.12/site-packages/oslo_concurrency/lockutils.py:524}}
Jun 30 08:55:37.489061 np0000003959 nova-scheduler[93218]: DEBUG oslo_concurrency.lockutils [None req-1b0ff4a2-257a-4106-b0e8-c8ec8fbbcfdb tempest-DeleteServersTestJSON-1123702166 tempest-DeleteServersTestJSON-1123702166-project-member] Lock "ca683783-ef9a-4fbc-b896-21e766f83c77" "released" by "nova.context.set_target_cell..get_or_set_cached_cell_and_set_connections" :: held 0.002s {{(pid=93218) inner /opt/stack/data/venv/lib/python3.12/site-packages/oslo_concurrency/lockutils.py:543}}
Jun 30 08:55:37.491674 np0000003959 nova-scheduler[93218]: INFO dbcounter [None req-1b0ff4a2-257a-4106-b0e8-c8ec8fbbcfdb tempest-DeleteServersTestJSON-1123702166 tempest-DeleteServersTestJSON-1123702166-project-member] Registered counter for database nova_cell1
Jun 30 08:55:37.523204 np0000003959 nova-scheduler[93214]: DEBUG nova.scheduler.manager [None req-3839d311-249f-4892-b734-431ca6db4b13 tempest-ServerRescueNegativeTestJSON-695914358 tempest-ServerRescueNegativeTestJSON-695914358-project-member] [instance: d83ee48b-b4ad-48b5-bdd2-8e0b06c00aa6] Selected host: (np0000003959, np0000003959) ram: 62765MB disk: 74752MB io_ops: 0 instances: 0, allocation_candidates: 1 {{(pid=93214) _consume_selected_host /opt/stack/nova/nova/scheduler/manager.py:624}}
Jun 30 08:55:37.523337 np0000003959 nova-scheduler[93214]: DEBUG oslo_concurrency.lockutils [None req-3839d311-249f-4892-b734-431ca6db4b13 tempest-ServerRescueNegativeTestJSON-695914358 tempest-ServerRescueNegativeTestJSON-695914358-project-member] Acquiring lock "np0000003959-np0000003959" by "nova.scheduler.host_manager.HostState.consume_from_request.._locked" {{(pid=93214) inner /opt/stack/data/venv/lib/python3.12/site-packages/oslo_concurrency/lockutils.py:511}}
Jun 30 08:55:37.523402 np0000003959 nova-scheduler[93214]: DEBUG oslo_concurrency.lockutils [None req-3839d311-249f-4892-b734-431ca6db4b13 tempest-ServerRescueNegativeTestJSON-695914358 tempest-ServerRescueNegativeTestJSON-695914358-project-member] Lock "np0000003959-np0000003959" acquired by "nova.scheduler.host_manager.HostState.consume_from_request.._locked" :: waited 0.000s {{(pid=93214) inner /opt/stack/data/venv/lib/python3.12/site-packages/oslo_concurrency/lockutils.py:524}}
