Jun 30 08:53:08.257239 np0000003959 devstack@neutron-api.service[87419]: DEBUG ovsdbapp.backend.ovs_idl.transaction [None req-ad3bec17-71c2-4d67-92a2-e7802c1fd04b None None] Running txn n=1 command(idx=0): CheckRevisionNumberCommand(_result=None, name=lrp-e64fcde4-ae04-4de5-b0c5-7ec79c608e68, resource={'id': 'e64fcde4-ae04-4de5-b0c5-7ec79c608e68', 'name': '', 'network_id': 'df579d4f-7aee-4485-bfd8-f375f1a183c4', 'project_id': '6bafa9e4abfd4a44b782fcdca17e2a94', 'mac_address': 'fa:16:3e:2d:a5:97', 'admin_state_up': True, 'status': 'ACTIVE', 'device_id': '5f7c59dd-4b7b-4cdd-845a-b59867075ae4', 'device_owner': 'network:router_interface', 'standard_attr_id': 24, 'fixed_ips': [{'subnet_id': '53e3f5cf-bc98-4c5a-9d1c-8e79b4dbd702', 'ip_address': 'fd91:c033:4fcb::1'}], 'allowed_address_pairs': [], 'extra_dhcp_opts': [], 'security_groups': [], 'description': '', 'binding:vnic_type': 'normal', 'binding:profile': {}, 'binding:host_id': '', 'binding:vif_type': 'unbound', 'binding:vif_details': {}, 'port_security_enabled': False, 'tags': [], 'created_at': '2026-06-30T08:53:02Z', 'updated_at': '2026-06-30T08:53:05Z', 'revision_number': 4, 'tenant_id': '6bafa9e4abfd4a44b782fcdca17e2a94'}, resource_type=router_ports, if_exists=True) {{(pid=87419) do_commit /opt/stack/data/venv/lib/python3.12/site-packages/ovsdbapp/backend/ovs_idl/transaction.py:89}}
Jun 30 08:53:08.257624 np0000003959 devstack@neutron-api.service[87419]: DEBUG ovsdbapp.backend.ovs_idl.transaction [None req-ad3bec17-71c2-4d67-92a2-e7802c1fd04b None None] Running txn n=1 command(idx=1): UpdateLRouterPortCommand(_result=None, name=lrp-e64fcde4-ae04-4de5-b0c5-7ec79c608e68, columns={'external_ids': {'neutron:revision_number': '4', 'neutron:subnet_ids': '53e3f5cf-bc98-4c5a-9d1c-8e79b4dbd702', 'neutron:network_name': 'neutron-df579d4f-7aee-4485-bfd8-f375f1a183c4', 'neutron:is_ext_gw': 'False', 'neutron:router_name': 'neutron-5f7c59dd-4b7b-4cdd-845a-b59867075ae4'}, 'options': {}, 'networks': ['fd91:c033:4fcb::1/64'], 'ipv6_ra_configs': {'address_mode': 'slaac', 'send_periodic': 'true', 'mtu': '1372'}}, if_exists=False) {{(pid=87419) do_commit /opt/stack/data/venv/lib/python3.12/site-packages/ovsdbapp/backend/ovs_idl/transaction.py:89}}
Jun 30 08:53:08.258012 np0000003959 devstack@neutron-api.service[87419]: DEBUG ovsdbapp.backend.ovs_idl.transaction [None req-ad3bec17-71c2-4d67-92a2-e7802c1fd04b None None] Running txn n=1 command(idx=2): SetLRouterPortInLSwitchPortCommand(_result=None, lswitch_port=e64fcde4-ae04-4de5-b0c5-7ec79c608e68, lrouter_port=lrp-e64fcde4-ae04-4de5-b0c5-7ec79c608e68, is_gw_port=False, if_exists=True, lsp_address=router) {{(pid=87419) do_commit /opt/stack/data/venv/lib/python3.12/site-packages/ovsdbapp/backend/ovs_idl/transaction.py:89}}
Jun 30 08:53:08.258557 np0000003959 devstack@neutron-api.service[87419]: DEBUG ovsdbapp.backend.ovs_idl.transaction [None req-ad3bec17-71c2-4d67-92a2-e7802c1fd04b None None] Transaction caused no change {{(pid=87419) do_commit /opt/stack/data/venv/lib/python3.12/site-packages/ovsdbapp/backend/ovs_idl/transaction.py:129}}
Jun 30 08:53:10.453117 np0000003959 devstack@neutron-api.service[87421]: WARNING neutron.plugins.ml2.drivers.ovn.mech_driver.ovsdb.ovn_client [None req-984dd372-846b-4539-a04e-6f7d3656ff88 None None] No hosting information found for port e64fcde4-ae04-4de5-b0c5-7ec79c608e68: RuntimeError: No hosting information found for port e64fcde4-ae04-4de5-b0c5-7ec79c608e68
Jun 30 08:53:10.483871 np0000003959 devstack@neutron-api.service[87421]: INFO neutron.common.ovn.utils [None req-984dd372-846b-4539-a04e-6f7d3656ff88 None None] HA Chassis Group neutron-df579d4f-7aee-4485-bfd8-f375f1a183c4 synchronized; highest priority chassis a8b521ba-e47e-4ef5-aeea-450e53ad522f
Jun 30 08:53:10.484435 np0000003959 devstack@neutron-api.service[87421]: DEBUG ovsdbapp.backend.ovs_idl.transaction [None req-86c963bd-2659-4cb4-8f04-98ac17775e33 None None] Running txn n=1 command(idx=0): DbSetCommand(_result=None, table=HA_Chassis_Group, record=neutron-df579d4f-7aee-4485-bfd8-f375f1a183c4, col_values=(('external_ids', {'neutron:availability_zone_hints': '', 'neutron:network_id': 'df579d4f-7aee-4485-bfd8-f375f1a183c4', 'neutron:router_id': '5f7c59dd-4b7b-4cdd-845a-b59867075ae4'}),), if_exists=True) {{(pid=87421) do_commit /opt/stack/data/venv/lib/python3.12/site-packages/ovsdbapp/backend/ovs_idl/transaction.py:89}}
Jun 30 08:53:10.484685 np0000003959 devstack@neutron-api.service[87421]: DEBUG ovsdbapp.backend.ovs_idl.transaction [None req-86c963bd-2659-4cb4-8f04-98ac17775e33 None None] Running txn n=1 command(idx=1): HAChassisGroupAddChassisCommand(_result=None, hcg=neutron-df579d4f-7aee-4485-bfd8-f375f1a183c4, chassis=a8b521ba-e47e-4ef5-aeea-450e53ad522f, priority=1, columns={}) {{(pid=87421) do_commit /opt/stack/data/venv/lib/python3.12/site-packages/ovsdbapp/backend/ovs_idl/transaction.py:89}}
Jun 30 08:53:10.484934 np0000003959 devstack@neutron-api.service[87421]: DEBUG ovsdbapp.backend.ovs_idl.transaction [None req-86c963bd-2659-4cb4-8f04-98ac17775e33 None None] Transaction caused no change {{(pid=87421) do_commit /opt/stack/data/venv/lib/python3.12/site-packages/ovsdbapp/backend/ovs_idl/transaction.py:129}}
Jun 30 08:53:10.538791 np0000003959 devstack@neutron-api.service[87421]: DEBUG ovsdbapp.backend.ovs_idl.transaction [None req-86c963bd-2659-4cb4-8f04-98ac17775e33 None None] Running txn n=1 command(idx=0): CheckRevisionNumberCommand(_result=None, name=lrp-e64fcde4-ae04-4de5-b0c5-7ec79c608e68, resource={'id': 'e64fcde4-ae04-4de5-b0c5-7ec79c608e68', 'name': '', 'network_id': 'df579d4f-7aee-4485-bfd8-f375f1a183c4', 'project_id': '6bafa9e4abfd4a44b782fcdca17e2a94', 'mac_address': 'fa:16:3e:2d:a5:97', 'admin_state_up': True, 'status': 'ACTIVE', 'device_id': '5f7c59dd-4b7b-4cdd-845a-b59867075ae4', 'device_owner': 'network:router_interface', 'standard_attr_id': 24, 'fixed_ips': [{'subnet_id': '53e3f5cf-bc98-4c5a-9d1c-8e79b4dbd702', 'ip_address': 'fd91:c033:4fcb::1'}], 'allowed_address_pairs': [], 'extra_dhcp_opts': [], 'security_groups': [], 'description': '', 'binding:vnic_type': 'normal', 'binding:profile': {}, 'binding:host_id': '', 'binding:vif_type': 'unbound', 'binding:vif_details': {}, 'port_security_enabled': False, 'tags': [], 'created_at': '2026-06-30T08:53:02Z', 'updated_at': '2026-06-30T08:53:05Z', 'revision_number': 4, 'tenant_id': '6bafa9e4abfd4a44b782fcdca17e2a94'}, resource_type=router_ports, if_exists=True) {{(pid=87421) do_commit /opt/stack/data/venv/lib/python3.12/site-packages/ovsdbapp/backend/ovs_idl/transaction.py:89}}
Jun 30 08:53:10.538955 np0000003959 devstack@neutron-api.service[87421]: DEBUG ovsdbapp.backend.ovs_idl.transaction [None req-86c963bd-2659-4cb4-8f04-98ac17775e33 None None] Running txn n=1 command(idx=1): UpdateLRouterPortCommand(_result=None, name=lrp-e64fcde4-ae04-4de5-b0c5-7ec79c608e68, columns={'external_ids': {'neutron:revision_number': '4', 'neutron:subnet_ids': '53e3f5cf-bc98-4c5a-9d1c-8e79b4dbd702', 'neutron:network_name': 'neutron-df579d4f-7aee-4485-bfd8-f375f1a183c4', 'neutron:is_ext_gw': 'False', 'neutron:router_name': 'neutron-5f7c59dd-4b7b-4cdd-845a-b59867075ae4'}, 'options': {}, 'networks': ['fd91:c033:4fcb::1/64'], 'ipv6_ra_configs': {'address_mode': 'slaac', 'send_periodic': 'true', 'mtu': '1372'}}, if_exists=False) {{(pid=87421) do_commit /opt/stack/data/venv/lib/python3.12/site-packages/ovsdbapp/backend/ovs_idl/transaction.py:89}}
Jun 30 08:53:10.539232 np0000003959 devstack@neutron-api.service[87421]: DEBUG ovsdbapp.backend.ovs_idl.transaction [None req-86c963bd-2659-4cb4-8f04-98ac17775e33 None None] Running txn n=1 command(idx=2): SetLRouterPortInLSwitchPortCommand(_result=None, lswitch_port=e64fcde4-ae04-4de5-b0c5-7ec79c608e68, lrouter_port=lrp-e64fcde4-ae04-4de5-b0c5-7ec79c608e68, is_gw_port=False, if_exists=True, lsp_address=router) {{(pid=87421) do_commit /opt/stack/data/venv/lib/python3.12/site-packages/ovsdbapp/backend/ovs_idl/transaction.py:89}}
Jun 30 08:53:10.539531 np0000003959 devstack@neutron-api.service[87421]: DEBUG ovsdbapp.backend.ovs_idl.transaction [None req-86c963bd-2659-4cb4-8f04-98ac17775e33 None None] Transaction caused no change {{(pid=87421) do_commit /opt/stack/data/venv/lib/python3.12/site-packages/ovsdbapp/backend/ovs_idl/transaction.py:129}}
Jun 30 08:53:10.564565 np0000003959 devstack@neutron-api.service[87421]: INFO neutron.common.ovn.utils [None req-984dd372-846b-4539-a04e-6f7d3656ff88 None None] HA Chassis Group neutron-df579d4f-7aee-4485-bfd8-f375f1a183c4 synchronized; highest priority chassis a8b521ba-e47e-4ef5-aeea-450e53ad522f
Jun 30 08:53:10.565042 np0000003959 devstack@neutron-api.service[87421]: DEBUG ovsdbapp.backend.ovs_idl.transaction [None req-86c963bd-2659-4cb4-8f04-98ac17775e33 None None] Running txn n=1 command(idx=0): DbSetCommand(_result=None, table=HA_Chassis_Group, record=neutron-df579d4f-7aee-4485-bfd8-f375f1a183c4, col_values=(('external_ids', {'neutron:availability_zone_hints': '', 'neutron:network_id': 'df579d4f-7aee-4485-bfd8-f375f1a183c4', 'neutron:router_id': '5f7c59dd-4b7b-4cdd-845a-b59867075ae4'}),), if_exists=True) {{(pid=87421) do_commit /opt/stack/data/venv/lib/python3.12/site-packages/ovsdbapp/backend/ovs_idl/transaction.py:89}}
Jun 30 08:53:10.565476 np0000003959 devstack@neutron-api.service[87421]: DEBUG ovsdbapp.backend.ovs_idl.transaction [None req-86c963bd-2659-4cb4-8f04-98ac17775e33 None None] Running txn n=1 command(idx=1): HAChassisGroupAddChassisCommand(_result=None, hcg=neutron-df579d4f-7aee-4485-bfd8-f375f1a183c4, chassis=a8b521ba-e47e-4ef5-aeea-450e53ad522f, priority=1, columns={}) {{(pid=87421) do_commit /opt/stack/data/venv/lib/python3.12/site-packages/ovsdbapp/backend/ovs_idl/transaction.py:89}}
Jun 30 08:53:10.565760 np0000003959 devstack@neutron-api.service[87421]: DEBUG ovsdbapp.backend.ovs_idl.transaction [None req-86c963bd-2659-4cb4-8f04-98ac17775e33 None None] Transaction caused no change {{(pid=87421) do_commit /opt/stack/data/venv/lib/python3.12/site-packages/ovsdbapp/backend/ovs_idl/transaction.py:129}}
Jun 30 08:53:10.592298 np0000003959 devstack@neutron-api.service[87421]: INFO neutron.common.ovn.utils [None req-984dd372-846b-4539-a04e-6f7d3656ff88 None None] HA Chassis Group neutron-df579d4f-7aee-4485-bfd8-f375f1a183c4 synchronized; highest priority chassis a8b521ba-e47e-4ef5-aeea-450e53ad522f
Jun 30 08:53:10.592798 np0000003959 devstack@neutron-api.service[87421]: DEBUG ovsdbapp.backend.ovs_idl.transaction [None req-86c963bd-2659-4cb4-8f04-98ac17775e33 None None] Running txn n=1 command(idx=0): DbSetCommand(_result=None, table=HA_Chassis_Group, record=neutron-df579d4f-7aee-4485-bfd8-f375f1a183c4, col_values=(('external_ids', {'neutron:availability_zone_hints': '', 'neutron:network_id': 'df579d4f-7aee-4485-bfd8-f375f1a183c4', 'neutron:router_id': '5f7c59dd-4b7b-4cdd-845a-b59867075ae4'}),), if_exists=True) {{(pid=87421) do_commit /opt/stack/data/venv/lib/python3.12/site-packages/ovsdbapp/backend/ovs_idl/transaction.py:89}}
Jun 30 08:53:10.593137 np0000003959 devstack@neutron-api.service[87421]: DEBUG ovsdbapp.backend.ovs_idl.transaction [None req-86c963bd-2659-4cb4-8f04-98ac17775e33 None None] Running txn n=1 command(idx=1): HAChassisGroupAddChassisCommand(_result=None, hcg=neutron-df579d4f-7aee-4485-bfd8-f375f1a183c4, chassis=a8b521ba-e47e-4ef5-aeea-450e53ad522f, priority=1, columns={}) {{(pid=87421) do_commit /opt/stack/data/venv/lib/python3.12/site-packages/ovsdbapp/backend/ovs_idl/transaction.py:89}}
Jun 30 08:53:10.593446 np0000003959 devstack@neutron-api.service[87421]: DEBUG ovsdbapp.backend.ovs_idl.transaction [None req-86c963bd-2659-4cb4-8f04-98ac17775e33 None None] Transaction caused no change {{(pid=87421) do_commit /opt/stack/data/venv/lib/python3.12/site-packages/ovsdbapp/backend/ovs_idl/transaction.py:129}}
Jun 30 08:53:10.648371 np0000003959 devstack@neutron-api.service[87421]: DEBUG ovsdbapp.backend.ovs_idl.transaction [None req-86c963bd-2659-4cb4-8f04-98ac17775e33 None None] Running txn n=1 command(idx=0): CheckRevisionNumberCommand(_result=None, name=lrp-e64fcde4-ae04-4de5-b0c5-7ec79c608e68, resource={'id': 'e64fcde4-ae04-4de5-b0c5-7ec79c608e68', 'name': '', 'network_id': 'df579d4f-7aee-4485-bfd8-f375f1a183c4', 'project_id': '6bafa9e4abfd4a44b782fcdca17e2a94', 'mac_address': 'fa:16:3e:2d:a5:97', 'admin_state_up': True, 'status': 'ACTIVE', 'device_id': '5f7c59dd-4b7b-4cdd-845a-b59867075ae4', 'device_owner': 'network:router_interface', 'standard_attr_id': 24, 'fixed_ips': [{'subnet_id': '53e3f5cf-bc98-4c5a-9d1c-8e79b4dbd702', 'ip_address': 'fd91:c033:4fcb::1'}], 'allowed_address_pairs': [], 'extra_dhcp_opts': [], 'security_groups': [], 'description': '', 'binding:vnic_type': 'normal', 'binding:profile': {}, 'binding:host_id': '', 'binding:vif_type': 'unbound', 'binding:vif_details': {}, 'port_security_enabled': False, 'tags': [], 'created_at': '2026-06-30T08:53:02Z', 'updated_at': '2026-06-30T08:53:05Z', 'revision_number': 4, 'tenant_id': '6bafa9e4abfd4a44b782fcdca17e2a94'}, resource_type=router_ports, if_exists=True) {{(pid=87421) do_commit /opt/stack/data/venv/lib/python3.12/site-packages/ovsdbapp/backend/ovs_idl/transaction.py:89}}
Jun 30 08:53:10.648698 np0000003959 devstack@neutron-api.service[87421]: DEBUG ovsdbapp.backend.ovs_idl.transaction [None req-86c963bd-2659-4cb4-8f04-98ac17775e33 None None] Running txn n=1 command(idx=1): UpdateLRouterPortCommand(_result=None, name=lrp-e64fcde4-ae04-4de5-b0c5-7ec79c608e68, columns={'external_ids': {'neutron:revision_number': '4', 'neutron:subnet_ids': '53e3f5cf-bc98-4c5a-9d1c-8e79b4dbd702', 'neutron:network_name': 'neutron-df579d4f-7aee-4485-bfd8-f375f1a183c4', 'neutron:is_ext_gw': 'False', 'neutron:router_name': 'neutron-5f7c59dd-4b7b-4cdd-845a-b59867075ae4'}, 'options': {}, 'networks': ['fd91:c033:4fcb::1/64'], 'ipv6_ra_configs': {'address_mode': 'slaac', 'send_periodic': 'true', 'mtu': '1372'}}, if_exists=False) {{(pid=87421) do_commit /opt/stack/data/venv/lib/python3.12/site-packages/ovsdbapp/backend/ovs_idl/transaction.py:89}}
Jun 30 08:53:10.649084 np0000003959 devstack@neutron-api.service[87421]: DEBUG ovsdbapp.backend.ovs_idl.transaction [None req-86c963bd-2659-4cb4-8f04-98ac17775e33 None None] Running txn n=1 command(idx=2): SetLRouterPortInLSwitchPortCommand(_result=None, lswitch_port=e64fcde4-ae04-4de5-b0c5-7ec79c608e68, lrouter_port=lrp-e64fcde4-ae04-4de5-b0c5-7ec79c608e68, is_gw_port=False, if_exists=True, lsp_address=router) {{(pid=87421) do_commit /opt/stack/data/venv/lib/python3.12/site-packages/ovsdbapp/backend/ovs_idl/transaction.py:89}}
Jun 30 08:53:10.649515 np0000003959 devstack@neutron-api.service[87421]: DEBUG ovsdbapp.backend.ovs_idl.transaction [None req-86c963bd-2659-4cb4-8f04-98ac17775e33 None None] Transaction caused no change {{(pid=87421) do_commit /opt/stack/data/venv/lib/python3.12/site-packages/ovsdbapp/backend/ovs_idl/transaction.py:129}}
Jun 30 08:53:10.712883 np0000003959 devstack@neutron-api.service[87421]: DEBUG ovsdbapp.backend.ovs_idl.transaction [None req-86c963bd-2659-4cb4-8f04-98ac17775e33 None None] Running txn n=1 command(idx=0): CheckRevisionNumberCommand(_result=None, name=lrp-e64fcde4-ae04-4de5-b0c5-7ec79c608e68, resource={'id': 'e64fcde4-ae04-4de5-b0c5-7ec79c608e68', 'name': '', 'network_id': 'df579d4f-7aee-4485-bfd8-f375f1a183c4', 'project_id': '6bafa9e4abfd4a44b782fcdca17e2a94', 'mac_address': 'fa:16:3e:2d:a5:97', 'admin_state_up': True, 'status': 'ACTIVE', 'device_id': '5f7c59dd-4b7b-4cdd-845a-b59867075ae4', 'device_owner': 'network:router_interface', 'standard_attr_id': 24, 'fixed_ips': [{'subnet_id': '53e3f5cf-bc98-4c5a-9d1c-8e79b4dbd702', 'ip_address': 'fd91:c033:4fcb::1'}], 'allowed_address_pairs': [], 'extra_dhcp_opts': [], 'security_groups': [], 'description': '', 'binding:vnic_type': 'normal', 'binding:profile': {}, 'binding:host_id': '', 'binding:vif_type': 'unbound', 'binding:vif_details': {}, 'port_security_enabled': False, 'tags': [], 'created_at': '2026-06-30T08:53:02Z', 'updated_at': '2026-06-30T08:53:05Z', 'revision_number': 4, 'tenant_id': '6bafa9e4abfd4a44b782fcdca17e2a94'}, resource_type=router_ports, if_exists=True) {{(pid=87421) do_commit /opt/stack/data/venv/lib/python3.12/site-packages/ovsdbapp/backend/ovs_idl/transaction.py:89}}
Jun 30 08:53:10.713233 np0000003959 devstack@neutron-api.service[87421]: DEBUG ovsdbapp.backend.ovs_idl.transaction [None req-86c963bd-2659-4cb4-8f04-98ac17775e33 None None] Running txn n=1 command(idx=1): UpdateLRouterPortCommand(_result=None, name=lrp-e64fcde4-ae04-4de5-b0c5-7ec79c608e68, columns={'external_ids': {'neutron:revision_number': '4', 'neutron:subnet_ids': '53e3f5cf-bc98-4c5a-9d1c-8e79b4dbd702', 'neutron:network_name': 'neutron-df579d4f-7aee-4485-bfd8-f375f1a183c4', 'neutron:is_ext_gw': 'False', 'neutron:router_name': 'neutron-5f7c59dd-4b7b-4cdd-845a-b59867075ae4'}, 'options': {}, 'networks': ['fd91:c033:4fcb::1/64'], 'ipv6_ra_configs': {'address_mode': 'slaac', 'send_periodic': 'true', 'mtu': '1372'}}, if_exists=False) {{(pid=87421) do_commit /opt/stack/data/venv/lib/python3.12/site-packages/ovsdbapp/backend/ovs_idl/transaction.py:89}}
Jun 30 08:53:10.713587 np0000003959 devstack@neutron-api.service[87421]: DEBUG ovsdbapp.backend.ovs_idl.transaction [None req-86c963bd-2659-4cb4-8f04-98ac17775e33 None None] Running txn n=1 command(idx=2): SetLRouterPortInLSwitchPortCommand(_result=None, lswitch_port=e64fcde4-ae04-4de5-b0c5-7ec79c608e68, lrouter_port=lrp-e64fcde4-ae04-4de5-b0c5-7ec79c608e68, is_gw_port=False, if_exists=True, lsp_address=router) {{(pid=87421) do_commit /opt/stack/data/venv/lib/python3.12/site-packages/ovsdbapp/backend/ovs_idl/transaction.py:89}}
Jun 30 08:53:10.713938 np0000003959 devstack@neutron-api.service[87421]: DEBUG ovsdbapp.backend.ovs_idl.transaction [None req-86c963bd-2659-4cb4-8f04-98ac17775e33 None None] Transaction caused no change {{(pid=87421) do_commit /opt/stack/data/venv/lib/python3.12/site-packages/ovsdbapp/backend/ovs_idl/transaction.py:129}}
Jun 30 08:53:13.963876 np0000003959 devstack@neutron-api.service[87421]: DEBUG futurist.periodics [-] Submitting periodic callback 'neutron.plugins.ml2.drivers.ovn.mech_driver.ovsdb.maintenance.HashRingHealthCheckPeriodics.touch_hash_ring_node' {{(pid=87421) _process_scheduled /opt/stack/data/venv/lib/python3.12/site-packages/futurist/periodics.py:784}}
Jun 30 08:53:13.964310 np0000003959 devstack@neutron-api.service[87421]: DEBUG neutron.plugins.ml2.drivers.ovn.mech_driver.ovsdb.maintenance [-] Touching Hash Ring node "1fcc4ab26a9e5e6588afd314979ea483" from periodic health check thread {{(pid=87421) touch_hash_ring_node /opt/stack/neutron/neutron/plugins/ml2/drivers/ovn/mech_driver/ovsdb/maintenance.py:1419}}
Jun 30 08:53:14.822724 np0000003959 devstack@neutron-api.service[87420]: DEBUG futurist.periodics [-] Submitting periodic callback 'neutron.plugins.ml2.drivers.ovn.mech_driver.ovsdb.maintenance.HashRingHealthCheckPeriodics.touch_hash_ring_node' {{(pid=87420) _process_scheduled /opt/stack/data/venv/lib/python3.12/site-packages/futurist/periodics.py:784}}
Jun 30 08:53:14.823761 np0000003959 devstack@neutron-api.service[87420]: DEBUG neutron.plugins.ml2.drivers.ovn.mech_driver.ovsdb.maintenance [-] Touching Hash Ring node "8e4177c723525ef98a29b712c47ddf2c" from periodic health check thread {{(pid=87420) touch_hash_ring_node /opt/stack/neutron/neutron/plugins/ml2/drivers/ovn/mech_driver/ovsdb/maintenance.py:1419}}
Jun 30 08:53:14.842817 np0000003959 devstack@neutron-api.service[87419]: DEBUG futurist.periodics [-] Submitting periodic callback 'neutron.plugins.ml2.drivers.ovn.mech_driver.ovsdb.maintenance.HashRingHealthCheckPeriodics.touch_hash_ring_node' {{(pid=87419) _process_scheduled /opt/stack/data/venv/lib/python3.12/site-packages/futurist/periodics.py:784}}
Jun 30 08:53:14.843208 np0000003959 devstack@neutron-api.service[87419]: DEBUG neutron.plugins.ml2.drivers.ovn.mech_driver.ovsdb.maintenance [-] Touching Hash Ring node "24aa2d63ac5351fa93906123d767186e" from periodic health check thread {{(pid=87419) touch_hash_ring_node /opt/stack/neutron/neutron/plugins/ml2/drivers/ovn/mech_driver/ovsdb/maintenance.py:1419}}
Jun 30 08:53:23.974755 np0000003959 devstack@neutron-api.service[87421]: DEBUG dbcounter [-] [87421] Writing DB stats neutron:SELECT=3320,neutron:INSERT=730,neutron:DELETE=12,neutron:UPDATE=136 {{(pid=87421) stat_writer /opt/stack/data/venv/lib/python3.12/site-packages/dbcounter.py:115}}
Jun 30 08:53:24.834916 np0000003959 devstack@neutron-api.service[87420]: DEBUG dbcounter [-] [87420] Writing DB stats neutron:SELECT=592,neutron:INSERT=17,neutron:DELETE=5,neutron:UPDATE=23 {{(pid=87420) stat_writer /opt/stack/data/venv/lib/python3.12/site-packages/dbcounter.py:115}}
Jun 30 08:53:24.853965 np0000003959 devstack@neutron-api.service[87419]: DEBUG dbcounter [-] [87419] Writing DB stats neutron:SELECT=2187,neutron:INSERT=56,neutron:DELETE=10,neutron:UPDATE=63 {{(pid=87419) stat_writer /opt/stack/data/venv/lib/python3.12/site-packages/dbcounter.py:115}}
Jun 30 08:53:28.964513 np0000003959 devstack@neutron-api.service[87421]: DEBUG futurist.periodics [-] Submitting periodic callback 'neutron.plugins.ml2.drivers.ovn.mech_driver.ovsdb.maintenance.HashRingHealthCheckPeriodics.touch_hash_ring_node' {{(pid=87421) _process_scheduled /opt/stack/data/venv/lib/python3.12/site-packages/futurist/periodics.py:784}}
Jun 30 08:53:28.964944 np0000003959 devstack@neutron-api.service[87421]: DEBUG neutron.plugins.ml2.drivers.ovn.mech_driver.ovsdb.maintenance [-] Touching Hash Ring node "1fcc4ab26a9e5e6588afd314979ea483" from periodic health check thread {{(pid=87421) touch_hash_ring_node /opt/stack/neutron/neutron/plugins/ml2/drivers/ovn/mech_driver/ovsdb/maintenance.py:1419}}
Jun 30 08:53:29.823937 np0000003959 devstack@neutron-api.service[87420]: DEBUG futurist.periodics [-] Submitting periodic callback 'neutron.plugins.ml2.drivers.ovn.mech_driver.ovsdb.maintenance.HashRingHealthCheckPeriodics.touch_hash_ring_node' {{(pid=87420) _process_scheduled /opt/stack/data/venv/lib/python3.12/site-packages/futurist/periodics.py:784}}
Jun 30 08:53:29.824504 np0000003959 devstack@neutron-api.service[87420]: DEBUG neutron.plugins.ml2.drivers.ovn.mech_driver.ovsdb.maintenance [-] Touching Hash Ring node "8e4177c723525ef98a29b712c47ddf2c" from periodic health check thread {{(pid=87420) touch_hash_ring_node /opt/stack/neutron/neutron/plugins/ml2/drivers/ovn/mech_driver/ovsdb/maintenance.py:1419}}
Jun 30 08:53:29.843339 np0000003959 devstack@neutron-api.service[87419]: DEBUG futurist.periodics [-] Submitting periodic callback 'neutron.plugins.ml2.drivers.ovn.mech_driver.ovsdb.maintenance.HashRingHealthCheckPeriodics.touch_hash_ring_node' {{(pid=87419) _process_scheduled /opt/stack/data/venv/lib/python3.12/site-packages/futurist/periodics.py:784}}
Jun 30 08:53:29.843901 np0000003959 devstack@neutron-api.service[87419]: DEBUG neutron.plugins.ml2.drivers.ovn.mech_driver.ovsdb.maintenance [-] Touching Hash Ring node "24aa2d63ac5351fa93906123d767186e" from periodic health check thread {{(pid=87419) touch_hash_ring_node /opt/stack/neutron/neutron/plugins/ml2/drivers/ovn/mech_driver/ovsdb/maintenance.py:1419}}
Jun 30 08:53:38.971172 np0000003959 devstack@neutron-api.service[87421]: DEBUG dbcounter [-] [87421] Writing DB stats neutron:UPDATE=1,neutron:SELECT=1 {{(pid=87421) stat_writer /opt/stack/data/venv/lib/python3.12/site-packages/dbcounter.py:115}}
Jun 30 08:53:39.831709 np0000003959 devstack@neutron-api.service[87420]: DEBUG dbcounter [-] [87420] Writing DB stats neutron:UPDATE=1,neutron:SELECT=1 {{(pid=87420) stat_writer /opt/stack/data/venv/lib/python3.12/site-packages/dbcounter.py:115}}
Jun 30 08:53:39.849666 np0000003959 devstack@neutron-api.service[87419]: DEBUG dbcounter [-] [87419] Writing DB stats neutron:UPDATE=1,neutron:SELECT=1 {{(pid=87419) stat_writer /opt/stack/data/venv/lib/python3.12/site-packages/dbcounter.py:115}}
Jun 30 08:53:43.965056 np0000003959 devstack@neutron-api.service[87421]: DEBUG futurist.periodics [-] Submitting periodic callback 'neutron.plugins.ml2.drivers.ovn.mech_driver.ovsdb.maintenance.HashRingHealthCheckPeriodics.touch_hash_ring_node' {{(pid=87421) _process_scheduled /opt/stack/data/venv/lib/python3.12/site-packages/futurist/periodics.py:784}}
Jun 30 08:53:43.965430 np0000003959 devstack@neutron-api.service[87421]: DEBUG neutron.plugins.ml2.drivers.ovn.mech_driver.ovsdb.maintenance [-] Touching Hash Ring node "1fcc4ab26a9e5e6588afd314979ea483" from periodic health check thread {{(pid=87421) touch_hash_ring_node /opt/stack/neutron/neutron/plugins/ml2/drivers/ovn/mech_driver/ovsdb/maintenance.py:1419}}
Jun 30 08:53:44.824535 np0000003959 devstack@neutron-api.service[87420]: DEBUG futurist.periodics [-] Submitting periodic callback 'neutron.plugins.ml2.drivers.ovn.mech_driver.ovsdb.maintenance.HashRingHealthCheckPeriodics.touch_hash_ring_node' {{(pid=87420) _process_scheduled /opt/stack/data/venv/lib/python3.12/site-packages/futurist/periodics.py:784}}
Jun 30 08:53:44.824908 np0000003959 devstack@neutron-api.service[87420]: DEBUG neutron.plugins.ml2.drivers.ovn.mech_driver.ovsdb.maintenance [-] Touching Hash Ring node "8e4177c723525ef98a29b712c47ddf2c" from periodic health check thread {{(pid=87420) touch_hash_ring_node /opt/stack/neutron/neutron/plugins/ml2/drivers/ovn/mech_driver/ovsdb/maintenance.py:1419}}
Jun 30 08:53:44.844036 np0000003959 devstack@neutron-api.service[87419]: DEBUG futurist.periodics [-] Submitting periodic callback 'neutron.plugins.ml2.drivers.ovn.mech_driver.ovsdb.maintenance.HashRingHealthCheckPeriodics.touch_hash_ring_node' {{(pid=87419) _process_scheduled /opt/stack/data/venv/lib/python3.12/site-packages/futurist/periodics.py:784}}
Jun 30 08:53:44.844472 np0000003959 devstack@neutron-api.service[87419]: DEBUG neutron.plugins.ml2.drivers.ovn.mech_driver.ovsdb.maintenance [-] Touching Hash Ring node "24aa2d63ac5351fa93906123d767186e" from periodic health check thread {{(pid=87419) touch_hash_ring_node /opt/stack/neutron/neutron/plugins/ml2/drivers/ovn/mech_driver/ovsdb/maintenance.py:1419}}
Jun 30 08:53:53.971667 np0000003959 devstack@neutron-api.service[87421]: DEBUG dbcounter [-] [87421] Writing DB stats neutron:UPDATE=1,neutron:SELECT=1 {{(pid=87421) stat_writer /opt/stack/data/venv/lib/python3.12/site-packages/dbcounter.py:115}}
Jun 30 08:53:54.832816 np0000003959 devstack@neutron-api.service[87420]: DEBUG dbcounter [-] [87420] Writing DB stats neutron:UPDATE=1,neutron:SELECT=1 {{(pid=87420) stat_writer /opt/stack/data/venv/lib/python3.12/site-packages/dbcounter.py:115}}
Jun 30 08:53:54.852923 np0000003959 devstack@neutron-api.service[87419]: DEBUG dbcounter [-] [87419] Writing DB stats neutron:UPDATE=1,neutron:SELECT=1 {{(pid=87419) stat_writer /opt/stack/data/venv/lib/python3.12/site-packages/dbcounter.py:115}}
Jun 30 08:53:58.965609 np0000003959 devstack@neutron-api.service[87421]: DEBUG futurist.periodics [-] Submitting periodic callback 'neutron.plugins.ml2.drivers.ovn.mech_driver.ovsdb.maintenance.HashRingHealthCheckPeriodics.touch_hash_ring_node' {{(pid=87421) _process_scheduled /opt/stack/data/venv/lib/python3.12/site-packages/futurist/periodics.py:784}}
Jun 30 08:53:58.966020 np0000003959 devstack@neutron-api.service[87421]: DEBUG neutron.plugins.ml2.drivers.ovn.mech_driver.ovsdb.maintenance [-] Touching Hash Ring node "1fcc4ab26a9e5e6588afd314979ea483" from periodic health check thread {{(pid=87421) touch_hash_ring_node /opt/stack/neutron/neutron/plugins/ml2/drivers/ovn/mech_driver/ovsdb/maintenance.py:1419}}
Jun 30 08:53:59.825071 np0000003959 devstack@neutron-api.service[87420]: DEBUG futurist.periodics [-] Submitting periodic callback 'neutron.plugins.ml2.drivers.ovn.mech_driver.ovsdb.maintenance.HashRingHealthCheckPeriodics.touch_hash_ring_node' {{(pid=87420) _process_scheduled /opt/stack/data/venv/lib/python3.12/site-packages/futurist/periodics.py:784}}
Jun 30 08:53:59.825517 np0000003959 devstack@neutron-api.service[87420]: DEBUG neutron.plugins.ml2.drivers.ovn.mech_driver.ovsdb.maintenance [-] Touching Hash Ring node "8e4177c723525ef98a29b712c47ddf2c" from periodic health check thread {{(pid=87420) touch_hash_ring_node /opt/stack/neutron/neutron/plugins/ml2/drivers/ovn/mech_driver/ovsdb/maintenance.py:1419}}
Jun 30 08:53:59.844559 np0000003959 devstack@neutron-api.service[87419]: DEBUG futurist.periodics [-] Submitting periodic callback 'neutron.plugins.ml2.drivers.ovn.mech_driver.ovsdb.maintenance.HashRingHealthCheckPeriodics.touch_hash_ring_node' {{(pid=87419) _process_scheduled /opt/stack/data/venv/lib/python3.12/site-packages/futurist/periodics.py:784}}
Jun 30 08:53:59.844829 np0000003959 devstack@neutron-api.service[87419]: DEBUG neutron.plugins.ml2.drivers.ovn.mech_driver.ovsdb.maintenance [-] Touching Hash Ring node "24aa2d63ac5351fa93906123d767186e" from periodic health check thread {{(pid=87419) touch_hash_ring_node /opt/stack/neutron/neutron/plugins/ml2/drivers/ovn/mech_driver/ovsdb/maintenance.py:1419}}
Jun 30 08:54:04.245103 np0000003959 devstack@neutron-api.service[87419]: DEBUG neutron.api.wsgi [None req-dda336c2-bc17-4441-95f4-76e15d8575e6 admin admin] Missing Content-Type {{(pid=87419) get_content_type /opt/stack/neutron/neutron/api/wsgi.py:80}}
Jun 30 08:54:04.245567 np0000003959 devstack@neutron-api.service[87419]: DEBUG neutron.api.wsgi [None req-dda336c2-bc17-4441-95f4-76e15d8575e6 admin admin] https://10.4.3.91/networking/v2.0/extensions returned with HTTP 200 {{(pid=87419) __call__ /opt/stack/neutron/neutron/api/wsgi.py:540}}
Jun 30 08:54:04.245880 np0000003959 devstack@neutron-api.service[87419]: [pid: 87419|app: 0|req: 11/34] 10.4.3.91 () {64 vars in 1285 bytes} [Tue Jun 30 08:54:04 2026] GET /networking/v2.0/extensions => generated 16171 bytes in 4 msecs (HTTP/1.1 200) 4 headers in 159 bytes (1 switches on core 0)
Jun 30 08:54:04.497367 np0000003959 devstack@neutron-api.service[87421]: INFO neutron.pecan_wsgi.hooks.translation [None req-a7fad062-4819-4e0e-81f1-05c49b3f07d2 admin admin] GET failed (client error): The resource could not be found.
Jun 30 08:54:04.497943 np0000003959 devstack@neutron-api.service[87421]: [pid: 87421|app: 0|req: 13/35] 10.4.3.91 () {64 vars in 1287 bytes} [Tue Jun 30 08:54:04 2026] GET /networking/v2.0/networks/public => generated 108 bytes in 8 msecs (HTTP/1.1 404) 4 headers in 164 bytes (1 switches on core 0)
Jun 30 08:54:04.547869 np0000003959 devstack@neutron-api.service[87420]: DEBUG neutron.pecan_wsgi.hooks.policy_enforcement [None req-c7262c43-ee9a-4063-98bc-11aa03ba93e1 admin admin] Attributes excluded by policy engine: ['standard_attr_id'] {{(pid=87420) _exclude_attributes_by_policy /opt/stack/neutron/neutron/pecan_wsgi/hooks/policy_enforcement.py:259}}
Jun 30 08:54:04.548554 np0000003959 devstack@neutron-api.service[87420]: [pid: 87420|app: 0|req: 12/36] 10.4.3.91 () {64 vars in 1302 bytes} [Tue Jun 30 08:54:04 2026] GET /networking/v2.0/networks?name=public => generated 759 bytes in 44 msecs (HTTP/1.1 200) 4 headers in 157 bytes (1 switches on core 0)
Jun 30 08:54:04.735869 np0000003959 devstack@neutron-api.service[87419]: DEBUG neutron.api.v2.base [None req-67363bb6-5f22-4d29-b01e-3620c05faf87 admin admin] Request body: {'network': {'shared': True, 'name': 'shared', 'admin_state_up': True}} {{(pid=87419) prepare_request_body /opt/stack/neutron/neutron/api/v2/base.py:727}}
Jun 30 08:54:04.750223 np0000003959 devstack@neutron-api.service[87419]: DEBUG neutron.pecan_wsgi.hooks.quota_enforcement [None req-67363bb6-5f22-4d29-b01e-3620c05faf87 admin admin] Made reservation on behalf of 6bafa9e4abfd4a44b782fcdca17e2a94 for: {'network': 1} {{(pid=87419) before /opt/stack/neutron/neutron/pecan_wsgi/hooks/quota_enforcement.py:66}}
Jun 30 08:54:04.753342 np0000003959 devstack@neutron-api.service[87419]: DEBUG neutron_lib.callbacks.manager [None req-67363bb6-5f22-4d29-b01e-3620c05faf87 admin admin] Publish callbacks ['neutron.plugins.ml2.plugin.SecurityGroupDbMixin._ensure_default_security_group_handler-1130965'] for network (None), before_create {{(pid=87419) _notify_loop /opt/stack/data/venv/lib/python3.12/site-packages/neutron_lib/callbacks/manager.py:184}}
Jun 30 08:54:04.788410 np0000003959 devstack@neutron-api.service[87419]: WARNING neutron.services.revisions.revision_plugin [None req-67363bb6-5f22-4d29-b01e-3620c05faf87 admin admin] Could not find related network for resource to bump revision.
Jun 30 08:54:04.817800 np0000003959 devstack@neutron-api.service[87419]: DEBUG neutron.plugins.ml2.drivers.helpers [None req-67363bb6-5f22-4d29-b01e-3620c05faf87 admin admin] geneve segment allocate from pool success with {'geneve_vni': 64528} {{(pid=87419) allocate_partially_specified_segment /opt/stack/neutron/neutron/plugins/ml2/drivers/helpers.py:142}}
Jun 30 08:54:04.826777 np0000003959 devstack@neutron-api.service[87419]: DEBUG neutron_lib.callbacks.manager [None req-67363bb6-5f22-4d29-b01e-3620c05faf87 admin admin] Publish callbacks ['neutron.plugins.ml2.plugin.Ml2Plugin._handle_segment_change-1882863'] for segment (3e658d2c-23ba-4ba2-bc86-659c40f1977f), precommit_create {{(pid=87419) _notify_loop /opt/stack/data/venv/lib/python3.12/site-packages/neutron_lib/callbacks/manager.py:184}}
Jun 30 08:54:04.826985 np0000003959 devstack@neutron-api.service[87419]: INFO neutron.db.segments_db [None req-67363bb6-5f22-4d29-b01e-3620c05faf87 admin admin] Added segment 3e658d2c-23ba-4ba2-bc86-659c40f1977f of type geneve for network 2415ad9a-f078-4b8a-b101-7e2021c84186
Jun 30 08:54:04.843092 np0000003959 devstack@neutron-api.service[87419]: DEBUG neutron_lib.callbacks.manager [None req-67363bb6-5f22-4d29-b01e-3620c05faf87 admin admin] Publish callbacks ['neutron.services.auto_allocate.db._ensure_external_network_default_value_callback-8505529712240'] for network (2415ad9a-f078-4b8a-b101-7e2021c84186), precommit_create {{(pid=87419) _notify_loop /opt/stack/data/venv/lib/python3.12/site-packages/neutron_lib/callbacks/manager.py:184}}
Jun 30 08:54:04.855524 np0000003959 devstack@neutron-api.service[87419]: DEBUG neutron.plugins.ml2.drivers.ovn.mech_driver.mech_driver [None req-67363bb6-5f22-4d29-b01e-3620c05faf87 admin admin] Validating network segment with type geneve, segmentation ID 64528, physical network None {{(pid=87419) _validate_network_segments /opt/stack/neutron/neutron/plugins/ml2/drivers/ovn/mech_driver/mech_driver.py:646}}
Jun 30 08:54:04.855690 np0000003959 devstack@neutron-api.service[87419]: DEBUG neutron.db.ovn_revision_numbers_db [None req-67363bb6-5f22-4d29-b01e-3620c05faf87 admin admin] create_initial_revision uuid=2415ad9a-f078-4b8a-b101-7e2021c84186, type=networks, rev=-1 {{(pid=87419) create_initial_revision /opt/stack/neutron/neutron/db/ovn_revision_numbers_db.py:98}}
Jun 30 08:54:04.862573 np0000003959 devstack@neutron-api.service[87419]: DEBUG neutron_lib.callbacks.manager [None req-67363bb6-5f22-4d29-b01e-3620c05faf87 admin admin] Publish callbacks ['neutron.plugins.ml2.ovo_rpc._ObjectChangeHandler.handle_event-3086732'] for network (2415ad9a-f078-4b8a-b101-7e2021c84186), after_create {{(pid=87419) _notify_loop /opt/stack/data/venv/lib/python3.12/site-packages/neutron_lib/callbacks/manager.py:184}}
Jun 30 08:54:04.874553 np0000003959 devstack@neutron-api.service[87419]: DEBUG neutron.api.rpc.handlers.resources_rpc [None req-67363bb6-5f22-4d29-b01e-3620c05faf87 admin admin] Pushing event updated for resources: {'Network': ['ID=2415ad9a-f078-4b8a-b101-7e2021c84186,revision_number=1']} {{(pid=87419) push /opt/stack/neutron/neutron/api/rpc/handlers/resources_rpc.py:237}}
Jun 30 08:54:04.878084 np0000003959 devstack@neutron-api.service[87419]: DEBUG ovsdbapp.backend.ovs_idl.transaction [None req-ad3bec17-71c2-4d67-92a2-e7802c1fd04b None None] Running txn n=1 command(idx=0): CheckLivenessCommand(_result=None) {{(pid=87419) do_commit /opt/stack/data/venv/lib/python3.12/site-packages/ovsdbapp/backend/ovs_idl/transaction.py:89}}
Jun 30 08:54:04.884768 np0000003959 devstack@neutron-api.service[87421]: DEBUG neutron.plugins.ml2.drivers.ovn.mech_driver.ovsdb.ovsdb_monitor [None req-934ce273-2814-415e-8c9c-2d668d6929b3 None None] ChassisAgentWriteEvent : Matched Chassis_Private, update, None None {{(pid=87421) matches /opt/stack/neutron/neutron/plugins/ml2/drivers/ovn/mech_driver/ovsdb/ovsdb_monitor.py:64}}
Jun 30 08:54:04.889911 np0000003959 devstack@neutron-api.service[87419]: DEBUG neutron.plugins.ml2.drivers.ovn.mech_driver.ovsdb.ovsdb_monitor [None req-00522dd0-98bc-4bb2-90a5-3b832f1925ae None None] ChassisAgentWriteEvent : Matched Chassis_Private, update, None None {{(pid=87419) matches /opt/stack/neutron/neutron/plugins/ml2/drivers/ovn/mech_driver/ovsdb/ovsdb_monitor.py:64}}
Jun 30 08:54:04.890771 np0000003959 devstack@neutron-api.service[87420]: DEBUG neutron.plugins.ml2.drivers.ovn.mech_driver.ovsdb.ovsdb_monitor [None req-a323ac70-a320-453c-8be5-1cf78a898449 None None] ChassisAgentWriteEvent : Matched Chassis_Private, update, None None {{(pid=87420) matches /opt/stack/neutron/neutron/plugins/ml2/drivers/ovn/mech_driver/ovsdb/ovsdb_monitor.py:64}}
Jun 30 08:54:04.891739 np0000003959 devstack@neutron-api.service[87421]: DEBUG neutron.common.ovn.hash_ring_manager [None req-86c963bd-2659-4cb4-8f04-98ac17775e33 None None] Hash Ring loaded. 3 active nodes. 0 offline nodes {{(pid=87421) _load_hash_ring /opt/stack/neutron/neutron/common/ovn/hash_ring_manager.py:110}}
Jun 30 08:54:04.891917 np0000003959 devstack@neutron-api.service[87421]: DEBUG neutron.plugins.ml2.drivers.ovn.mech_driver.ovsdb.ovsdb_monitor [None req-86c963bd-2659-4cb4-8f04-98ac17775e33 None None] Hash Ring: Node 1fcc4ab26a9e5e6588afd314979ea483 (host: np0000003959) handling event "update" for row a4bcabc4-04e8-433a-9eb8-ba7128a51007 (table: NB_Global) {{(pid=87421) notify /opt/stack/neutron/neutron/plugins/ml2/drivers/ovn/mech_driver/ovsdb/ovsdb_monitor.py:1015}}
Jun 30 08:54:04.893084 np0000003959 devstack@neutron-api.service[87420]: DEBUG neutron.common.ovn.hash_ring_manager [None req-c389daa6-e8d9-4b25-b577-00ea97a73522 None None] Hash Ring loaded. 3 active nodes. 0 offline nodes {{(pid=87420) _load_hash_ring /opt/stack/neutron/neutron/common/ovn/hash_ring_manager.py:110}}
Jun 30 08:54:04.893461 np0000003959 devstack@neutron-api.service[87421]: DEBUG neutron.plugins.ml2.drivers.ovn.mech_driver.ovsdb.ovsdb_monitor [None req-86c963bd-2659-4cb4-8f04-98ac17775e33 None None] Hash Ring: Node 1fcc4ab26a9e5e6588afd314979ea483 (host: np0000003959) handling event "update" for row a4bcabc4-04e8-433a-9eb8-ba7128a51007 (table: NB_Global) {{(pid=87421) notify /opt/stack/neutron/neutron/plugins/ml2/drivers/ovn/mech_driver/ovsdb/ovsdb_monitor.py:1015}}
Jun 30 08:54:04.894292 np0000003959 devstack@neutron-api.service[87421]: DEBUG neutron.plugins.ml2.drivers.ovn.mech_driver.ovsdb.ovsdb_monitor [None req-86c963bd-2659-4cb4-8f04-98ac17775e33 None None] Hash Ring: Node 1fcc4ab26a9e5e6588afd314979ea483 (host: np0000003959) handling event "update" for row a4bcabc4-04e8-433a-9eb8-ba7128a51007 (table: NB_Global) {{(pid=87421) notify /opt/stack/neutron/neutron/plugins/ml2/drivers/ovn/mech_driver/ovsdb/ovsdb_monitor.py:1015}}
Jun 30 08:54:04.894711 np0000003959 devstack@neutron-api.service[87421]: DEBUG neutron.common.ovn.hash_ring_manager [None req-934ce273-2814-415e-8c9c-2d668d6929b3 None None] Hash Ring loaded. 3 active nodes. 0 offline nodes {{(pid=87421) _load_hash_ring /opt/stack/neutron/neutron/common/ovn/hash_ring_manager.py:110}}
Jun 30 08:54:04.895047 np0000003959 devstack@neutron-api.service[87421]: DEBUG neutron.plugins.ml2.drivers.ovn.mech_driver.ovsdb.ovsdb_monitor [None req-86c963bd-2659-4cb4-8f04-98ac17775e33 None None] Hash Ring: Node 1fcc4ab26a9e5e6588afd314979ea483 (host: np0000003959) handling event "update" for row a4bcabc4-04e8-433a-9eb8-ba7128a51007 (table: NB_Global) {{(pid=87421) notify /opt/stack/neutron/neutron/plugins/ml2/drivers/ovn/mech_driver/ovsdb/ovsdb_monitor.py:1015}}
Jun 30 08:54:04.896363 np0000003959 devstack@neutron-api.service[87419]: DEBUG neutron.common.ovn.hash_ring_manager [None req-ad3bec17-71c2-4d67-92a2-e7802c1fd04b None None] Hash Ring loaded. 3 active nodes. 0 offline nodes {{(pid=87419) _load_hash_ring /opt/stack/neutron/neutron/common/ovn/hash_ring_manager.py:110}}
Jun 30 08:54:04.897982 np0000003959 devstack@neutron-api.service[87420]: DEBUG neutron.common.ovn.hash_ring_manager [None req-a323ac70-a320-453c-8be5-1cf78a898449 None None] Hash Ring loaded. 3 active nodes. 0 offline nodes {{(pid=87420) _load_hash_ring /opt/stack/neutron/neutron/common/ovn/hash_ring_manager.py:110}}
Jun 30 08:54:04.898495 np0000003959 devstack@neutron-api.service[87419]: DEBUG neutron.common.ovn.hash_ring_manager [None req-00522dd0-98bc-4bb2-90a5-3b832f1925ae None None] Hash Ring loaded. 3 active nodes. 0 offline nodes {{(pid=87419) _load_hash_ring /opt/stack/neutron/neutron/common/ovn/hash_ring_manager.py:110}}
Jun 30 08:54:04.898495 np0000003959 devstack@neutron-api.service[87419]: DEBUG neutron.plugins.ml2.drivers.ovn.mech_driver.ovsdb.ovsdb_monitor [None req-00522dd0-98bc-4bb2-90a5-3b832f1925ae None None] Hash Ring: Node 24aa2d63ac5351fa93906123d767186e (host: np0000003959) handling event "update" for row 311cafd5-8bd4-47d0-982f-09b508684958 (table: Chassis_Private) {{(pid=87419) notify /opt/stack/neutron/neutron/plugins/ml2/drivers/ovn/mech_driver/ovsdb/ovsdb_monitor.py:1015}}
Jun 30 08:54:04.900482 np0000003959 devstack@neutron-api.service[87419]: DEBUG neutron.api.rpc.callbacks.version_manager [None req-67363bb6-5f22-4d29-b01e-3620c05faf87 admin admin] Tracked resource versions report:
Jun 30 08:54:04.900482 np0000003959 devstack@neutron-api.service[87419]: pushed versions:
Jun 30 08:54:04.900482 np0000003959 devstack@neutron-api.service[87419]: { 'AddressGroup': {'1.2'},
Jun 30 08:54:04.900482 np0000003959 devstack@neutron-api.service[87419]: 'Agent': {'1.1'},
Jun 30 08:54:04.900482 np0000003959 devstack@neutron-api.service[87419]: 'ConntrackHelper': {'1.0'},
Jun 30 08:54:04.900482 np0000003959 devstack@neutron-api.service[87419]: 'LocalIPAssociation': {'1.0'},
Jun 30 08:54:04.900482 np0000003959 devstack@neutron-api.service[87419]: 'Log': {'1.0'},
Jun 30 08:54:04.900482 np0000003959 devstack@neutron-api.service[87419]: 'NDPProxy': {'1.0'},
Jun 30 08:54:04.900482 np0000003959 devstack@neutron-api.service[87419]: 'Network': {'1.3'},
Jun 30 08:54:04.900482 np0000003959 devstack@neutron-api.service[87419]: 'Port': {'1.11'},
Jun 30 08:54:04.900482 np0000003959 devstack@neutron-api.service[87419]: 'PortForwarding': {'1.3'},
Jun 30 08:54:04.900482 np0000003959 devstack@neutron-api.service[87419]: 'QosPolicy': {'1.10'},
Jun 30 08:54:04.900482 np0000003959 devstack@neutron-api.service[87419]: 'SecurityGroup': {'1.6'},
Jun 30 08:54:04.900482 np0000003959 devstack@neutron-api.service[87419]: 'SecurityGroupRule': {'1.3'},
Jun 30 08:54:04.900482 np0000003959 devstack@neutron-api.service[87419]: 'SubPort': {'1.0'},
Jun 30 08:54:04.900482 np0000003959 devstack@neutron-api.service[87419]: 'Subnet': {'1.2'},
Jun 30 08:54:04.900482 np0000003959 devstack@neutron-api.service[87419]: 'Trunk': {'1.1'}}
Jun 30 08:54:04.900482 np0000003959 devstack@neutron-api.service[87419]: consumer versions:
Jun 30 08:54:04.900482 np0000003959 devstack@neutron-api.service[87419]: { OVN Neutron agent@np0000003959: {},
Jun 30 08:54:04.900482 np0000003959 devstack@neutron-api.service[87419]: OVN Controller Gateway agent@np0000003959: {}}
Jun 30 08:54:04.900482 np0000003959 devstack@neutron-api.service[87419]: {{(pid=87419) report /opt/stack/neutron/neutron/api/rpc/callbacks/version_manager.py:183}}
Jun 30 08:54:04.908206 np0000003959 devstack@neutron-api.service[87419]: DEBUG ovsdbapp.backend.ovs_idl.transaction [None req-ad3bec17-71c2-4d67-92a2-e7802c1fd04b None None] Running txn n=1 command(idx=0): AddNetworkCommand(_result=None, network_uuid=2415ad9a-f078-4b8a-b101-7e2021c84186, may_exist=True, columns={'external_ids': {'neutron:network_name': 'shared', 'neutron:mtu': '1372', 'neutron:revision_number': '1', 'neutron:availability_zone_hints': '', 'neutron:provnet-network-type': 'geneve'}, 'other_config': {'mcast_snoop': 'false', 'mcast_flood_unregistered': 'false', 'vlan-passthru': 'false'}}) {{(pid=87419) do_commit /opt/stack/data/venv/lib/python3.12/site-packages/ovsdbapp/backend/ovs_idl/transaction.py:89}}
Jun 30 08:54:04.912851 np0000003959 devstack@neutron-api.service[87420]: DEBUG neutron.plugins.ml2.drivers.ovn.mech_driver.ovsdb.ovsdb_monitor [None req-c389daa6-e8d9-4b25-b577-00ea97a73522 None None] Hash Ring: Node 8e4177c723525ef98a29b712c47ddf2c (host: np0000003959) handling event "create" for row 2415ad9a-f078-4b8a-b101-7e2021c84186 (table: Logical_Switch) {{(pid=87420) notify /opt/stack/neutron/neutron/plugins/ml2/drivers/ovn/mech_driver/ovsdb/ovsdb_monitor.py:1015}}
Jun 30 08:54:04.915161 np0000003959 devstack@neutron-api.service[87420]: DEBUG neutron.plugins.ml2.drivers.ovn.mech_driver.ovsdb.ovsdb_monitor [None req-a323ac70-a320-453c-8be5-1cf78a898449 None None] Hash Ring: Node 8e4177c723525ef98a29b712c47ddf2c (host: np0000003959) handling event "create" for row e0e23244-f7b7-4b54-8ef0-7b7690a1d26d (table: Datapath_Binding) {{(pid=87420) notify /opt/stack/neutron/neutron/plugins/ml2/drivers/ovn/mech_driver/ovsdb/ovsdb_monitor.py:1015}}
Jun 30 08:54:04.931482 np0000003959 devstack@neutron-api.service[87419]: INFO neutron.db.ovn_revision_numbers_db [None req-67363bb6-5f22-4d29-b01e-3620c05faf87 admin admin] Successfully bumped revision number for resource 2415ad9a-f078-4b8a-b101-7e2021c84186 (type: networks) to 1
Jun 30 08:54:04.941492 np0000003959 devstack@neutron-api.service[87419]: DEBUG neutron_lib.callbacks.manager [None req-67363bb6-5f22-4d29-b01e-3620c05faf87 admin admin] Publish callbacks ['neutron.plugins.ml2.plugin.SecurityGroupDbMixin._ensure_default_security_group_handler-1130965'] for port (None), before_create {{(pid=87419) _notify_loop /opt/stack/data/venv/lib/python3.12/site-packages/neutron_lib/callbacks/manager.py:184}}
Jun 30 08:54:04.996731 np0000003959 devstack@neutron-api.service[87419]: DEBUG neutron_lib.callbacks.manager [None req-67363bb6-5f22-4d29-b01e-3620c05faf87 admin admin] Publish callbacks ['neutron.plugins.ml2.drivers.ovn.mech_driver.mech_driver.OVNMechanismDriver._validate_allowed_address_pairs-286623'] for allowed_address_pair (88c3e203-ea2f-4a1f-82ed-e454d576030c), before_create {{(pid=87419) _notify_loop /opt/stack/data/venv/lib/python3.12/site-packages/neutron_lib/callbacks/manager.py:184}}
Jun 30 08:54:04.997212 np0000003959 devstack@neutron-api.service[87419]: DEBUG neutron_lib.callbacks.manager [None req-67363bb6-5f22-4d29-b01e-3620c05faf87 admin admin] Publish callbacks [] for port (88c3e203-ea2f-4a1f-82ed-e454d576030c), precommit_create {{(pid=87419) _notify_loop /opt/stack/data/venv/lib/python3.12/site-packages/neutron_lib/callbacks/manager.py:184}}
Jun 30 08:54:04.997480 np0000003959 devstack@neutron-api.service[87419]: DEBUG neutron.plugins.ml2.drivers.ovn.mech_driver.mech_driver [None req-67363bb6-5f22-4d29-b01e-3620c05faf87 admin admin] No provisioning block for port 88c3e203-ea2f-4a1f-82ed-e454d576030c since it does not have a host {{(pid=87419) _is_port_provisioning_required /opt/stack/neutron/neutron/plugins/ml2/drivers/ovn/mech_driver/mech_driver.py:899}}
Jun 30 08:54:04.997588 np0000003959 devstack@neutron-api.service[87419]: DEBUG neutron.db.ovn_revision_numbers_db [None req-67363bb6-5f22-4d29-b01e-3620c05faf87 admin admin] create_initial_revision uuid=88c3e203-ea2f-4a1f-82ed-e454d576030c, type=ports, rev=-1 {{(pid=87419) create_initial_revision /opt/stack/neutron/neutron/db/ovn_revision_numbers_db.py:98}}
Jun 30 08:54:05.021814 np0000003959 devstack@neutron-api.service[87419]: DEBUG neutron_lib.callbacks.manager [None req-67363bb6-5f22-4d29-b01e-3620c05faf87 admin admin] Publish callbacks ['neutron.plugins.ml2.ovo_rpc._ObjectChangeHandler.handle_event-3086666'] for port (88c3e203-ea2f-4a1f-82ed-e454d576030c), after_create {{(pid=87419) _notify_loop /opt/stack/data/venv/lib/python3.12/site-packages/neutron_lib/callbacks/manager.py:184}}
Jun 30 08:54:05.048188 np0000003959 devstack@neutron-api.service[87419]: DEBUG neutron.api.rpc.handlers.resources_rpc [None req-67363bb6-5f22-4d29-b01e-3620c05faf87 admin admin] Pushing event updated for resources: {'Port': ['ID=88c3e203-ea2f-4a1f-82ed-e454d576030c,revision_number=1']} {{(pid=87419) push /opt/stack/neutron/neutron/api/rpc/handlers/resources_rpc.py:237}}
Jun 30 08:54:05.052779 np0000003959 devstack@neutron-api.service[87419]: DEBUG neutron.plugins.ml2.drivers.ovn.mech_driver.ovsdb.commands [None req-67363bb6-5f22-4d29-b01e-3620c05faf87 admin admin] Converting tag [] to a tag_request {{(pid=87419) _tag_column_to_tag_request /opt/stack/neutron/neutron/plugins/ml2/drivers/ovn/mech_driver/ovsdb/commands.py:205}}
Jun 30 08:54:05.053515 np0000003959 devstack@neutron-api.service[87419]: DEBUG ovsdbapp.backend.ovs_idl.transaction [None req-ad3bec17-71c2-4d67-92a2-e7802c1fd04b None None] Running txn n=1 command(idx=0): AddLSwitchPortCommand(_result=None, lport=88c3e203-ea2f-4a1f-82ed-e454d576030c, lswitch=neutron-2415ad9a-f078-4b8a-b101-7e2021c84186, may_exist=True, network_uuid=2415ad9a-f078-4b8a-b101-7e2021c84186, columns={'addresses': ['fa:16:3e:d3:c0:0d'], 'external_ids': {'neutron:port_name': '', 'neutron:device_id': 'ovnmeta-2415ad9a-f078-4b8a-b101-7e2021c84186', 'neutron:project_id': '6bafa9e4abfd4a44b782fcdca17e2a94', 'neutron:cidrs': '', 'neutron:device_owner': 'network:distributed', 'neutron:subnet_pool_addr_scope4': '', 'neutron:subnet_pool_addr_scope6': '', 'neutron:network_name': 'neutron-2415ad9a-f078-4b8a-b101-7e2021c84186', 'neutron:security_group_ids': '', 'neutron:revision_number': '1', 'neutron:vnic_type': 'normal', 'neutron:port_capabilities': '', 'neutron:mtu': '1372'}, 'parent_name': [], 'enabled': True, 'options': {}, 'type': 'localport', 'port_security': [], 'dhcpv4_options': [], 'dhcpv6_options': [], 'tag_request': []}) {{(pid=87419) do_commit /opt/stack/data/venv/lib/python3.12/site-packages/ovsdbapp/backend/ovs_idl/transaction.py:89}}
