Jun 23 06:43:59.999496 np0000003440 systemd[1]: Starting devstack@n-api-meta.service - Devstack devstack@n-api-meta.service...
Jun 23 06:44:00.006064 np0000003440 devstack@n-api-meta.service[95614]: [uWSGI] getting INI configuration from /etc/nova/nova-metadata-uwsgi.ini
Jun 23 06:44:00.009019 np0000003440 devstack@n-api-meta.service[95614]: *** Starting uWSGI 2.0.24-debian (64bit) on [Tue Jun 23 06:44:00 2026] ***
Jun 23 06:44:00.009019 np0000003440 devstack@n-api-meta.service[95614]: compiled with version: 13.2.0 on 17 April 2024 16:23:48
Jun 23 06:44:00.009019 np0000003440 devstack@n-api-meta.service[95614]: os: Linux-6.8.0-100-generic #100-Ubuntu SMP PREEMPT_DYNAMIC Tue Jan 13 16:40:06 UTC 2026
Jun 23 06:44:00.009019 np0000003440 devstack@n-api-meta.service[95614]: nodename: np0000003440
Jun 23 06:44:00.009019 np0000003440 devstack@n-api-meta.service[95614]: machine: x86_64
Jun 23 06:44:00.009019 np0000003440 devstack@n-api-meta.service[95614]: clock source: unix
Jun 23 06:44:00.009019 np0000003440 devstack@n-api-meta.service[95614]: pcre jit disabled
Jun 23 06:44:00.009019 np0000003440 devstack@n-api-meta.service[95614]: detected number of CPU cores: 16
Jun 23 06:44:00.009019 np0000003440 devstack@n-api-meta.service[95614]: current working directory: /
Jun 23 06:44:00.009019 np0000003440 devstack@n-api-meta.service[95614]: detected binary path: /usr/bin/uwsgi-core
Jun 23 06:44:00.009019 np0000003440 devstack@n-api-meta.service[95614]: your processes number limit is 257052
Jun 23 06:44:00.009019 np0000003440 devstack@n-api-meta.service[95614]: your memory page size is 4096 bytes
Jun 23 06:44:00.009019 np0000003440 devstack@n-api-meta.service[95614]: detected max file descriptor number: 2048
Jun 23 06:44:00.009019 np0000003440 devstack@n-api-meta.service[95614]: lock engine: pthread robust mutexes
Jun 23 06:44:00.009336 np0000003440 devstack@n-api-meta.service[95614]: thunder lock: enabled
Jun 23 06:44:00.009542 np0000003440 devstack@n-api-meta.service[95614]: uWSGI http bound on 0.0.0.0:8775 fd 5
Jun 23 06:44:00.009573 np0000003440 devstack@n-api-meta.service[95614]: uwsgi socket 0 bound to TCP address 127.0.0.1:39785 (port auto-assigned) fd 4
Jun 23 06:44:00.009597 np0000003440 devstack@n-api-meta.service[95614]: Python version: 3.12.3 (main, Mar 23 2026, 19:04:32) [GCC 13.3.0]
Jun 23 06:44:00.009597 np0000003440 devstack@n-api-meta.service[95614]: PEP 405 virtualenv detected: /opt/stack/data/venv
Jun 23 06:44:00.009597 np0000003440 devstack@n-api-meta.service[95614]: Set PythonHome to /opt/stack/data/venv
Jun 23 06:44:00.048933 np0000003440 devstack@n-api-meta.service[95614]: Python main interpreter initialized at 0x74f8320a3668
Jun 23 06:44:00.048933 np0000003440 devstack@n-api-meta.service[95614]: python threads support enabled
Jun 23 06:44:00.048933 np0000003440 devstack@n-api-meta.service[95614]: your server socket listen backlog is limited to 100 connections
Jun 23 06:44:00.048933 np0000003440 devstack@n-api-meta.service[95614]: your mercy for graceful operations on workers is 80 seconds
Jun 23 06:44:00.048933 np0000003440 devstack@n-api-meta.service[95614]: mapped 671795 bytes (656 KB) for 4 cores
Jun 23 06:44:00.048933 np0000003440 devstack@n-api-meta.service[95614]: *** Operational MODE: preforking ***
Jun 23 06:44:00.048933 np0000003440 devstack@n-api-meta.service[95614]: *** uWSGI is running in multiple interpreter mode ***
Jun 23 06:44:00.048933 np0000003440 devstack@n-api-meta.service[95614]: spawned uWSGI master process (pid: 95614)
Jun 23 06:44:00.048933 np0000003440 devstack@n-api-meta.service[95614]: spawned uWSGI worker 1 (pid: 95615, cores: 1)
Jun 23 06:44:00.048198 np0000003440 systemd[1]: Started devstack@n-api-meta.service - Devstack devstack@n-api-meta.service.
Jun 23 06:44:00.049456 np0000003440 devstack@n-api-meta.service[95614]: spawned uWSGI worker 2 (pid: 95616, cores: 1)
Jun 23 06:44:00.050313 np0000003440 devstack@n-api-meta.service[95614]: spawned uWSGI worker 3 (pid: 95617, cores: 1)
Jun 23 06:44:00.050714 np0000003440 devstack@n-api-meta.service[95614]: spawned uWSGI worker 4 (pid: 95618, cores: 1)
Jun 23 06:44:00.051392 np0000003440 devstack@n-api-meta.service[95614]: spawned uWSGI http 1 (pid: 95620)
Jun 23 06:44:00.051392 np0000003440 devstack@n-api-meta.service[95614]: running "unix_signal:15 gracefully_kill_them_all" (master-start)...
Jun 23 06:44:01.647410 np0000003440 devstack@n-api-meta.service[95618]: INFO dbcounter [None req-60d3350f-09c9-4b53-9fcd-451cce61f94e None None] Registered counter for database nova_api
Jun 23 06:44:01.694233 np0000003440 devstack@n-api-meta.service[95618]: DEBUG oslo_db.sqlalchemy.engines [None req-60d3350f-09c9-4b53-9fcd-451cce61f94e None None] MySQL server mode set to STRICT_TRANS_TABLES,STRICT_ALL_TABLES,NO_ZERO_IN_DATE,NO_ZERO_DATE,ERROR_FOR_DIVISION_BY_ZERO,TRADITIONAL,NO_ENGINE_SUBSTITUTION {{(pid=95618) _check_effective_sql_mode /opt/stack/data/venv/lib/python3.12/site-packages/oslo_db/sqlalchemy/engines.py:325}}
Jun 23 06:44:01.710441 np0000003440 devstack@n-api-meta.service[95616]: INFO dbcounter [None req-6dd47da8-9e2c-48cf-8a55-acbdc91c430b None None] Registered counter for database nova_api
Jun 23 06:44:01.711737 np0000003440 devstack@n-api-meta.service[95615]: INFO dbcounter [None req-f9f7a227-1c75-4cef-b958-4c58dd42e50a None None] Registered counter for database nova_api
Jun 23 06:44:01.721356 np0000003440 devstack@n-api-meta.service[95618]: DEBUG dbcounter [-] [95618] Writer thread running {{(pid=95618) stat_writer /opt/stack/data/venv/lib/python3.12/site-packages/dbcounter.py:102}}
Jun 23 06:44:01.724178 np0000003440 devstack@n-api-meta.service[95618]: DEBUG nova.context [None req-60d3350f-09c9-4b53-9fcd-451cce61f94e None None] Found 2 cells: 00000000-0000-0000-0000-000000000000(cell0),8df2d76d-f669-4543-bf7c-87709bae2992(cell1) {{(pid=95618) load_cells /opt/stack/nova/nova/context.py:509}}
Jun 23 06:44:01.724452 np0000003440 devstack@n-api-meta.service[95618]: INFO nova.utils [None req-60d3350f-09c9-4b53-9fcd-451cce61f94e None None] The cell worker thread pool MainProcess.cell_worker is initialized
Jun 23 06:44:01.726579 np0000003440 devstack@n-api-meta.service[95618]: DEBUG oslo_concurrency.lockutils [None req-60d3350f-09c9-4b53-9fcd-451cce61f94e None None] Acquiring lock "00000000-0000-0000-0000-000000000000" by "nova.context.set_target_cell..get_or_set_cached_cell_and_set_connections" {{(pid=95618) inner /opt/stack/data/venv/lib/python3.12/site-packages/oslo_concurrency/lockutils.py:511}}
Jun 23 06:44:01.727833 np0000003440 devstack@n-api-meta.service[95618]: DEBUG oslo_concurrency.lockutils [None req-60d3350f-09c9-4b53-9fcd-451cce61f94e None None] Lock "00000000-0000-0000-0000-000000000000" acquired by "nova.context.set_target_cell..get_or_set_cached_cell_and_set_connections" :: waited 0.000s {{(pid=95618) inner /opt/stack/data/venv/lib/python3.12/site-packages/oslo_concurrency/lockutils.py:524}}
Jun 23 06:44:01.727833 np0000003440 devstack@n-api-meta.service[95618]: DEBUG oslo_concurrency.lockutils [None req-60d3350f-09c9-4b53-9fcd-451cce61f94e None None] Lock "00000000-0000-0000-0000-000000000000" "released" by "nova.context.set_target_cell..get_or_set_cached_cell_and_set_connections" :: held 0.000s {{(pid=95618) inner /opt/stack/data/venv/lib/python3.12/site-packages/oslo_concurrency/lockutils.py:543}}
Jun 23 06:44:01.727969 np0000003440 devstack@n-api-meta.service[95618]: DEBUG oslo_concurrency.lockutils [None req-60d3350f-09c9-4b53-9fcd-451cce61f94e None None] Acquiring lock "8df2d76d-f669-4543-bf7c-87709bae2992" by "nova.context.set_target_cell..get_or_set_cached_cell_and_set_connections" {{(pid=95618) inner /opt/stack/data/venv/lib/python3.12/site-packages/oslo_concurrency/lockutils.py:511}}
Jun 23 06:44:01.729269 np0000003440 devstack@n-api-meta.service[95618]: INFO dbcounter [None req-60d3350f-09c9-4b53-9fcd-451cce61f94e None None] Registered counter for database nova_cell0
Jun 23 06:44:01.730784 np0000003440 devstack@n-api-meta.service[95618]: DEBUG oslo_concurrency.lockutils [None req-60d3350f-09c9-4b53-9fcd-451cce61f94e None None] Lock "8df2d76d-f669-4543-bf7c-87709bae2992" acquired by "nova.context.set_target_cell..get_or_set_cached_cell_and_set_connections" :: waited 0.001s {{(pid=95618) inner /opt/stack/data/venv/lib/python3.12/site-packages/oslo_concurrency/lockutils.py:524}}
Jun 23 06:44:01.731695 np0000003440 devstack@n-api-meta.service[95618]: DEBUG oslo_concurrency.lockutils [None req-60d3350f-09c9-4b53-9fcd-451cce61f94e None None] Lock "8df2d76d-f669-4543-bf7c-87709bae2992" "released" by "nova.context.set_target_cell..get_or_set_cached_cell_and_set_connections" :: held 0.002s {{(pid=95618) inner /opt/stack/data/venv/lib/python3.12/site-packages/oslo_concurrency/lockutils.py:543}}
Jun 23 06:44:01.733915 np0000003440 devstack@n-api-meta.service[95618]: INFO dbcounter [None req-60d3350f-09c9-4b53-9fcd-451cce61f94e None None] Registered counter for database nova_cell1
Jun 23 06:44:01.741970 np0000003440 devstack@n-api-meta.service[95617]: INFO dbcounter [None req-e49cf971-fed6-4a70-9cda-167dee185126 None None] Registered counter for database nova_api
Jun 23 06:44:01.753376 np0000003440 devstack@n-api-meta.service[95616]: DEBUG oslo_db.sqlalchemy.engines [None req-6dd47da8-9e2c-48cf-8a55-acbdc91c430b None None] MySQL server mode set to STRICT_TRANS_TABLES,STRICT_ALL_TABLES,NO_ZERO_IN_DATE,NO_ZERO_DATE,ERROR_FOR_DIVISION_BY_ZERO,TRADITIONAL,NO_ENGINE_SUBSTITUTION {{(pid=95616) _check_effective_sql_mode /opt/stack/data/venv/lib/python3.12/site-packages/oslo_db/sqlalchemy/engines.py:325}}
Jun 23 06:44:01.756747 np0000003440 devstack@n-api-meta.service[95615]: DEBUG oslo_db.sqlalchemy.engines [None req-f9f7a227-1c75-4cef-b958-4c58dd42e50a None None] MySQL server mode set to STRICT_TRANS_TABLES,STRICT_ALL_TABLES,NO_ZERO_IN_DATE,NO_ZERO_DATE,ERROR_FOR_DIVISION_BY_ZERO,TRADITIONAL,NO_ENGINE_SUBSTITUTION {{(pid=95615) _check_effective_sql_mode /opt/stack/data/venv/lib/python3.12/site-packages/oslo_db/sqlalchemy/engines.py:325}}
Jun 23 06:44:01.782767 np0000003440 devstack@n-api-meta.service[95616]: DEBUG dbcounter [-] [95616] Writer thread running {{(pid=95616) stat_writer /opt/stack/data/venv/lib/python3.12/site-packages/dbcounter.py:102}}
Jun 23 06:44:01.786156 np0000003440 devstack@n-api-meta.service[95615]: DEBUG dbcounter [-] [95615] Writer thread running {{(pid=95615) stat_writer /opt/stack/data/venv/lib/python3.12/site-packages/dbcounter.py:102}}
Jun 23 06:44:01.786282 np0000003440 devstack@n-api-meta.service[95616]: DEBUG nova.context [None req-6dd47da8-9e2c-48cf-8a55-acbdc91c430b None None] Found 2 cells: 00000000-0000-0000-0000-000000000000(cell0),8df2d76d-f669-4543-bf7c-87709bae2992(cell1) {{(pid=95616) load_cells /opt/stack/nova/nova/context.py:509}}
Jun 23 06:44:01.786282 np0000003440 devstack@n-api-meta.service[95616]: INFO nova.utils [None req-6dd47da8-9e2c-48cf-8a55-acbdc91c430b None None] The cell worker thread pool MainProcess.cell_worker is initialized
Jun 23 06:44:01.786391 np0000003440 devstack@n-api-meta.service[95618]: DEBUG oslo_db.sqlalchemy.engines [None req-60d3350f-09c9-4b53-9fcd-451cce61f94e None None] MySQL server mode set to STRICT_TRANS_TABLES,STRICT_ALL_TABLES,NO_ZERO_IN_DATE,NO_ZERO_DATE,ERROR_FOR_DIVISION_BY_ZERO,TRADITIONAL,NO_ENGINE_SUBSTITUTION {{(pid=95618) _check_effective_sql_mode /opt/stack/data/venv/lib/python3.12/site-packages/oslo_db/sqlalchemy/engines.py:325}}
Jun 23 06:44:01.788132 np0000003440 devstack@n-api-meta.service[95615]: DEBUG nova.context [None req-f9f7a227-1c75-4cef-b958-4c58dd42e50a None None] Found 2 cells: 00000000-0000-0000-0000-000000000000(cell0),8df2d76d-f669-4543-bf7c-87709bae2992(cell1) {{(pid=95615) load_cells /opt/stack/nova/nova/context.py:509}}
Jun 23 06:44:01.788132 np0000003440 devstack@n-api-meta.service[95615]: INFO nova.utils [None req-f9f7a227-1c75-4cef-b958-4c58dd42e50a None None] The cell worker thread pool MainProcess.cell_worker is initialized
Jun 23 06:44:01.788308 np0000003440 devstack@n-api-meta.service[95616]: DEBUG oslo_concurrency.lockutils [None req-6dd47da8-9e2c-48cf-8a55-acbdc91c430b None None] Acquiring lock "00000000-0000-0000-0000-000000000000" by "nova.context.set_target_cell..get_or_set_cached_cell_and_set_connections" {{(pid=95616) inner /opt/stack/data/venv/lib/python3.12/site-packages/oslo_concurrency/lockutils.py:511}}
Jun 23 06:44:01.788537 np0000003440 devstack@n-api-meta.service[95616]: DEBUG oslo_concurrency.lockutils [None req-6dd47da8-9e2c-48cf-8a55-acbdc91c430b None None] Lock "00000000-0000-0000-0000-000000000000" acquired by "nova.context.set_target_cell..get_or_set_cached_cell_and_set_connections" :: waited 0.000s {{(pid=95616) inner /opt/stack/data/venv/lib/python3.12/site-packages/oslo_concurrency/lockutils.py:524}}
Jun 23 06:44:01.789798 np0000003440 devstack@n-api-meta.service[95616]: DEBUG oslo_concurrency.lockutils [None req-6dd47da8-9e2c-48cf-8a55-acbdc91c430b None None] Lock "00000000-0000-0000-0000-000000000000" "released" by "nova.context.set_target_cell..get_or_set_cached_cell_and_set_connections" :: held 0.001s {{(pid=95616) inner /opt/stack/data/venv/lib/python3.12/site-packages/oslo_concurrency/lockutils.py:543}}
Jun 23 06:44:01.789880 np0000003440 devstack@n-api-meta.service[95617]: DEBUG oslo_db.sqlalchemy.engines [None req-e49cf971-fed6-4a70-9cda-167dee185126 None None] MySQL server mode set to STRICT_TRANS_TABLES,STRICT_ALL_TABLES,NO_ZERO_IN_DATE,NO_ZERO_DATE,ERROR_FOR_DIVISION_BY_ZERO,TRADITIONAL,NO_ENGINE_SUBSTITUTION {{(pid=95617) _check_effective_sql_mode /opt/stack/data/venv/lib/python3.12/site-packages/oslo_db/sqlalchemy/engines.py:325}}
Jun 23 06:44:01.789965 np0000003440 devstack@n-api-meta.service[95615]: DEBUG oslo_concurrency.lockutils [None req-f9f7a227-1c75-4cef-b958-4c58dd42e50a None None] Acquiring lock "00000000-0000-0000-0000-000000000000" by "nova.context.set_target_cell..get_or_set_cached_cell_and_set_connections" {{(pid=95615) inner /opt/stack/data/venv/lib/python3.12/site-packages/oslo_concurrency/lockutils.py:511}}
Jun 23 06:44:01.789965 np0000003440 devstack@n-api-meta.service[95615]: DEBUG oslo_concurrency.lockutils [None req-f9f7a227-1c75-4cef-b958-4c58dd42e50a None None] Lock "00000000-0000-0000-0000-000000000000" acquired by "nova.context.set_target_cell..get_or_set_cached_cell_and_set_connections" :: waited 0.000s {{(pid=95615) inner /opt/stack/data/venv/lib/python3.12/site-packages/oslo_concurrency/lockutils.py:524}}
Jun 23 06:44:01.790061 np0000003440 devstack@n-api-meta.service[95616]: DEBUG oslo_concurrency.lockutils [None req-6dd47da8-9e2c-48cf-8a55-acbdc91c430b None None] Acquiring lock "8df2d76d-f669-4543-bf7c-87709bae2992" by "nova.context.set_target_cell..get_or_set_cached_cell_and_set_connections" {{(pid=95616) inner /opt/stack/data/venv/lib/python3.12/site-packages/oslo_concurrency/lockutils.py:511}}
Jun 23 06:44:01.790159 np0000003440 devstack@n-api-meta.service[95615]: DEBUG oslo_concurrency.lockutils [None req-f9f7a227-1c75-4cef-b958-4c58dd42e50a None None] Lock "00000000-0000-0000-0000-000000000000" "released" by "nova.context.set_target_cell..get_or_set_cached_cell_and_set_connections" :: held 0.000s {{(pid=95615) inner /opt/stack/data/venv/lib/python3.12/site-packages/oslo_concurrency/lockutils.py:543}}
Jun 23 06:44:01.790214 np0000003440 devstack@n-api-meta.service[95616]: DEBUG oslo_concurrency.lockutils [None req-6dd47da8-9e2c-48cf-8a55-acbdc91c430b None None] Lock "8df2d76d-f669-4543-bf7c-87709bae2992" acquired by "nova.context.set_target_cell..get_or_set_cached_cell_and_set_connections" :: waited 0.000s {{(pid=95616) inner /opt/stack/data/venv/lib/python3.12/site-packages/oslo_concurrency/lockutils.py:524}}
Jun 23 06:44:01.790643 np0000003440 devstack@n-api-meta.service[95615]: DEBUG oslo_concurrency.lockutils [None req-f9f7a227-1c75-4cef-b958-4c58dd42e50a None None] Acquiring lock "8df2d76d-f669-4543-bf7c-87709bae2992" by "nova.context.set_target_cell..get_or_set_cached_cell_and_set_connections" {{(pid=95615) inner /opt/stack/data/venv/lib/python3.12/site-packages/oslo_concurrency/lockutils.py:511}}
Jun 23 06:44:01.791336 np0000003440 devstack@n-api-meta.service[95616]: DEBUG oslo_concurrency.lockutils [None req-6dd47da8-9e2c-48cf-8a55-acbdc91c430b None None] Lock "8df2d76d-f669-4543-bf7c-87709bae2992" "released" by "nova.context.set_target_cell..get_or_set_cached_cell_and_set_connections" :: held 0.001s {{(pid=95616) inner /opt/stack/data/venv/lib/python3.12/site-packages/oslo_concurrency/lockutils.py:543}}
Jun 23 06:44:01.792245 np0000003440 devstack@n-api-meta.service[95615]: INFO dbcounter [None req-f9f7a227-1c75-4cef-b958-4c58dd42e50a None None] Registered counter for database nova_cell0
Jun 23 06:44:01.793375 np0000003440 devstack@n-api-meta.service[95616]: INFO dbcounter [None req-6dd47da8-9e2c-48cf-8a55-acbdc91c430b None None] Registered counter for database nova_cell0
Jun 23 06:44:01.793439 np0000003440 devstack@n-api-meta.service[95615]: DEBUG oslo_concurrency.lockutils [None req-f9f7a227-1c75-4cef-b958-4c58dd42e50a None None] Lock "8df2d76d-f669-4543-bf7c-87709bae2992" acquired by "nova.context.set_target_cell..get_or_set_cached_cell_and_set_connections" :: waited 0.001s {{(pid=95615) inner /opt/stack/data/venv/lib/python3.12/site-packages/oslo_concurrency/lockutils.py:524}}
Jun 23 06:44:01.794602 np0000003440 devstack@n-api-meta.service[95615]: DEBUG oslo_concurrency.lockutils [None req-f9f7a227-1c75-4cef-b958-4c58dd42e50a None None] Lock "8df2d76d-f669-4543-bf7c-87709bae2992" "released" by "nova.context.set_target_cell..get_or_set_cached_cell_and_set_connections" :: held 0.002s {{(pid=95615) inner /opt/stack/data/venv/lib/python3.12/site-packages/oslo_concurrency/lockutils.py:543}}
Jun 23 06:44:01.798136 np0000003440 devstack@n-api-meta.service[95616]: INFO dbcounter [None req-6dd47da8-9e2c-48cf-8a55-acbdc91c430b None None] Registered counter for database nova_cell1
Jun 23 06:44:01.798215 np0000003440 devstack@n-api-meta.service[95615]: INFO dbcounter [None req-f9f7a227-1c75-4cef-b958-4c58dd42e50a None None] Registered counter for database nova_cell1
Jun 23 06:44:01.799205 np0000003440 devstack@n-api-meta.service[95618]: DEBUG oslo_db.sqlalchemy.engines [None req-60d3350f-09c9-4b53-9fcd-451cce61f94e None None] MySQL server mode set to STRICT_TRANS_TABLES,STRICT_ALL_TABLES,NO_ZERO_IN_DATE,NO_ZERO_DATE,ERROR_FOR_DIVISION_BY_ZERO,TRADITIONAL,NO_ENGINE_SUBSTITUTION {{(pid=95618) _check_effective_sql_mode /opt/stack/data/venv/lib/python3.12/site-packages/oslo_db/sqlalchemy/engines.py:325}}
Jun 23 06:44:01.823368 np0000003440 devstack@n-api-meta.service[95617]: DEBUG dbcounter [-] [95617] Writer thread running {{(pid=95617) stat_writer /opt/stack/data/venv/lib/python3.12/site-packages/dbcounter.py:102}}
Jun 23 06:44:01.825967 np0000003440 devstack@n-api-meta.service[95617]: DEBUG nova.context [None req-e49cf971-fed6-4a70-9cda-167dee185126 None None] Found 2 cells: 00000000-0000-0000-0000-000000000000(cell0),8df2d76d-f669-4543-bf7c-87709bae2992(cell1) {{(pid=95617) load_cells /opt/stack/nova/nova/context.py:509}}
Jun 23 06:44:01.826253 np0000003440 devstack@n-api-meta.service[95617]: INFO nova.utils [None req-e49cf971-fed6-4a70-9cda-167dee185126 None None] The cell worker thread pool MainProcess.cell_worker is initialized
Jun 23 06:44:01.828488 np0000003440 devstack@n-api-meta.service[95617]: DEBUG oslo_concurrency.lockutils [None req-e49cf971-fed6-4a70-9cda-167dee185126 None None] Acquiring lock "00000000-0000-0000-0000-000000000000" by "nova.context.set_target_cell..get_or_set_cached_cell_and_set_connections" {{(pid=95617) inner /opt/stack/data/venv/lib/python3.12/site-packages/oslo_concurrency/lockutils.py:511}}
Jun 23 06:44:01.828655 np0000003440 devstack@n-api-meta.service[95617]: DEBUG oslo_concurrency.lockutils [None req-e49cf971-fed6-4a70-9cda-167dee185126 None None] Lock "00000000-0000-0000-0000-000000000000" acquired by "nova.context.set_target_cell..get_or_set_cached_cell_and_set_connections" :: waited 0.000s {{(pid=95617) inner /opt/stack/data/venv/lib/python3.12/site-packages/oslo_concurrency/lockutils.py:524}}
Jun 23 06:44:01.829075 np0000003440 devstack@n-api-meta.service[95617]: DEBUG oslo_concurrency.lockutils [None req-e49cf971-fed6-4a70-9cda-167dee185126 None None] Lock "00000000-0000-0000-0000-000000000000" "released" by "nova.context.set_target_cell..get_or_set_cached_cell_and_set_connections" :: held 0.000s {{(pid=95617) inner /opt/stack/data/venv/lib/python3.12/site-packages/oslo_concurrency/lockutils.py:543}}
Jun 23 06:44:01.829743 np0000003440 devstack@n-api-meta.service[95617]: DEBUG oslo_concurrency.lockutils [None req-e49cf971-fed6-4a70-9cda-167dee185126 None None] Acquiring lock "8df2d76d-f669-4543-bf7c-87709bae2992" by "nova.context.set_target_cell..get_or_set_cached_cell_and_set_connections" {{(pid=95617) inner /opt/stack/data/venv/lib/python3.12/site-packages/oslo_concurrency/lockutils.py:511}}
Jun 23 06:44:01.829894 np0000003440 devstack@n-api-meta.service[95617]: DEBUG oslo_concurrency.lockutils [None req-e49cf971-fed6-4a70-9cda-167dee185126 None None] Lock "8df2d76d-f669-4543-bf7c-87709bae2992" acquired by "nova.context.set_target_cell..get_or_set_cached_cell_and_set_connections" :: waited 0.000s {{(pid=95617) inner /opt/stack/data/venv/lib/python3.12/site-packages/oslo_concurrency/lockutils.py:524}}
Jun 23 06:44:01.830750 np0000003440 devstack@n-api-meta.service[95617]: DEBUG oslo_concurrency.lockutils [None req-e49cf971-fed6-4a70-9cda-167dee185126 None None] Lock "8df2d76d-f669-4543-bf7c-87709bae2992" "released" by "nova.context.set_target_cell..get_or_set_cached_cell_and_set_connections" :: held 0.001s {{(pid=95617) inner /opt/stack/data/venv/lib/python3.12/site-packages/oslo_concurrency/lockutils.py:543}}
Jun 23 06:44:01.832758 np0000003440 devstack@n-api-meta.service[95617]: INFO dbcounter [None req-e49cf971-fed6-4a70-9cda-167dee185126 None None] Registered counter for database nova_cell0
Jun 23 06:44:01.835711 np0000003440 devstack@n-api-meta.service[95617]: INFO dbcounter [None req-e49cf971-fed6-4a70-9cda-167dee185126 None None] Registered counter for database nova_cell1
Jun 23 06:44:01.840599 np0000003440 devstack@n-api-meta.service[95615]: DEBUG oslo_db.sqlalchemy.engines [None req-f9f7a227-1c75-4cef-b958-4c58dd42e50a None None] MySQL server mode set to STRICT_TRANS_TABLES,STRICT_ALL_TABLES,NO_ZERO_IN_DATE,NO_ZERO_DATE,ERROR_FOR_DIVISION_BY_ZERO,TRADITIONAL,NO_ENGINE_SUBSTITUTION {{(pid=95615) _check_effective_sql_mode /opt/stack/data/venv/lib/python3.12/site-packages/oslo_db/sqlalchemy/engines.py:325}}
Jun 23 06:44:01.849150 np0000003440 devstack@n-api-meta.service[95616]: DEBUG oslo_db.sqlalchemy.engines [None req-6dd47da8-9e2c-48cf-8a55-acbdc91c430b None None] MySQL server mode set to STRICT_TRANS_TABLES,STRICT_ALL_TABLES,NO_ZERO_IN_DATE,NO_ZERO_DATE,ERROR_FOR_DIVISION_BY_ZERO,TRADITIONAL,NO_ENGINE_SUBSTITUTION {{(pid=95616) _check_effective_sql_mode /opt/stack/data/venv/lib/python3.12/site-packages/oslo_db/sqlalchemy/engines.py:325}}
Jun 23 06:44:01.877560 np0000003440 devstack@n-api-meta.service[95618]: DEBUG dbcounter [-] [95618] Writer thread running {{(pid=95618) stat_writer /opt/stack/data/venv/lib/python3.12/site-packages/dbcounter.py:102}}
Jun 23 06:44:01.882260 np0000003440 devstack@n-api-meta.service[95618]: DEBUG dbcounter [-] [95618] Writer thread running {{(pid=95618) stat_writer /opt/stack/data/venv/lib/python3.12/site-packages/dbcounter.py:102}}
Jun 23 06:44:01.885565 np0000003440 devstack@n-api-meta.service[95618]: INFO dbcounter [None req-60d3350f-09c9-4b53-9fcd-451cce61f94e None None] Registered counter for database nova_cell0
Jun 23 06:44:01.889002 np0000003440 devstack@n-api-meta.service[95617]: DEBUG oslo_db.sqlalchemy.engines [None req-e49cf971-fed6-4a70-9cda-167dee185126 None None] MySQL server mode set to STRICT_TRANS_TABLES,STRICT_ALL_TABLES,NO_ZERO_IN_DATE,NO_ZERO_DATE,ERROR_FOR_DIVISION_BY_ZERO,TRADITIONAL,NO_ENGINE_SUBSTITUTION {{(pid=95617) _check_effective_sql_mode /opt/stack/data/venv/lib/python3.12/site-packages/oslo_db/sqlalchemy/engines.py:325}}
Jun 23 06:44:01.892894 np0000003440 devstack@n-api-meta.service[95617]: DEBUG oslo_db.sqlalchemy.engines [None req-e49cf971-fed6-4a70-9cda-167dee185126 None None] MySQL server mode set to STRICT_TRANS_TABLES,STRICT_ALL_TABLES,NO_ZERO_IN_DATE,NO_ZERO_DATE,ERROR_FOR_DIVISION_BY_ZERO,TRADITIONAL,NO_ENGINE_SUBSTITUTION {{(pid=95617) _check_effective_sql_mode /opt/stack/data/venv/lib/python3.12/site-packages/oslo_db/sqlalchemy/engines.py:325}}
Jun 23 06:44:01.919820 np0000003440 devstack@n-api-meta.service[95615]: DEBUG dbcounter [-] [95615] Writer thread running {{(pid=95615) stat_writer /opt/stack/data/venv/lib/python3.12/site-packages/dbcounter.py:102}}
Jun 23 06:44:01.925202 np0000003440 devstack@n-api-meta.service[95615]: DEBUG oslo_db.sqlalchemy.engines [None req-f9f7a227-1c75-4cef-b958-4c58dd42e50a None None] MySQL server mode set to STRICT_TRANS_TABLES,STRICT_ALL_TABLES,NO_ZERO_IN_DATE,NO_ZERO_DATE,ERROR_FOR_DIVISION_BY_ZERO,TRADITIONAL,NO_ENGINE_SUBSTITUTION {{(pid=95615) _check_effective_sql_mode /opt/stack/data/venv/lib/python3.12/site-packages/oslo_db/sqlalchemy/engines.py:325}}
Jun 23 06:44:01.927985 np0000003440 devstack@n-api-meta.service[95618]: DEBUG oslo_db.sqlalchemy.engines [None req-60d3350f-09c9-4b53-9fcd-451cce61f94e None None] MySQL server mode set to STRICT_TRANS_TABLES,STRICT_ALL_TABLES,NO_ZERO_IN_DATE,NO_ZERO_DATE,ERROR_FOR_DIVISION_BY_ZERO,TRADITIONAL,NO_ENGINE_SUBSTITUTION {{(pid=95618) _check_effective_sql_mode /opt/stack/data/venv/lib/python3.12/site-packages/oslo_db/sqlalchemy/engines.py:325}}
Jun 23 06:44:01.930017 np0000003440 devstack@n-api-meta.service[95615]: DEBUG dbcounter [-] [95615] Writer thread running {{(pid=95615) stat_writer /opt/stack/data/venv/lib/python3.12/site-packages/dbcounter.py:102}}
Jun 23 06:44:01.932688 np0000003440 devstack@n-api-meta.service[95615]: INFO dbcounter [None req-f9f7a227-1c75-4cef-b958-4c58dd42e50a None None] Registered counter for database nova_cell0
Jun 23 06:44:01.933286 np0000003440 devstack@n-api-meta.service[95616]: DEBUG dbcounter [-] [95616] Writer thread running {{(pid=95616) stat_writer /opt/stack/data/venv/lib/python3.12/site-packages/dbcounter.py:102}}
Jun 23 06:44:01.934550 np0000003440 devstack@n-api-meta.service[95618]: DEBUG dbcounter [-] [95618] Writer thread running {{(pid=95618) stat_writer /opt/stack/data/venv/lib/python3.12/site-packages/dbcounter.py:102}}
Jun 23 06:44:01.938593 np0000003440 devstack@n-api-meta.service[95616]: DEBUG oslo_db.sqlalchemy.engines [None req-6dd47da8-9e2c-48cf-8a55-acbdc91c430b None None] MySQL server mode set to STRICT_TRANS_TABLES,STRICT_ALL_TABLES,NO_ZERO_IN_DATE,NO_ZERO_DATE,ERROR_FOR_DIVISION_BY_ZERO,TRADITIONAL,NO_ENGINE_SUBSTITUTION {{(pid=95616) _check_effective_sql_mode /opt/stack/data/venv/lib/python3.12/site-packages/oslo_db/sqlalchemy/engines.py:325}}
Jun 23 06:44:01.948858 np0000003440 devstack@n-api-meta.service[95616]: DEBUG dbcounter [-] [95616] Writer thread running {{(pid=95616) stat_writer /opt/stack/data/venv/lib/python3.12/site-packages/dbcounter.py:102}}
Jun 23 06:44:01.952674 np0000003440 devstack@n-api-meta.service[95616]: INFO dbcounter [None req-6dd47da8-9e2c-48cf-8a55-acbdc91c430b None None] Registered counter for database nova_cell0
Jun 23 06:44:01.965698 np0000003440 devstack@n-api-meta.service[95615]: DEBUG oslo_db.sqlalchemy.engines [None req-f9f7a227-1c75-4cef-b958-4c58dd42e50a None None] MySQL server mode set to STRICT_TRANS_TABLES,STRICT_ALL_TABLES,NO_ZERO_IN_DATE,NO_ZERO_DATE,ERROR_FOR_DIVISION_BY_ZERO,TRADITIONAL,NO_ENGINE_SUBSTITUTION {{(pid=95615) _check_effective_sql_mode /opt/stack/data/venv/lib/python3.12/site-packages/oslo_db/sqlalchemy/engines.py:325}}
Jun 23 06:44:01.971186 np0000003440 devstack@n-api-meta.service[95615]: DEBUG dbcounter [-] [95615] Writer thread running {{(pid=95615) stat_writer /opt/stack/data/venv/lib/python3.12/site-packages/dbcounter.py:102}}
Jun 23 06:44:01.980529 np0000003440 devstack@n-api-meta.service[95618]: WARNING nova.api.metadata.handler [None req-60d3350f-09c9-4b53-9fcd-451cce61f94e None None] metadata_proxy_shared_secret is not configured, the metadata information returned by the proxy cannot be trusted
Jun 23 06:44:01.983704 np0000003440 devstack@n-api-meta.service[95618]: DEBUG nova.api.openstack.wsgi_app [None req-60d3350f-09c9-4b53-9fcd-451cce61f94e None None] ******************************************************************************** {{(pid=95618) log_opt_values /opt/stack/data/venv/lib/python3.12/site-packages/oslo_config/cfg.py:3226}}
Jun 23 06:44:01.984356 np0000003440 devstack@n-api-meta.service[95618]: DEBUG nova.api.openstack.wsgi_app [None req-60d3350f-09c9-4b53-9fcd-451cce61f94e None None] Configuration options gathered from: {{(pid=95618) log_opt_values /opt/stack/data/venv/lib/python3.12/site-packages/oslo_config/cfg.py:3227}}
Jun 23 06:44:01.984356 np0000003440 devstack@n-api-meta.service[95618]: DEBUG nova.api.openstack.wsgi_app [None req-60d3350f-09c9-4b53-9fcd-451cce61f94e None None] command line args: [] {{(pid=95618) log_opt_values /opt/stack/data/venv/lib/python3.12/site-packages/oslo_config/cfg.py:3228}}
Jun 23 06:44:01.984515 np0000003440 devstack@n-api-meta.service[95617]: DEBUG dbcounter [-] [95617] Writer thread running {{(pid=95617) stat_writer /opt/stack/data/venv/lib/python3.12/site-packages/dbcounter.py:102}}
Jun 23 06:44:01.984549 np0000003440 devstack@n-api-meta.service[95618]: DEBUG nova.api.openstack.wsgi_app [None req-60d3350f-09c9-4b53-9fcd-451cce61f94e None None] config files: ['/etc/nova/api-paste.ini', '/etc/nova/nova.conf'] {{(pid=95618) log_opt_values /opt/stack/data/venv/lib/python3.12/site-packages/oslo_config/cfg.py:3229}}
Jun 23 06:44:01.984549 np0000003440 devstack@n-api-meta.service[95618]: DEBUG nova.api.openstack.wsgi_app [None req-60d3350f-09c9-4b53-9fcd-451cce61f94e None None] ================================================================================ {{(pid=95618) log_opt_values /opt/stack/data/venv/lib/python3.12/site-packages/oslo_config/cfg.py:3234}}
Jun 23 06:44:01.984596 np0000003440 devstack@n-api-meta.service[95618]: DEBUG nova.api.openstack.wsgi_app [None req-60d3350f-09c9-4b53-9fcd-451cce61f94e None None] allow_resize_to_same_host = True {{(pid=95618) log_opt_values /opt/stack/data/venv/lib/python3.12/site-packages/oslo_config/cfg.py:3242}}
Jun 23 06:44:01.985809 np0000003440 devstack@n-api-meta.service[95618]: DEBUG nova.api.openstack.wsgi_app [None req-60d3350f-09c9-4b53-9fcd-451cce61f94e None None] arq_binding_timeout = 300 {{(pid=95618) log_opt_values /opt/stack/data/venv/lib/python3.12/site-packages/oslo_config/cfg.py:3242}}
Jun 23 06:44:01.985809 np0000003440 devstack@n-api-meta.service[95618]: DEBUG nova.api.openstack.wsgi_app [None req-60d3350f-09c9-4b53-9fcd-451cce61f94e None None] block_device_allocate_retries = 60 {{(pid=95618) log_opt_values /opt/stack/data/venv/lib/python3.12/site-packages/oslo_config/cfg.py:3242}}
Jun 23 06:44:01.985809 np0000003440 devstack@n-api-meta.service[95618]: DEBUG nova.api.openstack.wsgi_app [None req-60d3350f-09c9-4b53-9fcd-451cce61f94e None None] block_device_allocate_retries_interval = 3 {{(pid=95618) log_opt_values /opt/stack/data/venv/lib/python3.12/site-packages/oslo_config/cfg.py:3242}}
Jun 23 06:44:01.985809 np0000003440 devstack@n-api-meta.service[95618]: DEBUG nova.api.openstack.wsgi_app [None req-60d3350f-09c9-4b53-9fcd-451cce61f94e None None] cell_worker_thread_pool_size = 5 {{(pid=95618) log_opt_values /opt/stack/data/venv/lib/python3.12/site-packages/oslo_config/cfg.py:3242}}
Jun 23 06:44:01.985809 np0000003440 devstack@n-api-meta.service[95618]: DEBUG nova.api.openstack.wsgi_app [None req-60d3350f-09c9-4b53-9fcd-451cce61f94e None None] cert = self.pem {{(pid=95618) log_opt_values /opt/stack/data/venv/lib/python3.12/site-packages/oslo_config/cfg.py:3242}}
Jun 23 06:44:01.985809 np0000003440 devstack@n-api-meta.service[95618]: DEBUG nova.api.openstack.wsgi_app [None req-60d3350f-09c9-4b53-9fcd-451cce61f94e None None] compute_driver = libvirt.LibvirtDriver {{(pid=95618) log_opt_values /opt/stack/data/venv/lib/python3.12/site-packages/oslo_config/cfg.py:3242}}
Jun 23 06:44:01.985809 np0000003440 devstack@n-api-meta.service[95618]: DEBUG nova.api.openstack.wsgi_app [None req-60d3350f-09c9-4b53-9fcd-451cce61f94e None None] compute_monitors = [] {{(pid=95618) log_opt_values /opt/stack/data/venv/lib/python3.12/site-packages/oslo_config/cfg.py:3242}}
Jun 23 06:44:01.986033 np0000003440 devstack@n-api-meta.service[95618]: DEBUG nova.api.openstack.wsgi_app [None req-60d3350f-09c9-4b53-9fcd-451cce61f94e None None] config_dir = [] {{(pid=95618) log_opt_values /opt/stack/data/venv/lib/python3.12/site-packages/oslo_config/cfg.py:3242}}
Jun 23 06:44:01.986033 np0000003440 devstack@n-api-meta.service[95618]: DEBUG nova.api.openstack.wsgi_app [None req-60d3350f-09c9-4b53-9fcd-451cce61f94e None None] config_drive_format = iso9660 {{(pid=95618) log_opt_values /opt/stack/data/venv/lib/python3.12/site-packages/oslo_config/cfg.py:3242}}
Jun 23 06:44:01.986033 np0000003440 devstack@n-api-meta.service[95618]: DEBUG nova.api.openstack.wsgi_app [None req-60d3350f-09c9-4b53-9fcd-451cce61f94e None None] config_file = ['/etc/nova/api-paste.ini', '/etc/nova/nova.conf'] {{(pid=95618) log_opt_values /opt/stack/data/venv/lib/python3.12/site-packages/oslo_config/cfg.py:3242}}
Jun 23 06:44:01.986106 np0000003440 devstack@n-api-meta.service[95618]: DEBUG nova.api.openstack.wsgi_app [None req-60d3350f-09c9-4b53-9fcd-451cce61f94e None None] config_source = [] {{(pid=95618) log_opt_values /opt/stack/data/venv/lib/python3.12/site-packages/oslo_config/cfg.py:3242}}
Jun 23 06:44:01.986309 np0000003440 devstack@n-api-meta.service[95618]: DEBUG nova.api.openstack.wsgi_app [None req-60d3350f-09c9-4b53-9fcd-451cce61f94e None None] console_host = np0000003440 {{(pid=95618) log_opt_values /opt/stack/data/venv/lib/python3.12/site-packages/oslo_config/cfg.py:3242}}
Jun 23 06:44:01.987143 np0000003440 devstack@n-api-meta.service[95618]: DEBUG nova.api.openstack.wsgi_app [None req-60d3350f-09c9-4b53-9fcd-451cce61f94e None None] control_exchange = nova {{(pid=95618) log_opt_values /opt/stack/data/venv/lib/python3.12/site-packages/oslo_config/cfg.py:3242}}
Jun 23 06:44:01.987143 np0000003440 devstack@n-api-meta.service[95618]: DEBUG nova.api.openstack.wsgi_app [None req-60d3350f-09c9-4b53-9fcd-451cce61f94e None None] cpu_allocation_ratio = None {{(pid=95618) log_opt_values /opt/stack/data/venv/lib/python3.12/site-packages/oslo_config/cfg.py:3242}}
Jun 23 06:44:01.987143 np0000003440 devstack@n-api-meta.service[95618]: DEBUG nova.api.openstack.wsgi_app [None req-60d3350f-09c9-4b53-9fcd-451cce61f94e None None] daemon = False {{(pid=95618) log_opt_values /opt/stack/data/venv/lib/python3.12/site-packages/oslo_config/cfg.py:3242}}
Jun 23 06:44:01.987143 np0000003440 devstack@n-api-meta.service[95618]: DEBUG nova.api.openstack.wsgi_app [None req-60d3350f-09c9-4b53-9fcd-451cce61f94e None None] debug = True {{(pid=95618) log_opt_values /opt/stack/data/venv/lib/python3.12/site-packages/oslo_config/cfg.py:3242}}
Jun 23 06:44:01.987143 np0000003440 devstack@n-api-meta.service[95618]: DEBUG nova.api.openstack.wsgi_app [None req-60d3350f-09c9-4b53-9fcd-451cce61f94e None None] default_access_ip_network_name = None {{(pid=95618) log_opt_values /opt/stack/data/venv/lib/python3.12/site-packages/oslo_config/cfg.py:3242}}
Jun 23 06:44:01.987143 np0000003440 devstack@n-api-meta.service[95618]: DEBUG nova.api.openstack.wsgi_app [None req-60d3350f-09c9-4b53-9fcd-451cce61f94e None None] default_availability_zone = nova {{(pid=95618) log_opt_values /opt/stack/data/venv/lib/python3.12/site-packages/oslo_config/cfg.py:3242}}
Jun 23 06:44:01.987326 np0000003440 devstack@n-api-meta.service[95618]: DEBUG nova.api.openstack.wsgi_app [None req-60d3350f-09c9-4b53-9fcd-451cce61f94e None None] default_ephemeral_format = ext4 {{(pid=95618) log_opt_values /opt/stack/data/venv/lib/python3.12/site-packages/oslo_config/cfg.py:3242}}
Jun 23 06:44:01.987326 np0000003440 devstack@n-api-meta.service[95618]: DEBUG nova.api.openstack.wsgi_app [None req-60d3350f-09c9-4b53-9fcd-451cce61f94e None None] default_green_pool_size = 1000 {{(pid=95618) log_opt_values /opt/stack/data/venv/lib/python3.12/site-packages/oslo_config/cfg.py:3242}}
Jun 23 06:44:01.987493 np0000003440 devstack@n-api-meta.service[95618]: DEBUG nova.api.openstack.wsgi_app [None req-60d3350f-09c9-4b53-9fcd-451cce61f94e None None] default_log_levels = ['amqp=WARN', 'boto=WARN', 'sqlalchemy=WARN', 'suds=INFO', 'oslo.messaging=INFO', 'oslo_messaging=INFO', 'iso8601=WARN', 'requests.packages.urllib3.connectionpool=WARN', 'urllib3.connectionpool=WARN', 'websocket=WARN', 'requests.packages.urllib3.util.retry=WARN', 'urllib3.util.retry=WARN', 'keystonemiddleware=WARN', 'routes.middleware=WARN', 'stevedore=WARN', 'taskflow=WARN', 'keystoneauth=WARN', 'oslo.cache=INFO', 'oslo_policy=INFO', 'dogpile.core.dogpile=INFO', 'glanceclient=WARN', 'oslo.privsep.daemon=INFO'] {{(pid=95618) log_opt_values /opt/stack/data/venv/lib/python3.12/site-packages/oslo_config/cfg.py:3242}}
Jun 23 06:44:01.987601 np0000003440 devstack@n-api-meta.service[95618]: DEBUG nova.api.openstack.wsgi_app [None req-60d3350f-09c9-4b53-9fcd-451cce61f94e None None] default_schedule_zone = None {{(pid=95618) log_opt_values /opt/stack/data/venv/lib/python3.12/site-packages/oslo_config/cfg.py:3242}}
Jun 23 06:44:01.987717 np0000003440 devstack@n-api-meta.service[95618]: DEBUG nova.api.openstack.wsgi_app [None req-60d3350f-09c9-4b53-9fcd-451cce61f94e None None] default_thread_pool_size = 10 {{(pid=95618) log_opt_values /opt/stack/data/venv/lib/python3.12/site-packages/oslo_config/cfg.py:3242}}
Jun 23 06:44:01.987825 np0000003440 devstack@n-api-meta.service[95618]: DEBUG nova.api.openstack.wsgi_app [None req-60d3350f-09c9-4b53-9fcd-451cce61f94e None None] disk_allocation_ratio = None {{(pid=95618) log_opt_values /opt/stack/data/venv/lib/python3.12/site-packages/oslo_config/cfg.py:3242}}
Jun 23 06:44:01.988499 np0000003440 devstack@n-api-meta.service[95618]: DEBUG nova.api.openstack.wsgi_app [None req-60d3350f-09c9-4b53-9fcd-451cce61f94e None None] enable_new_services = True {{(pid=95618) log_opt_values /opt/stack/data/venv/lib/python3.12/site-packages/oslo_config/cfg.py:3242}}
Jun 23 06:44:01.988499 np0000003440 devstack@n-api-meta.service[95618]: DEBUG nova.api.openstack.wsgi_app [None req-60d3350f-09c9-4b53-9fcd-451cce61f94e None None] flat_injected = False {{(pid=95618) log_opt_values /opt/stack/data/venv/lib/python3.12/site-packages/oslo_config/cfg.py:3242}}
Jun 23 06:44:01.988499 np0000003440 devstack@n-api-meta.service[95618]: DEBUG nova.api.openstack.wsgi_app [None req-60d3350f-09c9-4b53-9fcd-451cce61f94e None None] force_config_drive = True {{(pid=95618) log_opt_values /opt/stack/data/venv/lib/python3.12/site-packages/oslo_config/cfg.py:3242}}
Jun 23 06:44:01.988499 np0000003440 devstack@n-api-meta.service[95618]: DEBUG nova.api.openstack.wsgi_app [None req-60d3350f-09c9-4b53-9fcd-451cce61f94e None None] force_raw_images = True {{(pid=95618) log_opt_values /opt/stack/data/venv/lib/python3.12/site-packages/oslo_config/cfg.py:3242}}
Jun 23 06:44:01.988499 np0000003440 devstack@n-api-meta.service[95618]: DEBUG nova.api.openstack.wsgi_app [None req-60d3350f-09c9-4b53-9fcd-451cce61f94e None None] graceful_shutdown_timeout = 5 {{(pid=95618) log_opt_values /opt/stack/data/venv/lib/python3.12/site-packages/oslo_config/cfg.py:3242}}
Jun 23 06:44:01.988655 np0000003440 devstack@n-api-meta.service[95618]: DEBUG nova.api.openstack.wsgi_app [None req-60d3350f-09c9-4b53-9fcd-451cce61f94e None None] heal_instance_info_cache_interval = -1 {{(pid=95618) log_opt_values /opt/stack/data/venv/lib/python3.12/site-packages/oslo_config/cfg.py:3242}}
Jun 23 06:44:01.988743 np0000003440 devstack@n-api-meta.service[95618]: DEBUG nova.api.openstack.wsgi_app [None req-60d3350f-09c9-4b53-9fcd-451cce61f94e None None] host = np0000003440 {{(pid=95618) log_opt_values /opt/stack/data/venv/lib/python3.12/site-packages/oslo_config/cfg.py:3242}}
Jun 23 06:44:01.988788 np0000003440 devstack@n-api-meta.service[95617]: DEBUG dbcounter [-] [95617] Writer thread running {{(pid=95617) stat_writer /opt/stack/data/venv/lib/python3.12/site-packages/dbcounter.py:102}}
Jun 23 06:44:01.989013 np0000003440 devstack@n-api-meta.service[95618]: DEBUG nova.api.openstack.wsgi_app [None req-60d3350f-09c9-4b53-9fcd-451cce61f94e None None] initial_cpu_allocation_ratio = 4.0 {{(pid=95618) log_opt_values /opt/stack/data/venv/lib/python3.12/site-packages/oslo_config/cfg.py:3242}}
Jun 23 06:44:01.989095 np0000003440 devstack@n-api-meta.service[95618]: DEBUG nova.api.openstack.wsgi_app [None req-60d3350f-09c9-4b53-9fcd-451cce61f94e None None] initial_disk_allocation_ratio = 1.0 {{(pid=95618) log_opt_values /opt/stack/data/venv/lib/python3.12/site-packages/oslo_config/cfg.py:3242}}
Jun 23 06:44:01.989279 np0000003440 devstack@n-api-meta.service[95618]: DEBUG nova.api.openstack.wsgi_app [None req-60d3350f-09c9-4b53-9fcd-451cce61f94e None None] initial_ram_allocation_ratio = 1.0 {{(pid=95618) log_opt_values /opt/stack/data/venv/lib/python3.12/site-packages/oslo_config/cfg.py:3242}}
Jun 23 06:44:01.989776 np0000003440 devstack@n-api-meta.service[95618]: DEBUG nova.api.openstack.wsgi_app [None req-60d3350f-09c9-4b53-9fcd-451cce61f94e None None] injected_network_template = /opt/stack/nova/nova/virt/interfaces.template {{(pid=95618) log_opt_values /opt/stack/data/venv/lib/python3.12/site-packages/oslo_config/cfg.py:3242}}
Jun 23 06:44:01.989776 np0000003440 devstack@n-api-meta.service[95618]: DEBUG nova.api.openstack.wsgi_app [None req-60d3350f-09c9-4b53-9fcd-451cce61f94e None None] instance_build_timeout = 0 {{(pid=95618) log_opt_values /opt/stack/data/venv/lib/python3.12/site-packages/oslo_config/cfg.py:3242}}
Jun 23 06:44:01.989776 np0000003440 devstack@n-api-meta.service[95618]: DEBUG nova.api.openstack.wsgi_app [None req-60d3350f-09c9-4b53-9fcd-451cce61f94e None None] instance_delete_interval = 300 {{(pid=95618) log_opt_values /opt/stack/data/venv/lib/python3.12/site-packages/oslo_config/cfg.py:3242}}
Jun 23 06:44:01.989890 np0000003440 devstack@n-api-meta.service[95618]: DEBUG nova.api.openstack.wsgi_app [None req-60d3350f-09c9-4b53-9fcd-451cce61f94e None None] instance_format = [instance: %(uuid)s] {{(pid=95618) log_opt_values /opt/stack/data/venv/lib/python3.12/site-packages/oslo_config/cfg.py:3242}}
Jun 23 06:44:01.990092 np0000003440 devstack@n-api-meta.service[95618]: DEBUG nova.api.openstack.wsgi_app [None req-60d3350f-09c9-4b53-9fcd-451cce61f94e None None] instance_name_template = instance-%08x {{(pid=95618) log_opt_values /opt/stack/data/venv/lib/python3.12/site-packages/oslo_config/cfg.py:3242}}
Jun 23 06:44:01.990186 np0000003440 devstack@n-api-meta.service[95618]: DEBUG nova.api.openstack.wsgi_app [None req-60d3350f-09c9-4b53-9fcd-451cce61f94e None None] instance_usage_audit = False {{(pid=95618) log_opt_values /opt/stack/data/venv/lib/python3.12/site-packages/oslo_config/cfg.py:3242}}
Jun 23 06:44:01.990296 np0000003440 devstack@n-api-meta.service[95618]: DEBUG nova.api.openstack.wsgi_app [None req-60d3350f-09c9-4b53-9fcd-451cce61f94e None None] instance_usage_audit_period = month {{(pid=95618) log_opt_values /opt/stack/data/venv/lib/python3.12/site-packages/oslo_config/cfg.py:3242}}
Jun 23 06:44:01.990501 np0000003440 devstack@n-api-meta.service[95618]: DEBUG nova.api.openstack.wsgi_app [None req-60d3350f-09c9-4b53-9fcd-451cce61f94e None None] instance_uuid_format = [instance: %(uuid)s] {{(pid=95618) log_opt_values /opt/stack/data/venv/lib/python3.12/site-packages/oslo_config/cfg.py:3242}}
Jun 23 06:44:01.990567 np0000003440 devstack@n-api-meta.service[95618]: DEBUG nova.api.openstack.wsgi_app [None req-60d3350f-09c9-4b53-9fcd-451cce61f94e None None] instances_path = /opt/stack/data/nova/instances {{(pid=95618) log_opt_values /opt/stack/data/venv/lib/python3.12/site-packages/oslo_config/cfg.py:3242}}
Jun 23 06:44:01.990637 np0000003440 devstack@n-api-meta.service[95618]: DEBUG nova.api.openstack.wsgi_app [None req-60d3350f-09c9-4b53-9fcd-451cce61f94e None None] internal_service_availability_zone = internal {{(pid=95618) log_opt_values /opt/stack/data/venv/lib/python3.12/site-packages/oslo_config/cfg.py:3242}}
Jun 23 06:44:01.990747 np0000003440 devstack@n-api-meta.service[95618]: DEBUG nova.api.openstack.wsgi_app [None req-60d3350f-09c9-4b53-9fcd-451cce61f94e None None] key = None {{(pid=95618) log_opt_values /opt/stack/data/venv/lib/python3.12/site-packages/oslo_config/cfg.py:3242}}
Jun 23 06:44:01.990898 np0000003440 devstack@n-api-meta.service[95618]: DEBUG nova.api.openstack.wsgi_app [None req-60d3350f-09c9-4b53-9fcd-451cce61f94e None None] live_migration_retry_count = 30 {{(pid=95618) log_opt_values /opt/stack/data/venv/lib/python3.12/site-packages/oslo_config/cfg.py:3242}}
Jun 23 06:44:01.991033 np0000003440 devstack@n-api-meta.service[95618]: DEBUG nova.api.openstack.wsgi_app [None req-60d3350f-09c9-4b53-9fcd-451cce61f94e None None] log_color = False {{(pid=95618) log_opt_values /opt/stack/data/venv/lib/python3.12/site-packages/oslo_config/cfg.py:3242}}
Jun 23 06:44:01.991174 np0000003440 devstack@n-api-meta.service[95618]: DEBUG nova.api.openstack.wsgi_app [None req-60d3350f-09c9-4b53-9fcd-451cce61f94e None None] log_config_append = None {{(pid=95618) log_opt_values /opt/stack/data/venv/lib/python3.12/site-packages/oslo_config/cfg.py:3242}}
Jun 23 06:44:01.991298 np0000003440 devstack@n-api-meta.service[95618]: DEBUG nova.api.openstack.wsgi_app [None req-60d3350f-09c9-4b53-9fcd-451cce61f94e None None] log_date_format = %Y-%m-%d %H:%M:%S {{(pid=95618) log_opt_values /opt/stack/data/venv/lib/python3.12/site-packages/oslo_config/cfg.py:3242}}
Jun 23 06:44:01.991411 np0000003440 devstack@n-api-meta.service[95618]: DEBUG nova.api.openstack.wsgi_app [None req-60d3350f-09c9-4b53-9fcd-451cce61f94e None None] log_dir = None {{(pid=95618) log_opt_values /opt/stack/data/venv/lib/python3.12/site-packages/oslo_config/cfg.py:3242}}
Jun 23 06:44:01.991521 np0000003440 devstack@n-api-meta.service[95618]: DEBUG nova.api.openstack.wsgi_app [None req-60d3350f-09c9-4b53-9fcd-451cce61f94e None None] log_file = None {{(pid=95618) log_opt_values /opt/stack/data/venv/lib/python3.12/site-packages/oslo_config/cfg.py:3242}}
Jun 23 06:44:01.991611 np0000003440 devstack@n-api-meta.service[95618]: DEBUG nova.api.openstack.wsgi_app [None req-60d3350f-09c9-4b53-9fcd-451cce61f94e None None] log_options = True {{(pid=95618) log_opt_values /opt/stack/data/venv/lib/python3.12/site-packages/oslo_config/cfg.py:3242}}
Jun 23 06:44:01.991681 np0000003440 devstack@n-api-meta.service[95617]: INFO dbcounter [None req-e49cf971-fed6-4a70-9cda-167dee185126 None None] Registered counter for database nova_cell0
Jun 23 06:44:01.991749 np0000003440 devstack@n-api-meta.service[95618]: DEBUG nova.api.openstack.wsgi_app [None req-60d3350f-09c9-4b53-9fcd-451cce61f94e None None] log_rotate_interval = 1 {{(pid=95618) log_opt_values /opt/stack/data/venv/lib/python3.12/site-packages/oslo_config/cfg.py:3242}}
Jun 23 06:44:01.991947 np0000003440 devstack@n-api-meta.service[95618]: DEBUG nova.api.openstack.wsgi_app [None req-60d3350f-09c9-4b53-9fcd-451cce61f94e None None] log_rotate_interval_type = days {{(pid=95618) log_opt_values /opt/stack/data/venv/lib/python3.12/site-packages/oslo_config/cfg.py:3242}}
Jun 23 06:44:01.992163 np0000003440 devstack@n-api-meta.service[95618]: DEBUG nova.api.openstack.wsgi_app [None req-60d3350f-09c9-4b53-9fcd-451cce61f94e None None] log_rotation_type = none {{(pid=95618) log_opt_values /opt/stack/data/venv/lib/python3.12/site-packages/oslo_config/cfg.py:3242}}
Jun 23 06:44:01.992379 np0000003440 devstack@n-api-meta.service[95618]: DEBUG nova.api.openstack.wsgi_app [None req-60d3350f-09c9-4b53-9fcd-451cce61f94e None None] logging_context_format_string = %(color)s%(levelname)s %(name)s [%(global_request_id)s %(request_id)s %(project_name)s %(user_name)s%(color)s] %(instance)s%(color)s%(message)s {{(pid=95618) log_opt_values /opt/stack/data/venv/lib/python3.12/site-packages/oslo_config/cfg.py:3242}}
Jun 23 06:44:01.992519 np0000003440 devstack@n-api-meta.service[95618]: DEBUG nova.api.openstack.wsgi_app [None req-60d3350f-09c9-4b53-9fcd-451cce61f94e None None] logging_debug_format_suffix = {{(pid=%(process)d) %(funcName)s %(pathname)s:%(lineno)d}} {{(pid=95618) log_opt_values /opt/stack/data/venv/lib/python3.12/site-packages/oslo_config/cfg.py:3242}}
Jun 23 06:44:01.992590 np0000003440 devstack@n-api-meta.service[95618]: DEBUG nova.api.openstack.wsgi_app [None req-60d3350f-09c9-4b53-9fcd-451cce61f94e None None] logging_default_format_string = %(color)s%(levelname)s %(name)s [-%(color)s] %(instance)s%(color)s%(message)s {{(pid=95618) log_opt_values /opt/stack/data/venv/lib/python3.12/site-packages/oslo_config/cfg.py:3242}}
Jun 23 06:44:01.992729 np0000003440 devstack@n-api-meta.service[95618]: DEBUG nova.api.openstack.wsgi_app [None req-60d3350f-09c9-4b53-9fcd-451cce61f94e None None] logging_exception_prefix = ERROR %(name)s %(instance)s {{(pid=95618) log_opt_values /opt/stack/data/venv/lib/python3.12/site-packages/oslo_config/cfg.py:3242}}
Jun 23 06:44:01.992861 np0000003440 devstack@n-api-meta.service[95618]: DEBUG nova.api.openstack.wsgi_app [None req-60d3350f-09c9-4b53-9fcd-451cce61f94e None None] logging_user_identity_format = %(user)s %(project)s %(domain)s %(system_scope)s %(user_domain)s %(project_domain)s {{(pid=95618) log_opt_values /opt/stack/data/venv/lib/python3.12/site-packages/oslo_config/cfg.py:3242}}
Jun 23 06:44:01.992997 np0000003440 devstack@n-api-meta.service[95618]: DEBUG nova.api.openstack.wsgi_app [None req-60d3350f-09c9-4b53-9fcd-451cce61f94e None None] long_rpc_timeout = 1800 {{(pid=95618) log_opt_values /opt/stack/data/venv/lib/python3.12/site-packages/oslo_config/cfg.py:3242}}
