Jun 23 06:44:06.524779 np0000003440 nova-conductor[98700]: DEBUG cotyledon.oslo_config_glue [-] profiler.filter_error_trace = False {{(pid=98700) log_opt_values /opt/stack/data/venv/lib/python3.12/site-packages/oslo_config/cfg.py:3253}}
Jun 23 06:44:06.525358 np0000003440 nova-conductor[98700]: DEBUG cotyledon.oslo_config_glue [-] profiler.hmac_keys = **** {{(pid=98700) log_opt_values /opt/stack/data/venv/lib/python3.12/site-packages/oslo_config/cfg.py:3253}}
Jun 23 06:44:06.525358 np0000003440 nova-conductor[98700]: DEBUG cotyledon.oslo_config_glue [-] profiler.sentinel_service_name = mymaster {{(pid=98700) log_opt_values /opt/stack/data/venv/lib/python3.12/site-packages/oslo_config/cfg.py:3253}}
Jun 23 06:44:06.525358 np0000003440 nova-conductor[98700]: DEBUG cotyledon.oslo_config_glue [-] profiler.socket_timeout = 0.1 {{(pid=98700) log_opt_values /opt/stack/data/venv/lib/python3.12/site-packages/oslo_config/cfg.py:3253}}
Jun 23 06:44:06.525358 np0000003440 nova-conductor[98700]: DEBUG cotyledon.oslo_config_glue [-] profiler.trace_requests = False {{(pid=98700) log_opt_values /opt/stack/data/venv/lib/python3.12/site-packages/oslo_config/cfg.py:3253}}
Jun 23 06:44:06.525358 np0000003440 nova-conductor[98700]: DEBUG cotyledon.oslo_config_glue [-] profiler.trace_sqlalchemy = False {{(pid=98700) log_opt_values /opt/stack/data/venv/lib/python3.12/site-packages/oslo_config/cfg.py:3253}}
Jun 23 06:44:06.525358 np0000003440 nova-conductor[98700]: DEBUG cotyledon.oslo_config_glue [-] profiler_jaeger.process_tags = {} {{(pid=98700) log_opt_values /opt/stack/data/venv/lib/python3.12/site-packages/oslo_config/cfg.py:3253}}
Jun 23 06:44:06.525358 np0000003440 nova-conductor[98700]: DEBUG cotyledon.oslo_config_glue [-] profiler_jaeger.service_name_prefix = None {{(pid=98700) log_opt_values /opt/stack/data/venv/lib/python3.12/site-packages/oslo_config/cfg.py:3253}}
Jun 23 06:44:06.525358 np0000003440 nova-conductor[98700]: DEBUG cotyledon.oslo_config_glue [-] profiler_otlp.service_name_prefix = None {{(pid=98700) log_opt_values /opt/stack/data/venv/lib/python3.12/site-packages/oslo_config/cfg.py:3253}}
Jun 23 06:44:06.525358 np0000003440 nova-conductor[98700]: DEBUG cotyledon.oslo_config_glue [-] oslo_messaging_rabbit.amqp_auto_delete = False {{(pid=98700) log_opt_values /opt/stack/data/venv/lib/python3.12/site-packages/oslo_config/cfg.py:3253}}
Jun 23 06:44:06.525682 np0000003440 nova-conductor[98700]: DEBUG cotyledon.oslo_config_glue [-] oslo_messaging_rabbit.amqp_durable_queues = False {{(pid=98700) log_opt_values /opt/stack/data/venv/lib/python3.12/site-packages/oslo_config/cfg.py:3253}}
Jun 23 06:44:06.525682 np0000003440 nova-conductor[98700]: DEBUG cotyledon.oslo_config_glue [-] oslo_messaging_rabbit.conn_pool_min_size = 2 {{(pid=98700) log_opt_values /opt/stack/data/venv/lib/python3.12/site-packages/oslo_config/cfg.py:3253}}
Jun 23 06:44:06.525682 np0000003440 nova-conductor[98700]: DEBUG cotyledon.oslo_config_glue [-] oslo_messaging_rabbit.conn_pool_ttl = 1200 {{(pid=98700) log_opt_values /opt/stack/data/venv/lib/python3.12/site-packages/oslo_config/cfg.py:3253}}
Jun 23 06:44:06.525682 np0000003440 nova-conductor[98700]: DEBUG cotyledon.oslo_config_glue [-] oslo_messaging_rabbit.direct_mandatory_flag = True {{(pid=98700) log_opt_values /opt/stack/data/venv/lib/python3.12/site-packages/oslo_config/cfg.py:3253}}
Jun 23 06:44:06.525682 np0000003440 nova-conductor[98700]: DEBUG cotyledon.oslo_config_glue [-] oslo_messaging_rabbit.enable_cancel_on_failover = False {{(pid=98700) log_opt_values /opt/stack/data/venv/lib/python3.12/site-packages/oslo_config/cfg.py:3253}}
Jun 23 06:44:06.525682 np0000003440 nova-conductor[98700]: DEBUG cotyledon.oslo_config_glue [-] oslo_messaging_rabbit.heartbeat_rate = 3 {{(pid=98700) log_opt_values /opt/stack/data/venv/lib/python3.12/site-packages/oslo_config/cfg.py:3253}}
Jun 23 06:44:06.525682 np0000003440 nova-conductor[98700]: DEBUG cotyledon.oslo_config_glue [-] oslo_messaging_rabbit.heartbeat_timeout_threshold = 60 {{(pid=98700) log_opt_values /opt/stack/data/venv/lib/python3.12/site-packages/oslo_config/cfg.py:3253}}
Jun 23 06:44:06.525682 np0000003440 nova-conductor[98700]: DEBUG cotyledon.oslo_config_glue [-] oslo_messaging_rabbit.hostname = np0000003440 {{(pid=98700) log_opt_values /opt/stack/data/venv/lib/python3.12/site-packages/oslo_config/cfg.py:3253}}
Jun 23 06:44:06.525682 np0000003440 nova-conductor[98700]: DEBUG cotyledon.oslo_config_glue [-] oslo_messaging_rabbit.kombu_compression = None {{(pid=98700) log_opt_values /opt/stack/data/venv/lib/python3.12/site-packages/oslo_config/cfg.py:3253}}
Jun 23 06:44:06.525964 np0000003440 nova-conductor[98700]: DEBUG cotyledon.oslo_config_glue [-] oslo_messaging_rabbit.kombu_failover_strategy = round-robin {{(pid=98700) log_opt_values /opt/stack/data/venv/lib/python3.12/site-packages/oslo_config/cfg.py:3253}}
Jun 23 06:44:06.525964 np0000003440 nova-conductor[98700]: DEBUG cotyledon.oslo_config_glue [-] oslo_messaging_rabbit.kombu_missing_consumer_retry_timeout = 60 {{(pid=98700) log_opt_values /opt/stack/data/venv/lib/python3.12/site-packages/oslo_config/cfg.py:3253}}
Jun 23 06:44:06.525964 np0000003440 nova-conductor[98700]: DEBUG cotyledon.oslo_config_glue [-] oslo_messaging_rabbit.kombu_reconnect_delay = 1.0 {{(pid=98700) log_opt_values /opt/stack/data/venv/lib/python3.12/site-packages/oslo_config/cfg.py:3253}}
Jun 23 06:44:06.525964 np0000003440 nova-conductor[98700]: DEBUG cotyledon.oslo_config_glue [-] oslo_messaging_rabbit.kombu_reconnect_splay = 0.0 {{(pid=98700) log_opt_values /opt/stack/data/venv/lib/python3.12/site-packages/oslo_config/cfg.py:3253}}
Jun 23 06:44:06.525964 np0000003440 nova-conductor[98700]: DEBUG cotyledon.oslo_config_glue [-] oslo_messaging_rabbit.processname = nova-conductor {{(pid=98700) log_opt_values /opt/stack/data/venv/lib/python3.12/site-packages/oslo_config/cfg.py:3253}}
Jun 23 06:44:06.525964 np0000003440 nova-conductor[98700]: DEBUG cotyledon.oslo_config_glue [-] oslo_messaging_rabbit.rabbit_ha_queues = False {{(pid=98700) log_opt_values /opt/stack/data/venv/lib/python3.12/site-packages/oslo_config/cfg.py:3253}}
Jun 23 06:44:06.525964 np0000003440 nova-conductor[98700]: DEBUG cotyledon.oslo_config_glue [-] oslo_messaging_rabbit.rabbit_interval_max = 30 {{(pid=98700) log_opt_values /opt/stack/data/venv/lib/python3.12/site-packages/oslo_config/cfg.py:3253}}
Jun 23 06:44:06.525964 np0000003440 nova-conductor[98700]: DEBUG cotyledon.oslo_config_glue [-] oslo_messaging_rabbit.rabbit_login_method = AMQPLAIN {{(pid=98700) log_opt_values /opt/stack/data/venv/lib/python3.12/site-packages/oslo_config/cfg.py:3253}}
Jun 23 06:44:06.526272 np0000003440 nova-conductor[98700]: DEBUG cotyledon.oslo_config_glue [-] oslo_messaging_rabbit.rabbit_qos_prefetch_count = 0 {{(pid=98700) log_opt_values /opt/stack/data/venv/lib/python3.12/site-packages/oslo_config/cfg.py:3253}}
Jun 23 06:44:06.526272 np0000003440 nova-conductor[98700]: DEBUG cotyledon.oslo_config_glue [-] oslo_messaging_rabbit.rabbit_quorum_delivery_limit = 0 {{(pid=98700) log_opt_values /opt/stack/data/venv/lib/python3.12/site-packages/oslo_config/cfg.py:3253}}
Jun 23 06:44:06.526272 np0000003440 nova-conductor[98700]: DEBUG cotyledon.oslo_config_glue [-] oslo_messaging_rabbit.rabbit_quorum_max_memory_bytes = 0 {{(pid=98700) log_opt_values /opt/stack/data/venv/lib/python3.12/site-packages/oslo_config/cfg.py:3253}}
Jun 23 06:44:06.526272 np0000003440 nova-conductor[98700]: DEBUG cotyledon.oslo_config_glue [-] oslo_messaging_rabbit.rabbit_quorum_max_memory_length = 0 {{(pid=98700) log_opt_values /opt/stack/data/venv/lib/python3.12/site-packages/oslo_config/cfg.py:3253}}
Jun 23 06:44:06.526272 np0000003440 nova-conductor[98700]: DEBUG cotyledon.oslo_config_glue [-] oslo_messaging_rabbit.rabbit_quorum_queue = False {{(pid=98700) log_opt_values /opt/stack/data/venv/lib/python3.12/site-packages/oslo_config/cfg.py:3253}}
Jun 23 06:44:06.526272 np0000003440 nova-conductor[98700]: DEBUG cotyledon.oslo_config_glue [-] oslo_messaging_rabbit.rabbit_retry_backoff = 2 {{(pid=98700) log_opt_values /opt/stack/data/venv/lib/python3.12/site-packages/oslo_config/cfg.py:3253}}
Jun 23 06:44:06.526272 np0000003440 nova-conductor[98700]: DEBUG cotyledon.oslo_config_glue [-] oslo_messaging_rabbit.rabbit_retry_interval = 1 {{(pid=98700) log_opt_values /opt/stack/data/venv/lib/python3.12/site-packages/oslo_config/cfg.py:3253}}
Jun 23 06:44:06.526272 np0000003440 nova-conductor[98700]: DEBUG cotyledon.oslo_config_glue [-] oslo_messaging_rabbit.rabbit_stream_fanout = False {{(pid=98700) log_opt_values /opt/stack/data/venv/lib/python3.12/site-packages/oslo_config/cfg.py:3253}}
Jun 23 06:44:06.526534 np0000003440 nova-conductor[98700]: DEBUG cotyledon.oslo_config_glue [-] oslo_messaging_rabbit.rabbit_transient_queues_ttl = 1800 {{(pid=98700) log_opt_values /opt/stack/data/venv/lib/python3.12/site-packages/oslo_config/cfg.py:3253}}
Jun 23 06:44:06.526534 np0000003440 nova-conductor[98700]: DEBUG cotyledon.oslo_config_glue [-] oslo_messaging_rabbit.rabbit_transient_quorum_queue = False {{(pid=98700) log_opt_values /opt/stack/data/venv/lib/python3.12/site-packages/oslo_config/cfg.py:3253}}
Jun 23 06:44:06.526534 np0000003440 nova-conductor[98700]: DEBUG cotyledon.oslo_config_glue [-] oslo_messaging_rabbit.rpc_conn_pool_size = 30 {{(pid=98700) log_opt_values /opt/stack/data/venv/lib/python3.12/site-packages/oslo_config/cfg.py:3253}}
Jun 23 06:44:06.526534 np0000003440 nova-conductor[98700]: DEBUG cotyledon.oslo_config_glue [-] oslo_messaging_rabbit.ssl = False {{(pid=98700) log_opt_values /opt/stack/data/venv/lib/python3.12/site-packages/oslo_config/cfg.py:3253}}
Jun 23 06:44:06.526534 np0000003440 nova-conductor[98700]: DEBUG cotyledon.oslo_config_glue [-] oslo_messaging_rabbit.ssl_ca_file = {{(pid=98700) log_opt_values /opt/stack/data/venv/lib/python3.12/site-packages/oslo_config/cfg.py:3253}}
Jun 23 06:44:06.526534 np0000003440 nova-conductor[98700]: DEBUG cotyledon.oslo_config_glue [-] oslo_messaging_rabbit.ssl_cert_file = {{(pid=98700) log_opt_values /opt/stack/data/venv/lib/python3.12/site-packages/oslo_config/cfg.py:3253}}
Jun 23 06:44:06.526534 np0000003440 nova-conductor[98700]: DEBUG cotyledon.oslo_config_glue [-] oslo_messaging_rabbit.ssl_enforce_fips_mode = False {{(pid=98700) log_opt_values /opt/stack/data/venv/lib/python3.12/site-packages/oslo_config/cfg.py:3253}}
Jun 23 06:44:06.526534 np0000003440 nova-conductor[98700]: DEBUG cotyledon.oslo_config_glue [-] oslo_messaging_rabbit.ssl_enforce_hostname_verification = True {{(pid=98700) log_opt_values /opt/stack/data/venv/lib/python3.12/site-packages/oslo_config/cfg.py:3253}}
Jun 23 06:44:06.526534 np0000003440 nova-conductor[98700]: DEBUG cotyledon.oslo_config_glue [-] oslo_messaging_rabbit.ssl_key_file = {{(pid=98700) log_opt_values /opt/stack/data/venv/lib/python3.12/site-packages/oslo_config/cfg.py:3253}}
Jun 23 06:44:06.526825 np0000003440 nova-conductor[98700]: DEBUG cotyledon.oslo_config_glue [-] oslo_messaging_rabbit.ssl_version = {{(pid=98700) log_opt_values /opt/stack/data/venv/lib/python3.12/site-packages/oslo_config/cfg.py:3253}}
Jun 23 06:44:06.526825 np0000003440 nova-conductor[98700]: DEBUG cotyledon.oslo_config_glue [-] oslo_messaging_rabbit.use_queue_manager = False {{(pid=98700) log_opt_values /opt/stack/data/venv/lib/python3.12/site-packages/oslo_config/cfg.py:3253}}
Jun 23 06:44:06.526825 np0000003440 nova-conductor[98700]: DEBUG cotyledon.oslo_config_glue [-] oslo_messaging_notifications.driver = ['messagingv2'] {{(pid=98700) log_opt_values /opt/stack/data/venv/lib/python3.12/site-packages/oslo_config/cfg.py:3253}}
Jun 23 06:44:06.526825 np0000003440 nova-conductor[98700]: DEBUG cotyledon.oslo_config_glue [-] oslo_messaging_notifications.retry = -1 {{(pid=98700) log_opt_values /opt/stack/data/venv/lib/python3.12/site-packages/oslo_config/cfg.py:3253}}
Jun 23 06:44:06.526825 np0000003440 nova-conductor[98700]: DEBUG cotyledon.oslo_config_glue [-] oslo_messaging_notifications.topics = ['notifications'] {{(pid=98700) log_opt_values /opt/stack/data/venv/lib/python3.12/site-packages/oslo_config/cfg.py:3253}}
Jun 23 06:44:06.526825 np0000003440 nova-conductor[98700]: DEBUG cotyledon.oslo_config_glue [-] oslo_messaging_notifications.transport_url = **** {{(pid=98700) log_opt_values /opt/stack/data/venv/lib/python3.12/site-packages/oslo_config/cfg.py:3253}}
Jun 23 06:44:06.526825 np0000003440 nova-conductor[98700]: DEBUG cotyledon.oslo_config_glue [-] oslo_limit.auth_section = None {{(pid=98700) log_opt_values /opt/stack/data/venv/lib/python3.12/site-packages/oslo_config/cfg.py:3253}}
Jun 23 06:44:06.526825 np0000003440 nova-conductor[98700]: DEBUG cotyledon.oslo_config_glue [-] oslo_limit.auth_type = None {{(pid=98700) log_opt_values /opt/stack/data/venv/lib/python3.12/site-packages/oslo_config/cfg.py:3253}}
Jun 23 06:44:06.526825 np0000003440 nova-conductor[98700]: DEBUG cotyledon.oslo_config_glue [-] oslo_limit.cafile = None {{(pid=98700) log_opt_values /opt/stack/data/venv/lib/python3.12/site-packages/oslo_config/cfg.py:3253}}
Jun 23 06:44:06.527128 np0000003440 nova-conductor[98700]: DEBUG cotyledon.oslo_config_glue [-] oslo_limit.certfile = None {{(pid=98700) log_opt_values /opt/stack/data/venv/lib/python3.12/site-packages/oslo_config/cfg.py:3253}}
Jun 23 06:44:06.527128 np0000003440 nova-conductor[98700]: DEBUG cotyledon.oslo_config_glue [-] oslo_limit.collect_timing = False {{(pid=98700) log_opt_values /opt/stack/data/venv/lib/python3.12/site-packages/oslo_config/cfg.py:3253}}
Jun 23 06:44:06.527128 np0000003440 nova-conductor[98700]: DEBUG cotyledon.oslo_config_glue [-] oslo_limit.connect_retries = None {{(pid=98700) log_opt_values /opt/stack/data/venv/lib/python3.12/site-packages/oslo_config/cfg.py:3253}}
Jun 23 06:44:06.527128 np0000003440 nova-conductor[98700]: DEBUG cotyledon.oslo_config_glue [-] oslo_limit.connect_retry_delay = None {{(pid=98700) log_opt_values /opt/stack/data/venv/lib/python3.12/site-packages/oslo_config/cfg.py:3253}}
Jun 23 06:44:06.527128 np0000003440 nova-conductor[98700]: DEBUG cotyledon.oslo_config_glue [-] oslo_limit.endpoint_id = None {{(pid=98700) log_opt_values /opt/stack/data/venv/lib/python3.12/site-packages/oslo_config/cfg.py:3253}}
Jun 23 06:44:06.527128 np0000003440 nova-conductor[98700]: DEBUG cotyledon.oslo_config_glue [-] oslo_limit.endpoint_interface = public {{(pid=98700) log_opt_values /opt/stack/data/venv/lib/python3.12/site-packages/oslo_config/cfg.py:3253}}
Jun 23 06:44:06.527128 np0000003440 nova-conductor[98700]: DEBUG cotyledon.oslo_config_glue [-] oslo_limit.endpoint_override = None {{(pid=98700) log_opt_values /opt/stack/data/venv/lib/python3.12/site-packages/oslo_config/cfg.py:3253}}
Jun 23 06:44:06.527128 np0000003440 nova-conductor[98700]: DEBUG cotyledon.oslo_config_glue [-] oslo_limit.endpoint_region_name = None {{(pid=98700) log_opt_values /opt/stack/data/venv/lib/python3.12/site-packages/oslo_config/cfg.py:3253}}
Jun 23 06:44:06.527128 np0000003440 nova-conductor[98700]: DEBUG cotyledon.oslo_config_glue [-] oslo_limit.endpoint_service_name = None {{(pid=98700) log_opt_values /opt/stack/data/venv/lib/python3.12/site-packages/oslo_config/cfg.py:3253}}
Jun 23 06:44:06.527441 np0000003440 nova-conductor[98700]: DEBUG cotyledon.oslo_config_glue [-] oslo_limit.endpoint_service_type = None {{(pid=98700) log_opt_values /opt/stack/data/venv/lib/python3.12/site-packages/oslo_config/cfg.py:3253}}
Jun 23 06:44:06.527441 np0000003440 nova-conductor[98700]: DEBUG cotyledon.oslo_config_glue [-] oslo_limit.insecure = False {{(pid=98700) log_opt_values /opt/stack/data/venv/lib/python3.12/site-packages/oslo_config/cfg.py:3253}}
Jun 23 06:44:06.527441 np0000003440 nova-conductor[98700]: DEBUG cotyledon.oslo_config_glue [-] oslo_limit.keyfile = None {{(pid=98700) log_opt_values /opt/stack/data/venv/lib/python3.12/site-packages/oslo_config/cfg.py:3253}}
Jun 23 06:44:06.527441 np0000003440 nova-conductor[98700]: DEBUG cotyledon.oslo_config_glue [-] oslo_limit.max_version = None {{(pid=98700) log_opt_values /opt/stack/data/venv/lib/python3.12/site-packages/oslo_config/cfg.py:3253}}
Jun 23 06:44:06.527441 np0000003440 nova-conductor[98700]: DEBUG cotyledon.oslo_config_glue [-] oslo_limit.min_version = None {{(pid=98700) log_opt_values /opt/stack/data/venv/lib/python3.12/site-packages/oslo_config/cfg.py:3253}}
Jun 23 06:44:06.527441 np0000003440 nova-conductor[98700]: DEBUG cotyledon.oslo_config_glue [-] oslo_limit.region_name = None {{(pid=98700) log_opt_values /opt/stack/data/venv/lib/python3.12/site-packages/oslo_config/cfg.py:3253}}
Jun 23 06:44:06.527441 np0000003440 nova-conductor[98700]: DEBUG cotyledon.oslo_config_glue [-] oslo_limit.retriable_status_codes = None {{(pid=98700) log_opt_values /opt/stack/data/venv/lib/python3.12/site-packages/oslo_config/cfg.py:3253}}
Jun 23 06:44:06.527441 np0000003440 nova-conductor[98700]: DEBUG cotyledon.oslo_config_glue [-] oslo_limit.service_name = None {{(pid=98700) log_opt_values /opt/stack/data/venv/lib/python3.12/site-packages/oslo_config/cfg.py:3253}}
Jun 23 06:44:06.527441 np0000003440 nova-conductor[98700]: DEBUG cotyledon.oslo_config_glue [-] oslo_limit.service_type = None {{(pid=98700) log_opt_values /opt/stack/data/venv/lib/python3.12/site-packages/oslo_config/cfg.py:3253}}
Jun 23 06:44:06.527724 np0000003440 nova-conductor[98700]: DEBUG cotyledon.oslo_config_glue [-] oslo_limit.split_loggers = False {{(pid=98700) log_opt_values /opt/stack/data/venv/lib/python3.12/site-packages/oslo_config/cfg.py:3253}}
Jun 23 06:44:06.527724 np0000003440 nova-conductor[98700]: DEBUG cotyledon.oslo_config_glue [-] oslo_limit.status_code_retries = None {{(pid=98700) log_opt_values /opt/stack/data/venv/lib/python3.12/site-packages/oslo_config/cfg.py:3253}}
Jun 23 06:44:06.527724 np0000003440 nova-conductor[98700]: DEBUG cotyledon.oslo_config_glue [-] oslo_limit.status_code_retry_delay = None {{(pid=98700) log_opt_values /opt/stack/data/venv/lib/python3.12/site-packages/oslo_config/cfg.py:3253}}
Jun 23 06:44:06.527724 np0000003440 nova-conductor[98700]: DEBUG cotyledon.oslo_config_glue [-] oslo_limit.timeout = None {{(pid=98700) log_opt_values /opt/stack/data/venv/lib/python3.12/site-packages/oslo_config/cfg.py:3253}}
Jun 23 06:44:06.527724 np0000003440 nova-conductor[98700]: DEBUG cotyledon.oslo_config_glue [-] oslo_limit.valid_interfaces = None {{(pid=98700) log_opt_values /opt/stack/data/venv/lib/python3.12/site-packages/oslo_config/cfg.py:3253}}
Jun 23 06:44:06.527724 np0000003440 nova-conductor[98700]: DEBUG cotyledon.oslo_config_glue [-] oslo_limit.version = None {{(pid=98700) log_opt_values /opt/stack/data/venv/lib/python3.12/site-packages/oslo_config/cfg.py:3253}}
Jun 23 06:44:06.527724 np0000003440 nova-conductor[98700]: DEBUG cotyledon.oslo_config_glue [-] oslo_reports.file_event_handler = None {{(pid=98700) log_opt_values /opt/stack/data/venv/lib/python3.12/site-packages/oslo_config/cfg.py:3253}}
Jun 23 06:44:06.527724 np0000003440 nova-conductor[98700]: DEBUG cotyledon.oslo_config_glue [-] oslo_reports.file_event_handler_interval = 1 {{(pid=98700) log_opt_values /opt/stack/data/venv/lib/python3.12/site-packages/oslo_config/cfg.py:3253}}
Jun 23 06:44:06.527724 np0000003440 nova-conductor[98700]: DEBUG cotyledon.oslo_config_glue [-] oslo_reports.log_dir = None {{(pid=98700) log_opt_values /opt/stack/data/venv/lib/python3.12/site-packages/oslo_config/cfg.py:3253}}
Jun 23 06:44:06.528008 np0000003440 nova-conductor[98700]: DEBUG cotyledon.oslo_config_glue [-] ******************************************************************************** {{(pid=98700) log_opt_values /opt/stack/data/venv/lib/python3.12/site-packages/oslo_config/cfg.py:3260}}
Jun 23 06:44:06.528008 np0000003440 nova-conductor[98700]: DEBUG cotyledon._service_worker [-] Run service ServiceWrapper(3) [98700] {{(pid=98700) wait_forever /opt/stack/data/venv/lib/python3.12/site-packages/cotyledon/_service_worker.py:218}}
Jun 23 06:44:06.528008 np0000003440 nova-conductor[98700]: INFO nova.service [-] Starting conductor node (version 33.1.0)
Jun 23 06:44:06.528128 np0000003440 nova-conductor[98672]: DEBUG oslo_db.sqlalchemy.engines [None req-4d7981bc-f71c-4c3b-8def-030ff1769698 None None] MySQL server mode set to STRICT_TRANS_TABLES,STRICT_ALL_TABLES,NO_ZERO_IN_DATE,NO_ZERO_DATE,ERROR_FOR_DIVISION_BY_ZERO,TRADITIONAL,NO_ENGINE_SUBSTITUTION {{(pid=98672) _check_effective_sql_mode /opt/stack/data/venv/lib/python3.12/site-packages/oslo_db/sqlalchemy/engines.py:325}}
Jun 23 06:44:06.528173 np0000003440 nova-conductor[98700]: INFO dbcounter [None req-5e24ad86-95f7-43c4-8968-4ba875d96881 None None] Registered counter for database nova_cell0
Jun 23 06:44:06.528215 np0000003440 nova-conductor[98685]: DEBUG oslo_db.sqlalchemy.engines [None req-6d9bea14-b648-4764-bbb1-d36afd1f8bf3 None None] MySQL server mode set to STRICT_TRANS_TABLES,STRICT_ALL_TABLES,NO_ZERO_IN_DATE,NO_ZERO_DATE,ERROR_FOR_DIVISION_BY_ZERO,TRADITIONAL,NO_ENGINE_SUBSTITUTION {{(pid=98685) _check_effective_sql_mode /opt/stack/data/venv/lib/python3.12/site-packages/oslo_db/sqlalchemy/engines.py:325}}
Jun 23 06:44:06.528281 np0000003440 nova-conductor[98672]: DEBUG dbcounter [-] [98672] Writer thread running {{(pid=98672) stat_writer /opt/stack/data/venv/lib/python3.12/site-packages/dbcounter.py:102}}
Jun 23 06:44:06.528325 np0000003440 nova-conductor[98685]: DEBUG dbcounter [-] [98685] Writer thread running {{(pid=98685) stat_writer /opt/stack/data/venv/lib/python3.12/site-packages/dbcounter.py:102}}
Jun 23 06:44:06.528373 np0000003440 nova-conductor[98672]: DEBUG nova.service [None req-4d7981bc-f71c-4c3b-8def-030ff1769698 None None] Creating RPC server for service: nova-conductor on topic: conductor {{(pid=98672) start /opt/stack/nova/nova/service.py:196}}
Jun 23 06:44:06.528415 np0000003440 nova-conductor[98685]: DEBUG nova.service [None req-6d9bea14-b648-4764-bbb1-d36afd1f8bf3 None None] Creating RPC server for service: nova-conductor on topic: conductor {{(pid=98685) start /opt/stack/nova/nova/service.py:196}}
Jun 23 06:44:06.528459 np0000003440 nova-conductor[98695]: DEBUG oslo_db.sqlalchemy.engines [None req-3c8e4659-c9cc-4afd-adbc-96a0a99d1d36 None None] MySQL server mode set to STRICT_TRANS_TABLES,STRICT_ALL_TABLES,NO_ZERO_IN_DATE,NO_ZERO_DATE,ERROR_FOR_DIVISION_BY_ZERO,TRADITIONAL,NO_ENGINE_SUBSTITUTION {{(pid=98695) _check_effective_sql_mode /opt/stack/data/venv/lib/python3.12/site-packages/oslo_db/sqlalchemy/engines.py:325}}
Jun 23 06:44:06.528509 np0000003440 nova-conductor[98700]: DEBUG oslo_db.sqlalchemy.engines [None req-5e24ad86-95f7-43c4-8968-4ba875d96881 None None] MySQL server mode set to STRICT_TRANS_TABLES,STRICT_ALL_TABLES,NO_ZERO_IN_DATE,NO_ZERO_DATE,ERROR_FOR_DIVISION_BY_ZERO,TRADITIONAL,NO_ENGINE_SUBSTITUTION {{(pid=98700) _check_effective_sql_mode /opt/stack/data/venv/lib/python3.12/site-packages/oslo_db/sqlalchemy/engines.py:325}}
Jun 23 06:44:06.528554 np0000003440 nova-conductor[98695]: DEBUG dbcounter [-] [98695] Writer thread running {{(pid=98695) stat_writer /opt/stack/data/venv/lib/python3.12/site-packages/dbcounter.py:102}}
Jun 23 06:44:06.528608 np0000003440 nova-conductor[98700]: DEBUG dbcounter [-] [98700] Writer thread running {{(pid=98700) stat_writer /opt/stack/data/venv/lib/python3.12/site-packages/dbcounter.py:102}}
Jun 23 06:44:06.528651 np0000003440 nova-conductor[98685]: DEBUG nova.service [None req-6d9bea14-b648-4764-bbb1-d36afd1f8bf3 None None] Join ServiceGroup membership for this service conductor {{(pid=98685) start /opt/stack/nova/nova/service.py:222}}
Jun 23 06:44:06.528651 np0000003440 nova-conductor[98685]: DEBUG nova.servicegroup.drivers.db [None req-6d9bea14-b648-4764-bbb1-d36afd1f8bf3 None None] DB_Driver: join new ServiceGroup member np0000003440 to the conductor group, service = {{(pid=98685) join /opt/stack/nova/nova/servicegroup/drivers/db.py:44}}
Jun 23 06:44:06.528726 np0000003440 nova-conductor[98695]: DEBUG nova.service [None req-3c8e4659-c9cc-4afd-adbc-96a0a99d1d36 None None] Creating RPC server for service: nova-conductor on topic: conductor {{(pid=98695) start /opt/stack/nova/nova/service.py:196}}
Jun 23 06:44:06.528765 np0000003440 nova-conductor[98700]: DEBUG nova.service [None req-5e24ad86-95f7-43c4-8968-4ba875d96881 None None] Creating RPC server for service: nova-conductor on topic: conductor {{(pid=98700) start /opt/stack/nova/nova/service.py:196}}
Jun 23 06:44:06.528806 np0000003440 nova-conductor[98672]: DEBUG nova.service [None req-4d7981bc-f71c-4c3b-8def-030ff1769698 None None] Join ServiceGroup membership for this service conductor {{(pid=98672) start /opt/stack/nova/nova/service.py:222}}
Jun 23 06:44:06.528806 np0000003440 nova-conductor[98672]: DEBUG nova.servicegroup.drivers.db [None req-4d7981bc-f71c-4c3b-8def-030ff1769698 None None] DB_Driver: join new ServiceGroup member np0000003440 to the conductor group, service = {{(pid=98672) join /opt/stack/nova/nova/servicegroup/drivers/db.py:44}}
Jun 23 06:44:06.528806 np0000003440 nova-conductor[98672]: DEBUG oslo.service.backend._threading.loopingcall [None req-115d040e-2992-4a70-9717-51edbfcc6452 None None] Dynamic interval looping call 'nova.service.Service.periodic_tasks' sleeping for 60.00 seconds {{(pid=98672) _run_loop /opt/stack/data/venv/lib/python3.12/site-packages/oslo_service/backend/_threading/loopingcall.py:125}}
Jun 23 06:44:06.537033 np0000003440 nova-conductor[98695]: DEBUG nova.service [None req-3c8e4659-c9cc-4afd-adbc-96a0a99d1d36 None None] Join ServiceGroup membership for this service conductor {{(pid=98695) start /opt/stack/nova/nova/service.py:222}}
Jun 23 06:44:06.537260 np0000003440 nova-conductor[98695]: DEBUG nova.servicegroup.drivers.db [None req-3c8e4659-c9cc-4afd-adbc-96a0a99d1d36 None None] DB_Driver: join new ServiceGroup member np0000003440 to the conductor group, service = {{(pid=98695) join /opt/stack/nova/nova/servicegroup/drivers/db.py:44}}
Jun 23 06:44:06.540413 np0000003440 nova-conductor[98700]: DEBUG nova.service [None req-5e24ad86-95f7-43c4-8968-4ba875d96881 None None] Join ServiceGroup membership for this service conductor {{(pid=98700) start /opt/stack/nova/nova/service.py:222}}
Jun 23 06:44:06.540634 np0000003440 nova-conductor[98700]: DEBUG nova.servicegroup.drivers.db [None req-5e24ad86-95f7-43c4-8968-4ba875d96881 None None] DB_Driver: join new ServiceGroup member np0000003440 to the conductor group, service = {{(pid=98700) join /opt/stack/nova/nova/servicegroup/drivers/db.py:44}}
Jun 23 06:44:11.541413 np0000003440 nova-conductor[98685]: DEBUG oslo.service.backend._threading.loopingcall [-] Fixed interval looping call 'nova.servicegroup.drivers.db.DbDriver._report_state' sleeping for 119.98 seconds {{(pid=98685) _run_loop /opt/stack/data/venv/lib/python3.12/site-packages/oslo_service/backend/_threading/loopingcall.py:125}}
Jun 23 06:44:11.548301 np0000003440 nova-conductor[98672]: DEBUG oslo.service.backend._threading.loopingcall [-] Fixed interval looping call 'nova.servicegroup.drivers.db.DbDriver._report_state' sleeping for 119.97 seconds {{(pid=98672) _run_loop /opt/stack/data/venv/lib/python3.12/site-packages/oslo_service/backend/_threading/loopingcall.py:125}}
Jun 23 06:44:11.550848 np0000003440 nova-conductor[98700]: DEBUG oslo.service.backend._threading.loopingcall [-] Fixed interval looping call 'nova.servicegroup.drivers.db.DbDriver._report_state' sleeping for 119.99 seconds {{(pid=98700) _run_loop /opt/stack/data/venv/lib/python3.12/site-packages/oslo_service/backend/_threading/loopingcall.py:125}}
Jun 23 06:44:11.557968 np0000003440 nova-conductor[98695]: DEBUG oslo.service.backend._threading.loopingcall [-] Fixed interval looping call 'nova.servicegroup.drivers.db.DbDriver._report_state' sleeping for 119.98 seconds {{(pid=98695) _run_loop /opt/stack/data/venv/lib/python3.12/site-packages/oslo_service/backend/_threading/loopingcall.py:125}}
Jun 23 06:44:14.539003 np0000003440 nova-conductor[98695]: DEBUG oslo.service.backend._threading.loopingcall [None req-1562f890-2ad0-4a66-963b-7abfc860f094 None None] Dynamic interval looping call 'nova.service.Service.periodic_tasks' sleeping for 60.00 seconds {{(pid=98695) _run_loop /opt/stack/data/venv/lib/python3.12/site-packages/oslo_service/backend/_threading/loopingcall.py:125}}
Jun 23 06:44:15.116067 np0000003440 nova-conductor[97197]: DEBUG dbcounter [-] [97197] Writing DB stats nova_api:SELECT=1 {{(pid=97197) stat_writer /opt/stack/data/venv/lib/python3.12/site-packages/dbcounter.py:115}}
Jun 23 06:44:15.243405 np0000003440 nova-conductor[97197]: DEBUG dbcounter [-] [97197] Writing DB stats nova_cell0:SELECT=1 {{(pid=97197) stat_writer /opt/stack/data/venv/lib/python3.12/site-packages/dbcounter.py:115}}
Jun 23 06:44:15.247900 np0000003440 nova-conductor[97197]: DEBUG dbcounter [-] [97197] Writing DB stats nova_cell1:SELECT=1 {{(pid=97197) stat_writer /opt/stack/data/venv/lib/python3.12/site-packages/dbcounter.py:115}}
Jun 23 06:44:21.535601 np0000003440 nova-conductor[98672]: DEBUG dbcounter [-] [98672] Writing DB stats nova_cell0:SELECT=4,nova_cell0:INSERT=1,nova_cell0:UPDATE=1 {{(pid=98672) stat_writer /opt/stack/data/venv/lib/python3.12/site-packages/dbcounter.py:115}}
Jun 23 06:44:21.537486 np0000003440 nova-conductor[98685]: DEBUG dbcounter [-] [98685] Writing DB stats nova_cell0:SELECT=5,nova_cell0:INSERT=1,nova_cell0:UPDATE=1 {{(pid=98685) stat_writer /opt/stack/data/venv/lib/python3.12/site-packages/dbcounter.py:115}}
Jun 23 06:44:21.548390 np0000003440 nova-conductor[98700]: DEBUG dbcounter [-] [98700] Writing DB stats nova_cell0:SELECT=3 {{(pid=98700) stat_writer /opt/stack/data/venv/lib/python3.12/site-packages/dbcounter.py:115}}
Jun 23 06:44:21.552674 np0000003440 nova-conductor[98695]: DEBUG dbcounter [-] [98695] Writing DB stats nova_cell0:SELECT=3 {{(pid=98695) stat_writer /opt/stack/data/venv/lib/python3.12/site-packages/dbcounter.py:115}}
Jun 23 06:44:29.519343 np0000003440 nova-conductor[98685]: DEBUG oslo.service.backend._threading.loopingcall [None req-282f7fd7-09bb-4729-8763-d37b2c46a8ba None None] Dynamic interval looping call 'nova.service.Service.periodic_tasks' sleeping for 60.00 seconds {{(pid=98685) _run_loop /opt/stack/data/venv/lib/python3.12/site-packages/oslo_service/backend/_threading/loopingcall.py:125}}
Jun 23 06:44:55.542783 np0000003440 nova-conductor[98700]: DEBUG oslo.service.backend._threading.loopingcall [None req-47ee63ae-eb8b-49cc-8ef7-e3aa6f6e5b82 None None] Dynamic interval looping call 'nova.service.Service.periodic_tasks' sleeping for 60.00 seconds {{(pid=98700) _run_loop /opt/stack/data/venv/lib/python3.12/site-packages/oslo_service/backend/_threading/loopingcall.py:125}}
Jun 23 06:45:06.521921 np0000003440 nova-conductor[98672]: DEBUG oslo.service.backend._threading.loopingcall [None req-115d040e-2992-4a70-9717-51edbfcc6452 None None] Dynamic interval looping call 'nova.service.Service.periodic_tasks' sleeping for 60.00 seconds {{(pid=98672) _run_loop /opt/stack/data/venv/lib/python3.12/site-packages/oslo_service/backend/_threading/loopingcall.py:125}}
Jun 23 06:45:14.539501 np0000003440 nova-conductor[98695]: DEBUG oslo.service.backend._threading.loopingcall [None req-1562f890-2ad0-4a66-963b-7abfc860f094 None None] Dynamic interval looping call 'nova.service.Service.periodic_tasks' sleeping for 60.00 seconds {{(pid=98695) _run_loop /opt/stack/data/venv/lib/python3.12/site-packages/oslo_service/backend/_threading/loopingcall.py:125}}
Jun 23 06:45:29.519950 np0000003440 nova-conductor[98685]: DEBUG oslo.service.backend._threading.loopingcall [None req-282f7fd7-09bb-4729-8763-d37b2c46a8ba None None] Dynamic interval looping call 'nova.service.Service.periodic_tasks' sleeping for 60.00 seconds {{(pid=98685) _run_loop /opt/stack/data/venv/lib/python3.12/site-packages/oslo_service/backend/_threading/loopingcall.py:125}}
Jun 23 06:45:55.543295 np0000003440 nova-conductor[98700]: DEBUG oslo.service.backend._threading.loopingcall [None req-47ee63ae-eb8b-49cc-8ef7-e3aa6f6e5b82 None None] Dynamic interval looping call 'nova.service.Service.periodic_tasks' sleeping for 60.00 seconds {{(pid=98700) _run_loop /opt/stack/data/venv/lib/python3.12/site-packages/oslo_service/backend/_threading/loopingcall.py:125}}
Jun 23 06:46:06.522427 np0000003440 nova-conductor[98672]: DEBUG oslo.service.backend._threading.loopingcall [None req-115d040e-2992-4a70-9717-51edbfcc6452 None None] Dynamic interval looping call 'nova.service.Service.periodic_tasks' sleeping for 60.00 seconds {{(pid=98672) _run_loop /opt/stack/data/venv/lib/python3.12/site-packages/oslo_service/backend/_threading/loopingcall.py:125}}
Jun 23 06:46:11.532067 np0000003440 nova-conductor[98685]: DEBUG oslo.service.backend._threading.loopingcall [-] Fixed interval looping call 'nova.servicegroup.drivers.db.DbDriver._report_state' sleeping for 119.99 seconds {{(pid=98685) _run_loop /opt/stack/data/venv/lib/python3.12/site-packages/oslo_service/backend/_threading/loopingcall.py:125}}
Jun 23 06:46:11.536260 np0000003440 nova-conductor[98672]: DEBUG oslo.service.backend._threading.loopingcall [-] Fixed interval looping call 'nova.servicegroup.drivers.db.DbDriver._report_state' sleeping for 119.99 seconds {{(pid=98672) _run_loop /opt/stack/data/venv/lib/python3.12/site-packages/oslo_service/backend/_threading/loopingcall.py:125}}
Jun 23 06:46:11.543936 np0000003440 nova-conductor[98695]: DEBUG oslo.service.backend._threading.loopingcall [-] Fixed interval looping call 'nova.servicegroup.drivers.db.DbDriver._report_state' sleeping for 119.99 seconds {{(pid=98695) _run_loop /opt/stack/data/venv/lib/python3.12/site-packages/oslo_service/backend/_threading/loopingcall.py:125}}
Jun 23 06:46:11.545101 np0000003440 nova-conductor[98700]: DEBUG oslo.service.backend._threading.loopingcall [-] Fixed interval looping call 'nova.servicegroup.drivers.db.DbDriver._report_state' sleeping for 120.00 seconds {{(pid=98700) _run_loop /opt/stack/data/venv/lib/python3.12/site-packages/oslo_service/backend/_threading/loopingcall.py:125}}
Jun 23 06:46:14.540706 np0000003440 nova-conductor[98695]: DEBUG oslo.service.backend._threading.loopingcall [None req-1562f890-2ad0-4a66-963b-7abfc860f094 None None] Dynamic interval looping call 'nova.service.Service.periodic_tasks' sleeping for 60.00 seconds {{(pid=98695) _run_loop /opt/stack/data/venv/lib/python3.12/site-packages/oslo_service/backend/_threading/loopingcall.py:125}}
Jun 23 06:46:20.610679 np0000003440 nova-conductor[98685]: DEBUG oslo_db.sqlalchemy.engines [None req-6474a3e9-9f85-495f-be07-23f89df4e110 tempest-ServerBootFromVolumeStableRescueTest-990699273 tempest-ServerBootFromVolumeStableRescueTest-990699273-project-member] Parent process 97197 forked (98685) with an open database connection, which is being discarded and recreated. {{(pid=98685) checkout /opt/stack/data/venv/lib/python3.12/site-packages/oslo_db/sqlalchemy/engines.py:402}}
Jun 23 06:46:20.650882 np0000003440 nova-conductor[98685]: DEBUG dbcounter [-] [98685] Writer thread running {{(pid=98685) stat_writer /opt/stack/data/venv/lib/python3.12/site-packages/dbcounter.py:102}}
Jun 23 06:46:21.527682 np0000003440 nova-conductor[98672]: DEBUG dbcounter [-] [98672] Writing DB stats nova_cell0:SELECT=1,nova_cell0:UPDATE=1 {{(pid=98672) stat_writer /opt/stack/data/venv/lib/python3.12/site-packages/dbcounter.py:115}}
Jun 23 06:46:21.528012 np0000003440 nova-conductor[98685]: DEBUG dbcounter [-] [98685] Writing DB stats nova_cell0:SELECT=1,nova_cell0:UPDATE=1 {{(pid=98685) stat_writer /opt/stack/data/venv/lib/python3.12/site-packages/dbcounter.py:115}}
Jun 23 06:46:21.541510 np0000003440 nova-conductor[98695]: DEBUG dbcounter [-] [98695] Writing DB stats nova_cell0:SELECT=1 {{(pid=98695) stat_writer /opt/stack/data/venv/lib/python3.12/site-packages/dbcounter.py:115}}
Jun 23 06:46:21.544507 np0000003440 nova-conductor[98700]: DEBUG dbcounter [-] [98700] Writing DB stats nova_cell0:SELECT=1 {{(pid=98700) stat_writer /opt/stack/data/venv/lib/python3.12/site-packages/dbcounter.py:115}}
Jun 23 06:46:21.674645 np0000003440 nova-conductor[98685]: DEBUG nova.conductor.manager [None req-6474a3e9-9f85-495f-be07-23f89df4e110 tempest-ServerBootFromVolumeStableRescueTest-990699273 tempest-ServerBootFromVolumeStableRescueTest-990699273-project-member] Took 1.02 seconds to select destinations for 1 instance(s). {{(pid=98685) _schedule_instances /opt/stack/nova/nova/conductor/manager.py:968}}
Jun 23 06:46:21.706834 np0000003440 nova-conductor[98685]: DEBUG oslo_concurrency.lockutils [None req-6474a3e9-9f85-495f-be07-23f89df4e110 tempest-ServerBootFromVolumeStableRescueTest-990699273 tempest-ServerBootFromVolumeStableRescueTest-990699273-project-member] Acquiring lock "8df2d76d-f669-4543-bf7c-87709bae2992" by "nova.context.set_target_cell..get_or_set_cached_cell_and_set_connections" {{(pid=98685) inner /opt/stack/data/venv/lib/python3.12/site-packages/oslo_concurrency/lockutils.py:511}}
Jun 23 06:46:21.707129 np0000003440 nova-conductor[98685]: DEBUG oslo_concurrency.lockutils [None req-6474a3e9-9f85-495f-be07-23f89df4e110 tempest-ServerBootFromVolumeStableRescueTest-990699273 tempest-ServerBootFromVolumeStableRescueTest-990699273-project-member] Lock "8df2d76d-f669-4543-bf7c-87709bae2992" acquired by "nova.context.set_target_cell..get_or_set_cached_cell_and_set_connections" :: waited 0.000s {{(pid=98685) inner /opt/stack/data/venv/lib/python3.12/site-packages/oslo_concurrency/lockutils.py:524}}
Jun 23 06:46:21.709204 np0000003440 nova-conductor[98685]: DEBUG oslo_concurrency.lockutils [None req-6474a3e9-9f85-495f-be07-23f89df4e110 tempest-ServerBootFromVolumeStableRescueTest-990699273 tempest-ServerBootFromVolumeStableRescueTest-990699273-project-member] Lock "8df2d76d-f669-4543-bf7c-87709bae2992" "released" by "nova.context.set_target_cell..get_or_set_cached_cell_and_set_connections" :: held 0.002s {{(pid=98685) inner /opt/stack/data/venv/lib/python3.12/site-packages/oslo_concurrency/lockutils.py:543}}
Jun 23 06:46:21.711362 np0000003440 nova-conductor[98685]: INFO dbcounter [None req-6474a3e9-9f85-495f-be07-23f89df4e110 tempest-ServerBootFromVolumeStableRescueTest-990699273 tempest-ServerBootFromVolumeStableRescueTest-990699273-project-member] Registered counter for database nova_cell1
Jun 23 06:46:21.750160 np0000003440 nova-conductor[98685]: DEBUG oslo_db.sqlalchemy.engines [None req-6474a3e9-9f85-495f-be07-23f89df4e110 tempest-ServerBootFromVolumeStableRescueTest-990699273 tempest-ServerBootFromVolumeStableRescueTest-990699273-project-member] MySQL server mode set to STRICT_TRANS_TABLES,STRICT_ALL_TABLES,NO_ZERO_IN_DATE,NO_ZERO_DATE,ERROR_FOR_DIVISION_BY_ZERO,TRADITIONAL,NO_ENGINE_SUBSTITUTION {{(pid=98685) _check_effective_sql_mode /opt/stack/data/venv/lib/python3.12/site-packages/oslo_db/sqlalchemy/engines.py:325}}
Jun 23 06:46:21.756854 np0000003440 nova-conductor[98685]: DEBUG dbcounter [-] [98685] Writer thread running {{(pid=98685) stat_writer /opt/stack/data/venv/lib/python3.12/site-packages/dbcounter.py:102}}
Jun 23 06:46:21.820964 np0000003440 nova-conductor[98685]: INFO nova.utils [None req-6474a3e9-9f85-495f-be07-23f89df4e110 tempest-ServerBootFromVolumeStableRescueTest-990699273 tempest-ServerBootFromVolumeStableRescueTest-990699273-project-member] The cell worker thread pool ForkProcess-2.cell_worker is initialized
Jun 23 06:46:21.821558 np0000003440 nova-conductor[98685]: DEBUG oslo_concurrency.lockutils [None req-6474a3e9-9f85-495f-be07-23f89df4e110 tempest-ServerBootFromVolumeStableRescueTest-990699273 tempest-ServerBootFromVolumeStableRescueTest-990699273-project-member] Acquiring lock "00000000-0000-0000-0000-000000000000" by "nova.context.set_target_cell..get_or_set_cached_cell_and_set_connections" {{(pid=98685) inner /opt/stack/data/venv/lib/python3.12/site-packages/oslo_concurrency/lockutils.py:511}}
Jun 23 06:46:21.822052 np0000003440 nova-conductor[98685]: DEBUG oslo_concurrency.lockutils [None req-6474a3e9-9f85-495f-be07-23f89df4e110 tempest-ServerBootFromVolumeStableRescueTest-990699273 tempest-ServerBootFromVolumeStableRescueTest-990699273-project-member] Lock "00000000-0000-0000-0000-000000000000" acquired by "nova.context.set_target_cell..get_or_set_cached_cell_and_set_connections" :: waited 0.000s {{(pid=98685) inner /opt/stack/data/venv/lib/python3.12/site-packages/oslo_concurrency/lockutils.py:524}}
Jun 23 06:46:21.822052 np0000003440 nova-conductor[98685]: DEBUG oslo_concurrency.lockutils [None req-6474a3e9-9f85-495f-be07-23f89df4e110 tempest-ServerBootFromVolumeStableRescueTest-990699273 tempest-ServerBootFromVolumeStableRescueTest-990699273-project-member] Lock "00000000-0000-0000-0000-000000000000" "released" by "nova.context.set_target_cell..get_or_set_cached_cell_and_set_connections" :: held 0.000s {{(pid=98685) inner /opt/stack/data/venv/lib/python3.12/site-packages/oslo_concurrency/lockutils.py:543}}
Jun 23 06:46:21.822633 np0000003440 nova-conductor[98685]: DEBUG oslo_concurrency.lockutils [None req-6474a3e9-9f85-495f-be07-23f89df4e110 tempest-ServerBootFromVolumeStableRescueTest-990699273 tempest-ServerBootFromVolumeStableRescueTest-990699273-project-member] Acquiring lock "8df2d76d-f669-4543-bf7c-87709bae2992" by "nova.context.set_target_cell..get_or_set_cached_cell_and_set_connections" {{(pid=98685) inner /opt/stack/data/venv/lib/python3.12/site-packages/oslo_concurrency/lockutils.py:511}}
Jun 23 06:46:21.822794 np0000003440 nova-conductor[98685]: DEBUG oslo_concurrency.lockutils [None req-6474a3e9-9f85-495f-be07-23f89df4e110 tempest-ServerBootFromVolumeStableRescueTest-990699273 tempest-ServerBootFromVolumeStableRescueTest-990699273-project-member] Lock "8df2d76d-f669-4543-bf7c-87709bae2992" acquired by "nova.context.set_target_cell..get_or_set_cached_cell_and_set_connections" :: waited 0.000s {{(pid=98685) inner /opt/stack/data/venv/lib/python3.12/site-packages/oslo_concurrency/lockutils.py:524}}
Jun 23 06:46:21.823174 np0000003440 nova-conductor[98685]: DEBUG oslo_concurrency.lockutils [None req-6474a3e9-9f85-495f-be07-23f89df4e110 tempest-ServerBootFromVolumeStableRescueTest-990699273 tempest-ServerBootFromVolumeStableRescueTest-990699273-project-member] Lock "8df2d76d-f669-4543-bf7c-87709bae2992" "released" by "nova.context.set_target_cell..get_or_set_cached_cell_and_set_connections" :: held 0.000s {{(pid=98685) inner /opt/stack/data/venv/lib/python3.12/site-packages/oslo_concurrency/lockutils.py:543}}
Jun 23 06:46:21.824593 np0000003440 nova-conductor[98685]: INFO dbcounter [None req-6474a3e9-9f85-495f-be07-23f89df4e110 tempest-ServerBootFromVolumeStableRescueTest-990699273 tempest-ServerBootFromVolumeStableRescueTest-990699273-project-member] Registered counter for database nova_cell0
Jun 23 06:46:21.869263 np0000003440 nova-conductor[98685]: DEBUG oslo_db.sqlalchemy.engines [None req-6474a3e9-9f85-495f-be07-23f89df4e110 tempest-ServerBootFromVolumeStableRescueTest-990699273 tempest-ServerBootFromVolumeStableRescueTest-990699273-project-member] MySQL server mode set to STRICT_TRANS_TABLES,STRICT_ALL_TABLES,NO_ZERO_IN_DATE,NO_ZERO_DATE,ERROR_FOR_DIVISION_BY_ZERO,TRADITIONAL,NO_ENGINE_SUBSTITUTION {{(pid=98685) _check_effective_sql_mode /opt/stack/data/venv/lib/python3.12/site-packages/oslo_db/sqlalchemy/engines.py:325}}
Jun 23 06:46:21.879666 np0000003440 nova-conductor[98685]: DEBUG dbcounter [-] [98685] Writer thread running {{(pid=98685) stat_writer /opt/stack/data/venv/lib/python3.12/site-packages/dbcounter.py:102}}
Jun 23 06:46:21.894154 np0000003440 nova-conductor[98685]: DEBUG nova.quota [None req-6474a3e9-9f85-495f-be07-23f89df4e110 tempest-ServerBootFromVolumeStableRescueTest-990699273 tempest-ServerBootFromVolumeStableRescueTest-990699273-project-member] Getting quotas for project f6e4cb5401044408a4bbfc759db0de3e. Resources: {'cores', 'ram', 'instances'} {{(pid=98685) _get_quotas /opt/stack/nova/nova/quota.py:392}}
Jun 23 06:46:21.897826 np0000003440 nova-conductor[98685]: DEBUG nova.quota [None req-6474a3e9-9f85-495f-be07-23f89df4e110 tempest-ServerBootFromVolumeStableRescueTest-990699273 tempest-ServerBootFromVolumeStableRescueTest-990699273-project-member] Getting quotas for user e236b7fc394449858df501571af02894 and project f6e4cb5401044408a4bbfc759db0de3e. Resources: {'cores', 'ram', 'instances'} {{(pid=98685) _get_quotas /opt/stack/nova/nova/quota.py:382}}
Jun 23 06:46:21.904134 np0000003440 nova-conductor[98685]: DEBUG nova.conductor.manager [None req-6474a3e9-9f85-495f-be07-23f89df4e110 tempest-ServerBootFromVolumeStableRescueTest-990699273 tempest-ServerBootFromVolumeStableRescueTest-990699273-project-member] [instance: 744cac5d-32c1-4baa-afab-4e8dfbd74a47] Selected host: np0000003440; Selected node: np0000003440; Alternates: [] {{(pid=98685) schedule_and_build_instances /opt/stack/nova/nova/conductor/manager.py:1784}}
Jun 23 06:46:21.905891 np0000003440 nova-conductor[98685]: DEBUG oslo_concurrency.lockutils [None req-6474a3e9-9f85-495f-be07-23f89df4e110 tempest-ServerBootFromVolumeStableRescueTest-990699273 tempest-ServerBootFromVolumeStableRescueTest-990699273-project-member] Acquiring lock "8df2d76d-f669-4543-bf7c-87709bae2992" by "nova.context.set_target_cell..get_or_set_cached_cell_and_set_connections" {{(pid=98685) inner /opt/stack/data/venv/lib/python3.12/site-packages/oslo_concurrency/lockutils.py:511}}
Jun 23 06:46:21.905891 np0000003440 nova-conductor[98685]: DEBUG oslo_concurrency.lockutils [None req-6474a3e9-9f85-495f-be07-23f89df4e110 tempest-ServerBootFromVolumeStableRescueTest-990699273 tempest-ServerBootFromVolumeStableRescueTest-990699273-project-member] Lock "8df2d76d-f669-4543-bf7c-87709bae2992" acquired by "nova.context.set_target_cell..get_or_set_cached_cell_and_set_connections" :: waited 0.000s {{(pid=98685) inner /opt/stack/data/venv/lib/python3.12/site-packages/oslo_concurrency/lockutils.py:524}}
Jun 23 06:46:21.905891 np0000003440 nova-conductor[98685]: DEBUG oslo_concurrency.lockutils [None req-6474a3e9-9f85-495f-be07-23f89df4e110 tempest-ServerBootFromVolumeStableRescueTest-990699273 tempest-ServerBootFromVolumeStableRescueTest-990699273-project-member] Lock "8df2d76d-f669-4543-bf7c-87709bae2992" "released" by "nova.context.set_target_cell..get_or_set_cached_cell_and_set_connections" :: held 0.000s {{(pid=98685) inner /opt/stack/data/venv/lib/python3.12/site-packages/oslo_concurrency/lockutils.py:543}}
Jun 23 06:46:21.922751 np0000003440 nova-conductor[98685]: DEBUG nova.conductor.manager [None req-6474a3e9-9f85-495f-be07-23f89df4e110 tempest-ServerBootFromVolumeStableRescueTest-990699273 tempest-ServerBootFromVolumeStableRescueTest-990699273-project-member] [instance: 744cac5d-32c1-4baa-afab-4e8dfbd74a47] block_device_mapping [BlockDeviceMapping(attachment_id=,boot_index=0,connection_info=None,created_at=,delete_on_termination=True,deleted=,deleted_at=,destination_type='local',device_name=None,device_type='disk',disk_bus=None,encrypted=False,encryption_format=None,encryption_options=None,encryption_secret_uuid=None,guest_format=None,id=,image_id='00a08cb2-3956-4609-a026-be5120f66d59',instance=,instance_uuid=,no_device=False,snapshot_id=None,source_type='image',tag=None,updated_at=,uuid=,volume_id=None,volume_size=None,volume_type=None)] {{(pid=98685) _create_block_device_mapping /opt/stack/nova/nova/conductor/manager.py:1529}}
Jun 23 06:46:21.924437 np0000003440 nova-conductor[98685]: DEBUG oslo_concurrency.lockutils [None req-6474a3e9-9f85-495f-be07-23f89df4e110 tempest-ServerBootFromVolumeStableRescueTest-990699273 tempest-ServerBootFromVolumeStableRescueTest-990699273-project-member] Acquiring lock "8df2d76d-f669-4543-bf7c-87709bae2992" by "nova.context.set_target_cell..get_or_set_cached_cell_and_set_connections" {{(pid=98685) inner /opt/stack/data/venv/lib/python3.12/site-packages/oslo_concurrency/lockutils.py:511}}
Jun 23 06:46:21.924636 np0000003440 nova-conductor[98685]: DEBUG oslo_concurrency.lockutils [None req-6474a3e9-9f85-495f-be07-23f89df4e110 tempest-ServerBootFromVolumeStableRescueTest-990699273 tempest-ServerBootFromVolumeStableRescueTest-990699273-project-member] Lock "8df2d76d-f669-4543-bf7c-87709bae2992" acquired by "nova.context.set_target_cell..get_or_set_cached_cell_and_set_connections" :: waited 0.000s {{(pid=98685) inner /opt/stack/data/venv/lib/python3.12/site-packages/oslo_concurrency/lockutils.py:524}}
Jun 23 06:46:21.924804 np0000003440 nova-conductor[98685]: DEBUG oslo_concurrency.lockutils [None req-6474a3e9-9f85-495f-be07-23f89df4e110 tempest-ServerBootFromVolumeStableRescueTest-990699273 tempest-ServerBootFromVolumeStableRescueTest-990699273-project-member] Lock "8df2d76d-f669-4543-bf7c-87709bae2992" "released" by "nova.context.set_target_cell..get_or_set_cached_cell_and_set_connections" :: held 0.000s {{(pid=98685) inner /opt/stack/data/venv/lib/python3.12/site-packages/oslo_concurrency/lockutils.py:543}}
Jun 23 06:46:21.959550 np0000003440 nova-conductor[98685]: DEBUG oslo_concurrency.lockutils [None req-6474a3e9-9f85-495f-be07-23f89df4e110 tempest-ServerBootFromVolumeStableRescueTest-990699273 tempest-ServerBootFromVolumeStableRescueTest-990699273-project-member] Acquiring lock "8df2d76d-f669-4543-bf7c-87709bae2992" by "nova.context.set_target_cell..get_or_set_cached_cell_and_set_connections" {{(pid=98685) inner /opt/stack/data/venv/lib/python3.12/site-packages/oslo_concurrency/lockutils.py:511}}
Jun 23 06:46:21.959762 np0000003440 nova-conductor[98685]: DEBUG oslo_concurrency.lockutils [None req-6474a3e9-9f85-495f-be07-23f89df4e110 tempest-ServerBootFromVolumeStableRescueTest-990699273 tempest-ServerBootFromVolumeStableRescueTest-990699273-project-member] Lock "8df2d76d-f669-4543-bf7c-87709bae2992" acquired by "nova.context.set_target_cell..get_or_set_cached_cell_and_set_connections" :: waited 0.001s {{(pid=98685) inner /opt/stack/data/venv/lib/python3.12/site-packages/oslo_concurrency/lockutils.py:524}}
