Aug 01 12:57:26.798274 np0000006302 devstack@g-api.service[103058]: DEBUG glance.api.middleware.version_negotiation [None req-30f2a9a7-fb87-45d6-8019-b48a9298e809 tempest-ImageDependencyTests-577439583 tempest-ImageDependencyTests-577439583-project-member] new path /v2/images/04a163be-629e-4748-b3d9-91993f1b5b2b {{(pid=103058) process_request /opt/stack/glance/glance/api/middleware/version_negotiation.py:70}}
Aug 01 12:57:26.824404 np0000006302 devstack@g-api.service[103058]: [pid: 103058|app: 0|req: 49/202] 127.0.0.1 () {40 vars in 838 bytes} [Sat Aug 1 12:57:26 2026] GET /v2/images/04a163be-629e-4748-b3d9-91993f1b5b2b => generated 648 bytes in 27 msecs (HTTP/1.1 200) 4 headers in 157 bytes (1 switches on core 0)
Aug 01 12:57:27.309316 np0000006302 devstack@g-api.service[103055]: DEBUG glance.location [None req-bfeb9569-7932-4bd4-a0ad-f9e92f0d8a84 tempest-VolumesActionsTest-555896717 tempest-VolumesActionsTest-555896717-project-member] Enabling in-flight format inspection for raw {{(pid=103055) set_data /opt/stack/glance/glance/location.py:596}}
Aug 01 12:57:27.309798 np0000006302 devstack@g-api.service[103055]: DEBUG glance_store.backend [None req-bfeb9569-7932-4bd4-a0ad-f9e92f0d8a84 tempest-VolumesActionsTest-555896717 tempest-VolumesActionsTest-555896717-project-member] Attempting to import store swift {{(pid=103055) _load_store /opt/stack/data/venv/lib/python3.12/site-packages/glance_store/backend.py:215}}
Aug 01 12:57:27.311295 np0000006302 devstack@g-api.service[103055]: DEBUG glance_store.capabilities [None req-bfeb9569-7932-4bd4-a0ad-f9e92f0d8a84 tempest-VolumesActionsTest-555896717 tempest-VolumesActionsTest-555896717-project-member] Store glance_store._drivers.swift.store.SingleTenantStore doesn't support updating dynamic storage capabilities. Please overwrite 'update_capabilities' method of the store to implement updating logics if needed. {{(pid=103055) update_capabilities /opt/stack/data/venv/lib/python3.12/site-packages/glance_store/capabilities.py:91}}
Aug 01 12:57:27.311422 np0000006302 devstack@g-api.service[103055]: DEBUG glance_store.driver [None req-bfeb9569-7932-4bd4-a0ad-f9e92f0d8a84 tempest-VolumesActionsTest-555896717 tempest-VolumesActionsTest-555896717-project-member] Late loading location class glance_store._drivers.swift.store.StoreLocation {{(pid=103055) get_store_location_class /opt/stack/data/venv/lib/python3.12/site-packages/glance_store/driver.py:134}}
Aug 01 12:57:27.311477 np0000006302 devstack@g-api.service[103055]: DEBUG glance_store.location [None req-bfeb9569-7932-4bd4-a0ad-f9e92f0d8a84 tempest-VolumesActionsTest-555896717 tempest-VolumesActionsTest-555896717-project-member] Registering scheme swift+https with {'store': , 'location_class': , 'store_entry': 'swift'} {{(pid=103055) register_scheme_map /opt/stack/data/venv/lib/python3.12/site-packages/glance_store/location.py:146}}
Aug 01 12:57:27.311582 np0000006302 devstack@g-api.service[103055]: DEBUG glance_store.location [None req-bfeb9569-7932-4bd4-a0ad-f9e92f0d8a84 tempest-VolumesActionsTest-555896717 tempest-VolumesActionsTest-555896717-project-member] Registering scheme swift+https with {'store': , 'location_class': , 'store_entry': 'swift'} {{(pid=103055) register_scheme_map /opt/stack/data/venv/lib/python3.12/site-packages/glance_store/location.py:146}}
Aug 01 12:57:27.311681 np0000006302 devstack@g-api.service[103055]: DEBUG glance_store.location [None req-bfeb9569-7932-4bd4-a0ad-f9e92f0d8a84 tempest-VolumesActionsTest-555896717 tempest-VolumesActionsTest-555896717-project-member] Registering scheme swift with {'store': , 'location_class': , 'store_entry': 'swift'} {{(pid=103055) register_scheme_map /opt/stack/data/venv/lib/python3.12/site-packages/glance_store/location.py:146}}
Aug 01 12:57:27.311776 np0000006302 devstack@g-api.service[103055]: DEBUG glance_store.location [None req-bfeb9569-7932-4bd4-a0ad-f9e92f0d8a84 tempest-VolumesActionsTest-555896717 tempest-VolumesActionsTest-555896717-project-member] Registering scheme swift+https with {'store': , 'location_class': , 'store_entry': 'swift'} {{(pid=103055) register_scheme_map /opt/stack/data/venv/lib/python3.12/site-packages/glance_store/location.py:146}}
Aug 01 12:57:27.311838 np0000006302 devstack@g-api.service[103055]: DEBUG glance_store.location [None req-bfeb9569-7932-4bd4-a0ad-f9e92f0d8a84 tempest-VolumesActionsTest-555896717 tempest-VolumesActionsTest-555896717-project-member] Registering scheme swift with {'store': , 'location_class': , 'store_entry': 'swift'} {{(pid=103055) register_scheme_map /opt/stack/data/venv/lib/python3.12/site-packages/glance_store/location.py:146}}
Aug 01 12:57:27.311891 np0000006302 devstack@g-api.service[103055]: DEBUG glance_store.location [None req-bfeb9569-7932-4bd4-a0ad-f9e92f0d8a84 tempest-VolumesActionsTest-555896717 tempest-VolumesActionsTest-555896717-project-member] Registering scheme swift+http with {'store': , 'location_class': , 'store_entry': 'swift'} {{(pid=103055) register_scheme_map /opt/stack/data/venv/lib/python3.12/site-packages/glance_store/location.py:146}}
Aug 01 12:57:27.311998 np0000006302 devstack@g-api.service[103055]: DEBUG glance_store.location [None req-bfeb9569-7932-4bd4-a0ad-f9e92f0d8a84 tempest-VolumesActionsTest-555896717 tempest-VolumesActionsTest-555896717-project-member] Registering scheme swift+https with {'store': , 'location_class': , 'store_entry': 'swift'} {{(pid=103055) register_scheme_map /opt/stack/data/venv/lib/python3.12/site-packages/glance_store/location.py:146}}
Aug 01 12:57:27.312126 np0000006302 devstack@g-api.service[103055]: DEBUG glance_store.location [None req-bfeb9569-7932-4bd4-a0ad-f9e92f0d8a84 tempest-VolumesActionsTest-555896717 tempest-VolumesActionsTest-555896717-project-member] Registering scheme swift with {'store': , 'location_class': , 'store_entry': 'swift'} {{(pid=103055) register_scheme_map /opt/stack/data/venv/lib/python3.12/site-packages/glance_store/location.py:146}}
Aug 01 12:57:27.312126 np0000006302 devstack@g-api.service[103055]: DEBUG glance_store.location [None req-bfeb9569-7932-4bd4-a0ad-f9e92f0d8a84 tempest-VolumesActionsTest-555896717 tempest-VolumesActionsTest-555896717-project-member] Registering scheme swift+http with {'store': , 'location_class': , 'store_entry': 'swift'} {{(pid=103055) register_scheme_map /opt/stack/data/venv/lib/python3.12/site-packages/glance_store/location.py:146}}
Aug 01 12:57:27.312285 np0000006302 devstack@g-api.service[103055]: DEBUG glance_store.location [None req-bfeb9569-7932-4bd4-a0ad-f9e92f0d8a84 tempest-VolumesActionsTest-555896717 tempest-VolumesActionsTest-555896717-project-member] Registering scheme swift+config with {'store': , 'location_class': , 'store_entry': 'swift'} {{(pid=103055) register_scheme_map /opt/stack/data/venv/lib/python3.12/site-packages/glance_store/location.py:146}}
Aug 01 12:57:27.562335 np0000006302 devstack@g-api.service[103055]: DEBUG swiftclient [None req-bfeb9569-7932-4bd4-a0ad-f9e92f0d8a84 tempest-VolumesActionsTest-555896717 tempest-VolumesActionsTest-555896717-project-member] REQ: curl -i https://10.4.3.110:8080/v1/AUTH_dd314619b3604a9a956d8dde128b9e0c/glance -I -H "X-Auth-Token: gAAAAABqbe03M7w1..." {{(pid=103055) http_log /opt/stack/data/venv/lib/python3.12/site-packages/swiftclient/client.py:160}}
Aug 01 12:57:27.562439 np0000006302 devstack@g-api.service[103055]: DEBUG swiftclient [None req-bfeb9569-7932-4bd4-a0ad-f9e92f0d8a84 tempest-VolumesActionsTest-555896717 tempest-VolumesActionsTest-555896717-project-member] RESP STATUS: 204 No Content {{(pid=103055) http_log /opt/stack/data/venv/lib/python3.12/site-packages/swiftclient/client.py:161}}
Aug 01 12:57:27.562650 np0000006302 devstack@g-api.service[103055]: DEBUG swiftclient [None req-bfeb9569-7932-4bd4-a0ad-f9e92f0d8a84 tempest-VolumesActionsTest-555896717 tempest-VolumesActionsTest-555896717-project-member] RESP HEADERS: {'Date': 'Sat, 01 Aug 2026 12:57:27 GMT', 'Server': 'Apache/2.4.58 (Ubuntu)', 'Content-Type': 'text/plain; charset=utf-8', 'X-Container-Object-Count': '3', 'X-Container-Bytes-Used': '64356352', 'X-Timestamp': '1785588705.43583', 'Last-Modified': 'Sat, 01 Aug 2026 12:51:46 GMT', 'Accept-Ranges': 'bytes', 'X-Storage-Policy': 'Policy-0', 'X-Container-Sharding': 'False', 'Vary': 'Accept', 'X-Trans-Id': 'tx8bcbf51a144647f2a5578-006a6ded37', 'X-Openstack-Request-Id': 'tx8bcbf51a144647f2a5578-006a6ded37', 'Connection': 'close'} {{(pid=103055) http_log /opt/stack/data/venv/lib/python3.12/site-packages/swiftclient/client.py:162}}
Aug 01 12:57:27.562780 np0000006302 devstack@g-api.service[103055]: DEBUG glance_store._drivers.swift.store [None req-bfeb9569-7932-4bd4-a0ad-f9e92f0d8a84 tempest-VolumesActionsTest-555896717 tempest-VolumesActionsTest-555896717-project-member] Adding image object '04a163be-629e-4748-b3d9-91993f1b5b2b' to Swift {{(pid=103055) add /opt/stack/data/venv/lib/python3.12/site-packages/glance_store/_drivers/swift/store.py:970}}
Aug 01 12:57:27.562852 np0000006302 devstack@g-api.service[103055]: DEBUG glance_store._drivers.swift.store [None req-bfeb9569-7932-4bd4-a0ad-f9e92f0d8a84 tempest-VolumesActionsTest-555896717 tempest-VolumesActionsTest-555896717-project-member] Cannot determine image size because it is either not provided in the request or chunked-transfer encoding is used. Adding image as a segmented object to Swift. {{(pid=103055) add /opt/stack/data/venv/lib/python3.12/site-packages/glance_store/_drivers/swift/store.py:994}}
Aug 01 12:57:27.569131 np0000006302 devstack@g-api.service[103055]: DEBUG oslo_utils.imageutils.format_inspector [None req-bfeb9569-7932-4bd4-a0ad-f9e92f0d8a84 tempest-VolumesActionsTest-555896717 tempest-VolumesActionsTest-555896717-project-member] Format inspector for vmdk does not match, excluding from consideration (Signature KDMV not found: b'\x00\x00\x00\x00') {{(pid=103055) _process_chunk /opt/stack/data/venv/lib/python3.12/site-packages/oslo_utils/imageutils/format_inspector.py:1758}}
Aug 01 12:57:27.571604 np0000006302 devstack@g-api.service[103055]: DEBUG oslo_utils.imageutils.format_inspector [None req-bfeb9569-7932-4bd4-a0ad-f9e92f0d8a84 tempest-VolumesActionsTest-555896717 tempest-VolumesActionsTest-555896717-project-member] Format inspector for vhdx does not match, excluding from consideration (Region signature not found at 30000) {{(pid=103055) _process_chunk /opt/stack/data/venv/lib/python3.12/site-packages/oslo_utils/imageutils/format_inspector.py:1758}}
Aug 01 12:57:27.833490 np0000006302 devstack@g-api.service[103057]: DEBUG glance.api.middleware.version_negotiation [None req-a270dcb2-ffd5-4e6c-be31-d9ea98c7fc4b tempest-VolumesActionsTest-555896717 tempest-VolumesActionsTest-555896717-project-member] Determining version of request: GET /v2/images/04a163be-629e-4748-b3d9-91993f1b5b2b Accept: application/json {{(pid=103057) process_request /opt/stack/glance/glance/api/middleware/version_negotiation.py:44}}
Aug 01 12:57:27.833870 np0000006302 devstack@g-api.service[103057]: DEBUG glance.api.middleware.version_negotiation [None req-a270dcb2-ffd5-4e6c-be31-d9ea98c7fc4b tempest-VolumesActionsTest-555896717 tempest-VolumesActionsTest-555896717-project-member] Using url versioning {{(pid=103057) process_request /opt/stack/glance/glance/api/middleware/version_negotiation.py:57}}
Aug 01 12:57:27.833870 np0000006302 devstack@g-api.service[103057]: DEBUG glance.api.middleware.version_negotiation [None req-a270dcb2-ffd5-4e6c-be31-d9ea98c7fc4b tempest-VolumesActionsTest-555896717 tempest-VolumesActionsTest-555896717-project-member] Matched version: v2 {{(pid=103057) process_request /opt/stack/glance/glance/api/middleware/version_negotiation.py:69}}
Aug 01 12:57:27.833990 np0000006302 devstack@g-api.service[103057]: DEBUG glance.api.middleware.version_negotiation [None req-a270dcb2-ffd5-4e6c-be31-d9ea98c7fc4b tempest-VolumesActionsTest-555896717 tempest-VolumesActionsTest-555896717-project-member] new path /v2/images/04a163be-629e-4748-b3d9-91993f1b5b2b {{(pid=103057) process_request /opt/stack/glance/glance/api/middleware/version_negotiation.py:70}}
Aug 01 12:57:27.846908 np0000006302 devstack@g-api.service[103057]: [pid: 103057|app: 0|req: 53/203] 127.0.0.1 () {40 vars in 838 bytes} [Sat Aug 1 12:57:27 2026] GET /v2/images/04a163be-629e-4748-b3d9-91993f1b5b2b => generated 648 bytes in 13 msecs (HTTP/1.1 200) 4 headers in 157 bytes (1 switches on core 0)
Aug 01 12:57:28.858328 np0000006302 devstack@g-api.service[103056]: DEBUG glance.api.middleware.version_negotiation [None req-b6802868-da14-4a41-99df-8af2d57c656f tempest-VolumesActionsTest-555896717 tempest-VolumesActionsTest-555896717-project-member] Determining version of request: GET /v2/images/04a163be-629e-4748-b3d9-91993f1b5b2b Accept: application/json {{(pid=103056) process_request /opt/stack/glance/glance/api/middleware/version_negotiation.py:44}}
Aug 01 12:57:28.859110 np0000006302 devstack@g-api.service[103056]: DEBUG glance.api.middleware.version_negotiation [None req-b6802868-da14-4a41-99df-8af2d57c656f tempest-VolumesActionsTest-555896717 tempest-VolumesActionsTest-555896717-project-member] Using url versioning {{(pid=103056) process_request /opt/stack/glance/glance/api/middleware/version_negotiation.py:57}}
Aug 01 12:57:28.859110 np0000006302 devstack@g-api.service[103056]: DEBUG glance.api.middleware.version_negotiation [None req-b6802868-da14-4a41-99df-8af2d57c656f tempest-VolumesActionsTest-555896717 tempest-VolumesActionsTest-555896717-project-member] Matched version: v2 {{(pid=103056) process_request /opt/stack/glance/glance/api/middleware/version_negotiation.py:69}}
Aug 01 12:57:28.859110 np0000006302 devstack@g-api.service[103056]: DEBUG glance.api.middleware.version_negotiation [None req-b6802868-da14-4a41-99df-8af2d57c656f tempest-VolumesActionsTest-555896717 tempest-VolumesActionsTest-555896717-project-member] new path /v2/images/04a163be-629e-4748-b3d9-91993f1b5b2b {{(pid=103056) process_request /opt/stack/glance/glance/api/middleware/version_negotiation.py:70}}
Aug 01 12:57:28.875338 np0000006302 devstack@g-api.service[103056]: [pid: 103056|app: 0|req: 52/204] 127.0.0.1 () {40 vars in 838 bytes} [Sat Aug 1 12:57:28 2026] GET /v2/images/04a163be-629e-4748-b3d9-91993f1b5b2b => generated 648 bytes in 17 msecs (HTTP/1.1 200) 4 headers in 157 bytes (1 switches on core 0)
Aug 01 12:57:29.059852 np0000006302 devstack@g-api.service[103058]: DEBUG glance.api.middleware.version_negotiation [None req-aef99941-f810-4cdf-938b-74cc9ea7c882 tempest-VolumesActionsTest-555896717 tempest-VolumesActionsTest-555896717-project-member] Determining version of request: DELETE /v2/images/9a180456-7a2c-4c8b-8663-5eca372a66cb Accept: application/json {{(pid=103058) process_request /opt/stack/glance/glance/api/middleware/version_negotiation.py:44}}
Aug 01 12:57:29.060425 np0000006302 devstack@g-api.service[103058]: DEBUG glance.api.middleware.version_negotiation [None req-aef99941-f810-4cdf-938b-74cc9ea7c882 tempest-VolumesActionsTest-555896717 tempest-VolumesActionsTest-555896717-project-member] Using url versioning {{(pid=103058) process_request /opt/stack/glance/glance/api/middleware/version_negotiation.py:57}}
Aug 01 12:57:29.060938 np0000006302 devstack@g-api.service[103058]: DEBUG glance.api.middleware.version_negotiation [None req-aef99941-f810-4cdf-938b-74cc9ea7c882 tempest-VolumesActionsTest-555896717 tempest-VolumesActionsTest-555896717-project-member] Matched version: v2 {{(pid=103058) process_request /opt/stack/glance/glance/api/middleware/version_negotiation.py:69}}
Aug 01 12:57:29.060938 np0000006302 devstack@g-api.service[103058]: DEBUG glance.api.middleware.version_negotiation [None req-aef99941-f810-4cdf-938b-74cc9ea7c882 tempest-VolumesActionsTest-555896717 tempest-VolumesActionsTest-555896717-project-member] new path /v2/images/9a180456-7a2c-4c8b-8663-5eca372a66cb {{(pid=103058) process_request /opt/stack/glance/glance/api/middleware/version_negotiation.py:70}}
Aug 01 12:57:29.072451 np0000006302 devstack@g-api.service[103058]: DEBUG glance.db.sqlalchemy.api [None req-967bbbd8-8f95-4229-b3e8-5259e14347f8 tempest-ImageDependencyTests-577439583 tempest-ImageDependencyTests-577439583-project-member] No image found with ID 9a180456-7a2c-4c8b-8663-5eca372a66cb {{(pid=103058) _image_get /opt/stack/glance/glance/db/sqlalchemy/api.py:301}}
Aug 01 12:57:29.080425 np0000006302 devstack@g-api.service[103058]: WARNING glance.api.v2.images [None req-967bbbd8-8f95-4229-b3e8-5259e14347f8 tempest-ImageDependencyTests-577439583 tempest-ImageDependencyTests-577439583-project-member] Failed to find image 9a180456-7a2c-4c8b-8663-5eca372a66cb to delete: glance.common.exception.ImageNotFound: No image found with ID 9a180456-7a2c-4c8b-8663-5eca372a66cb
Aug 01 12:57:29.081720 np0000006302 devstack@g-api.service[103058]: [pid: 103058|app: 0|req: 50/205] 127.0.0.1 () {40 vars in 841 bytes} [Sat Aug 1 12:57:29 2026] DELETE /v2/images/9a180456-7a2c-4c8b-8663-5eca372a66cb => generated 147 bytes in 22 msecs (HTTP/1.1 404) 4 headers in 164 bytes (1 switches on core 0)
Aug 01 12:57:29.098419 np0000006302 devstack@g-api.service[103057]: DEBUG glance.api.middleware.version_negotiation [None req-fa4bff87-3f7d-4a8a-9719-bf6e47c25815 tempest-VolumesActionsTest-555896717 tempest-VolumesActionsTest-555896717-project-member] Determining version of request: GET /v2/images/9a180456-7a2c-4c8b-8663-5eca372a66cb Accept: application/json {{(pid=103057) process_request /opt/stack/glance/glance/api/middleware/version_negotiation.py:44}}
Aug 01 12:57:29.098879 np0000006302 devstack@g-api.service[103057]: DEBUG glance.api.middleware.version_negotiation [None req-fa4bff87-3f7d-4a8a-9719-bf6e47c25815 tempest-VolumesActionsTest-555896717 tempest-VolumesActionsTest-555896717-project-member] Using url versioning {{(pid=103057) process_request /opt/stack/glance/glance/api/middleware/version_negotiation.py:57}}
Aug 01 12:57:29.098879 np0000006302 devstack@g-api.service[103057]: DEBUG glance.api.middleware.version_negotiation [None req-fa4bff87-3f7d-4a8a-9719-bf6e47c25815 tempest-VolumesActionsTest-555896717 tempest-VolumesActionsTest-555896717-project-member] Matched version: v2 {{(pid=103057) process_request /opt/stack/glance/glance/api/middleware/version_negotiation.py:69}}
Aug 01 12:57:29.099088 np0000006302 devstack@g-api.service[103057]: DEBUG glance.api.middleware.version_negotiation [None req-fa4bff87-3f7d-4a8a-9719-bf6e47c25815 tempest-VolumesActionsTest-555896717 tempest-VolumesActionsTest-555896717-project-member] new path /v2/images/9a180456-7a2c-4c8b-8663-5eca372a66cb {{(pid=103057) process_request /opt/stack/glance/glance/api/middleware/version_negotiation.py:70}}
Aug 01 12:57:29.110093 np0000006302 devstack@g-api.service[103057]: DEBUG glance.db.sqlalchemy.api [None req-00bb728a-0847-48c6-9a72-495bbcba842f tempest-ImageDependencyTests-577439583 tempest-ImageDependencyTests-577439583-project-member] No image found with ID 9a180456-7a2c-4c8b-8663-5eca372a66cb {{(pid=103057) _image_get /opt/stack/glance/glance/db/sqlalchemy/api.py:301}}
Aug 01 12:57:29.113654 np0000006302 devstack@g-api.service[103057]: [pid: 103057|app: 0|req: 54/206] 127.0.0.1 () {40 vars in 838 bytes} [Sat Aug 1 12:57:29 2026] GET /v2/images/9a180456-7a2c-4c8b-8663-5eca372a66cb => generated 139 bytes in 17 msecs (HTTP/1.1 404) 4 headers in 164 bytes (1 switches on core 0)
Aug 01 12:57:29.890516 np0000006302 devstack@g-api.service[103056]: DEBUG glance.api.middleware.version_negotiation [None req-97f02a28-d165-433e-863e-ef884aeaea34 tempest-VolumesActionsTest-555896717 tempest-VolumesActionsTest-555896717-project-member] Determining version of request: GET /v2/images/04a163be-629e-4748-b3d9-91993f1b5b2b Accept: application/json {{(pid=103056) process_request /opt/stack/glance/glance/api/middleware/version_negotiation.py:44}}
Aug 01 12:57:29.892269 np0000006302 devstack@g-api.service[103056]: DEBUG glance.api.middleware.version_negotiation [None req-97f02a28-d165-433e-863e-ef884aeaea34 tempest-VolumesActionsTest-555896717 tempest-VolumesActionsTest-555896717-project-member] Using url versioning {{(pid=103056) process_request /opt/stack/glance/glance/api/middleware/version_negotiation.py:57}}
Aug 01 12:57:29.892269 np0000006302 devstack@g-api.service[103056]: DEBUG glance.api.middleware.version_negotiation [None req-97f02a28-d165-433e-863e-ef884aeaea34 tempest-VolumesActionsTest-555896717 tempest-VolumesActionsTest-555896717-project-member] Matched version: v2 {{(pid=103056) process_request /opt/stack/glance/glance/api/middleware/version_negotiation.py:69}}
Aug 01 12:57:29.892269 np0000006302 devstack@g-api.service[103056]: DEBUG glance.api.middleware.version_negotiation [None req-97f02a28-d165-433e-863e-ef884aeaea34 tempest-VolumesActionsTest-555896717 tempest-VolumesActionsTest-555896717-project-member] new path /v2/images/04a163be-629e-4748-b3d9-91993f1b5b2b {{(pid=103056) process_request /opt/stack/glance/glance/api/middleware/version_negotiation.py:70}}
Aug 01 12:57:29.911152 np0000006302 devstack@g-api.service[103056]: [pid: 103056|app: 0|req: 53/207] 127.0.0.1 () {40 vars in 838 bytes} [Sat Aug 1 12:57:29 2026] GET /v2/images/04a163be-629e-4748-b3d9-91993f1b5b2b => generated 648 bytes in 21 msecs (HTTP/1.1 200) 4 headers in 157 bytes (1 switches on core 0)
Aug 01 12:57:30.632176 np0000006302 devstack@g-api.service[103055]: DEBUG swiftclient [None req-bfeb9569-7932-4bd4-a0ad-f9e92f0d8a84 tempest-VolumesActionsTest-555896717 tempest-VolumesActionsTest-555896717-project-member] REQ: curl -i https://10.4.3.110:8080/v1/AUTH_dd314619b3604a9a956d8dde128b9e0c/glance/04a163be-629e-4748-b3d9-91993f1b5b2b-00001 -X PUT -H "X-Auth-Token: gAAAAABqbe03M7w1..." {{(pid=103055) http_log /opt/stack/data/venv/lib/python3.12/site-packages/swiftclient/client.py:160}}
Aug 01 12:57:30.632448 np0000006302 devstack@g-api.service[103055]: DEBUG swiftclient [None req-bfeb9569-7932-4bd4-a0ad-f9e92f0d8a84 tempest-VolumesActionsTest-555896717 tempest-VolumesActionsTest-555896717-project-member] RESP STATUS: 201 Created {{(pid=103055) http_log /opt/stack/data/venv/lib/python3.12/site-packages/swiftclient/client.py:161}}
Aug 01 12:57:30.632549 np0000006302 devstack@g-api.service[103055]: DEBUG swiftclient [None req-bfeb9569-7932-4bd4-a0ad-f9e92f0d8a84 tempest-VolumesActionsTest-555896717 tempest-VolumesActionsTest-555896717-project-member] RESP HEADERS: {'Date': 'Sat, 01 Aug 2026 12:57:30 GMT', 'Server': 'Apache/2.4.58 (Ubuntu)', 'Content-Type': 'text/html; charset=UTF-8', 'Content-Length': '0', 'Etag': 'eda9a9889837ac4bc81d6387d92c1bec', 'Last-Modified': 'Sat, 01 Aug 2026 12:57:28 GMT', 'X-Trans-Id': 'tx249afed1586c449a9f7b1-006a6ded37', 'X-Openstack-Request-Id': 'tx249afed1586c449a9f7b1-006a6ded37', 'Connection': 'close'} {{(pid=103055) http_log /opt/stack/data/venv/lib/python3.12/site-packages/swiftclient/client.py:162}}
Aug 01 12:57:30.632718 np0000006302 devstack@g-api.service[103055]: DEBUG glance_store._drivers.swift.store [None req-bfeb9569-7932-4bd4-a0ad-f9e92f0d8a84 tempest-VolumesActionsTest-555896717 tempest-VolumesActionsTest-555896717-project-member] Wrote chunk 04a163be-629e-4748-b3d9-91993f1b5b2b-00001 (1/?) of length 204800000 to Swift returning MD5 of content: eda9a9889837ac4bc81d6387d92c1bec {{(pid=103055) add /opt/stack/data/venv/lib/python3.12/site-packages/glance_store/_drivers/swift/store.py:1059}}
Aug 01 12:57:30.923775 np0000006302 devstack@g-api.service[103058]: DEBUG glance.api.middleware.version_negotiation [None req-967bbbd8-8f95-4229-b3e8-5259e14347f8 tempest-ImageDependencyTests-577439583 tempest-ImageDependencyTests-577439583-project-member] Determining version of request: GET /v2/images/04a163be-629e-4748-b3d9-91993f1b5b2b Accept: application/json {{(pid=103058) process_request /opt/stack/glance/glance/api/middleware/version_negotiation.py:44}}
Aug 01 12:57:30.924181 np0000006302 devstack@g-api.service[103058]: DEBUG glance.api.middleware.version_negotiation [None req-967bbbd8-8f95-4229-b3e8-5259e14347f8 tempest-ImageDependencyTests-577439583 tempest-ImageDependencyTests-577439583-project-member] Using url versioning {{(pid=103058) process_request /opt/stack/glance/glance/api/middleware/version_negotiation.py:57}}
Aug 01 12:57:30.924181 np0000006302 devstack@g-api.service[103058]: DEBUG glance.api.middleware.version_negotiation [None req-967bbbd8-8f95-4229-b3e8-5259e14347f8 tempest-ImageDependencyTests-577439583 tempest-ImageDependencyTests-577439583-project-member] Matched version: v2 {{(pid=103058) process_request /opt/stack/glance/glance/api/middleware/version_negotiation.py:69}}
Aug 01 12:57:30.924181 np0000006302 devstack@g-api.service[103058]: DEBUG glance.api.middleware.version_negotiation [None req-967bbbd8-8f95-4229-b3e8-5259e14347f8 tempest-ImageDependencyTests-577439583 tempest-ImageDependencyTests-577439583-project-member] new path /v2/images/04a163be-629e-4748-b3d9-91993f1b5b2b {{(pid=103058) process_request /opt/stack/glance/glance/api/middleware/version_negotiation.py:70}}
Aug 01 12:57:30.938996 np0000006302 devstack@g-api.service[103058]: [pid: 103058|app: 0|req: 51/208] 127.0.0.1 () {40 vars in 838 bytes} [Sat Aug 1 12:57:30 2026] GET /v2/images/04a163be-629e-4748-b3d9-91993f1b5b2b => generated 648 bytes in 15 msecs (HTTP/1.1 200) 4 headers in 157 bytes (1 switches on core 0)
Aug 01 12:57:31.954021 np0000006302 devstack@g-api.service[103057]: DEBUG glance.api.middleware.version_negotiation [None req-00bb728a-0847-48c6-9a72-495bbcba842f tempest-ImageDependencyTests-577439583 tempest-ImageDependencyTests-577439583-project-member] Determining version of request: GET /v2/images/04a163be-629e-4748-b3d9-91993f1b5b2b Accept: application/json {{(pid=103057) process_request /opt/stack/glance/glance/api/middleware/version_negotiation.py:44}}
Aug 01 12:57:31.954021 np0000006302 devstack@g-api.service[103057]: DEBUG glance.api.middleware.version_negotiation [None req-00bb728a-0847-48c6-9a72-495bbcba842f tempest-ImageDependencyTests-577439583 tempest-ImageDependencyTests-577439583-project-member] Using url versioning {{(pid=103057) process_request /opt/stack/glance/glance/api/middleware/version_negotiation.py:57}}
Aug 01 12:57:31.954508 np0000006302 devstack@g-api.service[103057]: DEBUG glance.api.middleware.version_negotiation [None req-00bb728a-0847-48c6-9a72-495bbcba842f tempest-ImageDependencyTests-577439583 tempest-ImageDependencyTests-577439583-project-member] Matched version: v2 {{(pid=103057) process_request /opt/stack/glance/glance/api/middleware/version_negotiation.py:69}}
Aug 01 12:57:31.954925 np0000006302 devstack@g-api.service[103057]: DEBUG glance.api.middleware.version_negotiation [None req-00bb728a-0847-48c6-9a72-495bbcba842f tempest-ImageDependencyTests-577439583 tempest-ImageDependencyTests-577439583-project-member] new path /v2/images/04a163be-629e-4748-b3d9-91993f1b5b2b {{(pid=103057) process_request /opt/stack/glance/glance/api/middleware/version_negotiation.py:70}}
Aug 01 12:57:31.970126 np0000006302 devstack@g-api.service[103057]: [pid: 103057|app: 0|req: 55/209] 127.0.0.1 () {40 vars in 838 bytes} [Sat Aug 1 12:57:31 2026] GET /v2/images/04a163be-629e-4748-b3d9-91993f1b5b2b => generated 648 bytes in 16 msecs (HTTP/1.1 200) 4 headers in 157 bytes (1 switches on core 0)
Aug 01 12:57:32.981605 np0000006302 devstack@g-api.service[103056]: DEBUG glance.api.middleware.version_negotiation [None req-53480825-3d3b-4c2a-9ceb-d7933e6502f7 tempest-VolumesActionsTest-555896717 tempest-VolumesActionsTest-555896717-project-member] Determining version of request: GET /v2/images/04a163be-629e-4748-b3d9-91993f1b5b2b Accept: application/json {{(pid=103056) process_request /opt/stack/glance/glance/api/middleware/version_negotiation.py:44}}
Aug 01 12:57:32.982906 np0000006302 devstack@g-api.service[103056]: DEBUG glance.api.middleware.version_negotiation [None req-53480825-3d3b-4c2a-9ceb-d7933e6502f7 tempest-VolumesActionsTest-555896717 tempest-VolumesActionsTest-555896717-project-member] Using url versioning {{(pid=103056) process_request /opt/stack/glance/glance/api/middleware/version_negotiation.py:57}}
Aug 01 12:57:32.982906 np0000006302 devstack@g-api.service[103056]: DEBUG glance.api.middleware.version_negotiation [None req-53480825-3d3b-4c2a-9ceb-d7933e6502f7 tempest-VolumesActionsTest-555896717 tempest-VolumesActionsTest-555896717-project-member] Matched version: v2 {{(pid=103056) process_request /opt/stack/glance/glance/api/middleware/version_negotiation.py:69}}
Aug 01 12:57:32.982906 np0000006302 devstack@g-api.service[103056]: DEBUG glance.api.middleware.version_negotiation [None req-53480825-3d3b-4c2a-9ceb-d7933e6502f7 tempest-VolumesActionsTest-555896717 tempest-VolumesActionsTest-555896717-project-member] new path /v2/images/04a163be-629e-4748-b3d9-91993f1b5b2b {{(pid=103056) process_request /opt/stack/glance/glance/api/middleware/version_negotiation.py:70}}
Aug 01 12:57:32.995110 np0000006302 devstack@g-api.service[103056]: [pid: 103056|app: 0|req: 54/210] 127.0.0.1 () {40 vars in 838 bytes} [Sat Aug 1 12:57:32 2026] GET /v2/images/04a163be-629e-4748-b3d9-91993f1b5b2b => generated 648 bytes in 14 msecs (HTTP/1.1 200) 4 headers in 157 bytes (1 switches on core 0)
Aug 01 12:57:33.030424 np0000006302 devstack@g-api.service[103055]: DEBUG swiftclient [None req-bfeb9569-7932-4bd4-a0ad-f9e92f0d8a84 tempest-VolumesActionsTest-555896717 tempest-VolumesActionsTest-555896717-project-member] REQ: curl -i https://10.4.3.110:8080/v1/AUTH_dd314619b3604a9a956d8dde128b9e0c/glance/04a163be-629e-4748-b3d9-91993f1b5b2b-00002 -X PUT -H "X-Auth-Token: gAAAAABqbe03M7w1..." {{(pid=103055) http_log /opt/stack/data/venv/lib/python3.12/site-packages/swiftclient/client.py:160}}
Aug 01 12:57:33.030840 np0000006302 devstack@g-api.service[103055]: DEBUG swiftclient [None req-bfeb9569-7932-4bd4-a0ad-f9e92f0d8a84 tempest-VolumesActionsTest-555896717 tempest-VolumesActionsTest-555896717-project-member] RESP STATUS: 201 Created {{(pid=103055) http_log /opt/stack/data/venv/lib/python3.12/site-packages/swiftclient/client.py:161}}
Aug 01 12:57:33.030840 np0000006302 devstack@g-api.service[103055]: DEBUG swiftclient [None req-bfeb9569-7932-4bd4-a0ad-f9e92f0d8a84 tempest-VolumesActionsTest-555896717 tempest-VolumesActionsTest-555896717-project-member] RESP HEADERS: {'Date': 'Sat, 01 Aug 2026 12:57:33 GMT', 'Server': 'Apache/2.4.58 (Ubuntu)', 'Content-Type': 'text/html; charset=UTF-8', 'Content-Length': '0', 'Etag': 'eda9a9889837ac4bc81d6387d92c1bec', 'Last-Modified': 'Sat, 01 Aug 2026 12:57:31 GMT', 'X-Trans-Id': 'txddbe2e8537ca484fb2141-006a6ded3a', 'X-Openstack-Request-Id': 'txddbe2e8537ca484fb2141-006a6ded3a', 'Connection': 'close'} {{(pid=103055) http_log /opt/stack/data/venv/lib/python3.12/site-packages/swiftclient/client.py:162}}
Aug 01 12:57:33.031001 np0000006302 devstack@g-api.service[103055]: DEBUG glance_store._drivers.swift.store [None req-bfeb9569-7932-4bd4-a0ad-f9e92f0d8a84 tempest-VolumesActionsTest-555896717 tempest-VolumesActionsTest-555896717-project-member] Wrote chunk 04a163be-629e-4748-b3d9-91993f1b5b2b-00002 (2/?) of length 204800000 to Swift returning MD5 of content: eda9a9889837ac4bc81d6387d92c1bec {{(pid=103055) add /opt/stack/data/venv/lib/python3.12/site-packages/glance_store/_drivers/swift/store.py:1059}}
Aug 01 12:57:34.017527 np0000006302 devstack@g-api.service[103058]: DEBUG glance.api.middleware.version_negotiation [None req-f28a6c9c-3dfb-493f-9b33-22b1e5cf16b2 tempest-VolumesActionsTest-555896717 tempest-VolumesActionsTest-555896717-project-member] Determining version of request: GET /v2/images/04a163be-629e-4748-b3d9-91993f1b5b2b Accept: application/json {{(pid=103058) process_request /opt/stack/glance/glance/api/middleware/version_negotiation.py:44}}
Aug 01 12:57:34.018047 np0000006302 devstack@g-api.service[103058]: DEBUG glance.api.middleware.version_negotiation [None req-f28a6c9c-3dfb-493f-9b33-22b1e5cf16b2 tempest-VolumesActionsTest-555896717 tempest-VolumesActionsTest-555896717-project-member] Using url versioning {{(pid=103058) process_request /opt/stack/glance/glance/api/middleware/version_negotiation.py:57}}
Aug 01 12:57:34.018047 np0000006302 devstack@g-api.service[103058]: DEBUG glance.api.middleware.version_negotiation [None req-f28a6c9c-3dfb-493f-9b33-22b1e5cf16b2 tempest-VolumesActionsTest-555896717 tempest-VolumesActionsTest-555896717-project-member] Matched version: v2 {{(pid=103058) process_request /opt/stack/glance/glance/api/middleware/version_negotiation.py:69}}
Aug 01 12:57:34.018047 np0000006302 devstack@g-api.service[103058]: DEBUG glance.api.middleware.version_negotiation [None req-f28a6c9c-3dfb-493f-9b33-22b1e5cf16b2 tempest-VolumesActionsTest-555896717 tempest-VolumesActionsTest-555896717-project-member] new path /v2/images/04a163be-629e-4748-b3d9-91993f1b5b2b {{(pid=103058) process_request /opt/stack/glance/glance/api/middleware/version_negotiation.py:70}}
Aug 01 12:57:34.034076 np0000006302 devstack@g-api.service[103058]: [pid: 103058|app: 0|req: 52/211] 127.0.0.1 () {40 vars in 838 bytes} [Sat Aug 1 12:57:34 2026] GET /v2/images/04a163be-629e-4748-b3d9-91993f1b5b2b => generated 648 bytes in 16 msecs (HTTP/1.1 200) 4 headers in 157 bytes (1 switches on core 0)
Aug 01 12:57:35.051996 np0000006302 devstack@g-api.service[103057]: DEBUG glance.api.middleware.version_negotiation [None req-bb7e7002-5d42-44f8-bb3a-05496a8f31ca tempest-VolumesActionsTest-555896717 tempest-VolumesActionsTest-555896717-project-member] Determining version of request: GET /v2/images/04a163be-629e-4748-b3d9-91993f1b5b2b Accept: application/json {{(pid=103057) process_request /opt/stack/glance/glance/api/middleware/version_negotiation.py:44}}
Aug 01 12:57:35.052439 np0000006302 devstack@g-api.service[103057]: DEBUG glance.api.middleware.version_negotiation [None req-bb7e7002-5d42-44f8-bb3a-05496a8f31ca tempest-VolumesActionsTest-555896717 tempest-VolumesActionsTest-555896717-project-member] Using url versioning {{(pid=103057) process_request /opt/stack/glance/glance/api/middleware/version_negotiation.py:57}}
Aug 01 12:57:35.052439 np0000006302 devstack@g-api.service[103057]: DEBUG glance.api.middleware.version_negotiation [None req-bb7e7002-5d42-44f8-bb3a-05496a8f31ca tempest-VolumesActionsTest-555896717 tempest-VolumesActionsTest-555896717-project-member] Matched version: v2 {{(pid=103057) process_request /opt/stack/glance/glance/api/middleware/version_negotiation.py:69}}
Aug 01 12:57:35.052749 np0000006302 devstack@g-api.service[103057]: DEBUG glance.api.middleware.version_negotiation [None req-bb7e7002-5d42-44f8-bb3a-05496a8f31ca tempest-VolumesActionsTest-555896717 tempest-VolumesActionsTest-555896717-project-member] new path /v2/images/04a163be-629e-4748-b3d9-91993f1b5b2b {{(pid=103057) process_request /opt/stack/glance/glance/api/middleware/version_negotiation.py:70}}
Aug 01 12:57:35.063659 np0000006302 devstack@g-api.service[103057]: [pid: 103057|app: 0|req: 56/212] 127.0.0.1 () {40 vars in 838 bytes} [Sat Aug 1 12:57:35 2026] GET /v2/images/04a163be-629e-4748-b3d9-91993f1b5b2b => generated 648 bytes in 12 msecs (HTTP/1.1 200) 4 headers in 157 bytes (1 switches on core 0)
Aug 01 12:57:35.374740 np0000006302 devstack@g-api.service[103055]: DEBUG swiftclient [None req-bfeb9569-7932-4bd4-a0ad-f9e92f0d8a84 tempest-VolumesActionsTest-555896717 tempest-VolumesActionsTest-555896717-project-member] REQ: curl -i https://10.4.3.110:8080/v1/AUTH_dd314619b3604a9a956d8dde128b9e0c/glance/04a163be-629e-4748-b3d9-91993f1b5b2b-00003 -X PUT -H "X-Auth-Token: gAAAAABqbe03M7w1..." {{(pid=103055) http_log /opt/stack/data/venv/lib/python3.12/site-packages/swiftclient/client.py:160}}
Aug 01 12:57:35.375290 np0000006302 devstack@g-api.service[103055]: DEBUG swiftclient [None req-bfeb9569-7932-4bd4-a0ad-f9e92f0d8a84 tempest-VolumesActionsTest-555896717 tempest-VolumesActionsTest-555896717-project-member] RESP STATUS: 201 Created {{(pid=103055) http_log /opt/stack/data/venv/lib/python3.12/site-packages/swiftclient/client.py:161}}
Aug 01 12:57:35.375290 np0000006302 devstack@g-api.service[103055]: DEBUG swiftclient [None req-bfeb9569-7932-4bd4-a0ad-f9e92f0d8a84 tempest-VolumesActionsTest-555896717 tempest-VolumesActionsTest-555896717-project-member] RESP HEADERS: {'Date': 'Sat, 01 Aug 2026 12:57:35 GMT', 'Server': 'Apache/2.4.58 (Ubuntu)', 'Content-Type': 'text/html; charset=UTF-8', 'Content-Length': '0', 'Etag': 'eda9a9889837ac4bc81d6387d92c1bec', 'Last-Modified': 'Sat, 01 Aug 2026 12:57:34 GMT', 'X-Trans-Id': 'txc4d365c59fe3487b9c80a-006a6ded3d', 'X-Openstack-Request-Id': 'txc4d365c59fe3487b9c80a-006a6ded3d', 'Connection': 'close'} {{(pid=103055) http_log /opt/stack/data/venv/lib/python3.12/site-packages/swiftclient/client.py:162}}
Aug 01 12:57:35.375290 np0000006302 devstack@g-api.service[103055]: DEBUG glance_store._drivers.swift.store [None req-bfeb9569-7932-4bd4-a0ad-f9e92f0d8a84 tempest-VolumesActionsTest-555896717 tempest-VolumesActionsTest-555896717-project-member] Wrote chunk 04a163be-629e-4748-b3d9-91993f1b5b2b-00003 (3/?) of length 204800000 to Swift returning MD5 of content: eda9a9889837ac4bc81d6387d92c1bec {{(pid=103055) add /opt/stack/data/venv/lib/python3.12/site-packages/glance_store/_drivers/swift/store.py:1059}}
Aug 01 12:57:36.058753 np0000006302 devstack@g-api.service[103056]: DEBUG glance.api.middleware.version_negotiation [None req-e19f4910-080c-48a6-afbd-48335d163c07 tempest-VolumesActionsTest-555896717 tempest-VolumesActionsTest-555896717-project-member] Determining version of request: GET /v2/images/1f018b24-0ad6-4372-be9b-5ecd819413f5 Accept: */* {{(pid=103056) process_request /opt/stack/glance/glance/api/middleware/version_negotiation.py:44}}
Aug 01 12:57:36.059373 np0000006302 devstack@g-api.service[103056]: DEBUG glance.api.middleware.version_negotiation [None req-e19f4910-080c-48a6-afbd-48335d163c07 tempest-VolumesActionsTest-555896717 tempest-VolumesActionsTest-555896717-project-member] Using url versioning {{(pid=103056) process_request /opt/stack/glance/glance/api/middleware/version_negotiation.py:57}}
Aug 01 12:57:36.059373 np0000006302 devstack@g-api.service[103056]: DEBUG glance.api.middleware.version_negotiation [None req-e19f4910-080c-48a6-afbd-48335d163c07 tempest-VolumesActionsTest-555896717 tempest-VolumesActionsTest-555896717-project-member] Matched version: v2 {{(pid=103056) process_request /opt/stack/glance/glance/api/middleware/version_negotiation.py:69}}
Aug 01 12:57:36.059373 np0000006302 devstack@g-api.service[103056]: DEBUG glance.api.middleware.version_negotiation [None req-e19f4910-080c-48a6-afbd-48335d163c07 tempest-VolumesActionsTest-555896717 tempest-VolumesActionsTest-555896717-project-member] new path /v2/images/1f018b24-0ad6-4372-be9b-5ecd819413f5 {{(pid=103056) process_request /opt/stack/glance/glance/api/middleware/version_negotiation.py:70}}
Aug 01 12:57:36.075198 np0000006302 devstack@g-api.service[103058]: DEBUG glance.api.middleware.version_negotiation [None req-4c25060c-198e-43fe-804c-850e0609ba86 tempest-VolumesActionsTest-555896717 tempest-VolumesActionsTest-555896717-project-member] Determining version of request: GET /v2/images/04a163be-629e-4748-b3d9-91993f1b5b2b Accept: application/json {{(pid=103058) process_request /opt/stack/glance/glance/api/middleware/version_negotiation.py:44}}
Aug 01 12:57:36.075198 np0000006302 devstack@g-api.service[103058]: DEBUG glance.api.middleware.version_negotiation [None req-4c25060c-198e-43fe-804c-850e0609ba86 tempest-VolumesActionsTest-555896717 tempest-VolumesActionsTest-555896717-project-member] Using url versioning {{(pid=103058) process_request /opt/stack/glance/glance/api/middleware/version_negotiation.py:57}}
Aug 01 12:57:36.075680 np0000006302 devstack@g-api.service[103058]: DEBUG glance.api.middleware.version_negotiation [None req-4c25060c-198e-43fe-804c-850e0609ba86 tempest-VolumesActionsTest-555896717 tempest-VolumesActionsTest-555896717-project-member] Matched version: v2 {{(pid=103058) process_request /opt/stack/glance/glance/api/middleware/version_negotiation.py:69}}
Aug 01 12:57:36.075680 np0000006302 devstack@g-api.service[103058]: DEBUG glance.api.middleware.version_negotiation [None req-4c25060c-198e-43fe-804c-850e0609ba86 tempest-VolumesActionsTest-555896717 tempest-VolumesActionsTest-555896717-project-member] new path /v2/images/04a163be-629e-4748-b3d9-91993f1b5b2b {{(pid=103058) process_request /opt/stack/glance/glance/api/middleware/version_negotiation.py:70}}
Aug 01 12:57:36.083588 np0000006302 devstack@g-api.service[103056]: [pid: 103056|app: 0|req: 55/213] 127.0.0.1 () {44 vars in 1115 bytes} [Sat Aug 1 12:57:36 2026] GET /v2/images/1f018b24-0ad6-4372-be9b-5ecd819413f5 => generated 1044 bytes in 24 msecs (HTTP/1.1 200) 4 headers in 158 bytes (1 switches on core 0)
Aug 01 12:57:36.088041 np0000006302 devstack@g-api.service[103058]: [pid: 103058|app: 0|req: 53/214] 127.0.0.1 () {40 vars in 838 bytes} [Sat Aug 1 12:57:36 2026] GET /v2/images/04a163be-629e-4748-b3d9-91993f1b5b2b => generated 648 bytes in 13 msecs (HTTP/1.1 200) 4 headers in 157 bytes (1 switches on core 0)
Aug 01 12:57:36.130351 np0000006302 devstack@g-api.service[103057]: DEBUG glance.api.middleware.version_negotiation [None req-9d7de58a-7110-44be-8012-9383669f41f5 tempest-VolumesActionsTest-555896717 tempest-VolumesActionsTest-555896717-project-member] Determining version of request: GET /v2/schemas/image Accept: */* {{(pid=103057) process_request /opt/stack/glance/glance/api/middleware/version_negotiation.py:44}}
Aug 01 12:57:36.130813 np0000006302 devstack@g-api.service[103057]: DEBUG glance.api.middleware.version_negotiation [None req-9d7de58a-7110-44be-8012-9383669f41f5 tempest-VolumesActionsTest-555896717 tempest-VolumesActionsTest-555896717-project-member] Using url versioning {{(pid=103057) process_request /opt/stack/glance/glance/api/middleware/version_negotiation.py:57}}
Aug 01 12:57:36.130813 np0000006302 devstack@g-api.service[103057]: DEBUG glance.api.middleware.version_negotiation [None req-9d7de58a-7110-44be-8012-9383669f41f5 tempest-VolumesActionsTest-555896717 tempest-VolumesActionsTest-555896717-project-member] Matched version: v2 {{(pid=103057) process_request /opt/stack/glance/glance/api/middleware/version_negotiation.py:69}}
Aug 01 12:57:36.130813 np0000006302 devstack@g-api.service[103057]: DEBUG glance.api.middleware.version_negotiation [None req-9d7de58a-7110-44be-8012-9383669f41f5 tempest-VolumesActionsTest-555896717 tempest-VolumesActionsTest-555896717-project-member] new path /v2/schemas/image {{(pid=103057) process_request /opt/stack/glance/glance/api/middleware/version_negotiation.py:70}}
Aug 01 12:57:36.136411 np0000006302 devstack@g-api.service[103057]: [pid: 103057|app: 0|req: 57/215] 127.0.0.1 () {44 vars in 1055 bytes} [Sat Aug 1 12:57:36 2026] GET /v2/schemas/image => generated 6083 bytes in 6 msecs (HTTP/1.1 200) 4 headers in 158 bytes (1 switches on core 0)
Aug 01 12:57:37.101105 np0000006302 devstack@g-api.service[103056]: DEBUG glance.api.middleware.version_negotiation [None req-0b741e72-2684-4bc4-ba37-1cea302354aa tempest-AttachVolumeTestJSON-60793081 tempest-AttachVolumeTestJSON-60793081-project-member] Determining version of request: GET /v2/images/04a163be-629e-4748-b3d9-91993f1b5b2b Accept: application/json {{(pid=103056) process_request /opt/stack/glance/glance/api/middleware/version_negotiation.py:44}}
Aug 01 12:57:37.101518 np0000006302 devstack@g-api.service[103056]: DEBUG glance.api.middleware.version_negotiation [None req-0b741e72-2684-4bc4-ba37-1cea302354aa tempest-AttachVolumeTestJSON-60793081 tempest-AttachVolumeTestJSON-60793081-project-member] Using url versioning {{(pid=103056) process_request /opt/stack/glance/glance/api/middleware/version_negotiation.py:57}}
Aug 01 12:57:37.101518 np0000006302 devstack@g-api.service[103056]: DEBUG glance.api.middleware.version_negotiation [None req-0b741e72-2684-4bc4-ba37-1cea302354aa tempest-AttachVolumeTestJSON-60793081 tempest-AttachVolumeTestJSON-60793081-project-member] Matched version: v2 {{(pid=103056) process_request /opt/stack/glance/glance/api/middleware/version_negotiation.py:69}}
Aug 01 12:57:37.101589 np0000006302 devstack@g-api.service[103056]: DEBUG glance.api.middleware.version_negotiation [None req-0b741e72-2684-4bc4-ba37-1cea302354aa tempest-AttachVolumeTestJSON-60793081 tempest-AttachVolumeTestJSON-60793081-project-member] new path /v2/images/04a163be-629e-4748-b3d9-91993f1b5b2b {{(pid=103056) process_request /opt/stack/glance/glance/api/middleware/version_negotiation.py:70}}
Aug 01 12:57:37.132250 np0000006302 devstack@g-api.service[103056]: [pid: 103056|app: 0|req: 56/216] 127.0.0.1 () {40 vars in 838 bytes} [Sat Aug 1 12:57:37 2026] GET /v2/images/04a163be-629e-4748-b3d9-91993f1b5b2b => generated 648 bytes in 31 msecs (HTTP/1.1 200) 4 headers in 157 bytes (1 switches on core 0)
Aug 01 12:57:37.307284 np0000006302 devstack@g-api.service[103055]: DEBUG dbcounter [-] [103055] Writing DB stats glance:SELECT=35,glance:UPDATE=20 {{(pid=103055) stat_writer /opt/stack/data/venv/lib/python3.12/site-packages/dbcounter.py:115}}
Aug 01 12:57:37.837451 np0000006302 devstack@g-api.service[103055]: DEBUG swiftclient [None req-bfeb9569-7932-4bd4-a0ad-f9e92f0d8a84 tempest-VolumesActionsTest-555896717 tempest-VolumesActionsTest-555896717-project-member] REQ: curl -i https://10.4.3.110:8080/v1/AUTH_dd314619b3604a9a956d8dde128b9e0c/glance/04a163be-629e-4748-b3d9-91993f1b5b2b-00004 -X PUT -H "X-Auth-Token: gAAAAABqbe03M7w1..." {{(pid=103055) http_log /opt/stack/data/venv/lib/python3.12/site-packages/swiftclient/client.py:160}}
Aug 01 12:57:37.837451 np0000006302 devstack@g-api.service[103055]: DEBUG swiftclient [None req-bfeb9569-7932-4bd4-a0ad-f9e92f0d8a84 tempest-VolumesActionsTest-555896717 tempest-VolumesActionsTest-555896717-project-member] RESP STATUS: 201 Created {{(pid=103055) http_log /opt/stack/data/venv/lib/python3.12/site-packages/swiftclient/client.py:161}}
Aug 01 12:57:37.837636 np0000006302 devstack@g-api.service[103055]: DEBUG swiftclient [None req-bfeb9569-7932-4bd4-a0ad-f9e92f0d8a84 tempest-VolumesActionsTest-555896717 tempest-VolumesActionsTest-555896717-project-member] RESP HEADERS: {'Date': 'Sat, 01 Aug 2026 12:57:37 GMT', 'Server': 'Apache/2.4.58 (Ubuntu)', 'Content-Type': 'text/html; charset=UTF-8', 'Content-Length': '0', 'Etag': 'eda9a9889837ac4bc81d6387d92c1bec', 'Last-Modified': 'Sat, 01 Aug 2026 12:57:36 GMT', 'X-Trans-Id': 'tx84d2cb5973f34b19a52c9-006a6ded3f', 'X-Openstack-Request-Id': 'tx84d2cb5973f34b19a52c9-006a6ded3f', 'Connection': 'close'} {{(pid=103055) http_log /opt/stack/data/venv/lib/python3.12/site-packages/swiftclient/client.py:162}}
Aug 01 12:57:37.837829 np0000006302 devstack@g-api.service[103055]: DEBUG glance_store._drivers.swift.store [None req-bfeb9569-7932-4bd4-a0ad-f9e92f0d8a84 tempest-VolumesActionsTest-555896717 tempest-VolumesActionsTest-555896717-project-member] Wrote chunk 04a163be-629e-4748-b3d9-91993f1b5b2b-00004 (4/?) of length 204800000 to Swift returning MD5 of content: eda9a9889837ac4bc81d6387d92c1bec {{(pid=103055) add /opt/stack/data/venv/lib/python3.12/site-packages/glance_store/_drivers/swift/store.py:1059}}
Aug 01 12:57:38.145140 np0000006302 devstack@g-api.service[103058]: DEBUG glance.api.middleware.version_negotiation [None req-e4601338-4162-41ed-88e4-6069feb9d459 tempest-VolumesActionsTest-555896717 tempest-VolumesActionsTest-555896717-project-member] Determining version of request: GET /v2/images/04a163be-629e-4748-b3d9-91993f1b5b2b Accept: application/json {{(pid=103058) process_request /opt/stack/glance/glance/api/middleware/version_negotiation.py:44}}
Aug 01 12:57:38.145585 np0000006302 devstack@g-api.service[103058]: DEBUG glance.api.middleware.version_negotiation [None req-e4601338-4162-41ed-88e4-6069feb9d459 tempest-VolumesActionsTest-555896717 tempest-VolumesActionsTest-555896717-project-member] Using url versioning {{(pid=103058) process_request /opt/stack/glance/glance/api/middleware/version_negotiation.py:57}}
Aug 01 12:57:38.145585 np0000006302 devstack@g-api.service[103058]: DEBUG glance.api.middleware.version_negotiation [None req-e4601338-4162-41ed-88e4-6069feb9d459 tempest-VolumesActionsTest-555896717 tempest-VolumesActionsTest-555896717-project-member] Matched version: v2 {{(pid=103058) process_request /opt/stack/glance/glance/api/middleware/version_negotiation.py:69}}
Aug 01 12:57:38.146191 np0000006302 devstack@g-api.service[103058]: DEBUG glance.api.middleware.version_negotiation [None req-e4601338-4162-41ed-88e4-6069feb9d459 tempest-VolumesActionsTest-555896717 tempest-VolumesActionsTest-555896717-project-member] new path /v2/images/04a163be-629e-4748-b3d9-91993f1b5b2b {{(pid=103058) process_request /opt/stack/glance/glance/api/middleware/version_negotiation.py:70}}
Aug 01 12:57:38.159522 np0000006302 devstack@g-api.service[103058]: [pid: 103058|app: 0|req: 54/217] 127.0.0.1 () {40 vars in 838 bytes} [Sat Aug 1 12:57:38 2026] GET /v2/images/04a163be-629e-4748-b3d9-91993f1b5b2b => generated 648 bytes in 15 msecs (HTTP/1.1 200) 4 headers in 157 bytes (1 switches on core 0)
Aug 01 12:57:39.143957 np0000006302 devstack@g-api.service[103057]: DEBUG glance.api.middleware.version_negotiation [None req-0b741e72-2684-4bc4-ba37-1cea302354aa tempest-AttachVolumeTestJSON-60793081 tempest-AttachVolumeTestJSON-60793081-project-member] Determining version of request: GET /v2/images/1f018b24-0ad6-4372-be9b-5ecd819413f5 Accept: */* {{(pid=103057) process_request /opt/stack/glance/glance/api/middleware/version_negotiation.py:44}}
Aug 01 12:57:39.144654 np0000006302 devstack@g-api.service[103057]: DEBUG glance.api.middleware.version_negotiation [None req-0b741e72-2684-4bc4-ba37-1cea302354aa tempest-AttachVolumeTestJSON-60793081 tempest-AttachVolumeTestJSON-60793081-project-member] Using url versioning {{(pid=103057) process_request /opt/stack/glance/glance/api/middleware/version_negotiation.py:57}}
