Aug 01 12:51:15.455368 np0000006302 systemd[1]: Starting devstack@n-api-meta.service - Devstack devstack@n-api-meta.service...
Aug 01 12:51:15.460580 np0000006302 devstack@n-api-meta.service[96093]: [uWSGI] getting INI configuration from /etc/nova/nova-metadata-uwsgi.ini
Aug 01 12:51:15.462700 np0000006302 devstack@n-api-meta.service[96093]: *** Starting uWSGI 2.0.24-debian (64bit) on [Sat Aug 1 12:51:15 2026] ***
Aug 01 12:51:15.462700 np0000006302 devstack@n-api-meta.service[96093]: compiled with version: 13.2.0 on 17 April 2024 16:23:48
Aug 01 12:51:15.462700 np0000006302 devstack@n-api-meta.service[96093]: os: Linux-6.8.0-100-generic #100-Ubuntu SMP PREEMPT_DYNAMIC Tue Jan 13 16:40:06 UTC 2026
Aug 01 12:51:15.462700 np0000006302 devstack@n-api-meta.service[96093]: nodename: np0000006302
Aug 01 12:51:15.462700 np0000006302 devstack@n-api-meta.service[96093]: machine: x86_64
Aug 01 12:51:15.462700 np0000006302 devstack@n-api-meta.service[96093]: clock source: unix
Aug 01 12:51:15.462700 np0000006302 devstack@n-api-meta.service[96093]: pcre jit disabled
Aug 01 12:51:15.462700 np0000006302 devstack@n-api-meta.service[96093]: detected number of CPU cores: 16
Aug 01 12:51:15.462700 np0000006302 devstack@n-api-meta.service[96093]: current working directory: /
Aug 01 12:51:15.462700 np0000006302 devstack@n-api-meta.service[96093]: detected binary path: /usr/bin/uwsgi-core
Aug 01 12:51:15.462700 np0000006302 devstack@n-api-meta.service[96093]: your processes number limit is 257052
Aug 01 12:51:15.462700 np0000006302 devstack@n-api-meta.service[96093]: your memory page size is 4096 bytes
Aug 01 12:51:15.463183 np0000006302 devstack@n-api-meta.service[96093]: detected max file descriptor number: 2048
Aug 01 12:51:15.463183 np0000006302 devstack@n-api-meta.service[96093]: lock engine: pthread robust mutexes
Aug 01 12:51:15.463183 np0000006302 devstack@n-api-meta.service[96093]: thunder lock: enabled
Aug 01 12:51:15.463183 np0000006302 devstack@n-api-meta.service[96093]: uWSGI http bound on 0.0.0.0:8775 fd 5
Aug 01 12:51:15.463183 np0000006302 devstack@n-api-meta.service[96093]: uwsgi socket 0 bound to TCP address 127.0.0.1:39387 (port auto-assigned) fd 4
Aug 01 12:51:15.463183 np0000006302 devstack@n-api-meta.service[96093]: Python version: 3.12.3 (main, Jun 19 2026, 12:46:00) [GCC 13.3.0]
Aug 01 12:51:15.463183 np0000006302 devstack@n-api-meta.service[96093]: PEP 405 virtualenv detected: /opt/stack/data/venv
Aug 01 12:51:15.463183 np0000006302 devstack@n-api-meta.service[96093]: Set PythonHome to /opt/stack/data/venv
Aug 01 12:51:15.497039 np0000006302 devstack@n-api-meta.service[96093]: Python main interpreter initialized at 0x73b5796a4668
Aug 01 12:51:15.497039 np0000006302 devstack@n-api-meta.service[96093]: python threads support enabled
Aug 01 12:51:15.497039 np0000006302 devstack@n-api-meta.service[96093]: your server socket listen backlog is limited to 100 connections
Aug 01 12:51:15.497039 np0000006302 devstack@n-api-meta.service[96093]: your mercy for graceful operations on workers is 80 seconds
Aug 01 12:51:15.497551 np0000006302 devstack@n-api-meta.service[96093]: mapped 671795 bytes (656 KB) for 4 cores
Aug 01 12:51:15.497683 np0000006302 devstack@n-api-meta.service[96093]: *** Operational MODE: preforking ***
Aug 01 12:51:15.497852 np0000006302 devstack@n-api-meta.service[96093]: *** uWSGI is running in multiple interpreter mode ***
Aug 01 12:51:15.497852 np0000006302 devstack@n-api-meta.service[96093]: spawned uWSGI master process (pid: 96093)
Aug 01 12:51:15.498029 np0000006302 systemd[1]: Started devstack@n-api-meta.service - Devstack devstack@n-api-meta.service.
Aug 01 12:51:15.498377 np0000006302 devstack@n-api-meta.service[96093]: spawned uWSGI worker 1 (pid: 96094, cores: 1)
Aug 01 12:51:15.499033 np0000006302 devstack@n-api-meta.service[96093]: spawned uWSGI worker 2 (pid: 96095, cores: 1)
Aug 01 12:51:15.499394 np0000006302 devstack@n-api-meta.service[96093]: spawned uWSGI worker 3 (pid: 96096, cores: 1)
Aug 01 12:51:15.499774 np0000006302 devstack@n-api-meta.service[96093]: spawned uWSGI worker 4 (pid: 96097, cores: 1)
Aug 01 12:51:15.500205 np0000006302 devstack@n-api-meta.service[96093]: spawned uWSGI http 1 (pid: 96098)
Aug 01 12:51:15.500254 np0000006302 devstack@n-api-meta.service[96093]: running "unix_signal:15 gracefully_kill_them_all" (master-start)...
Aug 01 12:51:17.098489 np0000006302 devstack@n-api-meta.service[96094]: INFO dbcounter [None req-e5da0dbc-5cae-4f54-8964-06f785a8dea9 None None] Registered counter for database nova_api
Aug 01 12:51:17.106124 np0000006302 devstack@n-api-meta.service[96097]: INFO dbcounter [None req-ca6c248a-2bf6-47d3-af67-844688644fcf None None] Registered counter for database nova_api
Aug 01 12:51:17.144695 np0000006302 devstack@n-api-meta.service[96094]: DEBUG oslo_db.sqlalchemy.engines [None req-e5da0dbc-5cae-4f54-8964-06f785a8dea9 None None] MySQL server mode set to STRICT_TRANS_TABLES,STRICT_ALL_TABLES,NO_ZERO_IN_DATE,NO_ZERO_DATE,ERROR_FOR_DIVISION_BY_ZERO,TRADITIONAL,NO_ENGINE_SUBSTITUTION {{(pid=96094) _check_effective_sql_mode /opt/stack/data/venv/lib/python3.12/site-packages/oslo_db/sqlalchemy/engines.py:325}}
Aug 01 12:51:17.150210 np0000006302 devstack@n-api-meta.service[96097]: DEBUG oslo_db.sqlalchemy.engines [None req-ca6c248a-2bf6-47d3-af67-844688644fcf None None] MySQL server mode set to STRICT_TRANS_TABLES,STRICT_ALL_TABLES,NO_ZERO_IN_DATE,NO_ZERO_DATE,ERROR_FOR_DIVISION_BY_ZERO,TRADITIONAL,NO_ENGINE_SUBSTITUTION {{(pid=96097) _check_effective_sql_mode /opt/stack/data/venv/lib/python3.12/site-packages/oslo_db/sqlalchemy/engines.py:325}}
Aug 01 12:51:17.174411 np0000006302 devstack@n-api-meta.service[96094]: DEBUG dbcounter [-] [96094] Writer thread running {{(pid=96094) stat_writer /opt/stack/data/venv/lib/python3.12/site-packages/dbcounter.py:102}}
Aug 01 12:51:17.177381 np0000006302 devstack@n-api-meta.service[96094]: DEBUG nova.context [None req-e5da0dbc-5cae-4f54-8964-06f785a8dea9 None None] Found 2 cells: 00000000-0000-0000-0000-000000000000(cell0),9a7f6ab0-75d3-46a3-8275-ae0e844974dd(cell1) {{(pid=96094) load_cells /opt/stack/nova/nova/context.py:509}}
Aug 01 12:51:17.177381 np0000006302 devstack@n-api-meta.service[96094]: INFO nova.utils [None req-e5da0dbc-5cae-4f54-8964-06f785a8dea9 None None] The cell worker thread pool MainProcess.cell_worker is initialized
Aug 01 12:51:17.178796 np0000006302 devstack@n-api-meta.service[96094]: DEBUG oslo_concurrency.lockutils [None req-e5da0dbc-5cae-4f54-8964-06f785a8dea9 None None] Acquiring lock "00000000-0000-0000-0000-000000000000" by "nova.context.set_target_cell..get_or_set_cached_cell_and_set_connections" {{(pid=96094) inner /opt/stack/data/venv/lib/python3.12/site-packages/oslo_concurrency/lockutils.py:512}}
Aug 01 12:51:17.178989 np0000006302 devstack@n-api-meta.service[96094]: DEBUG oslo_concurrency.lockutils [None req-e5da0dbc-5cae-4f54-8964-06f785a8dea9 None None] Lock "00000000-0000-0000-0000-000000000000" acquired by "nova.context.set_target_cell..get_or_set_cached_cell_and_set_connections" :: waited 0.000s {{(pid=96094) inner /opt/stack/data/venv/lib/python3.12/site-packages/oslo_concurrency/lockutils.py:525}}
Aug 01 12:51:17.180362 np0000006302 devstack@n-api-meta.service[96094]: DEBUG oslo_concurrency.lockutils [None req-e5da0dbc-5cae-4f54-8964-06f785a8dea9 None None] Lock "00000000-0000-0000-0000-000000000000" "released" by "nova.context.set_target_cell..get_or_set_cached_cell_and_set_connections" :: held 0.000s {{(pid=96094) inner /opt/stack/data/venv/lib/python3.12/site-packages/oslo_concurrency/lockutils.py:544}}
Aug 01 12:51:17.180362 np0000006302 devstack@n-api-meta.service[96094]: DEBUG oslo_concurrency.lockutils [None req-e5da0dbc-5cae-4f54-8964-06f785a8dea9 None None] Acquiring lock "9a7f6ab0-75d3-46a3-8275-ae0e844974dd" by "nova.context.set_target_cell..get_or_set_cached_cell_and_set_connections" {{(pid=96094) inner /opt/stack/data/venv/lib/python3.12/site-packages/oslo_concurrency/lockutils.py:512}}
Aug 01 12:51:17.180362 np0000006302 devstack@n-api-meta.service[96094]: DEBUG oslo_concurrency.lockutils [None req-e5da0dbc-5cae-4f54-8964-06f785a8dea9 None None] Lock "9a7f6ab0-75d3-46a3-8275-ae0e844974dd" acquired by "nova.context.set_target_cell..get_or_set_cached_cell_and_set_connections" :: waited 0.000s {{(pid=96094) inner /opt/stack/data/venv/lib/python3.12/site-packages/oslo_concurrency/lockutils.py:525}}
Aug 01 12:51:17.181062 np0000006302 devstack@n-api-meta.service[96094]: DEBUG oslo_concurrency.lockutils [None req-e5da0dbc-5cae-4f54-8964-06f785a8dea9 None None] Lock "9a7f6ab0-75d3-46a3-8275-ae0e844974dd" "released" by "nova.context.set_target_cell..get_or_set_cached_cell_and_set_connections" :: held 0.001s {{(pid=96094) inner /opt/stack/data/venv/lib/python3.12/site-packages/oslo_concurrency/lockutils.py:544}}
Aug 01 12:51:17.182804 np0000006302 devstack@n-api-meta.service[96097]: DEBUG dbcounter [-] [96097] Writer thread running {{(pid=96097) stat_writer /opt/stack/data/venv/lib/python3.12/site-packages/dbcounter.py:102}}
Aug 01 12:51:17.183347 np0000006302 devstack@n-api-meta.service[96094]: INFO dbcounter [None req-e5da0dbc-5cae-4f54-8964-06f785a8dea9 None None] Registered counter for database nova_cell0
Aug 01 12:51:17.185026 np0000006302 devstack@n-api-meta.service[96097]: DEBUG nova.context [None req-ca6c248a-2bf6-47d3-af67-844688644fcf None None] Found 2 cells: 00000000-0000-0000-0000-000000000000(cell0),9a7f6ab0-75d3-46a3-8275-ae0e844974dd(cell1) {{(pid=96097) load_cells /opt/stack/nova/nova/context.py:509}}
Aug 01 12:51:17.185256 np0000006302 devstack@n-api-meta.service[96097]: INFO nova.utils [None req-ca6c248a-2bf6-47d3-af67-844688644fcf None None] The cell worker thread pool MainProcess.cell_worker is initialized
Aug 01 12:51:17.186830 np0000006302 devstack@n-api-meta.service[96097]: DEBUG oslo_concurrency.lockutils [None req-ca6c248a-2bf6-47d3-af67-844688644fcf None None] Acquiring lock "00000000-0000-0000-0000-000000000000" by "nova.context.set_target_cell..get_or_set_cached_cell_and_set_connections" {{(pid=96097) inner /opt/stack/data/venv/lib/python3.12/site-packages/oslo_concurrency/lockutils.py:512}}
Aug 01 12:51:17.186997 np0000006302 devstack@n-api-meta.service[96097]: DEBUG oslo_concurrency.lockutils [None req-ca6c248a-2bf6-47d3-af67-844688644fcf None None] Lock "00000000-0000-0000-0000-000000000000" acquired by "nova.context.set_target_cell..get_or_set_cached_cell_and_set_connections" :: waited 0.000s {{(pid=96097) inner /opt/stack/data/venv/lib/python3.12/site-packages/oslo_concurrency/lockutils.py:525}}
Aug 01 12:51:17.187129 np0000006302 devstack@n-api-meta.service[96094]: INFO dbcounter [None req-e5da0dbc-5cae-4f54-8964-06f785a8dea9 None None] Registered counter for database nova_cell1
Aug 01 12:51:17.187386 np0000006302 devstack@n-api-meta.service[96097]: DEBUG oslo_concurrency.lockutils [None req-ca6c248a-2bf6-47d3-af67-844688644fcf None None] Lock "00000000-0000-0000-0000-000000000000" "released" by "nova.context.set_target_cell..get_or_set_cached_cell_and_set_connections" :: held 0.000s {{(pid=96097) inner /opt/stack/data/venv/lib/python3.12/site-packages/oslo_concurrency/lockutils.py:544}}
Aug 01 12:51:17.187921 np0000006302 devstack@n-api-meta.service[96097]: DEBUG oslo_concurrency.lockutils [None req-ca6c248a-2bf6-47d3-af67-844688644fcf None None] Acquiring lock "9a7f6ab0-75d3-46a3-8275-ae0e844974dd" by "nova.context.set_target_cell..get_or_set_cached_cell_and_set_connections" {{(pid=96097) inner /opt/stack/data/venv/lib/python3.12/site-packages/oslo_concurrency/lockutils.py:512}}
Aug 01 12:51:17.189905 np0000006302 devstack@n-api-meta.service[96097]: DEBUG oslo_concurrency.lockutils [None req-ca6c248a-2bf6-47d3-af67-844688644fcf None None] Lock "9a7f6ab0-75d3-46a3-8275-ae0e844974dd" acquired by "nova.context.set_target_cell..get_or_set_cached_cell_and_set_connections" :: waited 0.001s {{(pid=96097) inner /opt/stack/data/venv/lib/python3.12/site-packages/oslo_concurrency/lockutils.py:525}}
Aug 01 12:51:17.190574 np0000006302 devstack@n-api-meta.service[96097]: INFO dbcounter [None req-ca6c248a-2bf6-47d3-af67-844688644fcf None None] Registered counter for database nova_cell0
Aug 01 12:51:17.191926 np0000006302 devstack@n-api-meta.service[96097]: DEBUG oslo_concurrency.lockutils [None req-ca6c248a-2bf6-47d3-af67-844688644fcf None None] Lock "9a7f6ab0-75d3-46a3-8275-ae0e844974dd" "released" by "nova.context.set_target_cell..get_or_set_cached_cell_and_set_connections" :: held 0.001s {{(pid=96097) inner /opt/stack/data/venv/lib/python3.12/site-packages/oslo_concurrency/lockutils.py:544}}
Aug 01 12:51:17.193003 np0000006302 devstack@n-api-meta.service[96096]: INFO dbcounter [None req-ebacc064-6cfd-46b0-a751-a31282a7a109 None None] Registered counter for database nova_api
Aug 01 12:51:17.194717 np0000006302 devstack@n-api-meta.service[96097]: INFO dbcounter [None req-ca6c248a-2bf6-47d3-af67-844688644fcf None None] Registered counter for database nova_cell1
Aug 01 12:51:17.229099 np0000006302 devstack@n-api-meta.service[96094]: DEBUG oslo_db.sqlalchemy.engines [None req-e5da0dbc-5cae-4f54-8964-06f785a8dea9 None None] MySQL server mode set to STRICT_TRANS_TABLES,STRICT_ALL_TABLES,NO_ZERO_IN_DATE,NO_ZERO_DATE,ERROR_FOR_DIVISION_BY_ZERO,TRADITIONAL,NO_ENGINE_SUBSTITUTION {{(pid=96094) _check_effective_sql_mode /opt/stack/data/venv/lib/python3.12/site-packages/oslo_db/sqlalchemy/engines.py:325}}
Aug 01 12:51:17.234464 np0000006302 devstack@n-api-meta.service[96095]: INFO dbcounter [None req-69f81218-ea40-4f72-8f6d-520a19e67252 None None] Registered counter for database nova_api
Aug 01 12:51:17.253935 np0000006302 devstack@n-api-meta.service[96096]: DEBUG oslo_db.sqlalchemy.engines [None req-ebacc064-6cfd-46b0-a751-a31282a7a109 None None] MySQL server mode set to STRICT_TRANS_TABLES,STRICT_ALL_TABLES,NO_ZERO_IN_DATE,NO_ZERO_DATE,ERROR_FOR_DIVISION_BY_ZERO,TRADITIONAL,NO_ENGINE_SUBSTITUTION {{(pid=96096) _check_effective_sql_mode /opt/stack/data/venv/lib/python3.12/site-packages/oslo_db/sqlalchemy/engines.py:325}}
Aug 01 12:51:17.257619 np0000006302 devstack@n-api-meta.service[96097]: DEBUG oslo_db.sqlalchemy.engines [None req-ca6c248a-2bf6-47d3-af67-844688644fcf None None] MySQL server mode set to STRICT_TRANS_TABLES,STRICT_ALL_TABLES,NO_ZERO_IN_DATE,NO_ZERO_DATE,ERROR_FOR_DIVISION_BY_ZERO,TRADITIONAL,NO_ENGINE_SUBSTITUTION {{(pid=96097) _check_effective_sql_mode /opt/stack/data/venv/lib/python3.12/site-packages/oslo_db/sqlalchemy/engines.py:325}}
Aug 01 12:51:17.267153 np0000006302 devstack@n-api-meta.service[96097]: DEBUG oslo_db.sqlalchemy.engines [None req-ca6c248a-2bf6-47d3-af67-844688644fcf None None] MySQL server mode set to STRICT_TRANS_TABLES,STRICT_ALL_TABLES,NO_ZERO_IN_DATE,NO_ZERO_DATE,ERROR_FOR_DIVISION_BY_ZERO,TRADITIONAL,NO_ENGINE_SUBSTITUTION {{(pid=96097) _check_effective_sql_mode /opt/stack/data/venv/lib/python3.12/site-packages/oslo_db/sqlalchemy/engines.py:325}}
Aug 01 12:51:17.278613 np0000006302 devstack@n-api-meta.service[96095]: DEBUG oslo_db.sqlalchemy.engines [None req-69f81218-ea40-4f72-8f6d-520a19e67252 None None] MySQL server mode set to STRICT_TRANS_TABLES,STRICT_ALL_TABLES,NO_ZERO_IN_DATE,NO_ZERO_DATE,ERROR_FOR_DIVISION_BY_ZERO,TRADITIONAL,NO_ENGINE_SUBSTITUTION {{(pid=96095) _check_effective_sql_mode /opt/stack/data/venv/lib/python3.12/site-packages/oslo_db/sqlalchemy/engines.py:325}}
Aug 01 12:51:17.285250 np0000006302 devstack@n-api-meta.service[96096]: DEBUG dbcounter [-] [96096] Writer thread running {{(pid=96096) stat_writer /opt/stack/data/venv/lib/python3.12/site-packages/dbcounter.py:102}}
Aug 01 12:51:17.287606 np0000006302 devstack@n-api-meta.service[96096]: DEBUG nova.context [None req-ebacc064-6cfd-46b0-a751-a31282a7a109 None None] Found 2 cells: 00000000-0000-0000-0000-000000000000(cell0),9a7f6ab0-75d3-46a3-8275-ae0e844974dd(cell1) {{(pid=96096) load_cells /opt/stack/nova/nova/context.py:509}}
Aug 01 12:51:17.287883 np0000006302 devstack@n-api-meta.service[96096]: INFO nova.utils [None req-ebacc064-6cfd-46b0-a751-a31282a7a109 None None] The cell worker thread pool MainProcess.cell_worker is initialized
Aug 01 12:51:17.289651 np0000006302 devstack@n-api-meta.service[96096]: DEBUG oslo_concurrency.lockutils [None req-ebacc064-6cfd-46b0-a751-a31282a7a109 None None] Acquiring lock "00000000-0000-0000-0000-000000000000" by "nova.context.set_target_cell..get_or_set_cached_cell_and_set_connections" {{(pid=96096) inner /opt/stack/data/venv/lib/python3.12/site-packages/oslo_concurrency/lockutils.py:512}}
Aug 01 12:51:17.289801 np0000006302 devstack@n-api-meta.service[96096]: DEBUG oslo_concurrency.lockutils [None req-ebacc064-6cfd-46b0-a751-a31282a7a109 None None] Lock "00000000-0000-0000-0000-000000000000" acquired by "nova.context.set_target_cell..get_or_set_cached_cell_and_set_connections" :: waited 0.000s {{(pid=96096) inner /opt/stack/data/venv/lib/python3.12/site-packages/oslo_concurrency/lockutils.py:525}}
Aug 01 12:51:17.290283 np0000006302 devstack@n-api-meta.service[96096]: DEBUG oslo_concurrency.lockutils [None req-ebacc064-6cfd-46b0-a751-a31282a7a109 None None] Lock "00000000-0000-0000-0000-000000000000" "released" by "nova.context.set_target_cell..get_or_set_cached_cell_and_set_connections" :: held 0.000s {{(pid=96096) inner /opt/stack/data/venv/lib/python3.12/site-packages/oslo_concurrency/lockutils.py:544}}
Aug 01 12:51:17.290916 np0000006302 devstack@n-api-meta.service[96096]: DEBUG oslo_concurrency.lockutils [None req-ebacc064-6cfd-46b0-a751-a31282a7a109 None None] Acquiring lock "9a7f6ab0-75d3-46a3-8275-ae0e844974dd" by "nova.context.set_target_cell..get_or_set_cached_cell_and_set_connections" {{(pid=96096) inner /opt/stack/data/venv/lib/python3.12/site-packages/oslo_concurrency/lockutils.py:512}}
Aug 01 12:51:17.291121 np0000006302 devstack@n-api-meta.service[96096]: DEBUG oslo_concurrency.lockutils [None req-ebacc064-6cfd-46b0-a751-a31282a7a109 None None] Lock "9a7f6ab0-75d3-46a3-8275-ae0e844974dd" acquired by "nova.context.set_target_cell..get_or_set_cached_cell_and_set_connections" :: waited 0.000s {{(pid=96096) inner /opt/stack/data/venv/lib/python3.12/site-packages/oslo_concurrency/lockutils.py:525}}
Aug 01 12:51:17.291960 np0000006302 devstack@n-api-meta.service[96096]: DEBUG oslo_concurrency.lockutils [None req-ebacc064-6cfd-46b0-a751-a31282a7a109 None None] Lock "9a7f6ab0-75d3-46a3-8275-ae0e844974dd" "released" by "nova.context.set_target_cell..get_or_set_cached_cell_and_set_connections" :: held 0.001s {{(pid=96096) inner /opt/stack/data/venv/lib/python3.12/site-packages/oslo_concurrency/lockutils.py:544}}
Aug 01 12:51:17.293357 np0000006302 devstack@n-api-meta.service[96096]: INFO dbcounter [None req-ebacc064-6cfd-46b0-a751-a31282a7a109 None None] Registered counter for database nova_cell0
Aug 01 12:51:17.296231 np0000006302 devstack@n-api-meta.service[96096]: INFO dbcounter [None req-ebacc064-6cfd-46b0-a751-a31282a7a109 None None] Registered counter for database nova_cell1
Aug 01 12:51:17.308151 np0000006302 devstack@n-api-meta.service[96094]: DEBUG dbcounter [-] [96094] Writer thread running {{(pid=96094) stat_writer /opt/stack/data/venv/lib/python3.12/site-packages/dbcounter.py:102}}
Aug 01 12:51:17.309804 np0000006302 devstack@n-api-meta.service[96095]: DEBUG dbcounter [-] [96095] Writer thread running {{(pid=96095) stat_writer /opt/stack/data/venv/lib/python3.12/site-packages/dbcounter.py:102}}
Aug 01 12:51:17.312112 np0000006302 devstack@n-api-meta.service[96095]: DEBUG nova.context [None req-69f81218-ea40-4f72-8f6d-520a19e67252 None None] Found 2 cells: 00000000-0000-0000-0000-000000000000(cell0),9a7f6ab0-75d3-46a3-8275-ae0e844974dd(cell1) {{(pid=96095) load_cells /opt/stack/nova/nova/context.py:509}}
Aug 01 12:51:17.312498 np0000006302 devstack@n-api-meta.service[96095]: INFO nova.utils [None req-69f81218-ea40-4f72-8f6d-520a19e67252 None None] The cell worker thread pool MainProcess.cell_worker is initialized
Aug 01 12:51:17.313263 np0000006302 devstack@n-api-meta.service[96094]: DEBUG oslo_db.sqlalchemy.engines [None req-e5da0dbc-5cae-4f54-8964-06f785a8dea9 None None] MySQL server mode set to STRICT_TRANS_TABLES,STRICT_ALL_TABLES,NO_ZERO_IN_DATE,NO_ZERO_DATE,ERROR_FOR_DIVISION_BY_ZERO,TRADITIONAL,NO_ENGINE_SUBSTITUTION {{(pid=96094) _check_effective_sql_mode /opt/stack/data/venv/lib/python3.12/site-packages/oslo_db/sqlalchemy/engines.py:325}}
Aug 01 12:51:17.314259 np0000006302 devstack@n-api-meta.service[96095]: DEBUG oslo_concurrency.lockutils [None req-69f81218-ea40-4f72-8f6d-520a19e67252 None None] Acquiring lock "00000000-0000-0000-0000-000000000000" by "nova.context.set_target_cell..get_or_set_cached_cell_and_set_connections" {{(pid=96095) inner /opt/stack/data/venv/lib/python3.12/site-packages/oslo_concurrency/lockutils.py:512}}
Aug 01 12:51:17.314476 np0000006302 devstack@n-api-meta.service[96095]: DEBUG oslo_concurrency.lockutils [None req-69f81218-ea40-4f72-8f6d-520a19e67252 None None] Lock "00000000-0000-0000-0000-000000000000" acquired by "nova.context.set_target_cell..get_or_set_cached_cell_and_set_connections" :: waited 0.000s {{(pid=96095) inner /opt/stack/data/venv/lib/python3.12/site-packages/oslo_concurrency/lockutils.py:525}}
Aug 01 12:51:17.314881 np0000006302 devstack@n-api-meta.service[96095]: DEBUG oslo_concurrency.lockutils [None req-69f81218-ea40-4f72-8f6d-520a19e67252 None None] Lock "00000000-0000-0000-0000-000000000000" "released" by "nova.context.set_target_cell..get_or_set_cached_cell_and_set_connections" :: held 0.000s {{(pid=96095) inner /opt/stack/data/venv/lib/python3.12/site-packages/oslo_concurrency/lockutils.py:544}}
Aug 01 12:51:17.315580 np0000006302 devstack@n-api-meta.service[96095]: DEBUG oslo_concurrency.lockutils [None req-69f81218-ea40-4f72-8f6d-520a19e67252 None None] Acquiring lock "9a7f6ab0-75d3-46a3-8275-ae0e844974dd" by "nova.context.set_target_cell..get_or_set_cached_cell_and_set_connections" {{(pid=96095) inner /opt/stack/data/venv/lib/python3.12/site-packages/oslo_concurrency/lockutils.py:512}}
Aug 01 12:51:17.315785 np0000006302 devstack@n-api-meta.service[96095]: DEBUG oslo_concurrency.lockutils [None req-69f81218-ea40-4f72-8f6d-520a19e67252 None None] Lock "9a7f6ab0-75d3-46a3-8275-ae0e844974dd" acquired by "nova.context.set_target_cell..get_or_set_cached_cell_and_set_connections" :: waited 0.000s {{(pid=96095) inner /opt/stack/data/venv/lib/python3.12/site-packages/oslo_concurrency/lockutils.py:525}}
Aug 01 12:51:17.316650 np0000006302 devstack@n-api-meta.service[96095]: DEBUG oslo_concurrency.lockutils [None req-69f81218-ea40-4f72-8f6d-520a19e67252 None None] Lock "9a7f6ab0-75d3-46a3-8275-ae0e844974dd" "released" by "nova.context.set_target_cell..get_or_set_cached_cell_and_set_connections" :: held 0.001s {{(pid=96095) inner /opt/stack/data/venv/lib/python3.12/site-packages/oslo_concurrency/lockutils.py:544}}
Aug 01 12:51:17.318487 np0000006302 devstack@n-api-meta.service[96095]: INFO dbcounter [None req-69f81218-ea40-4f72-8f6d-520a19e67252 None None] Registered counter for database nova_cell0
Aug 01 12:51:17.318586 np0000006302 devstack@n-api-meta.service[96094]: DEBUG dbcounter [-] [96094] Writer thread running {{(pid=96094) stat_writer /opt/stack/data/venv/lib/python3.12/site-packages/dbcounter.py:102}}
Aug 01 12:51:17.320978 np0000006302 devstack@n-api-meta.service[96095]: INFO dbcounter [None req-69f81218-ea40-4f72-8f6d-520a19e67252 None None] Registered counter for database nova_cell1
Aug 01 12:51:17.324044 np0000006302 devstack@n-api-meta.service[96094]: INFO dbcounter [None req-e5da0dbc-5cae-4f54-8964-06f785a8dea9 None None] Registered counter for database nova_cell0
Aug 01 12:51:17.347423 np0000006302 devstack@n-api-meta.service[96096]: DEBUG oslo_db.sqlalchemy.engines [None req-ebacc064-6cfd-46b0-a751-a31282a7a109 None None] MySQL server mode set to STRICT_TRANS_TABLES,STRICT_ALL_TABLES,NO_ZERO_IN_DATE,NO_ZERO_DATE,ERROR_FOR_DIVISION_BY_ZERO,TRADITIONAL,NO_ENGINE_SUBSTITUTION {{(pid=96096) _check_effective_sql_mode /opt/stack/data/venv/lib/python3.12/site-packages/oslo_db/sqlalchemy/engines.py:325}}
Aug 01 12:51:17.347566 np0000006302 devstack@n-api-meta.service[96097]: DEBUG dbcounter [-] [96097] Writer thread running {{(pid=96097) stat_writer /opt/stack/data/venv/lib/python3.12/site-packages/dbcounter.py:102}}
Aug 01 12:51:17.351621 np0000006302 devstack@n-api-meta.service[96097]: DEBUG dbcounter [-] [96097] Writer thread running {{(pid=96097) stat_writer /opt/stack/data/venv/lib/python3.12/site-packages/dbcounter.py:102}}
Aug 01 12:51:17.352261 np0000006302 devstack@n-api-meta.service[96096]: DEBUG oslo_db.sqlalchemy.engines [None req-ebacc064-6cfd-46b0-a751-a31282a7a109 None None] MySQL server mode set to STRICT_TRANS_TABLES,STRICT_ALL_TABLES,NO_ZERO_IN_DATE,NO_ZERO_DATE,ERROR_FOR_DIVISION_BY_ZERO,TRADITIONAL,NO_ENGINE_SUBSTITUTION {{(pid=96096) _check_effective_sql_mode /opt/stack/data/venv/lib/python3.12/site-packages/oslo_db/sqlalchemy/engines.py:325}}
Aug 01 12:51:17.354548 np0000006302 devstack@n-api-meta.service[96097]: INFO dbcounter [None req-ca6c248a-2bf6-47d3-af67-844688644fcf None None] Registered counter for database nova_cell0
Aug 01 12:51:17.366641 np0000006302 devstack@n-api-meta.service[96095]: DEBUG oslo_db.sqlalchemy.engines [None req-69f81218-ea40-4f72-8f6d-520a19e67252 None None] MySQL server mode set to STRICT_TRANS_TABLES,STRICT_ALL_TABLES,NO_ZERO_IN_DATE,NO_ZERO_DATE,ERROR_FOR_DIVISION_BY_ZERO,TRADITIONAL,NO_ENGINE_SUBSTITUTION {{(pid=96095) _check_effective_sql_mode /opt/stack/data/venv/lib/python3.12/site-packages/oslo_db/sqlalchemy/engines.py:325}}
Aug 01 12:51:17.370487 np0000006302 devstack@n-api-meta.service[96094]: DEBUG oslo_db.sqlalchemy.engines [None req-e5da0dbc-5cae-4f54-8964-06f785a8dea9 None None] MySQL server mode set to STRICT_TRANS_TABLES,STRICT_ALL_TABLES,NO_ZERO_IN_DATE,NO_ZERO_DATE,ERROR_FOR_DIVISION_BY_ZERO,TRADITIONAL,NO_ENGINE_SUBSTITUTION {{(pid=96094) _check_effective_sql_mode /opt/stack/data/venv/lib/python3.12/site-packages/oslo_db/sqlalchemy/engines.py:325}}
Aug 01 12:51:17.377365 np0000006302 devstack@n-api-meta.service[96094]: DEBUG dbcounter [-] [96094] Writer thread running {{(pid=96094) stat_writer /opt/stack/data/venv/lib/python3.12/site-packages/dbcounter.py:102}}
Aug 01 12:51:17.383866 np0000006302 devstack@n-api-meta.service[96095]: DEBUG oslo_db.sqlalchemy.engines [None req-69f81218-ea40-4f72-8f6d-520a19e67252 None None] MySQL server mode set to STRICT_TRANS_TABLES,STRICT_ALL_TABLES,NO_ZERO_IN_DATE,NO_ZERO_DATE,ERROR_FOR_DIVISION_BY_ZERO,TRADITIONAL,NO_ENGINE_SUBSTITUTION {{(pid=96095) _check_effective_sql_mode /opt/stack/data/venv/lib/python3.12/site-packages/oslo_db/sqlalchemy/engines.py:325}}
Aug 01 12:51:17.389207 np0000006302 devstack@n-api-meta.service[96097]: DEBUG oslo_db.sqlalchemy.engines [None req-ca6c248a-2bf6-47d3-af67-844688644fcf None None] MySQL server mode set to STRICT_TRANS_TABLES,STRICT_ALL_TABLES,NO_ZERO_IN_DATE,NO_ZERO_DATE,ERROR_FOR_DIVISION_BY_ZERO,TRADITIONAL,NO_ENGINE_SUBSTITUTION {{(pid=96097) _check_effective_sql_mode /opt/stack/data/venv/lib/python3.12/site-packages/oslo_db/sqlalchemy/engines.py:325}}
Aug 01 12:51:17.395709 np0000006302 devstack@n-api-meta.service[96097]: DEBUG dbcounter [-] [96097] Writer thread running {{(pid=96097) stat_writer /opt/stack/data/venv/lib/python3.12/site-packages/dbcounter.py:102}}
Aug 01 12:51:17.414513 np0000006302 devstack@n-api-meta.service[96094]: WARNING nova.api.metadata.handler [None req-e5da0dbc-5cae-4f54-8964-06f785a8dea9 None None] metadata_proxy_shared_secret is not configured, the metadata information returned by the proxy cannot be trusted
Aug 01 12:51:17.416587 np0000006302 devstack@n-api-meta.service[96094]: DEBUG nova.api.openstack.wsgi_app [None req-e5da0dbc-5cae-4f54-8964-06f785a8dea9 None None] ******************************************************************************** {{(pid=96094) log_opt_values /opt/stack/data/venv/lib/python3.12/site-packages/oslo_config/cfg.py:3226}}
Aug 01 12:51:17.416676 np0000006302 devstack@n-api-meta.service[96094]: DEBUG nova.api.openstack.wsgi_app [None req-e5da0dbc-5cae-4f54-8964-06f785a8dea9 None None] Configuration options gathered from: {{(pid=96094) log_opt_values /opt/stack/data/venv/lib/python3.12/site-packages/oslo_config/cfg.py:3227}}
Aug 01 12:51:17.416784 np0000006302 devstack@n-api-meta.service[96094]: DEBUG nova.api.openstack.wsgi_app [None req-e5da0dbc-5cae-4f54-8964-06f785a8dea9 None None] command line args: [] {{(pid=96094) log_opt_values /opt/stack/data/venv/lib/python3.12/site-packages/oslo_config/cfg.py:3228}}
Aug 01 12:51:17.416924 np0000006302 devstack@n-api-meta.service[96094]: DEBUG nova.api.openstack.wsgi_app [None req-e5da0dbc-5cae-4f54-8964-06f785a8dea9 None None] config files: ['/etc/nova/api-paste.ini', '/etc/nova/nova.conf'] {{(pid=96094) log_opt_values /opt/stack/data/venv/lib/python3.12/site-packages/oslo_config/cfg.py:3229}}
Aug 01 12:51:17.417051 np0000006302 devstack@n-api-meta.service[96094]: DEBUG nova.api.openstack.wsgi_app [None req-e5da0dbc-5cae-4f54-8964-06f785a8dea9 None None] ================================================================================ {{(pid=96094) log_opt_values /opt/stack/data/venv/lib/python3.12/site-packages/oslo_config/cfg.py:3234}}
Aug 01 12:51:17.417220 np0000006302 devstack@n-api-meta.service[96094]: DEBUG nova.api.openstack.wsgi_app [None req-e5da0dbc-5cae-4f54-8964-06f785a8dea9 None None] allow_resize_to_same_host = True {{(pid=96094) log_opt_values /opt/stack/data/venv/lib/python3.12/site-packages/oslo_config/cfg.py:3242}}
Aug 01 12:51:17.417339 np0000006302 devstack@n-api-meta.service[96094]: DEBUG nova.api.openstack.wsgi_app [None req-e5da0dbc-5cae-4f54-8964-06f785a8dea9 None None] arq_binding_timeout = 300 {{(pid=96094) log_opt_values /opt/stack/data/venv/lib/python3.12/site-packages/oslo_config/cfg.py:3242}}
Aug 01 12:51:17.417454 np0000006302 devstack@n-api-meta.service[96094]: DEBUG nova.api.openstack.wsgi_app [None req-e5da0dbc-5cae-4f54-8964-06f785a8dea9 None None] block_device_allocate_retries = 60 {{(pid=96094) log_opt_values /opt/stack/data/venv/lib/python3.12/site-packages/oslo_config/cfg.py:3242}}
Aug 01 12:51:17.417568 np0000006302 devstack@n-api-meta.service[96094]: DEBUG nova.api.openstack.wsgi_app [None req-e5da0dbc-5cae-4f54-8964-06f785a8dea9 None None] block_device_allocate_retries_interval = 3 {{(pid=96094) log_opt_values /opt/stack/data/venv/lib/python3.12/site-packages/oslo_config/cfg.py:3242}}
Aug 01 12:51:17.417680 np0000006302 devstack@n-api-meta.service[96094]: DEBUG nova.api.openstack.wsgi_app [None req-e5da0dbc-5cae-4f54-8964-06f785a8dea9 None None] cell_worker_thread_pool_size = 5 {{(pid=96094) log_opt_values /opt/stack/data/venv/lib/python3.12/site-packages/oslo_config/cfg.py:3242}}
Aug 01 12:51:17.417797 np0000006302 devstack@n-api-meta.service[96094]: DEBUG nova.api.openstack.wsgi_app [None req-e5da0dbc-5cae-4f54-8964-06f785a8dea9 None None] cert = self.pem {{(pid=96094) log_opt_values /opt/stack/data/venv/lib/python3.12/site-packages/oslo_config/cfg.py:3242}}
Aug 01 12:51:17.417964 np0000006302 devstack@n-api-meta.service[96094]: DEBUG nova.api.openstack.wsgi_app [None req-e5da0dbc-5cae-4f54-8964-06f785a8dea9 None None] compute_driver = libvirt.LibvirtDriver {{(pid=96094) log_opt_values /opt/stack/data/venv/lib/python3.12/site-packages/oslo_config/cfg.py:3242}}
Aug 01 12:51:17.418110 np0000006302 devstack@n-api-meta.service[96094]: DEBUG nova.api.openstack.wsgi_app [None req-e5da0dbc-5cae-4f54-8964-06f785a8dea9 None None] compute_monitors = [] {{(pid=96094) log_opt_values /opt/stack/data/venv/lib/python3.12/site-packages/oslo_config/cfg.py:3242}}
Aug 01 12:51:17.418260 np0000006302 devstack@n-api-meta.service[96094]: DEBUG nova.api.openstack.wsgi_app [None req-e5da0dbc-5cae-4f54-8964-06f785a8dea9 None None] concurrency_backend = auto {{(pid=96094) log_opt_values /opt/stack/data/venv/lib/python3.12/site-packages/oslo_config/cfg.py:3242}}
Aug 01 12:51:17.418380 np0000006302 devstack@n-api-meta.service[96094]: DEBUG nova.api.openstack.wsgi_app [None req-e5da0dbc-5cae-4f54-8964-06f785a8dea9 None None] config_dir = [] {{(pid=96094) log_opt_values /opt/stack/data/venv/lib/python3.12/site-packages/oslo_config/cfg.py:3242}}
Aug 01 12:51:17.418499 np0000006302 devstack@n-api-meta.service[96094]: DEBUG nova.api.openstack.wsgi_app [None req-e5da0dbc-5cae-4f54-8964-06f785a8dea9 None None] config_drive_format = iso9660 {{(pid=96094) log_opt_values /opt/stack/data/venv/lib/python3.12/site-packages/oslo_config/cfg.py:3242}}
Aug 01 12:51:17.418591 np0000006302 devstack@n-api-meta.service[96094]: DEBUG nova.api.openstack.wsgi_app [None req-e5da0dbc-5cae-4f54-8964-06f785a8dea9 None None] config_file = ['/etc/nova/api-paste.ini', '/etc/nova/nova.conf'] {{(pid=96094) log_opt_values /opt/stack/data/venv/lib/python3.12/site-packages/oslo_config/cfg.py:3242}}
Aug 01 12:51:17.418703 np0000006302 devstack@n-api-meta.service[96094]: DEBUG nova.api.openstack.wsgi_app [None req-e5da0dbc-5cae-4f54-8964-06f785a8dea9 None None] config_source = [] {{(pid=96094) log_opt_values /opt/stack/data/venv/lib/python3.12/site-packages/oslo_config/cfg.py:3242}}
Aug 01 12:51:17.418823 np0000006302 devstack@n-api-meta.service[96094]: DEBUG nova.api.openstack.wsgi_app [None req-e5da0dbc-5cae-4f54-8964-06f785a8dea9 None None] console_host = np0000006302 {{(pid=96094) log_opt_values /opt/stack/data/venv/lib/python3.12/site-packages/oslo_config/cfg.py:3242}}
Aug 01 12:51:17.418936 np0000006302 devstack@n-api-meta.service[96094]: DEBUG nova.api.openstack.wsgi_app [None req-e5da0dbc-5cae-4f54-8964-06f785a8dea9 None None] control_exchange = nova {{(pid=96094) log_opt_values /opt/stack/data/venv/lib/python3.12/site-packages/oslo_config/cfg.py:3242}}
Aug 01 12:51:17.419085 np0000006302 devstack@n-api-meta.service[96094]: DEBUG nova.api.openstack.wsgi_app [None req-e5da0dbc-5cae-4f54-8964-06f785a8dea9 None None] cpu_allocation_ratio = None {{(pid=96094) log_opt_values /opt/stack/data/venv/lib/python3.12/site-packages/oslo_config/cfg.py:3242}}
Aug 01 12:51:17.419206 np0000006302 devstack@n-api-meta.service[96094]: DEBUG nova.api.openstack.wsgi_app [None req-e5da0dbc-5cae-4f54-8964-06f785a8dea9 None None] daemon = False {{(pid=96094) log_opt_values /opt/stack/data/venv/lib/python3.12/site-packages/oslo_config/cfg.py:3242}}
Aug 01 12:51:17.419322 np0000006302 devstack@n-api-meta.service[96094]: DEBUG nova.api.openstack.wsgi_app [None req-e5da0dbc-5cae-4f54-8964-06f785a8dea9 None None] debug = True {{(pid=96094) log_opt_values /opt/stack/data/venv/lib/python3.12/site-packages/oslo_config/cfg.py:3242}}
Aug 01 12:51:17.419428 np0000006302 devstack@n-api-meta.service[96094]: DEBUG nova.api.openstack.wsgi_app [None req-e5da0dbc-5cae-4f54-8964-06f785a8dea9 None None] default_access_ip_network_name = None {{(pid=96094) log_opt_values /opt/stack/data/venv/lib/python3.12/site-packages/oslo_config/cfg.py:3242}}
Aug 01 12:51:17.419541 np0000006302 devstack@n-api-meta.service[96094]: DEBUG nova.api.openstack.wsgi_app [None req-e5da0dbc-5cae-4f54-8964-06f785a8dea9 None None] default_availability_zone = nova {{(pid=96094) log_opt_values /opt/stack/data/venv/lib/python3.12/site-packages/oslo_config/cfg.py:3242}}
Aug 01 12:51:17.419654 np0000006302 devstack@n-api-meta.service[96094]: DEBUG nova.api.openstack.wsgi_app [None req-e5da0dbc-5cae-4f54-8964-06f785a8dea9 None None] default_ephemeral_format = ext4 {{(pid=96094) log_opt_values /opt/stack/data/venv/lib/python3.12/site-packages/oslo_config/cfg.py:3242}}
Aug 01 12:51:17.419763 np0000006302 devstack@n-api-meta.service[96094]: DEBUG nova.api.openstack.wsgi_app [None req-e5da0dbc-5cae-4f54-8964-06f785a8dea9 None None] default_green_pool_size = 1000 {{(pid=96094) log_opt_values /opt/stack/data/venv/lib/python3.12/site-packages/oslo_config/cfg.py:3242}}
Aug 01 12:51:17.420003 np0000006302 devstack@n-api-meta.service[96094]: DEBUG nova.api.openstack.wsgi_app [None req-e5da0dbc-5cae-4f54-8964-06f785a8dea9 None None] default_log_levels = ['amqp=WARN', 'boto=WARN', 'sqlalchemy=WARN', 'suds=INFO', 'oslo.messaging=INFO', 'oslo_messaging=INFO', 'iso8601=WARN', 'requests.packages.urllib3.connectionpool=WARN', 'urllib3.connectionpool=WARN', 'websocket=WARN', 'requests.packages.urllib3.util.retry=WARN', 'urllib3.util.retry=WARN', 'keystonemiddleware=WARN', 'routes.middleware=WARN', 'stevedore=WARN', 'taskflow=WARN', 'keystoneauth=WARN', 'oslo.cache=INFO', 'oslo_policy=INFO', 'dogpile.core.dogpile=INFO', 'glanceclient=WARN', 'oslo.privsep.daemon=INFO'] {{(pid=96094) log_opt_values /opt/stack/data/venv/lib/python3.12/site-packages/oslo_config/cfg.py:3242}}
Aug 01 12:51:17.420118 np0000006302 devstack@n-api-meta.service[96094]: DEBUG nova.api.openstack.wsgi_app [None req-e5da0dbc-5cae-4f54-8964-06f785a8dea9 None None] default_schedule_zone = None {{(pid=96094) log_opt_values /opt/stack/data/venv/lib/python3.12/site-packages/oslo_config/cfg.py:3242}}
Aug 01 12:51:17.420244 np0000006302 devstack@n-api-meta.service[96094]: DEBUG nova.api.openstack.wsgi_app [None req-e5da0dbc-5cae-4f54-8964-06f785a8dea9 None None] default_thread_pool_size = 10 {{(pid=96094) log_opt_values /opt/stack/data/venv/lib/python3.12/site-packages/oslo_config/cfg.py:3242}}
Aug 01 12:51:17.420351 np0000006302 devstack@n-api-meta.service[96094]: DEBUG nova.api.openstack.wsgi_app [None req-e5da0dbc-5cae-4f54-8964-06f785a8dea9 None None] disk_allocation_ratio = None {{(pid=96094) log_opt_values /opt/stack/data/venv/lib/python3.12/site-packages/oslo_config/cfg.py:3242}}
Aug 01 12:51:17.420472 np0000006302 devstack@n-api-meta.service[96094]: DEBUG nova.api.openstack.wsgi_app [None req-e5da0dbc-5cae-4f54-8964-06f785a8dea9 None None] enable_new_services = True {{(pid=96094) log_opt_values /opt/stack/data/venv/lib/python3.12/site-packages/oslo_config/cfg.py:3242}}
Aug 01 12:51:17.420592 np0000006302 devstack@n-api-meta.service[96094]: DEBUG nova.api.openstack.wsgi_app [None req-e5da0dbc-5cae-4f54-8964-06f785a8dea9 None None] flat_injected = False {{(pid=96094) log_opt_values /opt/stack/data/venv/lib/python3.12/site-packages/oslo_config/cfg.py:3242}}
Aug 01 12:51:17.420696 np0000006302 devstack@n-api-meta.service[96094]: DEBUG nova.api.openstack.wsgi_app [None req-e5da0dbc-5cae-4f54-8964-06f785a8dea9 None None] force_config_drive = True {{(pid=96094) log_opt_values /opt/stack/data/venv/lib/python3.12/site-packages/oslo_config/cfg.py:3242}}
Aug 01 12:51:17.420804 np0000006302 devstack@n-api-meta.service[96094]: DEBUG nova.api.openstack.wsgi_app [None req-e5da0dbc-5cae-4f54-8964-06f785a8dea9 None None] force_raw_images = True {{(pid=96094) log_opt_values /opt/stack/data/venv/lib/python3.12/site-packages/oslo_config/cfg.py:3242}}
Aug 01 12:51:17.420923 np0000006302 devstack@n-api-meta.service[96094]: DEBUG nova.api.openstack.wsgi_app [None req-e5da0dbc-5cae-4f54-8964-06f785a8dea9 None None] graceful_shutdown_timeout = 5 {{(pid=96094) log_opt_values /opt/stack/data/venv/lib/python3.12/site-packages/oslo_config/cfg.py:3242}}
Aug 01 12:51:17.421042 np0000006302 devstack@n-api-meta.service[96097]: WARNING nova.api.metadata.handler [None req-ca6c248a-2bf6-47d3-af67-844688644fcf None None] metadata_proxy_shared_secret is not configured, the metadata information returned by the proxy cannot be trusted
Aug 01 12:51:17.421166 np0000006302 devstack@n-api-meta.service[96094]: DEBUG nova.api.openstack.wsgi_app [None req-e5da0dbc-5cae-4f54-8964-06f785a8dea9 None None] heal_instance_info_cache_interval = -1 {{(pid=96094) log_opt_values /opt/stack/data/venv/lib/python3.12/site-packages/oslo_config/cfg.py:3242}}
Aug 01 12:51:17.421338 np0000006302 devstack@n-api-meta.service[96094]: DEBUG nova.api.openstack.wsgi_app [None req-e5da0dbc-5cae-4f54-8964-06f785a8dea9 None None] host = np0000006302 {{(pid=96094) log_opt_values /opt/stack/data/venv/lib/python3.12/site-packages/oslo_config/cfg.py:3242}}
Aug 01 12:51:17.421457 np0000006302 devstack@n-api-meta.service[96094]: DEBUG nova.api.openstack.wsgi_app [None req-e5da0dbc-5cae-4f54-8964-06f785a8dea9 None None] initial_cpu_allocation_ratio = 4.0 {{(pid=96094) log_opt_values /opt/stack/data/venv/lib/python3.12/site-packages/oslo_config/cfg.py:3242}}
Aug 01 12:51:17.421572 np0000006302 devstack@n-api-meta.service[96094]: DEBUG nova.api.openstack.wsgi_app [None req-e5da0dbc-5cae-4f54-8964-06f785a8dea9 None None] initial_disk_allocation_ratio = 1.0 {{(pid=96094) log_opt_values /opt/stack/data/venv/lib/python3.12/site-packages/oslo_config/cfg.py:3242}}
Aug 01 12:51:17.421683 np0000006302 devstack@n-api-meta.service[96094]: DEBUG nova.api.openstack.wsgi_app [None req-e5da0dbc-5cae-4f54-8964-06f785a8dea9 None None] initial_ram_allocation_ratio = 1.0 {{(pid=96094) log_opt_values /opt/stack/data/venv/lib/python3.12/site-packages/oslo_config/cfg.py:3242}}
Aug 01 12:51:17.421876 np0000006302 devstack@n-api-meta.service[96094]: DEBUG nova.api.openstack.wsgi_app [None req-e5da0dbc-5cae-4f54-8964-06f785a8dea9 None None] injected_network_template = /opt/stack/nova/nova/virt/interfaces.template {{(pid=96094) log_opt_values /opt/stack/data/venv/lib/python3.12/site-packages/oslo_config/cfg.py:3242}}
Aug 01 12:51:17.422047 np0000006302 devstack@n-api-meta.service[96094]: DEBUG nova.api.openstack.wsgi_app [None req-e5da0dbc-5cae-4f54-8964-06f785a8dea9 None None] instance_build_timeout = 0 {{(pid=96094) log_opt_values /opt/stack/data/venv/lib/python3.12/site-packages/oslo_config/cfg.py:3242}}
Aug 01 12:51:17.422167 np0000006302 devstack@n-api-meta.service[96094]: DEBUG nova.api.openstack.wsgi_app [None req-e5da0dbc-5cae-4f54-8964-06f785a8dea9 None None] instance_delete_interval = 300 {{(pid=96094) log_opt_values /opt/stack/data/venv/lib/python3.12/site-packages/oslo_config/cfg.py:3242}}
Aug 01 12:51:17.422299 np0000006302 devstack@n-api-meta.service[96094]: DEBUG nova.api.openstack.wsgi_app [None req-e5da0dbc-5cae-4f54-8964-06f785a8dea9 None None] instance_format = [instance: %(uuid)s] {{(pid=96094) log_opt_values /opt/stack/data/venv/lib/python3.12/site-packages/oslo_config/cfg.py:3242}}
Aug 01 12:51:17.422415 np0000006302 devstack@n-api-meta.service[96094]: DEBUG nova.api.openstack.wsgi_app [None req-e5da0dbc-5cae-4f54-8964-06f785a8dea9 None None] instance_name_template = instance-%08x {{(pid=96094) log_opt_values /opt/stack/data/venv/lib/python3.12/site-packages/oslo_config/cfg.py:3242}}
Aug 01 12:51:17.422525 np0000006302 devstack@n-api-meta.service[96094]: DEBUG nova.api.openstack.wsgi_app [None req-e5da0dbc-5cae-4f54-8964-06f785a8dea9 None None] instance_usage_audit = False {{(pid=96094) log_opt_values /opt/stack/data/venv/lib/python3.12/site-packages/oslo_config/cfg.py:3242}}
Aug 01 12:51:17.422650 np0000006302 devstack@n-api-meta.service[96094]: DEBUG nova.api.openstack.wsgi_app [None req-e5da0dbc-5cae-4f54-8964-06f785a8dea9 None None] instance_usage_audit_period = month {{(pid=96094) log_opt_values /opt/stack/data/venv/lib/python3.12/site-packages/oslo_config/cfg.py:3242}}
Aug 01 12:51:17.422767 np0000006302 devstack@n-api-meta.service[96094]: DEBUG nova.api.openstack.wsgi_app [None req-e5da0dbc-5cae-4f54-8964-06f785a8dea9 None None] instance_uuid_format = [instance: %(uuid)s] {{(pid=96094) log_opt_values /opt/stack/data/venv/lib/python3.12/site-packages/oslo_config/cfg.py:3242}}
Aug 01 12:51:17.422883 np0000006302 devstack@n-api-meta.service[96094]: DEBUG nova.api.openstack.wsgi_app [None req-e5da0dbc-5cae-4f54-8964-06f785a8dea9 None None] instances_path = /opt/stack/data/nova/instances {{(pid=96094) log_opt_values /opt/stack/data/venv/lib/python3.12/site-packages/oslo_config/cfg.py:3242}}
Aug 01 12:51:17.423040 np0000006302 devstack@n-api-meta.service[96094]: DEBUG nova.api.openstack.wsgi_app [None req-e5da0dbc-5cae-4f54-8964-06f785a8dea9 None None] internal_service_availability_zone = internal {{(pid=96094) log_opt_values /opt/stack/data/venv/lib/python3.12/site-packages/oslo_config/cfg.py:3242}}
Aug 01 12:51:17.423154 np0000006302 devstack@n-api-meta.service[96094]: DEBUG nova.api.openstack.wsgi_app [None req-e5da0dbc-5cae-4f54-8964-06f785a8dea9 None None] key = None {{(pid=96094) log_opt_values /opt/stack/data/venv/lib/python3.12/site-packages/oslo_config/cfg.py:3242}}
Aug 01 12:51:17.423280 np0000006302 devstack@n-api-meta.service[96094]: DEBUG nova.api.openstack.wsgi_app [None req-e5da0dbc-5cae-4f54-8964-06f785a8dea9 None None] live_migration_retry_count = 30 {{(pid=96094) log_opt_values /opt/stack/data/venv/lib/python3.12/site-packages/oslo_config/cfg.py:3242}}
Aug 01 12:51:17.423402 np0000006302 devstack@n-api-meta.service[96094]: DEBUG nova.api.openstack.wsgi_app [None req-e5da0dbc-5cae-4f54-8964-06f785a8dea9 None None] log_color = False {{(pid=96094) log_opt_values /opt/stack/data/venv/lib/python3.12/site-packages/oslo_config/cfg.py:3242}}
Aug 01 12:51:17.423517 np0000006302 devstack@n-api-meta.service[96094]: DEBUG nova.api.openstack.wsgi_app [None req-e5da0dbc-5cae-4f54-8964-06f785a8dea9 None None] log_config_append = None {{(pid=96094) log_opt_values /opt/stack/data/venv/lib/python3.12/site-packages/oslo_config/cfg.py:3242}}
Aug 01 12:51:17.423633 np0000006302 devstack@n-api-meta.service[96094]: DEBUG nova.api.openstack.wsgi_app [None req-e5da0dbc-5cae-4f54-8964-06f785a8dea9 None None] log_date_format = %Y-%m-%d %H:%M:%S {{(pid=96094) log_opt_values /opt/stack/data/venv/lib/python3.12/site-packages/oslo_config/cfg.py:3242}}
Aug 01 12:51:17.423744 np0000006302 devstack@n-api-meta.service[96094]: DEBUG nova.api.openstack.wsgi_app [None req-e5da0dbc-5cae-4f54-8964-06f785a8dea9 None None] log_dir = None {{(pid=96094) log_opt_values /opt/stack/data/venv/lib/python3.12/site-packages/oslo_config/cfg.py:3242}}
Aug 01 12:51:17.423854 np0000006302 devstack@n-api-meta.service[96094]: DEBUG nova.api.openstack.wsgi_app [None req-e5da0dbc-5cae-4f54-8964-06f785a8dea9 None None] log_file = None {{(pid=96094) log_opt_values /opt/stack/data/venv/lib/python3.12/site-packages/oslo_config/cfg.py:3242}}
Aug 01 12:51:17.423941 np0000006302 devstack@n-api-meta.service[96094]: DEBUG nova.api.openstack.wsgi_app [None req-e5da0dbc-5cae-4f54-8964-06f785a8dea9 None None] log_options = True {{(pid=96094) log_opt_values /opt/stack/data/venv/lib/python3.12/site-packages/oslo_config/cfg.py:3242}}
Aug 01 12:51:17.424088 np0000006302 devstack@n-api-meta.service[96094]: DEBUG nova.api.openstack.wsgi_app [None req-e5da0dbc-5cae-4f54-8964-06f785a8dea9 None None] log_rotate_interval = 1 {{(pid=96094) log_opt_values /opt/stack/data/venv/lib/python3.12/site-packages/oslo_config/cfg.py:3242}}
Aug 01 12:51:17.424220 np0000006302 devstack@n-api-meta.service[96094]: DEBUG nova.api.openstack.wsgi_app [None req-e5da0dbc-5cae-4f54-8964-06f785a8dea9 None None] log_rotate_interval_type = days {{(pid=96094) log_opt_values /opt/stack/data/venv/lib/python3.12/site-packages/oslo_config/cfg.py:3242}}
Aug 01 12:51:17.424342 np0000006302 devstack@n-api-meta.service[96094]: DEBUG nova.api.openstack.wsgi_app [None req-e5da0dbc-5cae-4f54-8964-06f785a8dea9 None None] log_rotation_type = none {{(pid=96094) log_opt_values /opt/stack/data/venv/lib/python3.12/site-packages/oslo_config/cfg.py:3242}}
Aug 01 12:51:17.424378 np0000006302 devstack@n-api-meta.service[96097]: DEBUG nova.api.openstack.wsgi_app [None req-ca6c248a-2bf6-47d3-af67-844688644fcf None None] ******************************************************************************** {{(pid=96097) log_opt_values /opt/stack/data/venv/lib/python3.12/site-packages/oslo_config/cfg.py:3226}}
Aug 01 12:51:17.424441 np0000006302 devstack@n-api-meta.service[96094]: DEBUG nova.api.openstack.wsgi_app [None req-e5da0dbc-5cae-4f54-8964-06f785a8dea9 None None] logging_context_format_string = %(color)s%(levelname)s %(name)s [%(global_request_id)s %(request_id)s %(project_name)s %(user_name)s%(color)s] %(instance)s%(color)s%(message)s {{(pid=96094) log_opt_values /opt/stack/data/venv/lib/python3.12/site-packages/oslo_config/cfg.py:3242}}
Aug 01 12:51:17.424522 np0000006302 devstack@n-api-meta.service[96094]: DEBUG nova.api.openstack.wsgi_app [None req-e5da0dbc-5cae-4f54-8964-06f785a8dea9 None None] logging_debug_format_suffix = {{(pid=%(process)d) %(funcName)s %(pathname)s:%(lineno)d}} {{(pid=96094) log_opt_values /opt/stack/data/venv/lib/python3.12/site-packages/oslo_config/cfg.py:3242}}
Aug 01 12:51:17.424561 np0000006302 devstack@n-api-meta.service[96097]: DEBUG nova.api.openstack.wsgi_app [None req-ca6c248a-2bf6-47d3-af67-844688644fcf None None] Configuration options gathered from: {{(pid=96097) log_opt_values /opt/stack/data/venv/lib/python3.12/site-packages/oslo_config/cfg.py:3227}}
Aug 01 12:51:17.424639 np0000006302 devstack@n-api-meta.service[96094]: DEBUG nova.api.openstack.wsgi_app [None req-e5da0dbc-5cae-4f54-8964-06f785a8dea9 None None] logging_default_format_string = %(color)s%(levelname)s %(name)s [-%(color)s] %(instance)s%(color)s%(message)s {{(pid=96094) log_opt_values /opt/stack/data/venv/lib/python3.12/site-packages/oslo_config/cfg.py:3242}}
Aug 01 12:51:17.424720 np0000006302 devstack@n-api-meta.service[96097]: DEBUG nova.api.openstack.wsgi_app [None req-ca6c248a-2bf6-47d3-af67-844688644fcf None None] command line args: [] {{(pid=96097) log_opt_values /opt/stack/data/venv/lib/python3.12/site-packages/oslo_config/cfg.py:3228}}
Aug 01 12:51:17.424758 np0000006302 devstack@n-api-meta.service[96094]: DEBUG nova.api.openstack.wsgi_app [None req-e5da0dbc-5cae-4f54-8964-06f785a8dea9 None None] logging_exception_prefix = ERROR %(name)s %(instance)s {{(pid=96094) log_opt_values /opt/stack/data/venv/lib/python3.12/site-packages/oslo_config/cfg.py:3242}}
Aug 01 12:51:17.424836 np0000006302 devstack@n-api-meta.service[96094]: DEBUG nova.api.openstack.wsgi_app [None req-e5da0dbc-5cae-4f54-8964-06f785a8dea9 None None] logging_user_identity_format = %(user)s %(project)s %(domain)s %(system_scope)s %(user_domain)s %(project_domain)s {{(pid=96094) log_opt_values /opt/stack/data/venv/lib/python3.12/site-packages/oslo_config/cfg.py:3242}}
