Jun 19 02:06:40.888827 np0000003218 devstack@g-api.service[102107]: DEBUG glance.api.middleware.version_negotiation [None req-34ca9fa5-22fd-4f28-a848-92e9d18a3d85 tempest-TestShelveInstance-1397751384 tempest-TestShelveInstance-1397751384-project-member] Determining version of request: GET /v2/images/5ebfea40-c3cf-444b-9b96-76401ed1575f Accept: application/json {{(pid=102107) process_request /opt/stack/glance/glance/api/middleware/version_negotiation.py:44}}
Jun 19 02:06:40.889218 np0000003218 devstack@g-api.service[102107]: DEBUG glance.api.middleware.version_negotiation [None req-34ca9fa5-22fd-4f28-a848-92e9d18a3d85 tempest-TestShelveInstance-1397751384 tempest-TestShelveInstance-1397751384-project-member] Using url versioning {{(pid=102107) process_request /opt/stack/glance/glance/api/middleware/version_negotiation.py:57}}
Jun 19 02:06:40.889274 np0000003218 devstack@g-api.service[102107]: DEBUG glance.api.middleware.version_negotiation [None req-34ca9fa5-22fd-4f28-a848-92e9d18a3d85 tempest-TestShelveInstance-1397751384 tempest-TestShelveInstance-1397751384-project-member] Matched version: v2 {{(pid=102107) process_request /opt/stack/glance/glance/api/middleware/version_negotiation.py:69}}
Jun 19 02:06:40.889396 np0000003218 devstack@g-api.service[102107]: DEBUG glance.api.middleware.version_negotiation [None req-34ca9fa5-22fd-4f28-a848-92e9d18a3d85 tempest-TestShelveInstance-1397751384 tempest-TestShelveInstance-1397751384-project-member] new path /v2/images/5ebfea40-c3cf-444b-9b96-76401ed1575f {{(pid=102107) process_request /opt/stack/glance/glance/api/middleware/version_negotiation.py:70}}
Jun 19 02:06:40.899748 np0000003218 devstack@g-api.service[102107]: [pid: 102107|app: 0|req: 155/439] 127.0.0.1 () {40 vars in 838 bytes} [Fri Jun 19 02:06:40 2026] GET /v2/images/5ebfea40-c3cf-444b-9b96-76401ed1575f => generated 649 bytes in 11 msecs (HTTP/1.1 200) 4 headers in 157 bytes (1 switches on core 0)
Jun 19 02:06:41.288427 np0000003218 devstack@g-api.service[102106]: DEBUG glance.api.middleware.version_negotiation [None req-34ca9fa5-22fd-4f28-a848-92e9d18a3d85 tempest-TestShelveInstance-1397751384 tempest-TestShelveInstance-1397751384-project-member] Determining version of request: GET /v2/images/aaf9a4f0-2c2b-4609-a8f8-36bc3ce1d228 Accept: */* {{(pid=102106) process_request /opt/stack/glance/glance/api/middleware/version_negotiation.py:44}}
Jun 19 02:06:41.288927 np0000003218 devstack@g-api.service[102106]: DEBUG glance.api.middleware.version_negotiation [None req-34ca9fa5-22fd-4f28-a848-92e9d18a3d85 tempest-TestShelveInstance-1397751384 tempest-TestShelveInstance-1397751384-project-member] Using url versioning {{(pid=102106) process_request /opt/stack/glance/glance/api/middleware/version_negotiation.py:57}}
Jun 19 02:06:41.288927 np0000003218 devstack@g-api.service[102106]: DEBUG glance.api.middleware.version_negotiation [None req-34ca9fa5-22fd-4f28-a848-92e9d18a3d85 tempest-TestShelveInstance-1397751384 tempest-TestShelveInstance-1397751384-project-member] Matched version: v2 {{(pid=102106) process_request /opt/stack/glance/glance/api/middleware/version_negotiation.py:69}}
Jun 19 02:06:41.288927 np0000003218 devstack@g-api.service[102106]: DEBUG glance.api.middleware.version_negotiation [None req-34ca9fa5-22fd-4f28-a848-92e9d18a3d85 tempest-TestShelveInstance-1397751384 tempest-TestShelveInstance-1397751384-project-member] new path /v2/images/aaf9a4f0-2c2b-4609-a8f8-36bc3ce1d228 {{(pid=102106) process_request /opt/stack/glance/glance/api/middleware/version_negotiation.py:70}}
Jun 19 02:06:41.302114 np0000003218 devstack@g-api.service[102106]: [pid: 102106|app: 0|req: 148/440] 127.0.0.1 () {44 vars in 1115 bytes} [Fri Jun 19 02:06:41 2026] GET /v2/images/aaf9a4f0-2c2b-4609-a8f8-36bc3ce1d228 => generated 1044 bytes in 14 msecs (HTTP/1.1 200) 4 headers in 158 bytes (1 switches on core 0)
Jun 19 02:06:41.342137 np0000003218 devstack@g-api.service[102105]: DEBUG glance.api.middleware.version_negotiation [None req-34ca9fa5-22fd-4f28-a848-92e9d18a3d85 tempest-TestShelveInstance-1397751384 tempest-TestShelveInstance-1397751384-project-member] Determining version of request: GET /v2/schemas/image Accept: */* {{(pid=102105) process_request /opt/stack/glance/glance/api/middleware/version_negotiation.py:44}}
Jun 19 02:06:41.342137 np0000003218 devstack@g-api.service[102105]: DEBUG glance.api.middleware.version_negotiation [None req-34ca9fa5-22fd-4f28-a848-92e9d18a3d85 tempest-TestShelveInstance-1397751384 tempest-TestShelveInstance-1397751384-project-member] Using url versioning {{(pid=102105) process_request /opt/stack/glance/glance/api/middleware/version_negotiation.py:57}}
Jun 19 02:06:41.342137 np0000003218 devstack@g-api.service[102105]: DEBUG glance.api.middleware.version_negotiation [None req-34ca9fa5-22fd-4f28-a848-92e9d18a3d85 tempest-TestShelveInstance-1397751384 tempest-TestShelveInstance-1397751384-project-member] Matched version: v2 {{(pid=102105) process_request /opt/stack/glance/glance/api/middleware/version_negotiation.py:69}}
Jun 19 02:06:41.342137 np0000003218 devstack@g-api.service[102105]: DEBUG glance.api.middleware.version_negotiation [None req-34ca9fa5-22fd-4f28-a848-92e9d18a3d85 tempest-TestShelveInstance-1397751384 tempest-TestShelveInstance-1397751384-project-member] new path /v2/schemas/image {{(pid=102105) process_request /opt/stack/glance/glance/api/middleware/version_negotiation.py:70}}
Jun 19 02:06:41.348006 np0000003218 devstack@g-api.service[102105]: [pid: 102105|app: 0|req: 138/441] 127.0.0.1 () {44 vars in 1055 bytes} [Fri Jun 19 02:06:41 2026] GET /v2/schemas/image => generated 6083 bytes in 8 msecs (HTTP/1.1 200) 4 headers in 158 bytes (1 switches on core 0)
Jun 19 02:06:41.431961 np0000003218 devstack@g-api.service[102107]: DEBUG glance.api.middleware.version_negotiation [None req-03560568-0dc2-4023-a6f3-c61273b65449 tempest-VolumesActionsTest-547631528 tempest-VolumesActionsTest-547631528-project-member] Determining version of request: PUT /v2/images/5ebfea40-c3cf-444b-9b96-76401ed1575f/file Accept: */* {{(pid=102107) process_request /opt/stack/glance/glance/api/middleware/version_negotiation.py:44}}
Jun 19 02:06:41.431961 np0000003218 devstack@g-api.service[102107]: DEBUG glance.api.middleware.version_negotiation [None req-03560568-0dc2-4023-a6f3-c61273b65449 tempest-VolumesActionsTest-547631528 tempest-VolumesActionsTest-547631528-project-member] Using url versioning {{(pid=102107) process_request /opt/stack/glance/glance/api/middleware/version_negotiation.py:57}}
Jun 19 02:06:41.431961 np0000003218 devstack@g-api.service[102107]: DEBUG glance.api.middleware.version_negotiation [None req-03560568-0dc2-4023-a6f3-c61273b65449 tempest-VolumesActionsTest-547631528 tempest-VolumesActionsTest-547631528-project-member] Matched version: v2 {{(pid=102107) process_request /opt/stack/glance/glance/api/middleware/version_negotiation.py:69}}
Jun 19 02:06:41.432171 np0000003218 devstack@g-api.service[102107]: DEBUG glance.api.middleware.version_negotiation [None req-03560568-0dc2-4023-a6f3-c61273b65449 tempest-VolumesActionsTest-547631528 tempest-VolumesActionsTest-547631528-project-member] new path /v2/images/5ebfea40-c3cf-444b-9b96-76401ed1575f/file {{(pid=102107) process_request /opt/stack/glance/glance/api/middleware/version_negotiation.py:70}}
Jun 19 02:06:41.912384 np0000003218 devstack@g-api.service[102106]: DEBUG glance.api.middleware.version_negotiation [None req-138c49db-8114-416c-94c5-7acf65ba8715 tempest-AttachVolumeMultiAttachTest-2134831002 tempest-AttachVolumeMultiAttachTest-2134831002-project-member] Determining version of request: GET /v2/images/5ebfea40-c3cf-444b-9b96-76401ed1575f Accept: application/json {{(pid=102106) process_request /opt/stack/glance/glance/api/middleware/version_negotiation.py:44}}
Jun 19 02:06:41.912567 np0000003218 devstack@g-api.service[102106]: DEBUG glance.api.middleware.version_negotiation [None req-138c49db-8114-416c-94c5-7acf65ba8715 tempest-AttachVolumeMultiAttachTest-2134831002 tempest-AttachVolumeMultiAttachTest-2134831002-project-member] Using url versioning {{(pid=102106) process_request /opt/stack/glance/glance/api/middleware/version_negotiation.py:57}}
Jun 19 02:06:41.912732 np0000003218 devstack@g-api.service[102106]: DEBUG glance.api.middleware.version_negotiation [None req-138c49db-8114-416c-94c5-7acf65ba8715 tempest-AttachVolumeMultiAttachTest-2134831002 tempest-AttachVolumeMultiAttachTest-2134831002-project-member] Matched version: v2 {{(pid=102106) process_request /opt/stack/glance/glance/api/middleware/version_negotiation.py:69}}
Jun 19 02:06:41.912833 np0000003218 devstack@g-api.service[102106]: DEBUG glance.api.middleware.version_negotiation [None req-138c49db-8114-416c-94c5-7acf65ba8715 tempest-AttachVolumeMultiAttachTest-2134831002 tempest-AttachVolumeMultiAttachTest-2134831002-project-member] new path /v2/images/5ebfea40-c3cf-444b-9b96-76401ed1575f {{(pid=102106) process_request /opt/stack/glance/glance/api/middleware/version_negotiation.py:70}}
Jun 19 02:06:41.929269 np0000003218 devstack@g-api.service[102106]: [pid: 102106|app: 0|req: 149/442] 127.0.0.1 () {40 vars in 838 bytes} [Fri Jun 19 02:06:41 2026] GET /v2/images/5ebfea40-c3cf-444b-9b96-76401ed1575f => generated 649 bytes in 17 msecs (HTTP/1.1 200) 4 headers in 157 bytes (1 switches on core 0)
Jun 19 02:06:42.029182 np0000003218 devstack@g-api.service[102107]: INFO glance.api.v2.image_data [None req-20b755c1-0258-4df2-8c58-ae839204661e tempest-VolumesActionsTest-547631528 tempest-VolumesActionsTest-547631528-project-member] Unable to create trust: no such option collect_timing in group [keystone_authtoken] Use the existing user token.
Jun 19 02:06:42.683265 np0000003218 devstack@g-api.service[102107]: DEBUG glance.location [None req-20b755c1-0258-4df2-8c58-ae839204661e tempest-VolumesActionsTest-547631528 tempest-VolumesActionsTest-547631528-project-member] Enabling in-flight format inspection for raw {{(pid=102107) set_data /opt/stack/glance/glance/location.py:616}}
Jun 19 02:06:42.683607 np0000003218 devstack@g-api.service[102107]: DEBUG glance_store.backend [None req-20b755c1-0258-4df2-8c58-ae839204661e tempest-VolumesActionsTest-547631528 tempest-VolumesActionsTest-547631528-project-member] Attempting to import store swift {{(pid=102107) _load_store /opt/stack/data/venv/lib/python3.12/site-packages/glance_store/backend.py:215}}
Jun 19 02:06:42.685567 np0000003218 devstack@g-api.service[102107]: DEBUG glance_store.capabilities [None req-20b755c1-0258-4df2-8c58-ae839204661e tempest-VolumesActionsTest-547631528 tempest-VolumesActionsTest-547631528-project-member] Store glance_store._drivers.swift.store.SingleTenantStore doesn't support updating dynamic storage capabilities. Please overwrite 'update_capabilities' method of the store to implement updating logics if needed. {{(pid=102107) update_capabilities /opt/stack/data/venv/lib/python3.12/site-packages/glance_store/capabilities.py:91}}
Jun 19 02:06:42.686272 np0000003218 devstack@g-api.service[102107]: DEBUG glance_store.driver [None req-20b755c1-0258-4df2-8c58-ae839204661e tempest-VolumesActionsTest-547631528 tempest-VolumesActionsTest-547631528-project-member] Late loading location class glance_store._drivers.swift.store.StoreLocation {{(pid=102107) get_store_location_class /opt/stack/data/venv/lib/python3.12/site-packages/glance_store/driver.py:134}}
Jun 19 02:06:42.686272 np0000003218 devstack@g-api.service[102107]: DEBUG glance_store.location [None req-20b755c1-0258-4df2-8c58-ae839204661e tempest-VolumesActionsTest-547631528 tempest-VolumesActionsTest-547631528-project-member] Registering scheme swift+https with {'store': , 'location_class': , 'store_entry': 'swift'} {{(pid=102107) register_scheme_map /opt/stack/data/venv/lib/python3.12/site-packages/glance_store/location.py:146}}
Jun 19 02:06:42.686272 np0000003218 devstack@g-api.service[102107]: DEBUG glance_store.location [None req-20b755c1-0258-4df2-8c58-ae839204661e tempest-VolumesActionsTest-547631528 tempest-VolumesActionsTest-547631528-project-member] Registering scheme swift+https with {'store': , 'location_class': , 'store_entry': 'swift'} {{(pid=102107) register_scheme_map /opt/stack/data/venv/lib/python3.12/site-packages/glance_store/location.py:146}}
Jun 19 02:06:42.686272 np0000003218 devstack@g-api.service[102107]: DEBUG glance_store.location [None req-20b755c1-0258-4df2-8c58-ae839204661e tempest-VolumesActionsTest-547631528 tempest-VolumesActionsTest-547631528-project-member] Registering scheme swift with {'store': , 'location_class': , 'store_entry': 'swift'} {{(pid=102107) register_scheme_map /opt/stack/data/venv/lib/python3.12/site-packages/glance_store/location.py:146}}
Jun 19 02:06:42.686272 np0000003218 devstack@g-api.service[102107]: DEBUG glance_store.location [None req-20b755c1-0258-4df2-8c58-ae839204661e tempest-VolumesActionsTest-547631528 tempest-VolumesActionsTest-547631528-project-member] Registering scheme swift+https with {'store': , 'location_class': , 'store_entry': 'swift'} {{(pid=102107) register_scheme_map /opt/stack/data/venv/lib/python3.12/site-packages/glance_store/location.py:146}}
Jun 19 02:06:42.686272 np0000003218 devstack@g-api.service[102107]: DEBUG glance_store.location [None req-20b755c1-0258-4df2-8c58-ae839204661e tempest-VolumesActionsTest-547631528 tempest-VolumesActionsTest-547631528-project-member] Registering scheme swift with {'store': , 'location_class': , 'store_entry': 'swift'} {{(pid=102107) register_scheme_map /opt/stack/data/venv/lib/python3.12/site-packages/glance_store/location.py:146}}
Jun 19 02:06:42.686272 np0000003218 devstack@g-api.service[102107]: DEBUG glance_store.location [None req-20b755c1-0258-4df2-8c58-ae839204661e tempest-VolumesActionsTest-547631528 tempest-VolumesActionsTest-547631528-project-member] Registering scheme swift+http with {'store': , 'location_class': , 'store_entry': 'swift'} {{(pid=102107) register_scheme_map /opt/stack/data/venv/lib/python3.12/site-packages/glance_store/location.py:146}}
Jun 19 02:06:42.688768 np0000003218 devstack@g-api.service[102107]: DEBUG glance_store.location [None req-20b755c1-0258-4df2-8c58-ae839204661e tempest-VolumesActionsTest-547631528 tempest-VolumesActionsTest-547631528-project-member] Registering scheme swift+https with {'store': , 'location_class': , 'store_entry': 'swift'} {{(pid=102107) register_scheme_map /opt/stack/data/venv/lib/python3.12/site-packages/glance_store/location.py:146}}
Jun 19 02:06:42.688768 np0000003218 devstack@g-api.service[102107]: DEBUG glance_store.location [None req-20b755c1-0258-4df2-8c58-ae839204661e tempest-VolumesActionsTest-547631528 tempest-VolumesActionsTest-547631528-project-member] Registering scheme swift with {'store': , 'location_class': , 'store_entry': 'swift'} {{(pid=102107) register_scheme_map /opt/stack/data/venv/lib/python3.12/site-packages/glance_store/location.py:146}}
Jun 19 02:06:42.688768 np0000003218 devstack@g-api.service[102107]: DEBUG glance_store.location [None req-20b755c1-0258-4df2-8c58-ae839204661e tempest-VolumesActionsTest-547631528 tempest-VolumesActionsTest-547631528-project-member] Registering scheme swift+http with {'store': , 'location_class': , 'store_entry': 'swift'} {{(pid=102107) register_scheme_map /opt/stack/data/venv/lib/python3.12/site-packages/glance_store/location.py:146}}
Jun 19 02:06:42.688768 np0000003218 devstack@g-api.service[102107]: DEBUG glance_store.location [None req-20b755c1-0258-4df2-8c58-ae839204661e tempest-VolumesActionsTest-547631528 tempest-VolumesActionsTest-547631528-project-member] Registering scheme swift+config with {'store': , 'location_class': , 'store_entry': 'swift'} {{(pid=102107) register_scheme_map /opt/stack/data/venv/lib/python3.12/site-packages/glance_store/location.py:146}}
Jun 19 02:06:42.919727 np0000003218 devstack@g-api.service[102107]: DEBUG swiftclient [None req-20b755c1-0258-4df2-8c58-ae839204661e tempest-VolumesActionsTest-547631528 tempest-VolumesActionsTest-547631528-project-member] REQ: curl -i https://10.4.3.182:8080/v1/AUTH_b0fbe02c10fc48bebf52b20ea4896c9a/glance -I -H "X-Auth-Token: gAAAAABqNKQyXl2K..." {{(pid=102107) http_log /opt/stack/data/venv/lib/python3.12/site-packages/swiftclient/client.py:160}}
Jun 19 02:06:42.919892 np0000003218 devstack@g-api.service[102107]: DEBUG swiftclient [None req-20b755c1-0258-4df2-8c58-ae839204661e tempest-VolumesActionsTest-547631528 tempest-VolumesActionsTest-547631528-project-member] RESP STATUS: 204 No Content {{(pid=102107) http_log /opt/stack/data/venv/lib/python3.12/site-packages/swiftclient/client.py:161}}
Jun 19 02:06:42.920058 np0000003218 devstack@g-api.service[102107]: DEBUG swiftclient [None req-20b755c1-0258-4df2-8c58-ae839204661e tempest-VolumesActionsTest-547631528 tempest-VolumesActionsTest-547631528-project-member] RESP HEADERS: {'Date': 'Fri, 19 Jun 2026 02:06:42 GMT', 'Server': 'Apache/2.4.58 (Ubuntu)', 'Content-Type': 'text/plain; charset=utf-8', 'X-Container-Object-Count': '7', 'X-Container-Bytes-Used': '107741184', 'X-Timestamp': '1781834285.95997', 'Last-Modified': 'Fri, 19 Jun 2026 01:58:06 GMT', 'Accept-Ranges': 'bytes', 'X-Storage-Policy': 'Policy-0', 'X-Container-Sharding': 'False', 'Vary': 'Accept', 'X-Trans-Id': 'tx6abe70c818cb4e47987cc-006a34a432', 'X-Openstack-Request-Id': 'tx6abe70c818cb4e47987cc-006a34a432', 'Connection': 'close'} {{(pid=102107) http_log /opt/stack/data/venv/lib/python3.12/site-packages/swiftclient/client.py:162}}
Jun 19 02:06:42.920206 np0000003218 devstack@g-api.service[102107]: DEBUG glance_store._drivers.swift.store [None req-20b755c1-0258-4df2-8c58-ae839204661e tempest-VolumesActionsTest-547631528 tempest-VolumesActionsTest-547631528-project-member] Adding image object '5ebfea40-c3cf-444b-9b96-76401ed1575f' to Swift {{(pid=102107) add /opt/stack/data/venv/lib/python3.12/site-packages/glance_store/_drivers/swift/store.py:970}}
Jun 19 02:06:42.920267 np0000003218 devstack@g-api.service[102107]: DEBUG glance_store._drivers.swift.store [None req-20b755c1-0258-4df2-8c58-ae839204661e tempest-VolumesActionsTest-547631528 tempest-VolumesActionsTest-547631528-project-member] Cannot determine image size because it is either not provided in the request or chunked-transfer encoding is used. Adding image as a segmented object to Swift. {{(pid=102107) add /opt/stack/data/venv/lib/python3.12/site-packages/glance_store/_drivers/swift/store.py:994}}
Jun 19 02:06:42.928167 np0000003218 devstack@g-api.service[102107]: DEBUG oslo_utils.imageutils.format_inspector [None req-20b755c1-0258-4df2-8c58-ae839204661e tempest-VolumesActionsTest-547631528 tempest-VolumesActionsTest-547631528-project-member] Format inspector for vmdk does not match, excluding from consideration (Signature KDMV not found: b'\x00\x00\x00\x00') {{(pid=102107) _process_chunk /opt/stack/data/venv/lib/python3.12/site-packages/oslo_utils/imageutils/format_inspector.py:1758}}
Jun 19 02:06:42.931381 np0000003218 devstack@g-api.service[102107]: DEBUG oslo_utils.imageutils.format_inspector [None req-20b755c1-0258-4df2-8c58-ae839204661e tempest-VolumesActionsTest-547631528 tempest-VolumesActionsTest-547631528-project-member] Format inspector for vhdx does not match, excluding from consideration (Region signature not found at 30000) {{(pid=102107) _process_chunk /opt/stack/data/venv/lib/python3.12/site-packages/oslo_utils/imageutils/format_inspector.py:1758}}
Jun 19 02:06:42.944955 np0000003218 devstack@g-api.service[102105]: DEBUG glance.api.middleware.version_negotiation [None req-138c49db-8114-416c-94c5-7acf65ba8715 tempest-AttachVolumeMultiAttachTest-2134831002 tempest-AttachVolumeMultiAttachTest-2134831002-project-member] Determining version of request: GET /v2/images/5ebfea40-c3cf-444b-9b96-76401ed1575f Accept: application/json {{(pid=102105) process_request /opt/stack/glance/glance/api/middleware/version_negotiation.py:44}}
Jun 19 02:06:42.945491 np0000003218 devstack@g-api.service[102105]: DEBUG glance.api.middleware.version_negotiation [None req-138c49db-8114-416c-94c5-7acf65ba8715 tempest-AttachVolumeMultiAttachTest-2134831002 tempest-AttachVolumeMultiAttachTest-2134831002-project-member] Using url versioning {{(pid=102105) process_request /opt/stack/glance/glance/api/middleware/version_negotiation.py:57}}
Jun 19 02:06:42.945491 np0000003218 devstack@g-api.service[102105]: DEBUG glance.api.middleware.version_negotiation [None req-138c49db-8114-416c-94c5-7acf65ba8715 tempest-AttachVolumeMultiAttachTest-2134831002 tempest-AttachVolumeMultiAttachTest-2134831002-project-member] Matched version: v2 {{(pid=102105) process_request /opt/stack/glance/glance/api/middleware/version_negotiation.py:69}}
Jun 19 02:06:42.945491 np0000003218 devstack@g-api.service[102105]: DEBUG glance.api.middleware.version_negotiation [None req-138c49db-8114-416c-94c5-7acf65ba8715 tempest-AttachVolumeMultiAttachTest-2134831002 tempest-AttachVolumeMultiAttachTest-2134831002-project-member] new path /v2/images/5ebfea40-c3cf-444b-9b96-76401ed1575f {{(pid=102105) process_request /opt/stack/glance/glance/api/middleware/version_negotiation.py:70}}
Jun 19 02:06:42.964751 np0000003218 devstack@g-api.service[102105]: [pid: 102105|app: 0|req: 139/443] 127.0.0.1 () {40 vars in 838 bytes} [Fri Jun 19 02:06:42 2026] GET /v2/images/5ebfea40-c3cf-444b-9b96-76401ed1575f => generated 649 bytes in 20 msecs (HTTP/1.1 200) 4 headers in 157 bytes (1 switches on core 0)
Jun 19 02:06:43.976207 np0000003218 devstack@g-api.service[102106]: DEBUG glance.api.middleware.version_negotiation [None req-03e08707-62a3-4c4f-97f3-a168712e550b tempest-VolumesActionsTest-547631528 tempest-VolumesActionsTest-547631528-project-member] Determining version of request: GET /v2/images/5ebfea40-c3cf-444b-9b96-76401ed1575f Accept: application/json {{(pid=102106) process_request /opt/stack/glance/glance/api/middleware/version_negotiation.py:44}}
Jun 19 02:06:43.976694 np0000003218 devstack@g-api.service[102106]: DEBUG glance.api.middleware.version_negotiation [None req-03e08707-62a3-4c4f-97f3-a168712e550b tempest-VolumesActionsTest-547631528 tempest-VolumesActionsTest-547631528-project-member] Using url versioning {{(pid=102106) process_request /opt/stack/glance/glance/api/middleware/version_negotiation.py:57}}
Jun 19 02:06:43.976694 np0000003218 devstack@g-api.service[102106]: DEBUG glance.api.middleware.version_negotiation [None req-03e08707-62a3-4c4f-97f3-a168712e550b tempest-VolumesActionsTest-547631528 tempest-VolumesActionsTest-547631528-project-member] Matched version: v2 {{(pid=102106) process_request /opt/stack/glance/glance/api/middleware/version_negotiation.py:69}}
Jun 19 02:06:43.978679 np0000003218 devstack@g-api.service[102106]: DEBUG glance.api.middleware.version_negotiation [None req-03e08707-62a3-4c4f-97f3-a168712e550b tempest-VolumesActionsTest-547631528 tempest-VolumesActionsTest-547631528-project-member] new path /v2/images/5ebfea40-c3cf-444b-9b96-76401ed1575f {{(pid=102106) process_request /opt/stack/glance/glance/api/middleware/version_negotiation.py:70}}
Jun 19 02:06:44.012308 np0000003218 devstack@g-api.service[102106]: [pid: 102106|app: 0|req: 150/444] 127.0.0.1 () {40 vars in 838 bytes} [Fri Jun 19 02:06:43 2026] GET /v2/images/5ebfea40-c3cf-444b-9b96-76401ed1575f => generated 649 bytes in 37 msecs (HTTP/1.1 200) 4 headers in 157 bytes (1 switches on core 0)
Jun 19 02:06:45.025106 np0000003218 devstack@g-api.service[102105]: DEBUG glance.api.middleware.version_negotiation [None req-80235048-fe5c-4e2e-a7ee-1f68fcc9da75 tempest-VolumesActionsTest-547631528 tempest-VolumesActionsTest-547631528-project-member] Determining version of request: GET /v2/images/5ebfea40-c3cf-444b-9b96-76401ed1575f Accept: application/json {{(pid=102105) process_request /opt/stack/glance/glance/api/middleware/version_negotiation.py:44}}
Jun 19 02:06:45.025538 np0000003218 devstack@g-api.service[102105]: DEBUG glance.api.middleware.version_negotiation [None req-80235048-fe5c-4e2e-a7ee-1f68fcc9da75 tempest-VolumesActionsTest-547631528 tempest-VolumesActionsTest-547631528-project-member] Using url versioning {{(pid=102105) process_request /opt/stack/glance/glance/api/middleware/version_negotiation.py:57}}
Jun 19 02:06:45.025538 np0000003218 devstack@g-api.service[102105]: DEBUG glance.api.middleware.version_negotiation [None req-80235048-fe5c-4e2e-a7ee-1f68fcc9da75 tempest-VolumesActionsTest-547631528 tempest-VolumesActionsTest-547631528-project-member] Matched version: v2 {{(pid=102105) process_request /opt/stack/glance/glance/api/middleware/version_negotiation.py:69}}
Jun 19 02:06:45.025538 np0000003218 devstack@g-api.service[102105]: DEBUG glance.api.middleware.version_negotiation [None req-80235048-fe5c-4e2e-a7ee-1f68fcc9da75 tempest-VolumesActionsTest-547631528 tempest-VolumesActionsTest-547631528-project-member] new path /v2/images/5ebfea40-c3cf-444b-9b96-76401ed1575f {{(pid=102105) process_request /opt/stack/glance/glance/api/middleware/version_negotiation.py:70}}
Jun 19 02:06:45.049640 np0000003218 devstack@g-api.service[102105]: [pid: 102105|app: 0|req: 140/445] 127.0.0.1 () {40 vars in 838 bytes} [Fri Jun 19 02:06:45 2026] GET /v2/images/5ebfea40-c3cf-444b-9b96-76401ed1575f => generated 649 bytes in 24 msecs (HTTP/1.1 200) 4 headers in 157 bytes (1 switches on core 0)
Jun 19 02:06:45.298505 np0000003218 devstack@g-api.service[102107]: DEBUG swiftclient [None req-20b755c1-0258-4df2-8c58-ae839204661e tempest-VolumesActionsTest-547631528 tempest-VolumesActionsTest-547631528-project-member] REQ: curl -i https://10.4.3.182:8080/v1/AUTH_b0fbe02c10fc48bebf52b20ea4896c9a/glance/5ebfea40-c3cf-444b-9b96-76401ed1575f-00001 -X PUT -H "X-Auth-Token: gAAAAABqNKQyXl2K..." {{(pid=102107) http_log /opt/stack/data/venv/lib/python3.12/site-packages/swiftclient/client.py:160}}
Jun 19 02:06:45.298978 np0000003218 devstack@g-api.service[102107]: DEBUG swiftclient [None req-20b755c1-0258-4df2-8c58-ae839204661e tempest-VolumesActionsTest-547631528 tempest-VolumesActionsTest-547631528-project-member] RESP STATUS: 201 Created {{(pid=102107) http_log /opt/stack/data/venv/lib/python3.12/site-packages/swiftclient/client.py:161}}
Jun 19 02:06:45.298978 np0000003218 devstack@g-api.service[102107]: DEBUG swiftclient [None req-20b755c1-0258-4df2-8c58-ae839204661e tempest-VolumesActionsTest-547631528 tempest-VolumesActionsTest-547631528-project-member] RESP HEADERS: {'Date': 'Fri, 19 Jun 2026 02:06:45 GMT', 'Server': 'Apache/2.4.58 (Ubuntu)', 'Content-Type': 'text/html; charset=UTF-8', 'Content-Length': '0', 'Etag': 'eda9a9889837ac4bc81d6387d92c1bec', 'Last-Modified': 'Fri, 19 Jun 2026 02:06:43 GMT', 'X-Trans-Id': 'tx3de8ea8409214635b66cf-006a34a432', 'X-Openstack-Request-Id': 'tx3de8ea8409214635b66cf-006a34a432', 'Connection': 'close'} {{(pid=102107) http_log /opt/stack/data/venv/lib/python3.12/site-packages/swiftclient/client.py:162}}
Jun 19 02:06:45.298978 np0000003218 devstack@g-api.service[102107]: DEBUG glance_store._drivers.swift.store [None req-20b755c1-0258-4df2-8c58-ae839204661e tempest-VolumesActionsTest-547631528 tempest-VolumesActionsTest-547631528-project-member] Wrote chunk 5ebfea40-c3cf-444b-9b96-76401ed1575f-00001 (1/?) of length 204800000 to Swift returning MD5 of content: eda9a9889837ac4bc81d6387d92c1bec {{(pid=102107) add /opt/stack/data/venv/lib/python3.12/site-packages/glance_store/_drivers/swift/store.py:1059}}
Jun 19 02:06:46.058612 np0000003218 devstack@g-api.service[102106]: DEBUG glance.api.middleware.version_negotiation [None req-8f250579-ce36-452a-835e-ed839c309f7f tempest-VolumesActionsTest-547631528 tempest-VolumesActionsTest-547631528-project-member] Determining version of request: GET /v2/images/5ebfea40-c3cf-444b-9b96-76401ed1575f Accept: application/json {{(pid=102106) process_request /opt/stack/glance/glance/api/middleware/version_negotiation.py:44}}
Jun 19 02:06:46.059526 np0000003218 devstack@g-api.service[102106]: DEBUG glance.api.middleware.version_negotiation [None req-8f250579-ce36-452a-835e-ed839c309f7f tempest-VolumesActionsTest-547631528 tempest-VolumesActionsTest-547631528-project-member] Using url versioning {{(pid=102106) process_request /opt/stack/glance/glance/api/middleware/version_negotiation.py:57}}
Jun 19 02:06:46.059526 np0000003218 devstack@g-api.service[102106]: DEBUG glance.api.middleware.version_negotiation [None req-8f250579-ce36-452a-835e-ed839c309f7f tempest-VolumesActionsTest-547631528 tempest-VolumesActionsTest-547631528-project-member] Matched version: v2 {{(pid=102106) process_request /opt/stack/glance/glance/api/middleware/version_negotiation.py:69}}
Jun 19 02:06:46.059526 np0000003218 devstack@g-api.service[102106]: DEBUG glance.api.middleware.version_negotiation [None req-8f250579-ce36-452a-835e-ed839c309f7f tempest-VolumesActionsTest-547631528 tempest-VolumesActionsTest-547631528-project-member] new path /v2/images/5ebfea40-c3cf-444b-9b96-76401ed1575f {{(pid=102106) process_request /opt/stack/glance/glance/api/middleware/version_negotiation.py:70}}
Jun 19 02:06:46.074964 np0000003218 devstack@g-api.service[102106]: [pid: 102106|app: 0|req: 151/446] 127.0.0.1 () {40 vars in 838 bytes} [Fri Jun 19 02:06:46 2026] GET /v2/images/5ebfea40-c3cf-444b-9b96-76401ed1575f => generated 649 bytes in 16 msecs (HTTP/1.1 200) 4 headers in 157 bytes (1 switches on core 0)
Jun 19 02:06:46.160397 np0000003218 devstack@g-api.service[102105]: DEBUG glance.api.middleware.version_negotiation [None req-7678c35b-a0e1-494a-a193-4a681eaaa2ca tempest-VolumesActionsTest-547631528 tempest-VolumesActionsTest-547631528-project-member] Determining version of request: GET /v2/images/aaf9a4f0-2c2b-4609-a8f8-36bc3ce1d228 Accept: */* {{(pid=102105) process_request /opt/stack/glance/glance/api/middleware/version_negotiation.py:44}}
Jun 19 02:06:46.161018 np0000003218 devstack@g-api.service[102105]: DEBUG glance.api.middleware.version_negotiation [None req-7678c35b-a0e1-494a-a193-4a681eaaa2ca tempest-VolumesActionsTest-547631528 tempest-VolumesActionsTest-547631528-project-member] Using url versioning {{(pid=102105) process_request /opt/stack/glance/glance/api/middleware/version_negotiation.py:57}}
Jun 19 02:06:46.161018 np0000003218 devstack@g-api.service[102105]: DEBUG glance.api.middleware.version_negotiation [None req-7678c35b-a0e1-494a-a193-4a681eaaa2ca tempest-VolumesActionsTest-547631528 tempest-VolumesActionsTest-547631528-project-member] Matched version: v2 {{(pid=102105) process_request /opt/stack/glance/glance/api/middleware/version_negotiation.py:69}}
Jun 19 02:06:46.161018 np0000003218 devstack@g-api.service[102105]: DEBUG glance.api.middleware.version_negotiation [None req-7678c35b-a0e1-494a-a193-4a681eaaa2ca tempest-VolumesActionsTest-547631528 tempest-VolumesActionsTest-547631528-project-member] new path /v2/images/aaf9a4f0-2c2b-4609-a8f8-36bc3ce1d228 {{(pid=102105) process_request /opt/stack/glance/glance/api/middleware/version_negotiation.py:70}}
Jun 19 02:06:46.185437 np0000003218 devstack@g-api.service[102105]: [pid: 102105|app: 0|req: 141/447] 127.0.0.1 () {44 vars in 1115 bytes} [Fri Jun 19 02:06:46 2026] GET /v2/images/aaf9a4f0-2c2b-4609-a8f8-36bc3ce1d228 => generated 1044 bytes in 25 msecs (HTTP/1.1 200) 4 headers in 158 bytes (1 switches on core 0)
Jun 19 02:06:46.236587 np0000003218 devstack@g-api.service[102106]: DEBUG glance.api.middleware.version_negotiation [None req-fd775b99-e287-423a-ae87-351ee60db6bc tempest-VolumesActionsTest-547631528 tempest-VolumesActionsTest-547631528-project-member] Determining version of request: GET /v2/schemas/image Accept: */* {{(pid=102106) process_request /opt/stack/glance/glance/api/middleware/version_negotiation.py:44}}
Jun 19 02:06:46.236587 np0000003218 devstack@g-api.service[102106]: DEBUG glance.api.middleware.version_negotiation [None req-fd775b99-e287-423a-ae87-351ee60db6bc tempest-VolumesActionsTest-547631528 tempest-VolumesActionsTest-547631528-project-member] Using url versioning {{(pid=102106) process_request /opt/stack/glance/glance/api/middleware/version_negotiation.py:57}}
Jun 19 02:06:46.236587 np0000003218 devstack@g-api.service[102106]: DEBUG glance.api.middleware.version_negotiation [None req-fd775b99-e287-423a-ae87-351ee60db6bc tempest-VolumesActionsTest-547631528 tempest-VolumesActionsTest-547631528-project-member] Matched version: v2 {{(pid=102106) process_request /opt/stack/glance/glance/api/middleware/version_negotiation.py:69}}
Jun 19 02:06:46.237062 np0000003218 devstack@g-api.service[102106]: DEBUG glance.api.middleware.version_negotiation [None req-fd775b99-e287-423a-ae87-351ee60db6bc tempest-VolumesActionsTest-547631528 tempest-VolumesActionsTest-547631528-project-member] new path /v2/schemas/image {{(pid=102106) process_request /opt/stack/glance/glance/api/middleware/version_negotiation.py:70}}
Jun 19 02:06:46.242994 np0000003218 devstack@g-api.service[102106]: [pid: 102106|app: 0|req: 152/448] 127.0.0.1 () {44 vars in 1055 bytes} [Fri Jun 19 02:06:46 2026] GET /v2/schemas/image => generated 6083 bytes in 7 msecs (HTTP/1.1 200) 4 headers in 158 bytes (1 switches on core 0)
Jun 19 02:06:47.085657 np0000003218 devstack@g-api.service[102105]: DEBUG glance.api.middleware.version_negotiation [None req-894f675e-0e78-4028-a359-843dd548d765 tempest-TaggedBootDevicesTest-1697110906 tempest-TaggedBootDevicesTest-1697110906-project-member] Determining version of request: GET /v2/images/5ebfea40-c3cf-444b-9b96-76401ed1575f Accept: application/json {{(pid=102105) process_request /opt/stack/glance/glance/api/middleware/version_negotiation.py:44}}
Jun 19 02:06:47.085950 np0000003218 devstack@g-api.service[102105]: DEBUG glance.api.middleware.version_negotiation [None req-894f675e-0e78-4028-a359-843dd548d765 tempest-TaggedBootDevicesTest-1697110906 tempest-TaggedBootDevicesTest-1697110906-project-member] Using url versioning {{(pid=102105) process_request /opt/stack/glance/glance/api/middleware/version_negotiation.py:57}}
Jun 19 02:06:47.086250 np0000003218 devstack@g-api.service[102105]: DEBUG glance.api.middleware.version_negotiation [None req-894f675e-0e78-4028-a359-843dd548d765 tempest-TaggedBootDevicesTest-1697110906 tempest-TaggedBootDevicesTest-1697110906-project-member] Matched version: v2 {{(pid=102105) process_request /opt/stack/glance/glance/api/middleware/version_negotiation.py:69}}
Jun 19 02:06:47.086431 np0000003218 devstack@g-api.service[102105]: DEBUG glance.api.middleware.version_negotiation [None req-894f675e-0e78-4028-a359-843dd548d765 tempest-TaggedBootDevicesTest-1697110906 tempest-TaggedBootDevicesTest-1697110906-project-member] new path /v2/images/5ebfea40-c3cf-444b-9b96-76401ed1575f {{(pid=102105) process_request /opt/stack/glance/glance/api/middleware/version_negotiation.py:70}}
Jun 19 02:06:47.097247 np0000003218 devstack@g-api.service[102105]: [pid: 102105|app: 0|req: 142/449] 127.0.0.1 () {40 vars in 838 bytes} [Fri Jun 19 02:06:47 2026] GET /v2/images/5ebfea40-c3cf-444b-9b96-76401ed1575f => generated 649 bytes in 12 msecs (HTTP/1.1 200) 4 headers in 157 bytes (1 switches on core 0)
Jun 19 02:06:47.559374 np0000003218 devstack@g-api.service[102107]: DEBUG swiftclient [None req-20b755c1-0258-4df2-8c58-ae839204661e tempest-VolumesActionsTest-547631528 tempest-VolumesActionsTest-547631528-project-member] REQ: curl -i https://10.4.3.182:8080/v1/AUTH_b0fbe02c10fc48bebf52b20ea4896c9a/glance/5ebfea40-c3cf-444b-9b96-76401ed1575f-00002 -X PUT -H "X-Auth-Token: gAAAAABqNKQyXl2K..." {{(pid=102107) http_log /opt/stack/data/venv/lib/python3.12/site-packages/swiftclient/client.py:160}}
Jun 19 02:06:47.559664 np0000003218 devstack@g-api.service[102107]: DEBUG swiftclient [None req-20b755c1-0258-4df2-8c58-ae839204661e tempest-VolumesActionsTest-547631528 tempest-VolumesActionsTest-547631528-project-member] RESP STATUS: 201 Created {{(pid=102107) http_log /opt/stack/data/venv/lib/python3.12/site-packages/swiftclient/client.py:161}}
Jun 19 02:06:47.559664 np0000003218 devstack@g-api.service[102107]: DEBUG swiftclient [None req-20b755c1-0258-4df2-8c58-ae839204661e tempest-VolumesActionsTest-547631528 tempest-VolumesActionsTest-547631528-project-member] RESP HEADERS: {'Date': 'Fri, 19 Jun 2026 02:06:47 GMT', 'Server': 'Apache/2.4.58 (Ubuntu)', 'Content-Type': 'text/html; charset=UTF-8', 'Content-Length': '0', 'Etag': 'eda9a9889837ac4bc81d6387d92c1bec', 'Last-Modified': 'Fri, 19 Jun 2026 02:06:46 GMT', 'X-Trans-Id': 'txba80795682e54cd88b108-006a34a435', 'X-Openstack-Request-Id': 'txba80795682e54cd88b108-006a34a435', 'Connection': 'close'} {{(pid=102107) http_log /opt/stack/data/venv/lib/python3.12/site-packages/swiftclient/client.py:162}}
Jun 19 02:06:47.559880 np0000003218 devstack@g-api.service[102107]: DEBUG glance_store._drivers.swift.store [None req-20b755c1-0258-4df2-8c58-ae839204661e tempest-VolumesActionsTest-547631528 tempest-VolumesActionsTest-547631528-project-member] Wrote chunk 5ebfea40-c3cf-444b-9b96-76401ed1575f-00002 (2/?) of length 204800000 to Swift returning MD5 of content: eda9a9889837ac4bc81d6387d92c1bec {{(pid=102107) add /opt/stack/data/venv/lib/python3.12/site-packages/glance_store/_drivers/swift/store.py:1059}}
Jun 19 02:06:48.113515 np0000003218 devstack@g-api.service[102106]: DEBUG glance.api.middleware.version_negotiation [None req-894f675e-0e78-4028-a359-843dd548d765 tempest-TaggedBootDevicesTest-1697110906 tempest-TaggedBootDevicesTest-1697110906-project-member] Determining version of request: GET /v2/images/5ebfea40-c3cf-444b-9b96-76401ed1575f Accept: application/json {{(pid=102106) process_request /opt/stack/glance/glance/api/middleware/version_negotiation.py:44}}
Jun 19 02:06:48.113515 np0000003218 devstack@g-api.service[102106]: DEBUG glance.api.middleware.version_negotiation [None req-894f675e-0e78-4028-a359-843dd548d765 tempest-TaggedBootDevicesTest-1697110906 tempest-TaggedBootDevicesTest-1697110906-project-member] Using url versioning {{(pid=102106) process_request /opt/stack/glance/glance/api/middleware/version_negotiation.py:57}}
Jun 19 02:06:48.113515 np0000003218 devstack@g-api.service[102106]: DEBUG glance.api.middleware.version_negotiation [None req-894f675e-0e78-4028-a359-843dd548d765 tempest-TaggedBootDevicesTest-1697110906 tempest-TaggedBootDevicesTest-1697110906-project-member] Matched version: v2 {{(pid=102106) process_request /opt/stack/glance/glance/api/middleware/version_negotiation.py:69}}
Jun 19 02:06:48.114845 np0000003218 devstack@g-api.service[102106]: DEBUG glance.api.middleware.version_negotiation [None req-894f675e-0e78-4028-a359-843dd548d765 tempest-TaggedBootDevicesTest-1697110906 tempest-TaggedBootDevicesTest-1697110906-project-member] new path /v2/images/5ebfea40-c3cf-444b-9b96-76401ed1575f {{(pid=102106) process_request /opt/stack/glance/glance/api/middleware/version_negotiation.py:70}}
Jun 19 02:06:48.138126 np0000003218 devstack@g-api.service[102106]: [pid: 102106|app: 0|req: 153/450] 127.0.0.1 () {40 vars in 838 bytes} [Fri Jun 19 02:06:48 2026] GET /v2/images/5ebfea40-c3cf-444b-9b96-76401ed1575f => generated 649 bytes in 26 msecs (HTTP/1.1 200) 4 headers in 157 bytes (1 switches on core 0)
Jun 19 02:06:49.152091 np0000003218 devstack@g-api.service[102105]: DEBUG glance.api.middleware.version_negotiation [None req-4fbe24e3-47fe-48a7-b722-aebec4c4a024 tempest-VolumesActionsTest-547631528 tempest-VolumesActionsTest-547631528-project-member] Determining version of request: GET /v2/images/5ebfea40-c3cf-444b-9b96-76401ed1575f Accept: application/json {{(pid=102105) process_request /opt/stack/glance/glance/api/middleware/version_negotiation.py:44}}
Jun 19 02:06:49.154889 np0000003218 devstack@g-api.service[102105]: DEBUG glance.api.middleware.version_negotiation [None req-4fbe24e3-47fe-48a7-b722-aebec4c4a024 tempest-VolumesActionsTest-547631528 tempest-VolumesActionsTest-547631528-project-member] Using url versioning {{(pid=102105) process_request /opt/stack/glance/glance/api/middleware/version_negotiation.py:57}}
Jun 19 02:06:49.154889 np0000003218 devstack@g-api.service[102105]: DEBUG glance.api.middleware.version_negotiation [None req-4fbe24e3-47fe-48a7-b722-aebec4c4a024 tempest-VolumesActionsTest-547631528 tempest-VolumesActionsTest-547631528-project-member] Matched version: v2 {{(pid=102105) process_request /opt/stack/glance/glance/api/middleware/version_negotiation.py:69}}
Jun 19 02:06:49.154889 np0000003218 devstack@g-api.service[102105]: DEBUG glance.api.middleware.version_negotiation [None req-4fbe24e3-47fe-48a7-b722-aebec4c4a024 tempest-VolumesActionsTest-547631528 tempest-VolumesActionsTest-547631528-project-member] new path /v2/images/5ebfea40-c3cf-444b-9b96-76401ed1575f {{(pid=102105) process_request /opt/stack/glance/glance/api/middleware/version_negotiation.py:70}}
Jun 19 02:06:49.172440 np0000003218 devstack@g-api.service[102105]: [pid: 102105|app: 0|req: 143/451] 127.0.0.1 () {40 vars in 838 bytes} [Fri Jun 19 02:06:49 2026] GET /v2/images/5ebfea40-c3cf-444b-9b96-76401ed1575f => generated 649 bytes in 21 msecs (HTTP/1.1 200) 4 headers in 157 bytes (1 switches on core 0)
Jun 19 02:06:50.173130 np0000003218 devstack@g-api.service[102107]: DEBUG swiftclient [None req-20b755c1-0258-4df2-8c58-ae839204661e tempest-VolumesActionsTest-547631528 tempest-VolumesActionsTest-547631528-project-member] REQ: curl -i https://10.4.3.182:8080/v1/AUTH_b0fbe02c10fc48bebf52b20ea4896c9a/glance/5ebfea40-c3cf-444b-9b96-76401ed1575f-00003 -X PUT -H "X-Auth-Token: gAAAAABqNKQyXl2K..." {{(pid=102107) http_log /opt/stack/data/venv/lib/python3.12/site-packages/swiftclient/client.py:160}}
Jun 19 02:06:50.173130 np0000003218 devstack@g-api.service[102107]: DEBUG swiftclient [None req-20b755c1-0258-4df2-8c58-ae839204661e tempest-VolumesActionsTest-547631528 tempest-VolumesActionsTest-547631528-project-member] RESP STATUS: 201 Created {{(pid=102107) http_log /opt/stack/data/venv/lib/python3.12/site-packages/swiftclient/client.py:161}}
Jun 19 02:06:50.173130 np0000003218 devstack@g-api.service[102107]: DEBUG swiftclient [None req-20b755c1-0258-4df2-8c58-ae839204661e tempest-VolumesActionsTest-547631528 tempest-VolumesActionsTest-547631528-project-member] RESP HEADERS: {'Date': 'Fri, 19 Jun 2026 02:06:50 GMT', 'Server': 'Apache/2.4.58 (Ubuntu)', 'Content-Type': 'text/html; charset=UTF-8', 'Content-Length': '0', 'Etag': 'eda9a9889837ac4bc81d6387d92c1bec', 'Last-Modified': 'Fri, 19 Jun 2026 02:06:48 GMT', 'X-Trans-Id': 'tx64a6712cf8a1495387f0c-006a34a437', 'X-Openstack-Request-Id': 'tx64a6712cf8a1495387f0c-006a34a437', 'Connection': 'close'} {{(pid=102107) http_log /opt/stack/data/venv/lib/python3.12/site-packages/swiftclient/client.py:162}}
Jun 19 02:06:50.173130 np0000003218 devstack@g-api.service[102107]: DEBUG glance_store._drivers.swift.store [None req-20b755c1-0258-4df2-8c58-ae839204661e tempest-VolumesActionsTest-547631528 tempest-VolumesActionsTest-547631528-project-member] Wrote chunk 5ebfea40-c3cf-444b-9b96-76401ed1575f-00003 (3/?) of length 204800000 to Swift returning MD5 of content: eda9a9889837ac4bc81d6387d92c1bec {{(pid=102107) add /opt/stack/data/venv/lib/python3.12/site-packages/glance_store/_drivers/swift/store.py:1059}}
Jun 19 02:06:50.187812 np0000003218 devstack@g-api.service[102106]: DEBUG glance.api.middleware.version_negotiation [None req-ab69e412-9ac8-4b32-a18a-86feb25d9ed5 tempest-VolumesActionsTest-547631528 tempest-VolumesActionsTest-547631528-project-member] Determining version of request: GET /v2/images/5ebfea40-c3cf-444b-9b96-76401ed1575f Accept: application/json {{(pid=102106) process_request /opt/stack/glance/glance/api/middleware/version_negotiation.py:44}}
Jun 19 02:06:50.188140 np0000003218 devstack@g-api.service[102106]: DEBUG glance.api.middleware.version_negotiation [None req-ab69e412-9ac8-4b32-a18a-86feb25d9ed5 tempest-VolumesActionsTest-547631528 tempest-VolumesActionsTest-547631528-project-member] Using url versioning {{(pid=102106) process_request /opt/stack/glance/glance/api/middleware/version_negotiation.py:57}}
Jun 19 02:06:50.188140 np0000003218 devstack@g-api.service[102106]: DEBUG glance.api.middleware.version_negotiation [None req-ab69e412-9ac8-4b32-a18a-86feb25d9ed5 tempest-VolumesActionsTest-547631528 tempest-VolumesActionsTest-547631528-project-member] Matched version: v2 {{(pid=102106) process_request /opt/stack/glance/glance/api/middleware/version_negotiation.py:69}}
Jun 19 02:06:50.188140 np0000003218 devstack@g-api.service[102106]: DEBUG glance.api.middleware.version_negotiation [None req-ab69e412-9ac8-4b32-a18a-86feb25d9ed5 tempest-VolumesActionsTest-547631528 tempest-VolumesActionsTest-547631528-project-member] new path /v2/images/5ebfea40-c3cf-444b-9b96-76401ed1575f {{(pid=102106) process_request /opt/stack/glance/glance/api/middleware/version_negotiation.py:70}}
Jun 19 02:06:50.205740 np0000003218 devstack@g-api.service[102106]: [pid: 102106|app: 0|req: 154/452] 127.0.0.1 () {40 vars in 838 bytes} [Fri Jun 19 02:06:50 2026] GET /v2/images/5ebfea40-c3cf-444b-9b96-76401ed1575f => generated 649 bytes in 15 msecs (HTTP/1.1 200) 4 headers in 157 bytes (1 switches on core 0)
Jun 19 02:06:51.230514 np0000003218 devstack@g-api.service[102105]: DEBUG glance.api.middleware.version_negotiation [None req-d072693c-2dda-49c7-b4a0-7ffbab908ebe tempest-VolumesActionsTest-547631528 tempest-VolumesActionsTest-547631528-project-member] Determining version of request: GET /v2/images/5ebfea40-c3cf-444b-9b96-76401ed1575f Accept: application/json {{(pid=102105) process_request /opt/stack/glance/glance/api/middleware/version_negotiation.py:44}}
Jun 19 02:06:51.230813 np0000003218 devstack@g-api.service[102105]: DEBUG glance.api.middleware.version_negotiation [None req-d072693c-2dda-49c7-b4a0-7ffbab908ebe tempest-VolumesActionsTest-547631528 tempest-VolumesActionsTest-547631528-project-member] Using url versioning {{(pid=102105) process_request /opt/stack/glance/glance/api/middleware/version_negotiation.py:57}}
Jun 19 02:06:51.233812 np0000003218 devstack@g-api.service[102105]: DEBUG glance.api.middleware.version_negotiation [None req-d072693c-2dda-49c7-b4a0-7ffbab908ebe tempest-VolumesActionsTest-547631528 tempest-VolumesActionsTest-547631528-project-member] Matched version: v2 {{(pid=102105) process_request /opt/stack/glance/glance/api/middleware/version_negotiation.py:69}}
Jun 19 02:06:51.233812 np0000003218 devstack@g-api.service[102105]: DEBUG glance.api.middleware.version_negotiation [None req-d072693c-2dda-49c7-b4a0-7ffbab908ebe tempest-VolumesActionsTest-547631528 tempest-VolumesActionsTest-547631528-project-member] new path /v2/images/5ebfea40-c3cf-444b-9b96-76401ed1575f {{(pid=102105) process_request /opt/stack/glance/glance/api/middleware/version_negotiation.py:70}}
Jun 19 02:06:51.281038 np0000003218 devstack@g-api.service[102105]: [pid: 102105|app: 0|req: 144/453] 127.0.0.1 () {40 vars in 838 bytes} [Fri Jun 19 02:06:51 2026] GET /v2/images/5ebfea40-c3cf-444b-9b96-76401ed1575f => generated 649 bytes in 52 msecs (HTTP/1.1 200) 4 headers in 157 bytes (1 switches on core 0)
Jun 19 02:06:52.296615 np0000003218 devstack@g-api.service[102106]: DEBUG glance.api.middleware.version_negotiation [None req-6ede1ea8-0991-442c-b500-63873383bca2 tempest-VolumesActionsTest-547631528 tempest-VolumesActionsTest-547631528-project-member] Determining version of request: GET /v2/images/5ebfea40-c3cf-444b-9b96-76401ed1575f Accept: application/json {{(pid=102106) process_request /opt/stack/glance/glance/api/middleware/version_negotiation.py:44}}
Jun 19 02:06:52.298686 np0000003218 devstack@g-api.service[102106]: DEBUG glance.api.middleware.version_negotiation [None req-6ede1ea8-0991-442c-b500-63873383bca2 tempest-VolumesActionsTest-547631528 tempest-VolumesActionsTest-547631528-project-member] Using url versioning {{(pid=102106) process_request /opt/stack/glance/glance/api/middleware/version_negotiation.py:57}}
Jun 19 02:06:52.298686 np0000003218 devstack@g-api.service[102106]: DEBUG glance.api.middleware.version_negotiation [None req-6ede1ea8-0991-442c-b500-63873383bca2 tempest-VolumesActionsTest-547631528 tempest-VolumesActionsTest-547631528-project-member] Matched version: v2 {{(pid=102106) process_request /opt/stack/glance/glance/api/middleware/version_negotiation.py:69}}
Jun 19 02:06:52.298686 np0000003218 devstack@g-api.service[102106]: DEBUG glance.api.middleware.version_negotiation [None req-6ede1ea8-0991-442c-b500-63873383bca2 tempest-VolumesActionsTest-547631528 tempest-VolumesActionsTest-547631528-project-member] new path /v2/images/5ebfea40-c3cf-444b-9b96-76401ed1575f {{(pid=102106) process_request /opt/stack/glance/glance/api/middleware/version_negotiation.py:70}}
Jun 19 02:06:52.321445 np0000003218 devstack@g-api.service[102106]: [pid: 102106|app: 0|req: 155/454] 127.0.0.1 () {40 vars in 838 bytes} [Fri Jun 19 02:06:52 2026] GET /v2/images/5ebfea40-c3cf-444b-9b96-76401ed1575f => generated 649 bytes in 19 msecs (HTTP/1.1 200) 4 headers in 157 bytes (1 switches on core 0)
Jun 19 02:06:52.676217 np0000003218 devstack@g-api.service[102107]: DEBUG dbcounter [-] [102107] Writing DB stats glance:SELECT=26,glance:UPDATE=1 {{(pid=102107) stat_writer /opt/stack/data/venv/lib/python3.12/site-packages/dbcounter.py:115}}
Jun 19 02:06:53.299550 np0000003218 devstack@g-api.service[102107]: DEBUG swiftclient [None req-20b755c1-0258-4df2-8c58-ae839204661e tempest-VolumesActionsTest-547631528 tempest-VolumesActionsTest-547631528-project-member] REQ: curl -i https://10.4.3.182:8080/v1/AUTH_b0fbe02c10fc48bebf52b20ea4896c9a/glance/5ebfea40-c3cf-444b-9b96-76401ed1575f-00004 -X PUT -H "X-Auth-Token: gAAAAABqNKQyXl2K..." {{(pid=102107) http_log /opt/stack/data/venv/lib/python3.12/site-packages/swiftclient/client.py:160}}
Jun 19 02:06:53.299738 np0000003218 devstack@g-api.service[102107]: DEBUG swiftclient [None req-20b755c1-0258-4df2-8c58-ae839204661e tempest-VolumesActionsTest-547631528 tempest-VolumesActionsTest-547631528-project-member] RESP STATUS: 201 Created {{(pid=102107) http_log /opt/stack/data/venv/lib/python3.12/site-packages/swiftclient/client.py:161}}
