Jun 19 01:57:36.890956 np0000003218 nova-scheduler[95791]: DEBUG cotyledon.oslo_config_glue [-] oslo_limit.collect_timing = False {{(pid=95791) log_opt_values /opt/stack/data/venv/lib/python3.12/site-packages/oslo_config/cfg.py:3253}}
Jun 19 01:57:36.890956 np0000003218 nova-scheduler[95791]: DEBUG cotyledon.oslo_config_glue [-] oslo_limit.connect_retries = None {{(pid=95791) log_opt_values /opt/stack/data/venv/lib/python3.12/site-packages/oslo_config/cfg.py:3253}}
Jun 19 01:57:36.890956 np0000003218 nova-scheduler[95791]: DEBUG cotyledon.oslo_config_glue [-] oslo_limit.connect_retry_delay = None {{(pid=95791) log_opt_values /opt/stack/data/venv/lib/python3.12/site-packages/oslo_config/cfg.py:3253}}
Jun 19 01:57:36.890956 np0000003218 nova-scheduler[95791]: DEBUG cotyledon.oslo_config_glue [-] oslo_limit.endpoint_id = None {{(pid=95791) log_opt_values /opt/stack/data/venv/lib/python3.12/site-packages/oslo_config/cfg.py:3253}}
Jun 19 01:57:36.890956 np0000003218 nova-scheduler[95791]: DEBUG cotyledon.oslo_config_glue [-] oslo_limit.endpoint_interface = public {{(pid=95791) log_opt_values /opt/stack/data/venv/lib/python3.12/site-packages/oslo_config/cfg.py:3253}}
Jun 19 01:57:36.890956 np0000003218 nova-scheduler[95791]: DEBUG cotyledon.oslo_config_glue [-] oslo_limit.endpoint_override = None {{(pid=95791) log_opt_values /opt/stack/data/venv/lib/python3.12/site-packages/oslo_config/cfg.py:3253}}
Jun 19 01:57:36.890956 np0000003218 nova-scheduler[95791]: DEBUG cotyledon.oslo_config_glue [-] oslo_limit.endpoint_region_name = None {{(pid=95791) log_opt_values /opt/stack/data/venv/lib/python3.12/site-packages/oslo_config/cfg.py:3253}}
Jun 19 01:57:36.890956 np0000003218 nova-scheduler[95791]: DEBUG cotyledon.oslo_config_glue [-] oslo_limit.endpoint_service_name = None {{(pid=95791) log_opt_values /opt/stack/data/venv/lib/python3.12/site-packages/oslo_config/cfg.py:3253}}
Jun 19 01:57:36.890956 np0000003218 nova-scheduler[95791]: DEBUG cotyledon.oslo_config_glue [-] oslo_limit.endpoint_service_type = None {{(pid=95791) log_opt_values /opt/stack/data/venv/lib/python3.12/site-packages/oslo_config/cfg.py:3253}}
Jun 19 01:57:36.891146 np0000003218 nova-scheduler[95791]: DEBUG cotyledon.oslo_config_glue [-] oslo_limit.insecure = False {{(pid=95791) log_opt_values /opt/stack/data/venv/lib/python3.12/site-packages/oslo_config/cfg.py:3253}}
Jun 19 01:57:36.891146 np0000003218 nova-scheduler[95791]: DEBUG cotyledon.oslo_config_glue [-] oslo_limit.keyfile = None {{(pid=95791) log_opt_values /opt/stack/data/venv/lib/python3.12/site-packages/oslo_config/cfg.py:3253}}
Jun 19 01:57:36.891146 np0000003218 nova-scheduler[95791]: DEBUG cotyledon.oslo_config_glue [-] oslo_limit.max_version = None {{(pid=95791) log_opt_values /opt/stack/data/venv/lib/python3.12/site-packages/oslo_config/cfg.py:3253}}
Jun 19 01:57:36.891215 np0000003218 nova-scheduler[95787]: INFO nova.service [-] Starting scheduler node (version 33.1.0)
Jun 19 01:57:36.891242 np0000003218 nova-scheduler[95791]: DEBUG cotyledon.oslo_config_glue [-] oslo_limit.min_version = None {{(pid=95791) log_opt_values /opt/stack/data/venv/lib/python3.12/site-packages/oslo_config/cfg.py:3253}}
Jun 19 01:57:36.891242 np0000003218 nova-scheduler[95791]: DEBUG cotyledon.oslo_config_glue [-] oslo_limit.region_name = None {{(pid=95791) log_opt_values /opt/stack/data/venv/lib/python3.12/site-packages/oslo_config/cfg.py:3253}}
Jun 19 01:57:36.891242 np0000003218 nova-scheduler[95791]: DEBUG cotyledon.oslo_config_glue [-] oslo_limit.retriable_status_codes = None {{(pid=95791) log_opt_values /opt/stack/data/venv/lib/python3.12/site-packages/oslo_config/cfg.py:3253}}
Jun 19 01:57:36.891242 np0000003218 nova-scheduler[95791]: DEBUG cotyledon.oslo_config_glue [-] oslo_limit.service_name = None {{(pid=95791) log_opt_values /opt/stack/data/venv/lib/python3.12/site-packages/oslo_config/cfg.py:3253}}
Jun 19 01:57:36.891242 np0000003218 nova-scheduler[95791]: DEBUG cotyledon.oslo_config_glue [-] oslo_limit.service_type = None {{(pid=95791) log_opt_values /opt/stack/data/venv/lib/python3.12/site-packages/oslo_config/cfg.py:3253}}
Jun 19 01:57:36.891242 np0000003218 nova-scheduler[95791]: DEBUG cotyledon.oslo_config_glue [-] oslo_limit.split_loggers = False {{(pid=95791) log_opt_values /opt/stack/data/venv/lib/python3.12/site-packages/oslo_config/cfg.py:3253}}
Jun 19 01:57:36.891242 np0000003218 nova-scheduler[95791]: DEBUG cotyledon.oslo_config_glue [-] oslo_limit.status_code_retries = None {{(pid=95791) log_opt_values /opt/stack/data/venv/lib/python3.12/site-packages/oslo_config/cfg.py:3253}}
Jun 19 01:57:36.891242 np0000003218 nova-scheduler[95791]: DEBUG cotyledon.oslo_config_glue [-] oslo_limit.status_code_retry_delay = None {{(pid=95791) log_opt_values /opt/stack/data/venv/lib/python3.12/site-packages/oslo_config/cfg.py:3253}}
Jun 19 01:57:36.891242 np0000003218 nova-scheduler[95791]: DEBUG cotyledon.oslo_config_glue [-] oslo_limit.timeout = None {{(pid=95791) log_opt_values /opt/stack/data/venv/lib/python3.12/site-packages/oslo_config/cfg.py:3253}}
Jun 19 01:57:36.891424 np0000003218 nova-scheduler[95791]: DEBUG cotyledon.oslo_config_glue [-] oslo_limit.valid_interfaces = None {{(pid=95791) log_opt_values /opt/stack/data/venv/lib/python3.12/site-packages/oslo_config/cfg.py:3253}}
Jun 19 01:57:36.891424 np0000003218 nova-scheduler[95791]: DEBUG cotyledon.oslo_config_glue [-] oslo_limit.version = None {{(pid=95791) log_opt_values /opt/stack/data/venv/lib/python3.12/site-packages/oslo_config/cfg.py:3253}}
Jun 19 01:57:36.891424 np0000003218 nova-scheduler[95791]: DEBUG cotyledon.oslo_config_glue [-] oslo_reports.file_event_handler = None {{(pid=95791) log_opt_values /opt/stack/data/venv/lib/python3.12/site-packages/oslo_config/cfg.py:3253}}
Jun 19 01:57:36.891424 np0000003218 nova-scheduler[95791]: DEBUG cotyledon.oslo_config_glue [-] oslo_reports.file_event_handler_interval = 1 {{(pid=95791) log_opt_values /opt/stack/data/venv/lib/python3.12/site-packages/oslo_config/cfg.py:3253}}
Jun 19 01:57:36.891424 np0000003218 nova-scheduler[95791]: DEBUG cotyledon.oslo_config_glue [-] oslo_reports.log_dir = None {{(pid=95791) log_opt_values /opt/stack/data/venv/lib/python3.12/site-packages/oslo_config/cfg.py:3253}}
Jun 19 01:57:36.891424 np0000003218 nova-scheduler[95791]: DEBUG cotyledon.oslo_config_glue [-] ******************************************************************************** {{(pid=95791) log_opt_values /opt/stack/data/venv/lib/python3.12/site-packages/oslo_config/cfg.py:3260}}
Jun 19 01:57:36.891424 np0000003218 nova-scheduler[95791]: DEBUG cotyledon._service_worker [-] Run service ServiceWrapper(2) [95791] {{(pid=95791) wait_forever /opt/stack/data/venv/lib/python3.12/site-packages/cotyledon/_service_worker.py:218}}
Jun 19 01:57:36.891424 np0000003218 nova-scheduler[95791]: INFO nova.service [-] Starting scheduler node (version 33.1.0)
Jun 19 01:57:36.891576 np0000003218 nova-scheduler[95789]: INFO dbcounter [None req-439614a9-852a-4ee8-a8db-ff42807d3498 None None] Registered counter for database nova_cell0
Jun 19 01:57:36.891604 np0000003218 nova-scheduler[95791]: INFO dbcounter [None req-24630cfa-0226-4764-ba00-2e826f12055d None None] Registered counter for database nova_cell0
Jun 19 01:57:36.891629 np0000003218 nova-scheduler[95787]: INFO dbcounter [None req-59dc087b-6d72-4f63-8fb2-807afd9119b3 None None] Registered counter for database nova_cell0
Jun 19 01:57:36.915757 np0000003218 nova-scheduler[95791]: DEBUG oslo_db.sqlalchemy.engines [None req-24630cfa-0226-4764-ba00-2e826f12055d None None] MySQL server mode set to STRICT_TRANS_TABLES,STRICT_ALL_TABLES,NO_ZERO_IN_DATE,NO_ZERO_DATE,ERROR_FOR_DIVISION_BY_ZERO,TRADITIONAL,NO_ENGINE_SUBSTITUTION {{(pid=95791) _check_effective_sql_mode /opt/stack/data/venv/lib/python3.12/site-packages/oslo_db/sqlalchemy/engines.py:325}}
Jun 19 01:57:36.918623 np0000003218 nova-scheduler[95789]: DEBUG oslo_db.sqlalchemy.engines [None req-439614a9-852a-4ee8-a8db-ff42807d3498 None None] MySQL server mode set to STRICT_TRANS_TABLES,STRICT_ALL_TABLES,NO_ZERO_IN_DATE,NO_ZERO_DATE,ERROR_FOR_DIVISION_BY_ZERO,TRADITIONAL,NO_ENGINE_SUBSTITUTION {{(pid=95789) _check_effective_sql_mode /opt/stack/data/venv/lib/python3.12/site-packages/oslo_db/sqlalchemy/engines.py:325}}
Jun 19 01:57:36.929148 np0000003218 nova-scheduler[95791]: DEBUG dbcounter [-] [95791] Writer thread running {{(pid=95791) stat_writer /opt/stack/data/venv/lib/python3.12/site-packages/dbcounter.py:102}}
Jun 19 01:57:36.934103 np0000003218 nova-scheduler[95789]: DEBUG dbcounter [-] [95789] Writer thread running {{(pid=95789) stat_writer /opt/stack/data/venv/lib/python3.12/site-packages/dbcounter.py:102}}
Jun 19 01:57:36.943744 np0000003218 nova-scheduler[95787]: DEBUG oslo_db.sqlalchemy.engines [None req-59dc087b-6d72-4f63-8fb2-807afd9119b3 None None] MySQL server mode set to STRICT_TRANS_TABLES,STRICT_ALL_TABLES,NO_ZERO_IN_DATE,NO_ZERO_DATE,ERROR_FOR_DIVISION_BY_ZERO,TRADITIONAL,NO_ENGINE_SUBSTITUTION {{(pid=95787) _check_effective_sql_mode /opt/stack/data/venv/lib/python3.12/site-packages/oslo_db/sqlalchemy/engines.py:325}}
Jun 19 01:57:36.954492 np0000003218 nova-scheduler[95787]: DEBUG dbcounter [-] [95787] Writer thread running {{(pid=95787) stat_writer /opt/stack/data/venv/lib/python3.12/site-packages/dbcounter.py:102}}
Jun 19 01:57:36.960853 np0000003218 nova-scheduler[95791]: DEBUG nova.service [None req-24630cfa-0226-4764-ba00-2e826f12055d None None] Creating RPC server for service: nova-scheduler on topic: scheduler {{(pid=95791) start /opt/stack/nova/nova/service.py:196}}
Jun 19 01:57:36.976548 np0000003218 nova-scheduler[95789]: DEBUG nova.service [None req-439614a9-852a-4ee8-a8db-ff42807d3498 None None] Creating RPC server for service: nova-scheduler on topic: scheduler {{(pid=95789) start /opt/stack/nova/nova/service.py:196}}
Jun 19 01:57:36.978974 np0000003218 nova-scheduler[95787]: DEBUG nova.service [None req-59dc087b-6d72-4f63-8fb2-807afd9119b3 None None] Creating RPC server for service: nova-scheduler on topic: scheduler {{(pid=95787) start /opt/stack/nova/nova/service.py:196}}
Jun 19 01:57:36.989265 np0000003218 nova-scheduler[95791]: DEBUG nova.service [None req-24630cfa-0226-4764-ba00-2e826f12055d None None] Join ServiceGroup membership for this service scheduler {{(pid=95791) start /opt/stack/nova/nova/service.py:222}}
Jun 19 01:57:36.989536 np0000003218 nova-scheduler[95791]: DEBUG nova.servicegroup.drivers.db [None req-24630cfa-0226-4764-ba00-2e826f12055d None None] DB_Driver: join new ServiceGroup member np0000003218 to the scheduler group, service = {{(pid=95791) join /opt/stack/nova/nova/servicegroup/drivers/db.py:44}}
Jun 19 01:57:36.997897 np0000003218 nova-scheduler[95789]: DEBUG nova.service [None req-439614a9-852a-4ee8-a8db-ff42807d3498 None None] Join ServiceGroup membership for this service scheduler {{(pid=95789) start /opt/stack/nova/nova/service.py:222}}
Jun 19 01:57:36.998139 np0000003218 nova-scheduler[95789]: DEBUG nova.servicegroup.drivers.db [None req-439614a9-852a-4ee8-a8db-ff42807d3498 None None] DB_Driver: join new ServiceGroup member np0000003218 to the scheduler group, service = {{(pid=95789) join /opt/stack/nova/nova/servicegroup/drivers/db.py:44}}
Jun 19 01:57:37.000220 np0000003218 nova-scheduler[95787]: DEBUG nova.service [None req-59dc087b-6d72-4f63-8fb2-807afd9119b3 None None] Join ServiceGroup membership for this service scheduler {{(pid=95787) start /opt/stack/nova/nova/service.py:222}}
Jun 19 01:57:37.000455 np0000003218 nova-scheduler[95787]: DEBUG nova.servicegroup.drivers.db [None req-59dc087b-6d72-4f63-8fb2-807afd9119b3 None None] DB_Driver: join new ServiceGroup member np0000003218 to the scheduler group, service = {{(pid=95787) join /opt/stack/nova/nova/servicegroup/drivers/db.py:44}}
Jun 19 01:57:42.014820 np0000003218 nova-scheduler[95791]: DEBUG oslo.service.backend._threading.loopingcall [-] Fixed interval looping call 'nova.servicegroup.drivers.db.DbDriver._report_state' sleeping for 119.98 seconds {{(pid=95791) _run_loop /opt/stack/data/venv/lib/python3.12/site-packages/oslo_service/backend/_threading/loopingcall.py:125}}
Jun 19 01:57:42.015687 np0000003218 nova-scheduler[95787]: DEBUG oslo.service.backend._threading.loopingcall [-] Fixed interval looping call 'nova.servicegroup.drivers.db.DbDriver._report_state' sleeping for 119.99 seconds {{(pid=95787) _run_loop /opt/stack/data/venv/lib/python3.12/site-packages/oslo_service/backend/_threading/loopingcall.py:125}}
Jun 19 01:57:42.016518 np0000003218 nova-scheduler[95789]: DEBUG oslo.service.backend._threading.loopingcall [-] Fixed interval looping call 'nova.servicegroup.drivers.db.DbDriver._report_state' sleeping for 119.98 seconds {{(pid=95789) _run_loop /opt/stack/data/venv/lib/python3.12/site-packages/oslo_service/backend/_threading/loopingcall.py:125}}
Jun 19 01:57:45.533825 np0000003218 nova-scheduler[94541]: DEBUG dbcounter [-] [94541] Writing DB stats nova_api:SELECT=3 {{(pid=94541) stat_writer /opt/stack/data/venv/lib/python3.12/site-packages/dbcounter.py:115}}
Jun 19 01:57:45.660679 np0000003218 nova-scheduler[94541]: DEBUG dbcounter [-] [94541] Writing DB stats nova_cell1:SELECT=1 {{(pid=94541) stat_writer /opt/stack/data/venv/lib/python3.12/site-packages/dbcounter.py:115}}
Jun 19 01:57:45.669803 np0000003218 nova-scheduler[94541]: DEBUG dbcounter [-] [94541] Writing DB stats nova_cell0:SELECT=1 {{(pid=94541) stat_writer /opt/stack/data/venv/lib/python3.12/site-packages/dbcounter.py:115}}
Jun 19 01:57:52.001732 np0000003218 nova-scheduler[95791]: DEBUG dbcounter [-] [95791] Writing DB stats nova_cell0:SELECT=4,nova_cell0:INSERT=1,nova_cell0:UPDATE=1 {{(pid=95791) stat_writer /opt/stack/data/venv/lib/python3.12/site-packages/dbcounter.py:115}}
Jun 19 01:57:52.007107 np0000003218 nova-scheduler[95787]: DEBUG dbcounter [-] [95787] Writing DB stats nova_cell0:SELECT=4,nova_cell0:INSERT=1,nova_cell0:UPDATE=1 {{(pid=95787) stat_writer /opt/stack/data/venv/lib/python3.12/site-packages/dbcounter.py:115}}
Jun 19 01:57:52.009602 np0000003218 nova-scheduler[95789]: DEBUG dbcounter [-] [95789] Writing DB stats nova_cell0:SELECT=5,nova_cell0:INSERT=1,nova_cell0:UPDATE=1 {{(pid=95789) stat_writer /opt/stack/data/venv/lib/python3.12/site-packages/dbcounter.py:115}}
Jun 19 01:58:00.000225 np0000003218 nova-scheduler[95789]: DEBUG oslo.service.backend._threading.loopingcall [None req-e8ead172-92ee-49f4-a5bd-a66508b4ba76 None None] Dynamic interval looping call 'nova.service.Service.periodic_tasks' sleeping for 60.00 seconds {{(pid=95789) _run_loop /opt/stack/data/venv/lib/python3.12/site-packages/oslo_service/backend/_threading/loopingcall.py:125}}
Jun 19 01:58:09.002661 np0000003218 nova-scheduler[95787]: DEBUG oslo.service.backend._threading.loopingcall [None req-8dae7b08-3a90-4986-bfa2-f628077934e8 None None] Dynamic interval looping call 'nova.service.Service.periodic_tasks' sleeping for 60.00 seconds {{(pid=95787) _run_loop /opt/stack/data/venv/lib/python3.12/site-packages/oslo_service/backend/_threading/loopingcall.py:125}}
Jun 19 01:58:22.991588 np0000003218 nova-scheduler[95791]: DEBUG oslo.service.backend._threading.loopingcall [None req-c58665b4-31e4-47b9-8311-21dc7ffe9135 None None] Dynamic interval looping call 'nova.service.Service.periodic_tasks' sleeping for 60.00 seconds {{(pid=95791) _run_loop /opt/stack/data/venv/lib/python3.12/site-packages/oslo_service/backend/_threading/loopingcall.py:125}}
Jun 19 01:59:00.000785 np0000003218 nova-scheduler[95789]: DEBUG oslo.service.backend._threading.loopingcall [None req-e8ead172-92ee-49f4-a5bd-a66508b4ba76 None None] Dynamic interval looping call 'nova.service.Service.periodic_tasks' sleeping for 60.00 seconds {{(pid=95789) _run_loop /opt/stack/data/venv/lib/python3.12/site-packages/oslo_service/backend/_threading/loopingcall.py:125}}
Jun 19 01:59:09.003155 np0000003218 nova-scheduler[95787]: DEBUG oslo.service.backend._threading.loopingcall [None req-8dae7b08-3a90-4986-bfa2-f628077934e8 None None] Dynamic interval looping call 'nova.service.Service.periodic_tasks' sleeping for 60.00 seconds {{(pid=95787) _run_loop /opt/stack/data/venv/lib/python3.12/site-packages/oslo_service/backend/_threading/loopingcall.py:125}}
Jun 19 01:59:22.992092 np0000003218 nova-scheduler[95791]: DEBUG oslo.service.backend._threading.loopingcall [None req-c58665b4-31e4-47b9-8311-21dc7ffe9135 None None] Dynamic interval looping call 'nova.service.Service.periodic_tasks' sleeping for 60.00 seconds {{(pid=95791) _run_loop /opt/stack/data/venv/lib/python3.12/site-packages/oslo_service/backend/_threading/loopingcall.py:125}}
Jun 19 01:59:42.004352 np0000003218 nova-scheduler[95791]: DEBUG oslo.service.backend._threading.loopingcall [-] Fixed interval looping call 'nova.servicegroup.drivers.db.DbDriver._report_state' sleeping for 119.99 seconds {{(pid=95791) _run_loop /opt/stack/data/venv/lib/python3.12/site-packages/oslo_service/backend/_threading/loopingcall.py:125}}
Jun 19 01:59:42.005245 np0000003218 nova-scheduler[95789]: DEBUG oslo.service.backend._threading.loopingcall [-] Fixed interval looping call 'nova.servicegroup.drivers.db.DbDriver._report_state' sleeping for 119.99 seconds {{(pid=95789) _run_loop /opt/stack/data/venv/lib/python3.12/site-packages/oslo_service/backend/_threading/loopingcall.py:125}}
Jun 19 01:59:42.009651 np0000003218 nova-scheduler[95787]: DEBUG oslo.service.backend._threading.loopingcall [-] Fixed interval looping call 'nova.servicegroup.drivers.db.DbDriver._report_state' sleeping for 120.00 seconds {{(pid=95787) _run_loop /opt/stack/data/venv/lib/python3.12/site-packages/oslo_service/backend/_threading/loopingcall.py:125}}
Jun 19 01:59:51.998955 np0000003218 nova-scheduler[95791]: DEBUG dbcounter [-] [95791] Writing DB stats nova_cell0:SELECT=1,nova_cell0:UPDATE=1 {{(pid=95791) stat_writer /opt/stack/data/venv/lib/python3.12/site-packages/dbcounter.py:115}}
Jun 19 01:59:52.000296 np0000003218 nova-scheduler[95789]: DEBUG dbcounter [-] [95789] Writing DB stats nova_cell0:SELECT=1,nova_cell0:UPDATE=1 {{(pid=95789) stat_writer /opt/stack/data/venv/lib/python3.12/site-packages/dbcounter.py:115}}
Jun 19 01:59:52.007795 np0000003218 nova-scheduler[95787]: DEBUG dbcounter [-] [95787] Writing DB stats nova_cell0:SELECT=1 {{(pid=95787) stat_writer /opt/stack/data/venv/lib/python3.12/site-packages/dbcounter.py:115}}
Jun 19 02:00:00.001540 np0000003218 nova-scheduler[95789]: DEBUG oslo.service.backend._threading.loopingcall [None req-e8ead172-92ee-49f4-a5bd-a66508b4ba76 None None] Dynamic interval looping call 'nova.service.Service.periodic_tasks' sleeping for 60.00 seconds {{(pid=95789) _run_loop /opt/stack/data/venv/lib/python3.12/site-packages/oslo_service/backend/_threading/loopingcall.py:125}}
Jun 19 02:00:09.003607 np0000003218 nova-scheduler[95787]: DEBUG oslo.service.backend._threading.loopingcall [None req-8dae7b08-3a90-4986-bfa2-f628077934e8 None None] Dynamic interval looping call 'nova.service.Service.periodic_tasks' sleeping for 60.00 seconds {{(pid=95787) _run_loop /opt/stack/data/venv/lib/python3.12/site-packages/oslo_service/backend/_threading/loopingcall.py:125}}
Jun 19 02:00:17.091518 np0000003218 nova-scheduler[95791]: DEBUG nova.scheduler.manager [None req-53293735-ea2e-40fd-b261-d87eb585ace9 tempest-ServerBootFromVolumeStableRescueTest-1954558268 tempest-ServerBootFromVolumeStableRescueTest-1954558268-project-member] Starting to schedule for instances: ['d5d647ed-9860-402d-adb4-b131b6cc2136'] {{(pid=95791) select_destinations /opt/stack/nova/nova/scheduler/manager.py:210}}
Jun 19 02:00:17.092749 np0000003218 nova-scheduler[95791]: DEBUG nova.scheduler.request_filter [None req-53293735-ea2e-40fd-b261-d87eb585ace9 tempest-ServerBootFromVolumeStableRescueTest-1954558268 tempest-ServerBootFromVolumeStableRescueTest-1954558268-project-member] compute_status_filter request filter added forbidden trait COMPUTE_STATUS_DISABLED {{(pid=95791) compute_status_filter /opt/stack/nova/nova/scheduler/request_filter.py:253}}
Jun 19 02:00:17.092749 np0000003218 nova-scheduler[95791]: DEBUG nova.scheduler.request_filter [None req-53293735-ea2e-40fd-b261-d87eb585ace9 tempest-ServerBootFromVolumeStableRescueTest-1954558268 tempest-ServerBootFromVolumeStableRescueTest-1954558268-project-member] Request filter 'compute_status_filter' took 0.0 seconds {{(pid=95791) wrapper /opt/stack/nova/nova/scheduler/request_filter.py:46}}
Jun 19 02:00:17.092749 np0000003218 nova-scheduler[95791]: DEBUG nova.scheduler.request_filter [None req-53293735-ea2e-40fd-b261-d87eb585ace9 tempest-ServerBootFromVolumeStableRescueTest-1954558268 tempest-ServerBootFromVolumeStableRescueTest-1954558268-project-member] Request filter 'accelerators_filter' took 0.0 seconds {{(pid=95791) wrapper /opt/stack/nova/nova/scheduler/request_filter.py:46}}
Jun 19 02:00:17.093206 np0000003218 nova-scheduler[95791]: DEBUG nova.scheduler.request_filter [None req-53293735-ea2e-40fd-b261-d87eb585ace9 tempest-ServerBootFromVolumeStableRescueTest-1954558268 tempest-ServerBootFromVolumeStableRescueTest-1954558268-project-member] Request filter 'packed_virtqueue_filter' took 0.0 seconds {{(pid=95791) wrapper /opt/stack/nova/nova/scheduler/request_filter.py:46}}
Jun 19 02:00:17.093395 np0000003218 nova-scheduler[95791]: DEBUG nova.scheduler.request_filter [None req-53293735-ea2e-40fd-b261-d87eb585ace9 tempest-ServerBootFromVolumeStableRescueTest-1954558268 tempest-ServerBootFromVolumeStableRescueTest-1954558268-project-member] Request filter 'remote_managed_ports_filter' took 0.0 seconds {{(pid=95791) wrapper /opt/stack/nova/nova/scheduler/request_filter.py:46}}
Jun 19 02:00:17.093838 np0000003218 nova-scheduler[95791]: DEBUG nova.scheduler.request_filter [None req-53293735-ea2e-40fd-b261-d87eb585ace9 tempest-ServerBootFromVolumeStableRescueTest-1954558268 tempest-ServerBootFromVolumeStableRescueTest-1954558268-project-member] ephemeral_encryption_filter skipped {{(pid=95791) ephemeral_encryption_filter /opt/stack/nova/nova/scheduler/request_filter.py:426}}
Jun 19 02:00:17.094018 np0000003218 nova-scheduler[95791]: DEBUG nova.scheduler.request_filter [None req-53293735-ea2e-40fd-b261-d87eb585ace9 tempest-ServerBootFromVolumeStableRescueTest-1954558268 tempest-ServerBootFromVolumeStableRescueTest-1954558268-project-member] virtio_sound_filter skipped {{(pid=95791) virtio_sound_filter /opt/stack/nova/nova/scheduler/request_filter.py:460}}
Jun 19 02:00:17.094194 np0000003218 nova-scheduler[95791]: DEBUG nova.scheduler.request_filter [None req-53293735-ea2e-40fd-b261-d87eb585ace9 tempest-ServerBootFromVolumeStableRescueTest-1954558268 tempest-ServerBootFromVolumeStableRescueTest-1954558268-project-member] tpm_secret_security_filter skipped {{(pid=95791) tpm_secret_security_filter /opt/stack/nova/nova/scheduler/request_filter.py:477}}
Jun 19 02:00:17.394767 np0000003218 nova-scheduler[95789]: DEBUG nova.scheduler.manager [None req-0e3bb74d-1b9a-495e-aefa-bcc765da8504 tempest-DeleteServersTestJSON-1542817869 tempest-DeleteServersTestJSON-1542817869-project-member] Starting to schedule for instances: ['99946eca-990b-487b-8c61-4fc99c870240'] {{(pid=95789) select_destinations /opt/stack/nova/nova/scheduler/manager.py:210}}
Jun 19 02:00:17.395658 np0000003218 nova-scheduler[95789]: DEBUG nova.scheduler.request_filter [None req-0e3bb74d-1b9a-495e-aefa-bcc765da8504 tempest-DeleteServersTestJSON-1542817869 tempest-DeleteServersTestJSON-1542817869-project-member] compute_status_filter request filter added forbidden trait COMPUTE_STATUS_DISABLED {{(pid=95789) compute_status_filter /opt/stack/nova/nova/scheduler/request_filter.py:253}}
Jun 19 02:00:17.395658 np0000003218 nova-scheduler[95789]: DEBUG nova.scheduler.request_filter [None req-0e3bb74d-1b9a-495e-aefa-bcc765da8504 tempest-DeleteServersTestJSON-1542817869 tempest-DeleteServersTestJSON-1542817869-project-member] Request filter 'compute_status_filter' took 0.0 seconds {{(pid=95789) wrapper /opt/stack/nova/nova/scheduler/request_filter.py:46}}
Jun 19 02:00:17.397096 np0000003218 nova-scheduler[95789]: DEBUG nova.scheduler.request_filter [None req-0e3bb74d-1b9a-495e-aefa-bcc765da8504 tempest-DeleteServersTestJSON-1542817869 tempest-DeleteServersTestJSON-1542817869-project-member] Request filter 'accelerators_filter' took 0.0 seconds {{(pid=95789) wrapper /opt/stack/nova/nova/scheduler/request_filter.py:46}}
Jun 19 02:00:17.397096 np0000003218 nova-scheduler[95789]: DEBUG nova.scheduler.request_filter [None req-0e3bb74d-1b9a-495e-aefa-bcc765da8504 tempest-DeleteServersTestJSON-1542817869 tempest-DeleteServersTestJSON-1542817869-project-member] Request filter 'packed_virtqueue_filter' took 0.0 seconds {{(pid=95789) wrapper /opt/stack/nova/nova/scheduler/request_filter.py:46}}
Jun 19 02:00:17.397096 np0000003218 nova-scheduler[95789]: DEBUG nova.scheduler.request_filter [None req-0e3bb74d-1b9a-495e-aefa-bcc765da8504 tempest-DeleteServersTestJSON-1542817869 tempest-DeleteServersTestJSON-1542817869-project-member] Request filter 'remote_managed_ports_filter' took 0.0 seconds {{(pid=95789) wrapper /opt/stack/nova/nova/scheduler/request_filter.py:46}}
Jun 19 02:00:17.397096 np0000003218 nova-scheduler[95789]: DEBUG nova.scheduler.request_filter [None req-0e3bb74d-1b9a-495e-aefa-bcc765da8504 tempest-DeleteServersTestJSON-1542817869 tempest-DeleteServersTestJSON-1542817869-project-member] ephemeral_encryption_filter skipped {{(pid=95789) ephemeral_encryption_filter /opt/stack/nova/nova/scheduler/request_filter.py:426}}
Jun 19 02:00:17.397096 np0000003218 nova-scheduler[95789]: DEBUG nova.scheduler.request_filter [None req-0e3bb74d-1b9a-495e-aefa-bcc765da8504 tempest-DeleteServersTestJSON-1542817869 tempest-DeleteServersTestJSON-1542817869-project-member] virtio_sound_filter skipped {{(pid=95789) virtio_sound_filter /opt/stack/nova/nova/scheduler/request_filter.py:460}}
Jun 19 02:00:17.398060 np0000003218 nova-scheduler[95789]: DEBUG nova.scheduler.request_filter [None req-0e3bb74d-1b9a-495e-aefa-bcc765da8504 tempest-DeleteServersTestJSON-1542817869 tempest-DeleteServersTestJSON-1542817869-project-member] tpm_secret_security_filter skipped {{(pid=95789) tpm_secret_security_filter /opt/stack/nova/nova/scheduler/request_filter.py:477}}
Jun 19 02:00:17.484595 np0000003218 nova-scheduler[95787]: DEBUG nova.scheduler.manager [None req-cd883986-f934-4dc0-ae7c-c413c9841eac tempest-ServerRescueNegativeTestJSON-184517510 tempest-ServerRescueNegativeTestJSON-184517510-project-member] Starting to schedule for instances: ['ec74002a-d5c0-4ddf-b612-8c8c0d0d4971'] {{(pid=95787) select_destinations /opt/stack/nova/nova/scheduler/manager.py:210}}
Jun 19 02:00:17.491476 np0000003218 nova-scheduler[95787]: DEBUG nova.scheduler.request_filter [None req-cd883986-f934-4dc0-ae7c-c413c9841eac tempest-ServerRescueNegativeTestJSON-184517510 tempest-ServerRescueNegativeTestJSON-184517510-project-member] compute_status_filter request filter added forbidden trait COMPUTE_STATUS_DISABLED {{(pid=95787) compute_status_filter /opt/stack/nova/nova/scheduler/request_filter.py:253}}
Jun 19 02:00:17.491476 np0000003218 nova-scheduler[95787]: DEBUG nova.scheduler.request_filter [None req-cd883986-f934-4dc0-ae7c-c413c9841eac tempest-ServerRescueNegativeTestJSON-184517510 tempest-ServerRescueNegativeTestJSON-184517510-project-member] Request filter 'compute_status_filter' took 0.0 seconds {{(pid=95787) wrapper /opt/stack/nova/nova/scheduler/request_filter.py:46}}
Jun 19 02:00:17.491476 np0000003218 nova-scheduler[95787]: DEBUG nova.scheduler.request_filter [None req-cd883986-f934-4dc0-ae7c-c413c9841eac tempest-ServerRescueNegativeTestJSON-184517510 tempest-ServerRescueNegativeTestJSON-184517510-project-member] Request filter 'accelerators_filter' took 0.0 seconds {{(pid=95787) wrapper /opt/stack/nova/nova/scheduler/request_filter.py:46}}
Jun 19 02:00:17.491476 np0000003218 nova-scheduler[95787]: DEBUG nova.scheduler.request_filter [None req-cd883986-f934-4dc0-ae7c-c413c9841eac tempest-ServerRescueNegativeTestJSON-184517510 tempest-ServerRescueNegativeTestJSON-184517510-project-member] Request filter 'packed_virtqueue_filter' took 0.0 seconds {{(pid=95787) wrapper /opt/stack/nova/nova/scheduler/request_filter.py:46}}
Jun 19 02:00:17.491476 np0000003218 nova-scheduler[95787]: DEBUG nova.scheduler.request_filter [None req-cd883986-f934-4dc0-ae7c-c413c9841eac tempest-ServerRescueNegativeTestJSON-184517510 tempest-ServerRescueNegativeTestJSON-184517510-project-member] Request filter 'remote_managed_ports_filter' took 0.0 seconds {{(pid=95787) wrapper /opt/stack/nova/nova/scheduler/request_filter.py:46}}
Jun 19 02:00:17.491838 np0000003218 nova-scheduler[95787]: DEBUG nova.scheduler.request_filter [None req-cd883986-f934-4dc0-ae7c-c413c9841eac tempest-ServerRescueNegativeTestJSON-184517510 tempest-ServerRescueNegativeTestJSON-184517510-project-member] ephemeral_encryption_filter skipped {{(pid=95787) ephemeral_encryption_filter /opt/stack/nova/nova/scheduler/request_filter.py:426}}
Jun 19 02:00:17.491838 np0000003218 nova-scheduler[95787]: DEBUG nova.scheduler.request_filter [None req-cd883986-f934-4dc0-ae7c-c413c9841eac tempest-ServerRescueNegativeTestJSON-184517510 tempest-ServerRescueNegativeTestJSON-184517510-project-member] virtio_sound_filter skipped {{(pid=95787) virtio_sound_filter /opt/stack/nova/nova/scheduler/request_filter.py:460}}
Jun 19 02:00:17.491838 np0000003218 nova-scheduler[95787]: DEBUG nova.scheduler.request_filter [None req-cd883986-f934-4dc0-ae7c-c413c9841eac tempest-ServerRescueNegativeTestJSON-184517510 tempest-ServerRescueNegativeTestJSON-184517510-project-member] tpm_secret_security_filter skipped {{(pid=95787) tpm_secret_security_filter /opt/stack/nova/nova/scheduler/request_filter.py:477}}
Jun 19 02:00:17.774887 np0000003218 nova-scheduler[95791]: INFO nova.utils [None req-53293735-ea2e-40fd-b261-d87eb585ace9 tempest-ServerBootFromVolumeStableRescueTest-1954558268 tempest-ServerBootFromVolumeStableRescueTest-1954558268-project-member] The cell worker thread pool ForkProcess-3.cell_worker is initialized
Jun 19 02:00:17.775309 np0000003218 nova-scheduler[95791]: DEBUG oslo_concurrency.lockutils [None req-53293735-ea2e-40fd-b261-d87eb585ace9 tempest-ServerBootFromVolumeStableRescueTest-1954558268 tempest-ServerBootFromVolumeStableRescueTest-1954558268-project-member] Acquiring lock "33d8bbf7-ad13-430d-b7be-3f7e8def6893" by "nova.context.set_target_cell..get_or_set_cached_cell_and_set_connections" {{(pid=95791) inner /opt/stack/data/venv/lib/python3.12/site-packages/oslo_concurrency/lockutils.py:511}}
Jun 19 02:00:17.775497 np0000003218 nova-scheduler[95791]: DEBUG oslo_concurrency.lockutils [None req-53293735-ea2e-40fd-b261-d87eb585ace9 tempest-ServerBootFromVolumeStableRescueTest-1954558268 tempest-ServerBootFromVolumeStableRescueTest-1954558268-project-member] Lock "33d8bbf7-ad13-430d-b7be-3f7e8def6893" acquired by "nova.context.set_target_cell..get_or_set_cached_cell_and_set_connections" :: waited 0.000s {{(pid=95791) inner /opt/stack/data/venv/lib/python3.12/site-packages/oslo_concurrency/lockutils.py:524}}
Jun 19 02:00:17.777125 np0000003218 nova-scheduler[95791]: DEBUG oslo_concurrency.lockutils [None req-53293735-ea2e-40fd-b261-d87eb585ace9 tempest-ServerBootFromVolumeStableRescueTest-1954558268 tempest-ServerBootFromVolumeStableRescueTest-1954558268-project-member] Lock "33d8bbf7-ad13-430d-b7be-3f7e8def6893" "released" by "nova.context.set_target_cell..get_or_set_cached_cell_and_set_connections" :: held 0.001s {{(pid=95791) inner /opt/stack/data/venv/lib/python3.12/site-packages/oslo_concurrency/lockutils.py:543}}
Jun 19 02:00:17.781657 np0000003218 nova-scheduler[95791]: INFO dbcounter [None req-53293735-ea2e-40fd-b261-d87eb585ace9 tempest-ServerBootFromVolumeStableRescueTest-1954558268 tempest-ServerBootFromVolumeStableRescueTest-1954558268-project-member] Registered counter for database nova_cell1
Jun 19 02:00:17.839533 np0000003218 nova-scheduler[95791]: DEBUG oslo_db.sqlalchemy.engines [None req-53293735-ea2e-40fd-b261-d87eb585ace9 tempest-ServerBootFromVolumeStableRescueTest-1954558268 tempest-ServerBootFromVolumeStableRescueTest-1954558268-project-member] MySQL server mode set to STRICT_TRANS_TABLES,STRICT_ALL_TABLES,NO_ZERO_IN_DATE,NO_ZERO_DATE,ERROR_FOR_DIVISION_BY_ZERO,TRADITIONAL,NO_ENGINE_SUBSTITUTION {{(pid=95791) _check_effective_sql_mode /opt/stack/data/venv/lib/python3.12/site-packages/oslo_db/sqlalchemy/engines.py:325}}
Jun 19 02:00:17.849770 np0000003218 nova-scheduler[95791]: DEBUG dbcounter [-] [95791] Writer thread running {{(pid=95791) stat_writer /opt/stack/data/venv/lib/python3.12/site-packages/dbcounter.py:102}}
Jun 19 02:00:17.860609 np0000003218 nova-scheduler[95791]: DEBUG oslo_db.sqlalchemy.engines [None req-53293735-ea2e-40fd-b261-d87eb585ace9 tempest-ServerBootFromVolumeStableRescueTest-1954558268 tempest-ServerBootFromVolumeStableRescueTest-1954558268-project-member] Parent process 94541 forked (95791) with an open database connection, which is being discarded and recreated. {{(pid=95791) checkout /opt/stack/data/venv/lib/python3.12/site-packages/oslo_db/sqlalchemy/engines.py:402}}
Jun 19 02:00:17.904444 np0000003218 nova-scheduler[95789]: INFO nova.utils [None req-0e3bb74d-1b9a-495e-aefa-bcc765da8504 tempest-DeleteServersTestJSON-1542817869 tempest-DeleteServersTestJSON-1542817869-project-member] The cell worker thread pool ForkProcess-2.cell_worker is initialized
Jun 19 02:00:17.904444 np0000003218 nova-scheduler[95789]: DEBUG oslo_concurrency.lockutils [None req-0e3bb74d-1b9a-495e-aefa-bcc765da8504 tempest-DeleteServersTestJSON-1542817869 tempest-DeleteServersTestJSON-1542817869-project-member] Acquiring lock "33d8bbf7-ad13-430d-b7be-3f7e8def6893" by "nova.context.set_target_cell..get_or_set_cached_cell_and_set_connections" {{(pid=95789) inner /opt/stack/data/venv/lib/python3.12/site-packages/oslo_concurrency/lockutils.py:511}}
Jun 19 02:00:17.904444 np0000003218 nova-scheduler[95789]: DEBUG oslo_concurrency.lockutils [None req-0e3bb74d-1b9a-495e-aefa-bcc765da8504 tempest-DeleteServersTestJSON-1542817869 tempest-DeleteServersTestJSON-1542817869-project-member] Lock "33d8bbf7-ad13-430d-b7be-3f7e8def6893" acquired by "nova.context.set_target_cell..get_or_set_cached_cell_and_set_connections" :: waited 0.000s {{(pid=95789) inner /opt/stack/data/venv/lib/python3.12/site-packages/oslo_concurrency/lockutils.py:524}}
Jun 19 02:00:17.904444 np0000003218 nova-scheduler[95789]: DEBUG oslo_concurrency.lockutils [None req-0e3bb74d-1b9a-495e-aefa-bcc765da8504 tempest-DeleteServersTestJSON-1542817869 tempest-DeleteServersTestJSON-1542817869-project-member] Lock "33d8bbf7-ad13-430d-b7be-3f7e8def6893" "released" by "nova.context.set_target_cell..get_or_set_cached_cell_and_set_connections" :: held 0.004s {{(pid=95789) inner /opt/stack/data/venv/lib/python3.12/site-packages/oslo_concurrency/lockutils.py:543}}
Jun 19 02:00:17.907985 np0000003218 nova-scheduler[95789]: INFO dbcounter [None req-0e3bb74d-1b9a-495e-aefa-bcc765da8504 tempest-DeleteServersTestJSON-1542817869 tempest-DeleteServersTestJSON-1542817869-project-member] Registered counter for database nova_cell1
Jun 19 02:00:17.915206 np0000003218 nova-scheduler[95791]: DEBUG dbcounter [-] [95791] Writer thread running {{(pid=95791) stat_writer /opt/stack/data/venv/lib/python3.12/site-packages/dbcounter.py:102}}
Jun 19 02:00:17.918626 np0000003218 nova-scheduler[95791]: DEBUG oslo_concurrency.lockutils [None req-53293735-ea2e-40fd-b261-d87eb585ace9 tempest-ServerBootFromVolumeStableRescueTest-1954558268 tempest-ServerBootFromVolumeStableRescueTest-1954558268-project-member] Acquiring lock "33d8bbf7-ad13-430d-b7be-3f7e8def6893" by "nova.context.set_target_cell..get_or_set_cached_cell_and_set_connections" {{(pid=95791) inner /opt/stack/data/venv/lib/python3.12/site-packages/oslo_concurrency/lockutils.py:511}}
Jun 19 02:00:17.918626 np0000003218 nova-scheduler[95791]: DEBUG oslo_concurrency.lockutils [None req-53293735-ea2e-40fd-b261-d87eb585ace9 tempest-ServerBootFromVolumeStableRescueTest-1954558268 tempest-ServerBootFromVolumeStableRescueTest-1954558268-project-member] Lock "33d8bbf7-ad13-430d-b7be-3f7e8def6893" acquired by "nova.context.set_target_cell..get_or_set_cached_cell_and_set_connections" :: waited 0.000s {{(pid=95791) inner /opt/stack/data/venv/lib/python3.12/site-packages/oslo_concurrency/lockutils.py:524}}
Jun 19 02:00:17.918626 np0000003218 nova-scheduler[95791]: DEBUG oslo_concurrency.lockutils [None req-53293735-ea2e-40fd-b261-d87eb585ace9 tempest-ServerBootFromVolumeStableRescueTest-1954558268 tempest-ServerBootFromVolumeStableRescueTest-1954558268-project-member] Lock "33d8bbf7-ad13-430d-b7be-3f7e8def6893" "released" by "nova.context.set_target_cell..get_or_set_cached_cell_and_set_connections" :: held 0.000s {{(pid=95791) inner /opt/stack/data/venv/lib/python3.12/site-packages/oslo_concurrency/lockutils.py:543}}
Jun 19 02:00:17.921974 np0000003218 nova-scheduler[95791]: DEBUG oslo_concurrency.lockutils [None req-53293735-ea2e-40fd-b261-d87eb585ace9 tempest-ServerBootFromVolumeStableRescueTest-1954558268 tempest-ServerBootFromVolumeStableRescueTest-1954558268-project-member] Acquiring lock "('np0000003218', 'np0000003218')" by "nova.scheduler.host_manager.HostState.update.._locked_update" {{(pid=95791) inner /opt/stack/data/venv/lib/python3.12/site-packages/oslo_concurrency/lockutils.py:511}}
Jun 19 02:00:17.921974 np0000003218 nova-scheduler[95791]: DEBUG oslo_concurrency.lockutils [None req-53293735-ea2e-40fd-b261-d87eb585ace9 tempest-ServerBootFromVolumeStableRescueTest-1954558268 tempest-ServerBootFromVolumeStableRescueTest-1954558268-project-member] Lock "('np0000003218', 'np0000003218')" acquired by "nova.scheduler.host_manager.HostState.update.._locked_update" :: waited 0.000s {{(pid=95791) inner /opt/stack/data/venv/lib/python3.12/site-packages/oslo_concurrency/lockutils.py:524}}
Jun 19 02:00:17.923258 np0000003218 nova-scheduler[95791]: DEBUG nova.scheduler.host_manager [None req-53293735-ea2e-40fd-b261-d87eb585ace9 tempest-ServerBootFromVolumeStableRescueTest-1954558268 tempest-ServerBootFromVolumeStableRescueTest-1954558268-project-member] Update host state from compute node: ComputeNode(cpu_allocation_ratio=4.0,cpu_info='{"arch": "x86_64", "model": "EPYC-Milan", "vendor": "AMD", "topology": {"cells": 1, "sockets": 12, "cores": 1, "threads": 1}, "maxphysaddr": {"mode": "emulate", "bits": 40}, "features": ["wbnoinvd", "mds-no", "skip-l1dfl-vmentry", "flushbyasid", "clflush", "spec-ctrl", "pse36", "fxsr_opt", "cmov", "lm", "xsave", "arch-capabilities", "pfthreshold", "rdseed", "tsc", "null-sel-clr-base", "rdctl-no", "virt-ssbd", "pschange-mc-no", "lbrv", "lahf_lm", "vgif", "clflushopt", "avx", "msr", "npt", "ssse3", "pclmuldq", "fpu", "cr8legacy", "xsaveerptr", "amd-stibp", "v-vmsave-vmload", "avx2", "pae", "no-nested-data-bp", "bmi1", "erms", "svm", "gds-no", "adx", "abm", "hypervisor", "sep", "sse4a", "cmp_legacy", "sse4.1", "tsc_adjust", "pcid", "xsaveopt", "xsaves", "popcnt", "rdpid", "xsavec", "mmxext", "fma", "pause-filter", "clzero", "pdpe1gb", "xgetbv1", "pni", "apic", "nx", "rdtscp", "x2apic", "svme-addr-chk", "lfence-always-serializing", "clwb", "fsrm", "smap", "rdrand", "sse2", "mca", "mce", "tsc-deadline", "fxsr", "arat", "fsgsbase", "sse", "vmcb-clean", "amd-psfd", "smep", "pge", "ibrs", "sse4.2", "bmi2", "syscall", "osvw", "invpcid", "stibp-always-on", "tsc-scale", "misalignsse", "mtrr", "stibp", "vme", "de", "umip", "f16c", "pse", "ssbd", "nrip-save", "vpclmulqdq", "cx8", "movbe", "3dnowprefetch", "perfctr_core", "pku", "amd-ssbd", "aes", "ibpb", "vaes", "cx16", "mmx", "pat", "topoext", "sha-ni"]}',created_at=2026-06-19T01:58:02Z,current_workload=0,deleted=False,deleted_at=None,disk_allocation_ratio=1.0,disk_available_least=74,free_disk_gb=95,free_ram_mb=23518,host='np0000003218',host_ip=10.4.3.182,hypervisor_hostname='np0000003218',hypervisor_type='QEMU',hypervisor_version=8002002,id=1,local_gb=95,local_gb_used=0,mapped=1,memory_mb=24030,memory_mb_used=512,metrics='[]',numa_topology='{"nova_object.name": "NUMATopology", "nova_object.namespace": "nova", "nova_object.version": "1.2", "nova_object.data": {"cells": [{"nova_object.name": "NUMACell", "nova_object.namespace": "nova", "nova_object.version": "1.5", "nova_object.data": {"id": 0, "cpuset": [0, 1, 2, 3, 4, 5, 6, 7, 8, 9, 10, 11], "pcpuset": [0, 1, 2, 3, 4, 5, 6, 7, 8, 9, 10, 11], "memory": 24030, "cpu_usage": 0, "memory_usage": 0, "pinned_cpus": [], "siblings": [[6], [2], [5], [11], [8], [4], [1], [7], [10], [0], [3], [9]], "mempages": [{"nova_object.name": "NUMAPagesTopology", "nova_object.namespace": "nova", "nova_object.version": "1.1", "nova_object.data": {"size_kb": 4, "total": 6151797, "used": 0, "reserved": 0}, "nova_object.changes": ["reserved", "total", "used", "size_kb"]}, {"nova_object.name": "NUMAPagesTopology", "nova_object.namespace": "nova", "nova_object.version": "1.1", "nova_object.data": {"size_kb": 2048, "total": 0, "used": 0, "reserved": 0}, "nova_object.changes": ["reserved", "total", "used", "size_kb"]}, {"nova_object.name": "NUMAPagesTopology", "nova_object.namespace": "nova", "nova_object.version": "1.1", "nova_object.data": {"size_kb": 1048576, "total": 0, "used": 0, "reserved": 0}, "nova_object.changes": ["reserved", "total", "used", "size_kb"]}], "network_metadata": {"nova_object.name": "NetworkMetadata", "nova_object.namespace": "nova", "nova_object.version": "1.0", "nova_object.data": {"physnets": [], "tunneled": false}, "nova_object.changes": ["physnets", "tunneled"]}, "socket": null}, "nova_object.changes": ["cpu_usage", "socket", "network_metadata", "pcpuset", "siblings", "memory", "pinned_cpus", "mempages", "id", "cpuset", "memory_usage"]}]}, "nova_object.changes": ["cells"]}',pci_device_pools=PciDevicePoolList,ram_allocation_ratio=1.0,running_vms=0,service_id=4,stats={failed_builds='0',uptime=' 01:59:47 up 24 min, 2 users, load average: 1.11, 1.37, 0.83
Jun 19 02:00:17.923258 np0000003218 nova-scheduler[95791]: '},supported_hv_specs=[HVSpec,HVSpec,HVSpec,HVSpec,HVSpec,HVSpec,HVSpec,HVSpec,HVSpec,HVSpec,HVSpec,HVSpec,HVSpec,HVSpec,HVSpec,HVSpec,HVSpec,HVSpec,HVSpec,HVSpec,HVSpec,HVSpec,HVSpec,HVSpec,HVSpec],updated_at=2026-06-19T01:59:49Z,uuid=6d05956c-9daf-44de-86c6-325671467887,vcpus=12,vcpus_used=0) {{(pid=95791) _locked_update /opt/stack/nova/nova/scheduler/host_manager.py:168}}
Jun 19 02:00:17.923657 np0000003218 nova-scheduler[95791]: DEBUG nova.scheduler.host_manager [None req-53293735-ea2e-40fd-b261-d87eb585ace9 tempest-ServerBootFromVolumeStableRescueTest-1954558268 tempest-ServerBootFromVolumeStableRescueTest-1954558268-project-member] Update host state with aggregates: [] {{(pid=95791) _locked_update /opt/stack/nova/nova/scheduler/host_manager.py:171}}
Jun 19 02:00:17.923965 np0000003218 nova-scheduler[95791]: DEBUG nova.scheduler.host_manager [None req-53293735-ea2e-40fd-b261-d87eb585ace9 tempest-ServerBootFromVolumeStableRescueTest-1954558268 tempest-ServerBootFromVolumeStableRescueTest-1954558268-project-member] Update host state with service dict: {'id': 4, 'uuid': 'da8bbed7-ef56-4e01-b801-57f03ee2f768', 'host': 'np0000003218', 'binary': 'nova-compute', 'topic': 'compute', 'report_count': 2, 'disabled': False, 'disabled_reason': None, 'last_seen_up': datetime.datetime(2026, 6, 19, 2, 0, 11, tzinfo=datetime.timezone.utc), 'forced_down': False, 'version': 72, 'created_at': datetime.datetime(2026, 6, 19, 1, 58, tzinfo=datetime.timezone.utc), 'updated_at': datetime.datetime(2026, 6, 19, 2, 0, 11, tzinfo=datetime.timezone.utc), 'deleted_at': None, 'deleted': False} {{(pid=95791) _locked_update /opt/stack/nova/nova/scheduler/host_manager.py:174}}
Jun 19 02:00:17.923965 np0000003218 nova-scheduler[95791]: DEBUG nova.scheduler.host_manager [None req-53293735-ea2e-40fd-b261-d87eb585ace9 tempest-ServerBootFromVolumeStableRescueTest-1954558268 tempest-ServerBootFromVolumeStableRescueTest-1954558268-project-member] Update host state with instances: [] {{(pid=95791) _locked_update /opt/stack/nova/nova/scheduler/host_manager.py:177}}
Jun 19 02:00:17.923965 np0000003218 nova-scheduler[95791]: DEBUG oslo_concurrency.lockutils [None req-53293735-ea2e-40fd-b261-d87eb585ace9 tempest-ServerBootFromVolumeStableRescueTest-1954558268 tempest-ServerBootFromVolumeStableRescueTest-1954558268-project-member] Lock "('np0000003218', 'np0000003218')" "released" by "nova.scheduler.host_manager.HostState.update.._locked_update" :: held 0.002s {{(pid=95791) inner /opt/stack/data/venv/lib/python3.12/site-packages/oslo_concurrency/lockutils.py:543}}
Jun 19 02:00:17.924340 np0000003218 nova-scheduler[95791]: DEBUG nova.filters [None req-53293735-ea2e-40fd-b261-d87eb585ace9 tempest-ServerBootFromVolumeStableRescueTest-1954558268 tempest-ServerBootFromVolumeStableRescueTest-1954558268-project-member] Starting with 1 host(s) {{(pid=95791) get_filtered_objects /opt/stack/nova/nova/filters.py:70}}
Jun 19 02:00:17.924647 np0000003218 nova-scheduler[95791]: DEBUG nova.filters [None req-53293735-ea2e-40fd-b261-d87eb585ace9 tempest-ServerBootFromVolumeStableRescueTest-1954558268 tempest-ServerBootFromVolumeStableRescueTest-1954558268-project-member] Filter ComputeFilter returned 1 host(s) {{(pid=95791) get_filtered_objects /opt/stack/nova/nova/filters.py:102}}
Jun 19 02:00:17.924647 np0000003218 nova-scheduler[95791]: DEBUG nova.filters [None req-53293735-ea2e-40fd-b261-d87eb585ace9 tempest-ServerBootFromVolumeStableRescueTest-1954558268 tempest-ServerBootFromVolumeStableRescueTest-1954558268-project-member] Filter ComputeCapabilitiesFilter returned 1 host(s) {{(pid=95791) get_filtered_objects /opt/stack/nova/nova/filters.py:102}}
Jun 19 02:00:17.925004 np0000003218 nova-scheduler[95791]: DEBUG nova.filters [None req-53293735-ea2e-40fd-b261-d87eb585ace9 tempest-ServerBootFromVolumeStableRescueTest-1954558268 tempest-ServerBootFromVolumeStableRescueTest-1954558268-project-member] Filter ImagePropertiesFilter returned 1 host(s) {{(pid=95791) get_filtered_objects /opt/stack/nova/nova/filters.py:102}}
Jun 19 02:00:17.925004 np0000003218 nova-scheduler[95791]: DEBUG nova.filters [None req-53293735-ea2e-40fd-b261-d87eb585ace9 tempest-ServerBootFromVolumeStableRescueTest-1954558268 tempest-ServerBootFromVolumeStableRescueTest-1954558268-project-member] Filter ServerGroupAntiAffinityFilter returned 1 host(s) {{(pid=95791) get_filtered_objects /opt/stack/nova/nova/filters.py:102}}
Jun 19 02:00:17.925508 np0000003218 nova-scheduler[95791]: DEBUG nova.filters [None req-53293735-ea2e-40fd-b261-d87eb585ace9 tempest-ServerBootFromVolumeStableRescueTest-1954558268 tempest-ServerBootFromVolumeStableRescueTest-1954558268-project-member] Filter ServerGroupAffinityFilter returned 1 host(s) {{(pid=95791) get_filtered_objects /opt/stack/nova/nova/filters.py:102}}
Jun 19 02:00:17.925508 np0000003218 nova-scheduler[95791]: DEBUG nova.filters [None req-53293735-ea2e-40fd-b261-d87eb585ace9 tempest-ServerBootFromVolumeStableRescueTest-1954558268 tempest-ServerBootFromVolumeStableRescueTest-1954558268-project-member] Filter SameHostFilter returned 1 host(s) {{(pid=95791) get_filtered_objects /opt/stack/nova/nova/filters.py:102}}
Jun 19 02:00:17.925508 np0000003218 nova-scheduler[95791]: DEBUG nova.filters [None req-53293735-ea2e-40fd-b261-d87eb585ace9 tempest-ServerBootFromVolumeStableRescueTest-1954558268 tempest-ServerBootFromVolumeStableRescueTest-1954558268-project-member] Filter DifferentHostFilter returned 1 host(s) {{(pid=95791) get_filtered_objects /opt/stack/nova/nova/filters.py:102}}
Jun 19 02:00:17.925508 np0000003218 nova-scheduler[95791]: DEBUG nova.scheduler.manager [None req-53293735-ea2e-40fd-b261-d87eb585ace9 tempest-ServerBootFromVolumeStableRescueTest-1954558268 tempest-ServerBootFromVolumeStableRescueTest-1954558268-project-member] Filtered [(np0000003218, np0000003218) ram: 23518MB disk: 75776MB io_ops: 0 instances: 0, allocation_candidates: 1] {{(pid=95791) _get_sorted_hosts /opt/stack/nova/nova/scheduler/manager.py:743}}
Jun 19 02:00:17.925932 np0000003218 nova-scheduler[95791]: DEBUG nova.scheduler.manager [None req-53293735-ea2e-40fd-b261-d87eb585ace9 tempest-ServerBootFromVolumeStableRescueTest-1954558268 tempest-ServerBootFromVolumeStableRescueTest-1954558268-project-member] Weighed [WeighedHost [host: (np0000003218, np0000003218) ram: 23518MB disk: 75776MB io_ops: 0 instances: 0, allocation_candidates: 1, weight: 0.0]] {{(pid=95791) _get_sorted_hosts /opt/stack/nova/nova/scheduler/manager.py:765}}
Jun 19 02:00:17.925932 np0000003218 nova-scheduler[95791]: DEBUG nova.scheduler.utils [None req-53293735-ea2e-40fd-b261-d87eb585ace9 tempest-ServerBootFromVolumeStableRescueTest-1954558268 tempest-ServerBootFromVolumeStableRescueTest-1954558268-project-member] Attempting to claim resources in the placement API for instance d5d647ed-9860-402d-adb4-b131b6cc2136 {{(pid=95791) claim_resources /opt/stack/nova/nova/scheduler/utils.py:1345}}
Jun 19 02:00:17.960213 np0000003218 nova-scheduler[95789]: DEBUG oslo_db.sqlalchemy.engines [None req-0e3bb74d-1b9a-495e-aefa-bcc765da8504 tempest-DeleteServersTestJSON-1542817869 tempest-DeleteServersTestJSON-1542817869-project-member] MySQL server mode set to STRICT_TRANS_TABLES,STRICT_ALL_TABLES,NO_ZERO_IN_DATE,NO_ZERO_DATE,ERROR_FOR_DIVISION_BY_ZERO,TRADITIONAL,NO_ENGINE_SUBSTITUTION {{(pid=95789) _check_effective_sql_mode /opt/stack/data/venv/lib/python3.12/site-packages/oslo_db/sqlalchemy/engines.py:325}}
Jun 19 02:00:17.969181 np0000003218 nova-scheduler[95789]: DEBUG dbcounter [-] [95789] Writer thread running {{(pid=95789) stat_writer /opt/stack/data/venv/lib/python3.12/site-packages/dbcounter.py:102}}
Jun 19 02:00:18.065270 np0000003218 nova-scheduler[95789]: DEBUG dbcounter [-] [95789] Writer thread running {{(pid=95789) stat_writer /opt/stack/data/venv/lib/python3.12/site-packages/dbcounter.py:102}}
