Jun 26 06:36:32.255708 np0000003710 nova-scheduler[93225]: DEBUG cotyledon.oslo_config_glue [-] oslo_messaging_notifications.topics = ['notifications'] {{(pid=93225) log_opt_values /opt/stack/data/venv/lib/python3.12/site-packages/oslo_config/cfg.py:3253}}
Jun 26 06:36:32.255708 np0000003710 nova-scheduler[93225]: DEBUG cotyledon.oslo_config_glue [-] oslo_messaging_notifications.transport_url = **** {{(pid=93225) log_opt_values /opt/stack/data/venv/lib/python3.12/site-packages/oslo_config/cfg.py:3253}}
Jun 26 06:36:32.255708 np0000003710 nova-scheduler[93225]: DEBUG cotyledon.oslo_config_glue [-] oslo_limit.auth_section = None {{(pid=93225) log_opt_values /opt/stack/data/venv/lib/python3.12/site-packages/oslo_config/cfg.py:3253}}
Jun 26 06:36:32.256034 np0000003710 nova-scheduler[93225]: DEBUG cotyledon.oslo_config_glue [-] oslo_limit.auth_type = None {{(pid=93225) log_opt_values /opt/stack/data/venv/lib/python3.12/site-packages/oslo_config/cfg.py:3253}}
Jun 26 06:36:32.256034 np0000003710 nova-scheduler[93225]: DEBUG cotyledon.oslo_config_glue [-] oslo_limit.cafile = None {{(pid=93225) log_opt_values /opt/stack/data/venv/lib/python3.12/site-packages/oslo_config/cfg.py:3253}}
Jun 26 06:36:32.256034 np0000003710 nova-scheduler[93225]: DEBUG cotyledon.oslo_config_glue [-] oslo_limit.certfile = None {{(pid=93225) log_opt_values /opt/stack/data/venv/lib/python3.12/site-packages/oslo_config/cfg.py:3253}}
Jun 26 06:36:32.256034 np0000003710 nova-scheduler[93225]: DEBUG cotyledon.oslo_config_glue [-] oslo_limit.collect_timing = False {{(pid=93225) log_opt_values /opt/stack/data/venv/lib/python3.12/site-packages/oslo_config/cfg.py:3253}}
Jun 26 06:36:32.256034 np0000003710 nova-scheduler[93225]: DEBUG cotyledon.oslo_config_glue [-] oslo_limit.connect_retries = None {{(pid=93225) log_opt_values /opt/stack/data/venv/lib/python3.12/site-packages/oslo_config/cfg.py:3253}}
Jun 26 06:36:32.256034 np0000003710 nova-scheduler[93225]: DEBUG cotyledon.oslo_config_glue [-] oslo_limit.connect_retry_delay = None {{(pid=93225) log_opt_values /opt/stack/data/venv/lib/python3.12/site-packages/oslo_config/cfg.py:3253}}
Jun 26 06:36:32.256034 np0000003710 nova-scheduler[93225]: DEBUG cotyledon.oslo_config_glue [-] oslo_limit.endpoint_id = None {{(pid=93225) log_opt_values /opt/stack/data/venv/lib/python3.12/site-packages/oslo_config/cfg.py:3253}}
Jun 26 06:36:32.256034 np0000003710 nova-scheduler[93225]: DEBUG cotyledon.oslo_config_glue [-] oslo_limit.endpoint_interface = public {{(pid=93225) log_opt_values /opt/stack/data/venv/lib/python3.12/site-packages/oslo_config/cfg.py:3253}}
Jun 26 06:36:32.256034 np0000003710 nova-scheduler[93225]: DEBUG cotyledon.oslo_config_glue [-] oslo_limit.endpoint_override = None {{(pid=93225) log_opt_values /opt/stack/data/venv/lib/python3.12/site-packages/oslo_config/cfg.py:3253}}
Jun 26 06:36:32.256368 np0000003710 nova-scheduler[93225]: DEBUG cotyledon.oslo_config_glue [-] oslo_limit.endpoint_region_name = None {{(pid=93225) log_opt_values /opt/stack/data/venv/lib/python3.12/site-packages/oslo_config/cfg.py:3253}}
Jun 26 06:36:32.256368 np0000003710 nova-scheduler[93225]: DEBUG cotyledon.oslo_config_glue [-] oslo_limit.endpoint_service_name = None {{(pid=93225) log_opt_values /opt/stack/data/venv/lib/python3.12/site-packages/oslo_config/cfg.py:3253}}
Jun 26 06:36:32.256368 np0000003710 nova-scheduler[93225]: DEBUG cotyledon.oslo_config_glue [-] oslo_limit.endpoint_service_type = None {{(pid=93225) log_opt_values /opt/stack/data/venv/lib/python3.12/site-packages/oslo_config/cfg.py:3253}}
Jun 26 06:36:32.256368 np0000003710 nova-scheduler[93225]: DEBUG cotyledon.oslo_config_glue [-] oslo_limit.insecure = False {{(pid=93225) log_opt_values /opt/stack/data/venv/lib/python3.12/site-packages/oslo_config/cfg.py:3253}}
Jun 26 06:36:32.256368 np0000003710 nova-scheduler[93225]: DEBUG cotyledon.oslo_config_glue [-] oslo_limit.keyfile = None {{(pid=93225) log_opt_values /opt/stack/data/venv/lib/python3.12/site-packages/oslo_config/cfg.py:3253}}
Jun 26 06:36:32.256368 np0000003710 nova-scheduler[93225]: DEBUG cotyledon.oslo_config_glue [-] oslo_limit.max_version = None {{(pid=93225) log_opt_values /opt/stack/data/venv/lib/python3.12/site-packages/oslo_config/cfg.py:3253}}
Jun 26 06:36:32.256368 np0000003710 nova-scheduler[93225]: DEBUG cotyledon.oslo_config_glue [-] oslo_limit.min_version = None {{(pid=93225) log_opt_values /opt/stack/data/venv/lib/python3.12/site-packages/oslo_config/cfg.py:3253}}
Jun 26 06:36:32.256368 np0000003710 nova-scheduler[93225]: DEBUG cotyledon.oslo_config_glue [-] oslo_limit.region_name = None {{(pid=93225) log_opt_values /opt/stack/data/venv/lib/python3.12/site-packages/oslo_config/cfg.py:3253}}
Jun 26 06:36:32.256368 np0000003710 nova-scheduler[93225]: DEBUG cotyledon.oslo_config_glue [-] oslo_limit.retriable_status_codes = None {{(pid=93225) log_opt_values /opt/stack/data/venv/lib/python3.12/site-packages/oslo_config/cfg.py:3253}}
Jun 26 06:36:32.256735 np0000003710 nova-scheduler[93225]: DEBUG cotyledon.oslo_config_glue [-] oslo_limit.service_name = None {{(pid=93225) log_opt_values /opt/stack/data/venv/lib/python3.12/site-packages/oslo_config/cfg.py:3253}}
Jun 26 06:36:32.256735 np0000003710 nova-scheduler[93225]: DEBUG cotyledon.oslo_config_glue [-] oslo_limit.service_type = None {{(pid=93225) log_opt_values /opt/stack/data/venv/lib/python3.12/site-packages/oslo_config/cfg.py:3253}}
Jun 26 06:36:32.256735 np0000003710 nova-scheduler[93225]: DEBUG cotyledon.oslo_config_glue [-] oslo_limit.split_loggers = False {{(pid=93225) log_opt_values /opt/stack/data/venv/lib/python3.12/site-packages/oslo_config/cfg.py:3253}}
Jun 26 06:36:32.256735 np0000003710 nova-scheduler[93225]: DEBUG cotyledon.oslo_config_glue [-] oslo_limit.status_code_retries = None {{(pid=93225) log_opt_values /opt/stack/data/venv/lib/python3.12/site-packages/oslo_config/cfg.py:3253}}
Jun 26 06:36:32.256735 np0000003710 nova-scheduler[93225]: DEBUG cotyledon.oslo_config_glue [-] oslo_limit.status_code_retry_delay = None {{(pid=93225) log_opt_values /opt/stack/data/venv/lib/python3.12/site-packages/oslo_config/cfg.py:3253}}
Jun 26 06:36:32.256735 np0000003710 nova-scheduler[93225]: DEBUG cotyledon.oslo_config_glue [-] oslo_limit.timeout = None {{(pid=93225) log_opt_values /opt/stack/data/venv/lib/python3.12/site-packages/oslo_config/cfg.py:3253}}
Jun 26 06:36:32.256735 np0000003710 nova-scheduler[93225]: DEBUG cotyledon.oslo_config_glue [-] oslo_limit.valid_interfaces = None {{(pid=93225) log_opt_values /opt/stack/data/venv/lib/python3.12/site-packages/oslo_config/cfg.py:3253}}
Jun 26 06:36:32.256735 np0000003710 nova-scheduler[93225]: DEBUG cotyledon.oslo_config_glue [-] oslo_limit.version = None {{(pid=93225) log_opt_values /opt/stack/data/venv/lib/python3.12/site-packages/oslo_config/cfg.py:3253}}
Jun 26 06:36:32.256735 np0000003710 nova-scheduler[93225]: DEBUG cotyledon.oslo_config_glue [-] oslo_reports.file_event_handler = None {{(pid=93225) log_opt_values /opt/stack/data/venv/lib/python3.12/site-packages/oslo_config/cfg.py:3253}}
Jun 26 06:36:32.257132 np0000003710 nova-scheduler[93225]: DEBUG cotyledon.oslo_config_glue [-] oslo_reports.file_event_handler_interval = 1 {{(pid=93225) log_opt_values /opt/stack/data/venv/lib/python3.12/site-packages/oslo_config/cfg.py:3253}}
Jun 26 06:36:32.257132 np0000003710 nova-scheduler[93225]: DEBUG cotyledon.oslo_config_glue [-] oslo_reports.log_dir = None {{(pid=93225) log_opt_values /opt/stack/data/venv/lib/python3.12/site-packages/oslo_config/cfg.py:3253}}
Jun 26 06:36:32.257132 np0000003710 nova-scheduler[93225]: DEBUG cotyledon.oslo_config_glue [-] ******************************************************************************** {{(pid=93225) log_opt_values /opt/stack/data/venv/lib/python3.12/site-packages/oslo_config/cfg.py:3260}}
Jun 26 06:36:32.257132 np0000003710 nova-scheduler[93225]: DEBUG cotyledon._service_worker [-] Run service ServiceWrapper(2) [93225] {{(pid=93225) wait_forever /opt/stack/data/venv/lib/python3.12/site-packages/cotyledon/_service_worker.py:218}}
Jun 26 06:36:32.258880 np0000003710 nova-scheduler[93225]: INFO nova.service [-] Starting scheduler node (version 33.1.0)
Jun 26 06:36:32.259854 np0000003710 nova-scheduler[93223]: DEBUG oslo_db.sqlalchemy.engines [None req-3dfc5009-8159-494f-8121-04292051f017 None None] MySQL server mode set to STRICT_TRANS_TABLES,STRICT_ALL_TABLES,NO_ZERO_IN_DATE,NO_ZERO_DATE,ERROR_FOR_DIVISION_BY_ZERO,TRADITIONAL,NO_ENGINE_SUBSTITUTION {{(pid=93223) _check_effective_sql_mode /opt/stack/data/venv/lib/python3.12/site-packages/oslo_db/sqlalchemy/engines.py:325}}
Jun 26 06:36:32.264215 np0000003710 nova-scheduler[93221]: DEBUG dbcounter [-] [93221] Writer thread running {{(pid=93221) stat_writer /opt/stack/data/venv/lib/python3.12/site-packages/dbcounter.py:102}}
Jun 26 06:36:32.267262 np0000003710 nova-scheduler[93225]: INFO dbcounter [None req-727a7598-6245-47a1-a4fa-dea432208c67 None None] Registered counter for database nova_cell0
Jun 26 06:36:32.271876 np0000003710 nova-scheduler[93223]: DEBUG dbcounter [-] [93223] Writer thread running {{(pid=93223) stat_writer /opt/stack/data/venv/lib/python3.12/site-packages/dbcounter.py:102}}
Jun 26 06:36:32.277757 np0000003710 nova-scheduler[93221]: DEBUG nova.service [None req-1b1f3ce0-7ce5-4327-90c3-bd078dbf996c None None] Creating RPC server for service: nova-scheduler on topic: scheduler {{(pid=93221) start /opt/stack/nova/nova/service.py:196}}
Jun 26 06:36:32.293842 np0000003710 nova-scheduler[93223]: DEBUG nova.service [None req-3dfc5009-8159-494f-8121-04292051f017 None None] Creating RPC server for service: nova-scheduler on topic: scheduler {{(pid=93223) start /opt/stack/nova/nova/service.py:196}}
Jun 26 06:36:32.304344 np0000003710 nova-scheduler[93225]: DEBUG oslo_db.sqlalchemy.engines [None req-727a7598-6245-47a1-a4fa-dea432208c67 None None] MySQL server mode set to STRICT_TRANS_TABLES,STRICT_ALL_TABLES,NO_ZERO_IN_DATE,NO_ZERO_DATE,ERROR_FOR_DIVISION_BY_ZERO,TRADITIONAL,NO_ENGINE_SUBSTITUTION {{(pid=93225) _check_effective_sql_mode /opt/stack/data/venv/lib/python3.12/site-packages/oslo_db/sqlalchemy/engines.py:325}}
Jun 26 06:36:32.308052 np0000003710 nova-scheduler[93221]: DEBUG nova.service [None req-1b1f3ce0-7ce5-4327-90c3-bd078dbf996c None None] Join ServiceGroup membership for this service scheduler {{(pid=93221) start /opt/stack/nova/nova/service.py:222}}
Jun 26 06:36:32.308285 np0000003710 nova-scheduler[93221]: DEBUG nova.servicegroup.drivers.db [None req-1b1f3ce0-7ce5-4327-90c3-bd078dbf996c None None] DB_Driver: join new ServiceGroup member np0000003710 to the scheduler group, service = {{(pid=93221) join /opt/stack/nova/nova/servicegroup/drivers/db.py:44}}
Jun 26 06:36:32.313275 np0000003710 nova-scheduler[93225]: DEBUG dbcounter [-] [93225] Writer thread running {{(pid=93225) stat_writer /opt/stack/data/venv/lib/python3.12/site-packages/dbcounter.py:102}}
Jun 26 06:36:32.316093 np0000003710 nova-scheduler[93225]: DEBUG nova.service [None req-727a7598-6245-47a1-a4fa-dea432208c67 None None] Creating RPC server for service: nova-scheduler on topic: scheduler {{(pid=93225) start /opt/stack/nova/nova/service.py:196}}
Jun 26 06:36:32.321951 np0000003710 nova-scheduler[93223]: DEBUG nova.service [None req-3dfc5009-8159-494f-8121-04292051f017 None None] Join ServiceGroup membership for this service scheduler {{(pid=93223) start /opt/stack/nova/nova/service.py:222}}
Jun 26 06:36:32.322216 np0000003710 nova-scheduler[93223]: DEBUG nova.servicegroup.drivers.db [None req-3dfc5009-8159-494f-8121-04292051f017 None None] DB_Driver: join new ServiceGroup member np0000003710 to the scheduler group, service = {{(pid=93223) join /opt/stack/nova/nova/servicegroup/drivers/db.py:44}}
Jun 26 06:36:32.333078 np0000003710 nova-scheduler[93225]: DEBUG nova.service [None req-727a7598-6245-47a1-a4fa-dea432208c67 None None] Join ServiceGroup membership for this service scheduler {{(pid=93225) start /opt/stack/nova/nova/service.py:222}}
Jun 26 06:36:32.333298 np0000003710 nova-scheduler[93225]: DEBUG nova.servicegroup.drivers.db [None req-727a7598-6245-47a1-a4fa-dea432208c67 None None] DB_Driver: join new ServiceGroup member np0000003710 to the scheduler group, service = {{(pid=93225) join /opt/stack/nova/nova/servicegroup/drivers/db.py:44}}
Jun 26 06:36:37.324303 np0000003710 nova-scheduler[93221]: DEBUG oslo.service.backend._threading.loopingcall [-] Fixed interval looping call 'nova.servicegroup.drivers.db.DbDriver._report_state' sleeping for 119.99 seconds {{(pid=93221) _run_loop /opt/stack/data/venv/lib/python3.12/site-packages/oslo_service/backend/_threading/loopingcall.py:125}}
Jun 26 06:36:37.333418 np0000003710 nova-scheduler[93223]: DEBUG oslo.service.backend._threading.loopingcall [-] Fixed interval looping call 'nova.servicegroup.drivers.db.DbDriver._report_state' sleeping for 119.99 seconds {{(pid=93223) _run_loop /opt/stack/data/venv/lib/python3.12/site-packages/oslo_service/backend/_threading/loopingcall.py:125}}
Jun 26 06:36:37.344483 np0000003710 nova-scheduler[93225]: DEBUG oslo.service.backend._threading.loopingcall [-] Fixed interval looping call 'nova.servicegroup.drivers.db.DbDriver._report_state' sleeping for 119.99 seconds {{(pid=93225) _run_loop /opt/stack/data/venv/lib/python3.12/site-packages/oslo_service/backend/_threading/loopingcall.py:125}}
Jun 26 06:36:38.310142 np0000003710 nova-scheduler[93221]: DEBUG oslo.service.backend._threading.loopingcall [None req-3aa2a995-8721-4446-9c32-415a5b89d45c None None] Dynamic interval looping call 'nova.service.Service.periodic_tasks' sleeping for 60.00 seconds {{(pid=93221) _run_loop /opt/stack/data/venv/lib/python3.12/site-packages/oslo_service/backend/_threading/loopingcall.py:125}}
Jun 26 06:36:40.894866 np0000003710 nova-scheduler[92026]: DEBUG dbcounter [-] [92026] Writing DB stats nova_api:SELECT=3 {{(pid=92026) stat_writer /opt/stack/data/venv/lib/python3.12/site-packages/dbcounter.py:115}}
Jun 26 06:36:41.020531 np0000003710 nova-scheduler[92026]: DEBUG dbcounter [-] [92026] Writing DB stats nova_cell0:SELECT=1 {{(pid=92026) stat_writer /opt/stack/data/venv/lib/python3.12/site-packages/dbcounter.py:115}}
Jun 26 06:36:41.025841 np0000003710 nova-scheduler[92026]: DEBUG dbcounter [-] [92026] Writing DB stats nova_cell1:SELECT=1 {{(pid=92026) stat_writer /opt/stack/data/venv/lib/python3.12/site-packages/dbcounter.py:115}}
Jun 26 06:36:47.318902 np0000003710 nova-scheduler[93221]: DEBUG dbcounter [-] [93221] Writing DB stats nova_cell0:SELECT=4,nova_cell0:INSERT=1,nova_cell0:UPDATE=1 {{(pid=93221) stat_writer /opt/stack/data/venv/lib/python3.12/site-packages/dbcounter.py:115}}
Jun 26 06:36:47.330561 np0000003710 nova-scheduler[93223]: DEBUG dbcounter [-] [93223] Writing DB stats nova_cell0:SELECT=4,nova_cell0:INSERT=1 {{(pid=93223) stat_writer /opt/stack/data/venv/lib/python3.12/site-packages/dbcounter.py:115}}
Jun 26 06:36:47.341841 np0000003710 nova-scheduler[93225]: DEBUG dbcounter [-] [93225] Writing DB stats nova_cell0:SELECT=3 {{(pid=93225) stat_writer /opt/stack/data/venv/lib/python3.12/site-packages/dbcounter.py:115}}
Jun 26 06:37:24.335146 np0000003710 nova-scheduler[93225]: DEBUG oslo.service.backend._threading.loopingcall [None req-347c40b3-2752-4ccc-b399-85db90307950 None None] Dynamic interval looping call 'nova.service.Service.periodic_tasks' sleeping for 60.00 seconds {{(pid=93225) _run_loop /opt/stack/data/venv/lib/python3.12/site-packages/oslo_service/backend/_threading/loopingcall.py:125}}
Jun 26 06:37:25.325360 np0000003710 nova-scheduler[93223]: DEBUG oslo.service.backend._threading.loopingcall [None req-779d52a0-7a48-48b1-8e2c-a9d4a650fcbf None None] Dynamic interval looping call 'nova.service.Service.periodic_tasks' sleeping for 60.00 seconds {{(pid=93223) _run_loop /opt/stack/data/venv/lib/python3.12/site-packages/oslo_service/backend/_threading/loopingcall.py:125}}
Jun 26 06:37:38.310794 np0000003710 nova-scheduler[93221]: DEBUG oslo.service.backend._threading.loopingcall [None req-3aa2a995-8721-4446-9c32-415a5b89d45c None None] Dynamic interval looping call 'nova.service.Service.periodic_tasks' sleeping for 60.00 seconds {{(pid=93221) _run_loop /opt/stack/data/venv/lib/python3.12/site-packages/oslo_service/backend/_threading/loopingcall.py:125}}
Jun 26 06:38:24.335726 np0000003710 nova-scheduler[93225]: DEBUG oslo.service.backend._threading.loopingcall [None req-347c40b3-2752-4ccc-b399-85db90307950 None None] Dynamic interval looping call 'nova.service.Service.periodic_tasks' sleeping for 60.00 seconds {{(pid=93225) _run_loop /opt/stack/data/venv/lib/python3.12/site-packages/oslo_service/backend/_threading/loopingcall.py:125}}
Jun 26 06:38:25.326040 np0000003710 nova-scheduler[93223]: DEBUG oslo.service.backend._threading.loopingcall [None req-779d52a0-7a48-48b1-8e2c-a9d4a650fcbf None None] Dynamic interval looping call 'nova.service.Service.periodic_tasks' sleeping for 60.00 seconds {{(pid=93223) _run_loop /opt/stack/data/venv/lib/python3.12/site-packages/oslo_service/backend/_threading/loopingcall.py:125}}
Jun 26 06:38:37.324015 np0000003710 nova-scheduler[93221]: DEBUG oslo.service.backend._threading.loopingcall [-] Fixed interval looping call 'nova.servicegroup.drivers.db.DbDriver._report_state' sleeping for 119.99 seconds {{(pid=93221) _run_loop /opt/stack/data/venv/lib/python3.12/site-packages/oslo_service/backend/_threading/loopingcall.py:125}}
Jun 26 06:38:37.328214 np0000003710 nova-scheduler[93223]: DEBUG oslo.service.backend._threading.loopingcall [-] Fixed interval looping call 'nova.servicegroup.drivers.db.DbDriver._report_state' sleeping for 120.00 seconds {{(pid=93223) _run_loop /opt/stack/data/venv/lib/python3.12/site-packages/oslo_service/backend/_threading/loopingcall.py:125}}
Jun 26 06:38:37.339002 np0000003710 nova-scheduler[93225]: DEBUG oslo.service.backend._threading.loopingcall [-] Fixed interval looping call 'nova.servicegroup.drivers.db.DbDriver._report_state' sleeping for 120.00 seconds {{(pid=93225) _run_loop /opt/stack/data/venv/lib/python3.12/site-packages/oslo_service/backend/_threading/loopingcall.py:125}}
Jun 26 06:38:38.311253 np0000003710 nova-scheduler[93221]: DEBUG oslo.service.backend._threading.loopingcall [None req-3aa2a995-8721-4446-9c32-415a5b89d45c None None] Dynamic interval looping call 'nova.service.Service.periodic_tasks' sleeping for 60.00 seconds {{(pid=93221) _run_loop /opt/stack/data/venv/lib/python3.12/site-packages/oslo_service/backend/_threading/loopingcall.py:125}}
Jun 26 06:38:47.318066 np0000003710 nova-scheduler[93221]: DEBUG dbcounter [-] [93221] Writing DB stats nova_cell0:SELECT=1,nova_cell0:UPDATE=1 {{(pid=93221) stat_writer /opt/stack/data/venv/lib/python3.12/site-packages/dbcounter.py:115}}
Jun 26 06:38:47.325785 np0000003710 nova-scheduler[93223]: DEBUG dbcounter [-] [93223] Writing DB stats nova_cell0:SELECT=1 {{(pid=93223) stat_writer /opt/stack/data/venv/lib/python3.12/site-packages/dbcounter.py:115}}
Jun 26 06:38:47.337014 np0000003710 nova-scheduler[93225]: DEBUG dbcounter [-] [93225] Writing DB stats nova_cell0:SELECT=1 {{(pid=93225) stat_writer /opt/stack/data/venv/lib/python3.12/site-packages/dbcounter.py:115}}
Jun 26 06:39:09.993866 np0000003710 nova-scheduler[93221]: DEBUG nova.scheduler.manager [None req-3eff1a45-e307-4adb-be95-b5c405101fc9 tempest-ServerRescueNegativeTestJSON-847565974 tempest-ServerRescueNegativeTestJSON-847565974-project-member] Starting to schedule for instances: ['64608022-a892-46c0-90c6-68b70521fd2f'] {{(pid=93221) select_destinations /opt/stack/nova/nova/scheduler/manager.py:210}}
Jun 26 06:39:09.994613 np0000003710 nova-scheduler[93221]: DEBUG nova.scheduler.request_filter [None req-3eff1a45-e307-4adb-be95-b5c405101fc9 tempest-ServerRescueNegativeTestJSON-847565974 tempest-ServerRescueNegativeTestJSON-847565974-project-member] compute_status_filter request filter added forbidden trait COMPUTE_STATUS_DISABLED {{(pid=93221) compute_status_filter /opt/stack/nova/nova/scheduler/request_filter.py:253}}
Jun 26 06:39:09.994822 np0000003710 nova-scheduler[93221]: DEBUG nova.scheduler.request_filter [None req-3eff1a45-e307-4adb-be95-b5c405101fc9 tempest-ServerRescueNegativeTestJSON-847565974 tempest-ServerRescueNegativeTestJSON-847565974-project-member] Request filter 'compute_status_filter' took 0.0 seconds {{(pid=93221) wrapper /opt/stack/nova/nova/scheduler/request_filter.py:46}}
Jun 26 06:39:09.995218 np0000003710 nova-scheduler[93221]: DEBUG nova.scheduler.request_filter [None req-3eff1a45-e307-4adb-be95-b5c405101fc9 tempest-ServerRescueNegativeTestJSON-847565974 tempest-ServerRescueNegativeTestJSON-847565974-project-member] Request filter 'accelerators_filter' took 0.0 seconds {{(pid=93221) wrapper /opt/stack/nova/nova/scheduler/request_filter.py:46}}
Jun 26 06:39:09.995639 np0000003710 nova-scheduler[93221]: DEBUG nova.scheduler.request_filter [None req-3eff1a45-e307-4adb-be95-b5c405101fc9 tempest-ServerRescueNegativeTestJSON-847565974 tempest-ServerRescueNegativeTestJSON-847565974-project-member] Request filter 'packed_virtqueue_filter' took 0.0 seconds {{(pid=93221) wrapper /opt/stack/nova/nova/scheduler/request_filter.py:46}}
Jun 26 06:39:09.995988 np0000003710 nova-scheduler[93221]: DEBUG nova.scheduler.request_filter [None req-3eff1a45-e307-4adb-be95-b5c405101fc9 tempest-ServerRescueNegativeTestJSON-847565974 tempest-ServerRescueNegativeTestJSON-847565974-project-member] Request filter 'remote_managed_ports_filter' took 0.0 seconds {{(pid=93221) wrapper /opt/stack/nova/nova/scheduler/request_filter.py:46}}
Jun 26 06:39:09.996426 np0000003710 nova-scheduler[93221]: DEBUG nova.scheduler.request_filter [None req-3eff1a45-e307-4adb-be95-b5c405101fc9 tempest-ServerRescueNegativeTestJSON-847565974 tempest-ServerRescueNegativeTestJSON-847565974-project-member] ephemeral_encryption_filter skipped {{(pid=93221) ephemeral_encryption_filter /opt/stack/nova/nova/scheduler/request_filter.py:426}}
Jun 26 06:39:09.996426 np0000003710 nova-scheduler[93221]: DEBUG nova.scheduler.request_filter [None req-3eff1a45-e307-4adb-be95-b5c405101fc9 tempest-ServerRescueNegativeTestJSON-847565974 tempest-ServerRescueNegativeTestJSON-847565974-project-member] virtio_sound_filter skipped {{(pid=93221) virtio_sound_filter /opt/stack/nova/nova/scheduler/request_filter.py:460}}
Jun 26 06:39:09.997056 np0000003710 nova-scheduler[93221]: DEBUG nova.scheduler.request_filter [None req-3eff1a45-e307-4adb-be95-b5c405101fc9 tempest-ServerRescueNegativeTestJSON-847565974 tempest-ServerRescueNegativeTestJSON-847565974-project-member] tpm_secret_security_filter skipped {{(pid=93221) tpm_secret_security_filter /opt/stack/nova/nova/scheduler/request_filter.py:477}}
Jun 26 06:39:10.634300 np0000003710 nova-scheduler[93221]: INFO nova.utils [None req-3eff1a45-e307-4adb-be95-b5c405101fc9 tempest-ServerRescueNegativeTestJSON-847565974 tempest-ServerRescueNegativeTestJSON-847565974-project-member] The cell worker thread pool ForkProcess-1.cell_worker is initialized
Jun 26 06:39:10.634856 np0000003710 nova-scheduler[93221]: DEBUG oslo_concurrency.lockutils [None req-3eff1a45-e307-4adb-be95-b5c405101fc9 tempest-ServerRescueNegativeTestJSON-847565974 tempest-ServerRescueNegativeTestJSON-847565974-project-member] Acquiring lock "8c3b8331-e06c-4257-aa39-a120cf6beb15" by "nova.context.set_target_cell..get_or_set_cached_cell_and_set_connections" {{(pid=93221) inner /opt/stack/data/venv/lib/python3.12/site-packages/oslo_concurrency/lockutils.py:511}}
Jun 26 06:39:10.635257 np0000003710 nova-scheduler[93221]: DEBUG oslo_concurrency.lockutils [None req-3eff1a45-e307-4adb-be95-b5c405101fc9 tempest-ServerRescueNegativeTestJSON-847565974 tempest-ServerRescueNegativeTestJSON-847565974-project-member] Lock "8c3b8331-e06c-4257-aa39-a120cf6beb15" acquired by "nova.context.set_target_cell..get_or_set_cached_cell_and_set_connections" :: waited 0.000s {{(pid=93221) inner /opt/stack/data/venv/lib/python3.12/site-packages/oslo_concurrency/lockutils.py:524}}
Jun 26 06:39:10.637350 np0000003710 nova-scheduler[93221]: DEBUG oslo_concurrency.lockutils [None req-3eff1a45-e307-4adb-be95-b5c405101fc9 tempest-ServerRescueNegativeTestJSON-847565974 tempest-ServerRescueNegativeTestJSON-847565974-project-member] Lock "8c3b8331-e06c-4257-aa39-a120cf6beb15" "released" by "nova.context.set_target_cell..get_or_set_cached_cell_and_set_connections" :: held 0.002s {{(pid=93221) inner /opt/stack/data/venv/lib/python3.12/site-packages/oslo_concurrency/lockutils.py:543}}
Jun 26 06:39:10.641757 np0000003710 nova-scheduler[93221]: INFO dbcounter [None req-3eff1a45-e307-4adb-be95-b5c405101fc9 tempest-ServerRescueNegativeTestJSON-847565974 tempest-ServerRescueNegativeTestJSON-847565974-project-member] Registered counter for database nova_cell1
Jun 26 06:39:10.678717 np0000003710 nova-scheduler[93221]: DEBUG oslo_db.sqlalchemy.engines [None req-3eff1a45-e307-4adb-be95-b5c405101fc9 tempest-ServerRescueNegativeTestJSON-847565974 tempest-ServerRescueNegativeTestJSON-847565974-project-member] MySQL server mode set to STRICT_TRANS_TABLES,STRICT_ALL_TABLES,NO_ZERO_IN_DATE,NO_ZERO_DATE,ERROR_FOR_DIVISION_BY_ZERO,TRADITIONAL,NO_ENGINE_SUBSTITUTION {{(pid=93221) _check_effective_sql_mode /opt/stack/data/venv/lib/python3.12/site-packages/oslo_db/sqlalchemy/engines.py:325}}
Jun 26 06:39:10.695633 np0000003710 nova-scheduler[93221]: DEBUG dbcounter [-] [93221] Writer thread running {{(pid=93221) stat_writer /opt/stack/data/venv/lib/python3.12/site-packages/dbcounter.py:102}}
Jun 26 06:39:10.713638 np0000003710 nova-scheduler[93221]: DEBUG oslo_db.sqlalchemy.engines [None req-3eff1a45-e307-4adb-be95-b5c405101fc9 tempest-ServerRescueNegativeTestJSON-847565974 tempest-ServerRescueNegativeTestJSON-847565974-project-member] Parent process 92026 forked (93221) with an open database connection, which is being discarded and recreated. {{(pid=93221) checkout /opt/stack/data/venv/lib/python3.12/site-packages/oslo_db/sqlalchemy/engines.py:402}}
Jun 26 06:39:10.766599 np0000003710 nova-scheduler[93221]: DEBUG dbcounter [-] [93221] Writer thread running {{(pid=93221) stat_writer /opt/stack/data/venv/lib/python3.12/site-packages/dbcounter.py:102}}
Jun 26 06:39:10.770529 np0000003710 nova-scheduler[93221]: DEBUG oslo_concurrency.lockutils [None req-3eff1a45-e307-4adb-be95-b5c405101fc9 tempest-ServerRescueNegativeTestJSON-847565974 tempest-ServerRescueNegativeTestJSON-847565974-project-member] Acquiring lock "8c3b8331-e06c-4257-aa39-a120cf6beb15" by "nova.context.set_target_cell..get_or_set_cached_cell_and_set_connections" {{(pid=93221) inner /opt/stack/data/venv/lib/python3.12/site-packages/oslo_concurrency/lockutils.py:511}}
Jun 26 06:39:10.770747 np0000003710 nova-scheduler[93221]: DEBUG oslo_concurrency.lockutils [None req-3eff1a45-e307-4adb-be95-b5c405101fc9 tempest-ServerRescueNegativeTestJSON-847565974 tempest-ServerRescueNegativeTestJSON-847565974-project-member] Lock "8c3b8331-e06c-4257-aa39-a120cf6beb15" acquired by "nova.context.set_target_cell..get_or_set_cached_cell_and_set_connections" :: waited 0.001s {{(pid=93221) inner /opt/stack/data/venv/lib/python3.12/site-packages/oslo_concurrency/lockutils.py:524}}
Jun 26 06:39:10.770956 np0000003710 nova-scheduler[93221]: DEBUG oslo_concurrency.lockutils [None req-3eff1a45-e307-4adb-be95-b5c405101fc9 tempest-ServerRescueNegativeTestJSON-847565974 tempest-ServerRescueNegativeTestJSON-847565974-project-member] Lock "8c3b8331-e06c-4257-aa39-a120cf6beb15" "released" by "nova.context.set_target_cell..get_or_set_cached_cell_and_set_connections" :: held 0.000s {{(pid=93221) inner /opt/stack/data/venv/lib/python3.12/site-packages/oslo_concurrency/lockutils.py:543}}
Jun 26 06:39:10.775329 np0000003710 nova-scheduler[93221]: DEBUG oslo_concurrency.lockutils [None req-3eff1a45-e307-4adb-be95-b5c405101fc9 tempest-ServerRescueNegativeTestJSON-847565974 tempest-ServerRescueNegativeTestJSON-847565974-project-member] Acquiring lock "('np0000003710', 'np0000003710')" by "nova.scheduler.host_manager.HostState.update.._locked_update" {{(pid=93221) inner /opt/stack/data/venv/lib/python3.12/site-packages/oslo_concurrency/lockutils.py:511}}
Jun 26 06:39:10.775463 np0000003710 nova-scheduler[93221]: DEBUG oslo_concurrency.lockutils [None req-3eff1a45-e307-4adb-be95-b5c405101fc9 tempest-ServerRescueNegativeTestJSON-847565974 tempest-ServerRescueNegativeTestJSON-847565974-project-member] Lock "('np0000003710', 'np0000003710')" acquired by "nova.scheduler.host_manager.HostState.update.._locked_update" :: waited 0.000s {{(pid=93221) inner /opt/stack/data/venv/lib/python3.12/site-packages/oslo_concurrency/lockutils.py:524}}
Jun 26 06:39:10.777775 np0000003710 nova-scheduler[93221]: DEBUG nova.scheduler.host_manager [None req-3eff1a45-e307-4adb-be95-b5c405101fc9 tempest-ServerRescueNegativeTestJSON-847565974 tempest-ServerRescueNegativeTestJSON-847565974-project-member] Update host state from compute node: ComputeNode(cpu_allocation_ratio=4.0,cpu_info='{"arch": "x86_64", "model": "EPYC-Milan", "vendor": "AMD", "topology": {"cells": 1, "sockets": 16, "cores": 1, "threads": 1}, "maxphysaddr": {"mode": "emulate", "bits": 40}, "features": ["mce", "mmxext", "vaes", "lfence-always-serializing", "fsgsbase", "clflushopt", "vmcb-clean", "fxsr_opt", "arat", "msr", "fxsr", "avx2", "xsaveopt", "avx", "f16c", "cx16", "svme-addr-chk", "lbrv", "adx", "syscall", "rdrand", "lahf_lm", "perfctr_core", "sse2", "smap", "rdctl-no", "rdpid", "topoext", "spec-ctrl", "lm", "pcid", "de", "rdtscp", "pat", "clzero", "fma", "xsavec", "sse4.2", "aes", "pae", "amd-ssbd", "cx8", "osvw", "umip", "xsave", "sse4.1", "ssse3", "pschange-mc-no", "cr8legacy", "ssbd", "clflush", "ibpb", "pclmuldq", "amd-psfd", "apic", "sha-ni", "mtrr", "hypervisor", "erms", "tsc", "nx", "ibrs", "mca", "tsc_adjust", "v-vmsave-vmload", "xgetbv1", "rdseed", "npt", "fsrm", "svm", "xsaves", "pse", "mmx", "pge", "no-nested-data-bp", "3dnowprefetch", "arch-capabilities", "tsc-scale", "vme", "bmi2", "fpu", "vpclmulqdq", "skip-l1dfl-vmentry", "tsc-deadline", "pdpe1gb", "nrip-save", "popcnt", "xsaveerptr", "movbe", "invpcid", "sse4a", "sep", "null-sel-clr-base", "pause-filter", "pku", "stibp-always-on", "amd-stibp", "sse", "x2apic", "abm", "mds-no", "pni", "pse36", "cmov", "vgif", "virt-ssbd", "flushbyasid", "misalignsse", "bmi1", "pfthreshold", "smep", "stibp", "clwb", "gds-no", "cmp_legacy", "wbnoinvd"]}',created_at=2026-06-26T06:36:58Z,current_workload=0,deleted=False,deleted_at=None,disk_allocation_ratio=1.0,disk_available_least=73,free_disk_gb=95,free_ram_mb=62765,host='np0000003710',host_ip=10.4.3.96,hypervisor_hostname='np0000003710',hypervisor_type='QEMU',hypervisor_version=8002002,id=1,local_gb=95,local_gb_used=0,mapped=1,memory_mb=63277,memory_mb_used=512,metrics='[]',numa_topology='{"nova_object.name": "NUMATopology", "nova_object.namespace": "nova", "nova_object.version": "1.2", "nova_object.data": {"cells": [{"nova_object.name": "NUMACell", "nova_object.namespace": "nova", "nova_object.version": "1.5", "nova_object.data": {"id": 0, "cpuset": [0, 1, 2, 3, 4, 5, 6, 7, 8, 9, 10, 11, 12, 13, 14, 15], "pcpuset": [0, 1, 2, 3, 4, 5, 6, 7, 8, 9, 10, 11, 12, 13, 14, 15], "memory": 63277, "cpu_usage": 0, "memory_usage": 0, "pinned_cpus": [], "siblings": [[6], [12], [2], [15], [5], [11], [8], [14], [4], [1], [7], [10], [0], [13], [3], [9]], "mempages": [{"nova_object.name": "NUMAPagesTopology", "nova_object.namespace": "nova", "nova_object.version": "1.1", "nova_object.data": {"size_kb": 4, "total": 16177929, "used": 0, "reserved": 0}, "nova_object.changes": ["total", "size_kb", "reserved", "used"]}, {"nova_object.name": "NUMAPagesTopology", "nova_object.namespace": "nova", "nova_object.version": "1.1", "nova_object.data": {"size_kb": 2048, "total": 41, "used": 0, "reserved": 0}, "nova_object.changes": ["total", "size_kb", "reserved", "used"]}, {"nova_object.name": "NUMAPagesTopology", "nova_object.namespace": "nova", "nova_object.version": "1.1", "nova_object.data": {"size_kb": 1048576, "total": 0, "used": 0, "reserved": 0}, "nova_object.changes": ["total", "size_kb", "reserved", "used"]}], "network_metadata": {"nova_object.name": "NetworkMetadata", "nova_object.namespace": "nova", "nova_object.version": "1.0", "nova_object.data": {"physnets": [], "tunneled": false}, "nova_object.changes": ["tunneled", "physnets"]}, "socket": null}, "nova_object.changes": ["pcpuset", "memory", "mempages", "socket", "siblings", "network_metadata", "memory_usage", "cpuset", "cpu_usage", "id", "pinned_cpus"]}]}, "nova_object.changes": ["cells"]}',pci_device_pools=PciDevicePoolList,ram_allocation_ratio=1.0,running_vms=0,service_id=3,stats={failed_builds='0',uptime=' 06:38:43 up 13 min, 2 users, load average: 1.53, 1.43, 0.83
Jun 26 06:39:10.777775 np0000003710 nova-scheduler[93221]: '},supported_hv_specs=[HVSpec,HVSpec,HVSpec,HVSpec,HVSpec,HVSpec,HVSpec,HVSpec,HVSpec,HVSpec,HVSpec,HVSpec,HVSpec,HVSpec,HVSpec,HVSpec,HVSpec,HVSpec,HVSpec,HVSpec,HVSpec,HVSpec,HVSpec,HVSpec,HVSpec],updated_at=2026-06-26T06:38:45Z,uuid=178cc17b-328d-40b9-9e7f-04db05df2787,vcpus=16,vcpus_used=0) {{(pid=93221) _locked_update /opt/stack/nova/nova/scheduler/host_manager.py:168}}
Jun 26 06:39:10.778260 np0000003710 nova-scheduler[93221]: DEBUG nova.scheduler.host_manager [None req-3eff1a45-e307-4adb-be95-b5c405101fc9 tempest-ServerRescueNegativeTestJSON-847565974 tempest-ServerRescueNegativeTestJSON-847565974-project-member] Update host state with aggregates: [] {{(pid=93221) _locked_update /opt/stack/nova/nova/scheduler/host_manager.py:171}}
Jun 26 06:39:10.778412 np0000003710 nova-scheduler[93221]: DEBUG nova.scheduler.host_manager [None req-3eff1a45-e307-4adb-be95-b5c405101fc9 tempest-ServerRescueNegativeTestJSON-847565974 tempest-ServerRescueNegativeTestJSON-847565974-project-member] Update host state with service dict: {'id': 3, 'uuid': 'f1705655-7402-4cdb-b3d4-2259d950e326', 'host': 'np0000003710', 'binary': 'nova-compute', 'topic': 'compute', 'report_count': 2, 'disabled': False, 'disabled_reason': None, 'last_seen_up': datetime.datetime(2026, 6, 26, 6, 39, 7, tzinfo=datetime.timezone.utc), 'forced_down': False, 'version': 72, 'created_at': datetime.datetime(2026, 6, 26, 6, 36, 57, tzinfo=datetime.timezone.utc), 'updated_at': datetime.datetime(2026, 6, 26, 6, 39, 7, tzinfo=datetime.timezone.utc), 'deleted_at': None, 'deleted': False} {{(pid=93221) _locked_update /opt/stack/nova/nova/scheduler/host_manager.py:174}}
Jun 26 06:39:10.778780 np0000003710 nova-scheduler[93221]: DEBUG nova.scheduler.host_manager [None req-3eff1a45-e307-4adb-be95-b5c405101fc9 tempest-ServerRescueNegativeTestJSON-847565974 tempest-ServerRescueNegativeTestJSON-847565974-project-member] Update host state with instances: [] {{(pid=93221) _locked_update /opt/stack/nova/nova/scheduler/host_manager.py:177}}
Jun 26 06:39:10.778780 np0000003710 nova-scheduler[93221]: DEBUG oslo_concurrency.lockutils [None req-3eff1a45-e307-4adb-be95-b5c405101fc9 tempest-ServerRescueNegativeTestJSON-847565974 tempest-ServerRescueNegativeTestJSON-847565974-project-member] Lock "('np0000003710', 'np0000003710')" "released" by "nova.scheduler.host_manager.HostState.update.._locked_update" :: held 0.003s {{(pid=93221) inner /opt/stack/data/venv/lib/python3.12/site-packages/oslo_concurrency/lockutils.py:543}}
Jun 26 06:39:10.779398 np0000003710 nova-scheduler[93221]: DEBUG nova.filters [None req-3eff1a45-e307-4adb-be95-b5c405101fc9 tempest-ServerRescueNegativeTestJSON-847565974 tempest-ServerRescueNegativeTestJSON-847565974-project-member] Starting with 1 host(s) {{(pid=93221) get_filtered_objects /opt/stack/nova/nova/filters.py:70}}
Jun 26 06:39:10.779722 np0000003710 nova-scheduler[93221]: DEBUG nova.filters [None req-3eff1a45-e307-4adb-be95-b5c405101fc9 tempest-ServerRescueNegativeTestJSON-847565974 tempest-ServerRescueNegativeTestJSON-847565974-project-member] Filter ComputeFilter returned 1 host(s) {{(pid=93221) get_filtered_objects /opt/stack/nova/nova/filters.py:102}}
Jun 26 06:39:10.779932 np0000003710 nova-scheduler[93221]: DEBUG nova.filters [None req-3eff1a45-e307-4adb-be95-b5c405101fc9 tempest-ServerRescueNegativeTestJSON-847565974 tempest-ServerRescueNegativeTestJSON-847565974-project-member] Filter ComputeCapabilitiesFilter returned 1 host(s) {{(pid=93221) get_filtered_objects /opt/stack/nova/nova/filters.py:102}}
Jun 26 06:39:10.780229 np0000003710 nova-scheduler[93221]: DEBUG nova.filters [None req-3eff1a45-e307-4adb-be95-b5c405101fc9 tempest-ServerRescueNegativeTestJSON-847565974 tempest-ServerRescueNegativeTestJSON-847565974-project-member] Filter ImagePropertiesFilter returned 1 host(s) {{(pid=93221) get_filtered_objects /opt/stack/nova/nova/filters.py:102}}
Jun 26 06:39:10.780440 np0000003710 nova-scheduler[93221]: DEBUG nova.filters [None req-3eff1a45-e307-4adb-be95-b5c405101fc9 tempest-ServerRescueNegativeTestJSON-847565974 tempest-ServerRescueNegativeTestJSON-847565974-project-member] Filter ServerGroupAntiAffinityFilter returned 1 host(s) {{(pid=93221) get_filtered_objects /opt/stack/nova/nova/filters.py:102}}
Jun 26 06:39:10.780626 np0000003710 nova-scheduler[93221]: DEBUG nova.filters [None req-3eff1a45-e307-4adb-be95-b5c405101fc9 tempest-ServerRescueNegativeTestJSON-847565974 tempest-ServerRescueNegativeTestJSON-847565974-project-member] Filter ServerGroupAffinityFilter returned 1 host(s) {{(pid=93221) get_filtered_objects /opt/stack/nova/nova/filters.py:102}}
Jun 26 06:39:10.780807 np0000003710 nova-scheduler[93221]: DEBUG nova.filters [None req-3eff1a45-e307-4adb-be95-b5c405101fc9 tempest-ServerRescueNegativeTestJSON-847565974 tempest-ServerRescueNegativeTestJSON-847565974-project-member] Filter SameHostFilter returned 1 host(s) {{(pid=93221) get_filtered_objects /opt/stack/nova/nova/filters.py:102}}
Jun 26 06:39:10.780982 np0000003710 nova-scheduler[93221]: DEBUG nova.filters [None req-3eff1a45-e307-4adb-be95-b5c405101fc9 tempest-ServerRescueNegativeTestJSON-847565974 tempest-ServerRescueNegativeTestJSON-847565974-project-member] Filter DifferentHostFilter returned 1 host(s) {{(pid=93221) get_filtered_objects /opt/stack/nova/nova/filters.py:102}}
Jun 26 06:39:10.781781 np0000003710 nova-scheduler[93221]: DEBUG nova.scheduler.manager [None req-3eff1a45-e307-4adb-be95-b5c405101fc9 tempest-ServerRescueNegativeTestJSON-847565974 tempest-ServerRescueNegativeTestJSON-847565974-project-member] Filtered [(np0000003710, np0000003710) ram: 62765MB disk: 74752MB io_ops: 0 instances: 0, allocation_candidates: 1] {{(pid=93221) _get_sorted_hosts /opt/stack/nova/nova/scheduler/manager.py:743}}
Jun 26 06:39:10.782352 np0000003710 nova-scheduler[93221]: DEBUG nova.scheduler.manager [None req-3eff1a45-e307-4adb-be95-b5c405101fc9 tempest-ServerRescueNegativeTestJSON-847565974 tempest-ServerRescueNegativeTestJSON-847565974-project-member] Weighed [WeighedHost [host: (np0000003710, np0000003710) ram: 62765MB disk: 74752MB io_ops: 0 instances: 0, allocation_candidates: 1, weight: 0.0]] {{(pid=93221) _get_sorted_hosts /opt/stack/nova/nova/scheduler/manager.py:765}}
Jun 26 06:39:10.782772 np0000003710 nova-scheduler[93221]: DEBUG nova.scheduler.utils [None req-3eff1a45-e307-4adb-be95-b5c405101fc9 tempest-ServerRescueNegativeTestJSON-847565974 tempest-ServerRescueNegativeTestJSON-847565974-project-member] Attempting to claim resources in the placement API for instance 64608022-a892-46c0-90c6-68b70521fd2f {{(pid=93221) claim_resources /opt/stack/nova/nova/scheduler/utils.py:1345}}
Jun 26 06:39:10.983360 np0000003710 nova-scheduler[93221]: DEBUG nova.scheduler.manager [None req-3eff1a45-e307-4adb-be95-b5c405101fc9 tempest-ServerRescueNegativeTestJSON-847565974 tempest-ServerRescueNegativeTestJSON-847565974-project-member] [instance: 64608022-a892-46c0-90c6-68b70521fd2f] Selected host: (np0000003710, np0000003710) ram: 62765MB disk: 74752MB io_ops: 0 instances: 0, allocation_candidates: 1 {{(pid=93221) _consume_selected_host /opt/stack/nova/nova/scheduler/manager.py:625}}
Jun 26 06:39:10.983749 np0000003710 nova-scheduler[93221]: DEBUG oslo_concurrency.lockutils [None req-3eff1a45-e307-4adb-be95-b5c405101fc9 tempest-ServerRescueNegativeTestJSON-847565974 tempest-ServerRescueNegativeTestJSON-847565974-project-member] Acquiring lock "('np0000003710', 'np0000003710')" by "nova.scheduler.host_manager.HostState.consume_from_request.._locked" {{(pid=93221) inner /opt/stack/data/venv/lib/python3.12/site-packages/oslo_concurrency/lockutils.py:511}}
Jun 26 06:39:10.984017 np0000003710 nova-scheduler[93221]: DEBUG oslo_concurrency.lockutils [None req-3eff1a45-e307-4adb-be95-b5c405101fc9 tempest-ServerRescueNegativeTestJSON-847565974 tempest-ServerRescueNegativeTestJSON-847565974-project-member] Lock "('np0000003710', 'np0000003710')" acquired by "nova.scheduler.host_manager.HostState.consume_from_request.._locked" :: waited 0.000s {{(pid=93221) inner /opt/stack/data/venv/lib/python3.12/site-packages/oslo_concurrency/lockutils.py:524}}
Jun 26 06:39:10.984282 np0000003710 nova-scheduler[93221]: DEBUG oslo_concurrency.lockutils [None req-3eff1a45-e307-4adb-be95-b5c405101fc9 tempest-ServerRescueNegativeTestJSON-847565974 tempest-ServerRescueNegativeTestJSON-847565974-project-member] Lock "('np0000003710', 'np0000003710')" "released" by "nova.scheduler.host_manager.HostState.consume_from_request.._locked" :: held 0.000s {{(pid=93221) inner /opt/stack/data/venv/lib/python3.12/site-packages/oslo_concurrency/lockutils.py:543}}
Jun 26 06:39:11.712227 np0000003710 nova-scheduler[93223]: DEBUG nova.scheduler.manager [None req-5fa9a791-b572-46ab-8bbe-c2ff55050359 tempest-ServerActionsTestOtherB-944907737 tempest-ServerActionsTestOtherB-944907737-project-member] Starting to schedule for instances: ['f520914f-8f01-4afe-8d61-31091be2c6d7'] {{(pid=93223) select_destinations /opt/stack/nova/nova/scheduler/manager.py:210}}
Jun 26 06:39:11.712834 np0000003710 nova-scheduler[93223]: DEBUG nova.scheduler.request_filter [None req-5fa9a791-b572-46ab-8bbe-c2ff55050359 tempest-ServerActionsTestOtherB-944907737 tempest-ServerActionsTestOtherB-944907737-project-member] compute_status_filter request filter added forbidden trait COMPUTE_STATUS_DISABLED {{(pid=93223) compute_status_filter /opt/stack/nova/nova/scheduler/request_filter.py:253}}
Jun 26 06:39:11.712965 np0000003710 nova-scheduler[93223]: DEBUG nova.scheduler.request_filter [None req-5fa9a791-b572-46ab-8bbe-c2ff55050359 tempest-ServerActionsTestOtherB-944907737 tempest-ServerActionsTestOtherB-944907737-project-member] Request filter 'compute_status_filter' took 0.0 seconds {{(pid=93223) wrapper /opt/stack/nova/nova/scheduler/request_filter.py:46}}
Jun 26 06:39:11.713328 np0000003710 nova-scheduler[93223]: DEBUG nova.scheduler.request_filter [None req-5fa9a791-b572-46ab-8bbe-c2ff55050359 tempest-ServerActionsTestOtherB-944907737 tempest-ServerActionsTestOtherB-944907737-project-member] Request filter 'accelerators_filter' took 0.0 seconds {{(pid=93223) wrapper /opt/stack/nova/nova/scheduler/request_filter.py:46}}
Jun 26 06:39:11.713491 np0000003710 nova-scheduler[93223]: DEBUG nova.scheduler.request_filter [None req-5fa9a791-b572-46ab-8bbe-c2ff55050359 tempest-ServerActionsTestOtherB-944907737 tempest-ServerActionsTestOtherB-944907737-project-member] Request filter 'packed_virtqueue_filter' took 0.0 seconds {{(pid=93223) wrapper /opt/stack/nova/nova/scheduler/request_filter.py:46}}
Jun 26 06:39:11.714437 np0000003710 nova-scheduler[93223]: DEBUG nova.scheduler.request_filter [None req-5fa9a791-b572-46ab-8bbe-c2ff55050359 tempest-ServerActionsTestOtherB-944907737 tempest-ServerActionsTestOtherB-944907737-project-member] Request filter 'remote_managed_ports_filter' took 0.0 seconds {{(pid=93223) wrapper /opt/stack/nova/nova/scheduler/request_filter.py:46}}
Jun 26 06:39:11.714437 np0000003710 nova-scheduler[93223]: DEBUG nova.scheduler.request_filter [None req-5fa9a791-b572-46ab-8bbe-c2ff55050359 tempest-ServerActionsTestOtherB-944907737 tempest-ServerActionsTestOtherB-944907737-project-member] ephemeral_encryption_filter skipped {{(pid=93223) ephemeral_encryption_filter /opt/stack/nova/nova/scheduler/request_filter.py:426}}
Jun 26 06:39:11.714437 np0000003710 nova-scheduler[93223]: DEBUG nova.scheduler.request_filter [None req-5fa9a791-b572-46ab-8bbe-c2ff55050359 tempest-ServerActionsTestOtherB-944907737 tempest-ServerActionsTestOtherB-944907737-project-member] virtio_sound_filter skipped {{(pid=93223) virtio_sound_filter /opt/stack/nova/nova/scheduler/request_filter.py:460}}
Jun 26 06:39:11.714673 np0000003710 nova-scheduler[93223]: DEBUG nova.scheduler.request_filter [None req-5fa9a791-b572-46ab-8bbe-c2ff55050359 tempest-ServerActionsTestOtherB-944907737 tempest-ServerActionsTestOtherB-944907737-project-member] tpm_secret_security_filter skipped {{(pid=93223) tpm_secret_security_filter /opt/stack/nova/nova/scheduler/request_filter.py:477}}
Jun 26 06:39:11.841106 np0000003710 nova-scheduler[93223]: INFO nova.utils [None req-5fa9a791-b572-46ab-8bbe-c2ff55050359 tempest-ServerActionsTestOtherB-944907737 tempest-ServerActionsTestOtherB-944907737-project-member] The cell worker thread pool ForkProcess-2.cell_worker is initialized
Jun 26 06:39:11.841556 np0000003710 nova-scheduler[93223]: DEBUG oslo_concurrency.lockutils [None req-5fa9a791-b572-46ab-8bbe-c2ff55050359 tempest-ServerActionsTestOtherB-944907737 tempest-ServerActionsTestOtherB-944907737-project-member] Acquiring lock "8c3b8331-e06c-4257-aa39-a120cf6beb15" by "nova.context.set_target_cell..get_or_set_cached_cell_and_set_connections" {{(pid=93223) inner /opt/stack/data/venv/lib/python3.12/site-packages/oslo_concurrency/lockutils.py:511}}
Jun 26 06:39:11.841826 np0000003710 nova-scheduler[93223]: DEBUG oslo_concurrency.lockutils [None req-5fa9a791-b572-46ab-8bbe-c2ff55050359 tempest-ServerActionsTestOtherB-944907737 tempest-ServerActionsTestOtherB-944907737-project-member] Lock "8c3b8331-e06c-4257-aa39-a120cf6beb15" acquired by "nova.context.set_target_cell..get_or_set_cached_cell_and_set_connections" :: waited 0.000s {{(pid=93223) inner /opt/stack/data/venv/lib/python3.12/site-packages/oslo_concurrency/lockutils.py:524}}
Jun 26 06:39:11.843787 np0000003710 nova-scheduler[93223]: DEBUG oslo_concurrency.lockutils [None req-5fa9a791-b572-46ab-8bbe-c2ff55050359 tempest-ServerActionsTestOtherB-944907737 tempest-ServerActionsTestOtherB-944907737-project-member] Lock "8c3b8331-e06c-4257-aa39-a120cf6beb15" "released" by "nova.context.set_target_cell..get_or_set_cached_cell_and_set_connections" :: held 0.002s {{(pid=93223) inner /opt/stack/data/venv/lib/python3.12/site-packages/oslo_concurrency/lockutils.py:543}}
Jun 26 06:39:11.845670 np0000003710 nova-scheduler[93223]: INFO dbcounter [None req-5fa9a791-b572-46ab-8bbe-c2ff55050359 tempest-ServerActionsTestOtherB-944907737 tempest-ServerActionsTestOtherB-944907737-project-member] Registered counter for database nova_cell1
Jun 26 06:39:11.898256 np0000003710 nova-scheduler[93223]: DEBUG oslo_db.sqlalchemy.engines [None req-5fa9a791-b572-46ab-8bbe-c2ff55050359 tempest-ServerActionsTestOtherB-944907737 tempest-ServerActionsTestOtherB-944907737-project-member] MySQL server mode set to STRICT_TRANS_TABLES,STRICT_ALL_TABLES,NO_ZERO_IN_DATE,NO_ZERO_DATE,ERROR_FOR_DIVISION_BY_ZERO,TRADITIONAL,NO_ENGINE_SUBSTITUTION {{(pid=93223) _check_effective_sql_mode /opt/stack/data/venv/lib/python3.12/site-packages/oslo_db/sqlalchemy/engines.py:325}}
Jun 26 06:39:11.915308 np0000003710 nova-scheduler[93223]: DEBUG dbcounter [-] [93223] Writer thread running {{(pid=93223) stat_writer /opt/stack/data/venv/lib/python3.12/site-packages/dbcounter.py:102}}
Jun 26 06:39:11.998107 np0000003710 nova-scheduler[93223]: DEBUG dbcounter [-] [93223] Writer thread running {{(pid=93223) stat_writer /opt/stack/data/venv/lib/python3.12/site-packages/dbcounter.py:102}}
Jun 26 06:39:12.007300 np0000003710 nova-scheduler[93223]: DEBUG oslo_concurrency.lockutils [None req-5fa9a791-b572-46ab-8bbe-c2ff55050359 tempest-ServerActionsTestOtherB-944907737 tempest-ServerActionsTestOtherB-944907737-project-member] Acquiring lock "8c3b8331-e06c-4257-aa39-a120cf6beb15" by "nova.context.set_target_cell..get_or_set_cached_cell_and_set_connections" {{(pid=93223) inner /opt/stack/data/venv/lib/python3.12/site-packages/oslo_concurrency/lockutils.py:511}}
Jun 26 06:39:12.008276 np0000003710 nova-scheduler[93223]: DEBUG oslo_concurrency.lockutils [None req-5fa9a791-b572-46ab-8bbe-c2ff55050359 tempest-ServerActionsTestOtherB-944907737 tempest-ServerActionsTestOtherB-944907737-project-member] Lock "8c3b8331-e06c-4257-aa39-a120cf6beb15" acquired by "nova.context.set_target_cell..get_or_set_cached_cell_and_set_connections" :: waited 0.001s {{(pid=93223) inner /opt/stack/data/venv/lib/python3.12/site-packages/oslo_concurrency/lockutils.py:524}}
Jun 26 06:39:12.008643 np0000003710 nova-scheduler[93223]: DEBUG oslo_concurrency.lockutils [None req-5fa9a791-b572-46ab-8bbe-c2ff55050359 tempest-ServerActionsTestOtherB-944907737 tempest-ServerActionsTestOtherB-944907737-project-member] Lock "8c3b8331-e06c-4257-aa39-a120cf6beb15" "released" by "nova.context.set_target_cell..get_or_set_cached_cell_and_set_connections" :: held 0.000s {{(pid=93223) inner /opt/stack/data/venv/lib/python3.12/site-packages/oslo_concurrency/lockutils.py:543}}
Jun 26 06:39:12.016001 np0000003710 nova-scheduler[93223]: DEBUG oslo_concurrency.lockutils [None req-5fa9a791-b572-46ab-8bbe-c2ff55050359 tempest-ServerActionsTestOtherB-944907737 tempest-ServerActionsTestOtherB-944907737-project-member] Acquiring lock "('np0000003710', 'np0000003710')" by "nova.scheduler.host_manager.HostState.update.._locked_update" {{(pid=93223) inner /opt/stack/data/venv/lib/python3.12/site-packages/oslo_concurrency/lockutils.py:511}}
