Aug 18 22:47:47.632287 np0000007715 devstack@g-api.service[103030]: DEBUG glance.api.middleware.version_negotiation [None req-93591850-2cef-49c4-8bde-1ec1642ba047 tempest-VolumesActionsTest-481626112 tempest-VolumesActionsTest-481626112-project-member] Determining version of request: GET /v2/images/0b7e53e2-3c61-415b-bc7b-4ffc3f508506 Accept: */* {{(pid=103030) process_request /opt/stack/glance/glance/api/middleware/version_negotiation.py:44}}
Aug 18 22:47:47.632680 np0000007715 devstack@g-api.service[103030]: DEBUG glance.api.middleware.version_negotiation [None req-93591850-2cef-49c4-8bde-1ec1642ba047 tempest-VolumesActionsTest-481626112 tempest-VolumesActionsTest-481626112-project-member] Using url versioning {{(pid=103030) process_request /opt/stack/glance/glance/api/middleware/version_negotiation.py:57}}
Aug 18 22:47:47.632680 np0000007715 devstack@g-api.service[103030]: DEBUG glance.api.middleware.version_negotiation [None req-93591850-2cef-49c4-8bde-1ec1642ba047 tempest-VolumesActionsTest-481626112 tempest-VolumesActionsTest-481626112-project-member] Matched version: v2 {{(pid=103030) process_request /opt/stack/glance/glance/api/middleware/version_negotiation.py:69}}
Aug 18 22:47:47.632752 np0000007715 devstack@g-api.service[103030]: DEBUG glance.api.middleware.version_negotiation [None req-93591850-2cef-49c4-8bde-1ec1642ba047 tempest-VolumesActionsTest-481626112 tempest-VolumesActionsTest-481626112-project-member] new path /v2/images/0b7e53e2-3c61-415b-bc7b-4ffc3f508506 {{(pid=103030) process_request /opt/stack/glance/glance/api/middleware/version_negotiation.py:70}}
Aug 18 22:47:47.643045 np0000007715 devstack@g-api.service[103030]: [pid: 103030|app: 0|req: 71/276] 127.0.0.1 () {44 vars in 1111 bytes} [Tue Aug 18 22:47:47 2026] GET /v2/images/0b7e53e2-3c61-415b-bc7b-4ffc3f508506 => generated 1044 bytes in 11 msecs (HTTP/1.1 200) 4 headers in 158 bytes (1 switches on core 0)
Aug 18 22:47:47.685326 np0000007715 devstack@g-api.service[103032]: DEBUG glance.api.middleware.version_negotiation [None req-93591850-2cef-49c4-8bde-1ec1642ba047 tempest-VolumesActionsTest-481626112 tempest-VolumesActionsTest-481626112-project-member] Determining version of request: GET /v2/schemas/image Accept: */* {{(pid=103032) process_request /opt/stack/glance/glance/api/middleware/version_negotiation.py:44}}
Aug 18 22:47:47.687615 np0000007715 devstack@g-api.service[103032]: DEBUG glance.api.middleware.version_negotiation [None req-93591850-2cef-49c4-8bde-1ec1642ba047 tempest-VolumesActionsTest-481626112 tempest-VolumesActionsTest-481626112-project-member] Using url versioning {{(pid=103032) process_request /opt/stack/glance/glance/api/middleware/version_negotiation.py:57}}
Aug 18 22:47:47.687615 np0000007715 devstack@g-api.service[103032]: DEBUG glance.api.middleware.version_negotiation [None req-93591850-2cef-49c4-8bde-1ec1642ba047 tempest-VolumesActionsTest-481626112 tempest-VolumesActionsTest-481626112-project-member] Matched version: v2 {{(pid=103032) process_request /opt/stack/glance/glance/api/middleware/version_negotiation.py:69}}
Aug 18 22:47:47.687615 np0000007715 devstack@g-api.service[103032]: DEBUG glance.api.middleware.version_negotiation [None req-93591850-2cef-49c4-8bde-1ec1642ba047 tempest-VolumesActionsTest-481626112 tempest-VolumesActionsTest-481626112-project-member] new path /v2/schemas/image {{(pid=103032) process_request /opt/stack/glance/glance/api/middleware/version_negotiation.py:70}}
Aug 18 22:47:47.689750 np0000007715 devstack@g-api.service[103032]: [pid: 103032|app: 0|req: 72/277] 127.0.0.1 () {44 vars in 1051 bytes} [Tue Aug 18 22:47:47 2026] GET /v2/schemas/image => generated 6083 bytes in 4 msecs (HTTP/1.1 200) 4 headers in 158 bytes (1 switches on core 0)
Aug 18 22:47:49.178638 np0000007715 devstack@g-api.service[103033]: DEBUG dbcounter [-] [103033] Writing DB stats glance:SELECT=6 {{(pid=103033) stat_writer /opt/stack/data/venv/lib/python3.12/site-packages/dbcounter.py:115}}
Aug 18 22:47:49.839867 np0000007715 devstack@g-api.service[103032]: DEBUG dbcounter [-] [103032] Writing DB stats glance:SELECT=30,glance:UPDATE=2,glance:INSERT=2 {{(pid=103032) stat_writer /opt/stack/data/venv/lib/python3.12/site-packages/dbcounter.py:115}}
Aug 18 22:47:51.890417 np0000007715 devstack@g-api.service[103031]: DEBUG glance.api.middleware.version_negotiation [None req-2d4b816f-21cb-49e8-9333-fe38ce9ac0eb tempest-ServerActionsTestOtherB-869909056 tempest-ServerActionsTestOtherB-869909056-project-member] Determining version of request: GET /v2/schemas/image Accept: */* {{(pid=103031) process_request /opt/stack/glance/glance/api/middleware/version_negotiation.py:44}}
Aug 18 22:47:51.890723 np0000007715 devstack@g-api.service[103031]: DEBUG glance.api.middleware.version_negotiation [None req-2d4b816f-21cb-49e8-9333-fe38ce9ac0eb tempest-ServerActionsTestOtherB-869909056 tempest-ServerActionsTestOtherB-869909056-project-member] Using url versioning {{(pid=103031) process_request /opt/stack/glance/glance/api/middleware/version_negotiation.py:57}}
Aug 18 22:47:51.890827 np0000007715 devstack@g-api.service[103031]: DEBUG glance.api.middleware.version_negotiation [None req-2d4b816f-21cb-49e8-9333-fe38ce9ac0eb tempest-ServerActionsTestOtherB-869909056 tempest-ServerActionsTestOtherB-869909056-project-member] Matched version: v2 {{(pid=103031) process_request /opt/stack/glance/glance/api/middleware/version_negotiation.py:69}}
Aug 18 22:47:51.890994 np0000007715 devstack@g-api.service[103031]: DEBUG glance.api.middleware.version_negotiation [None req-2d4b816f-21cb-49e8-9333-fe38ce9ac0eb tempest-ServerActionsTestOtherB-869909056 tempest-ServerActionsTestOtherB-869909056-project-member] new path /v2/schemas/image {{(pid=103031) process_request /opt/stack/glance/glance/api/middleware/version_negotiation.py:70}}
Aug 18 22:47:51.977021 np0000007715 devstack@g-api.service[103031]: [pid: 103031|app: 0|req: 70/278] 127.0.0.1 () {44 vars in 1051 bytes} [Tue Aug 18 22:47:51 2026] GET /v2/schemas/image => generated 6083 bytes in 87 msecs (HTTP/1.1 200) 4 headers in 158 bytes (1 switches on core 0)
Aug 18 22:47:51.985223 np0000007715 devstack@g-api.service[103033]: DEBUG glance.api.middleware.version_negotiation [None req-2d4b816f-21cb-49e8-9333-fe38ce9ac0eb tempest-ServerActionsTestOtherB-869909056 tempest-ServerActionsTestOtherB-869909056-project-member] Determining version of request: POST /v2/images Accept: */* {{(pid=103033) process_request /opt/stack/glance/glance/api/middleware/version_negotiation.py:44}}
Aug 18 22:47:51.985535 np0000007715 devstack@g-api.service[103033]: DEBUG glance.api.middleware.version_negotiation [None req-2d4b816f-21cb-49e8-9333-fe38ce9ac0eb tempest-ServerActionsTestOtherB-869909056 tempest-ServerActionsTestOtherB-869909056-project-member] Using url versioning {{(pid=103033) process_request /opt/stack/glance/glance/api/middleware/version_negotiation.py:57}}
Aug 18 22:47:51.985535 np0000007715 devstack@g-api.service[103033]: DEBUG glance.api.middleware.version_negotiation [None req-2d4b816f-21cb-49e8-9333-fe38ce9ac0eb tempest-ServerActionsTestOtherB-869909056 tempest-ServerActionsTestOtherB-869909056-project-member] Matched version: v2 {{(pid=103033) process_request /opt/stack/glance/glance/api/middleware/version_negotiation.py:69}}
Aug 18 22:47:51.985625 np0000007715 devstack@g-api.service[103033]: DEBUG glance.api.middleware.version_negotiation [None req-2d4b816f-21cb-49e8-9333-fe38ce9ac0eb tempest-ServerActionsTestOtherB-869909056 tempest-ServerActionsTestOtherB-869909056-project-member] new path /v2/images {{(pid=103033) process_request /opt/stack/glance/glance/api/middleware/version_negotiation.py:70}}
Aug 18 22:47:52.678574 np0000007715 devstack@g-api.service[103033]: [pid: 103033|app: 0|req: 66/279] 127.0.0.1 () {46 vars in 1051 bytes} [Tue Aug 18 22:47:51 2026] POST /v2/images => generated 649 bytes in 693 msecs (HTTP/1.1 201) 6 headers in 315 bytes (1 switches on core 0)
Aug 18 22:47:52.696011 np0000007715 devstack@g-api.service[103030]: DEBUG glance.api.middleware.version_negotiation [None req-bd3999f5-be3e-4b84-b972-0e5660c27b83 tempest-TaggedBootDevicesTest-1186541649 tempest-TaggedBootDevicesTest-1186541649-project-member] Determining version of request: GET /v2/schemas/image Accept: */* {{(pid=103030) process_request /opt/stack/glance/glance/api/middleware/version_negotiation.py:44}}
Aug 18 22:47:52.696435 np0000007715 devstack@g-api.service[103030]: DEBUG glance.api.middleware.version_negotiation [None req-bd3999f5-be3e-4b84-b972-0e5660c27b83 tempest-TaggedBootDevicesTest-1186541649 tempest-TaggedBootDevicesTest-1186541649-project-member] Using url versioning {{(pid=103030) process_request /opt/stack/glance/glance/api/middleware/version_negotiation.py:57}}
Aug 18 22:47:52.696711 np0000007715 devstack@g-api.service[103030]: DEBUG glance.api.middleware.version_negotiation [None req-bd3999f5-be3e-4b84-b972-0e5660c27b83 tempest-TaggedBootDevicesTest-1186541649 tempest-TaggedBootDevicesTest-1186541649-project-member] Matched version: v2 {{(pid=103030) process_request /opt/stack/glance/glance/api/middleware/version_negotiation.py:69}}
Aug 18 22:47:52.696776 np0000007715 devstack@g-api.service[103030]: DEBUG glance.api.middleware.version_negotiation [None req-bd3999f5-be3e-4b84-b972-0e5660c27b83 tempest-TaggedBootDevicesTest-1186541649 tempest-TaggedBootDevicesTest-1186541649-project-member] new path /v2/schemas/image {{(pid=103030) process_request /opt/stack/glance/glance/api/middleware/version_negotiation.py:70}}
Aug 18 22:47:52.699466 np0000007715 devstack@g-api.service[103030]: [pid: 103030|app: 0|req: 72/280] 127.0.0.1 () {44 vars in 1051 bytes} [Tue Aug 18 22:47:52 2026] GET /v2/schemas/image => generated 6083 bytes in 4 msecs (HTTP/1.1 200) 4 headers in 158 bytes (1 switches on core 0)
Aug 18 22:47:52.717849 np0000007715 devstack@g-api.service[103032]: DEBUG glance.api.middleware.version_negotiation [None req-bd3999f5-be3e-4b84-b972-0e5660c27b83 tempest-TaggedBootDevicesTest-1186541649 tempest-TaggedBootDevicesTest-1186541649-project-member] Determining version of request: GET /v2/images/3f4ed3eb-6faf-48a4-aad2-bb0494cc9a6b Accept: application/json {{(pid=103032) process_request /opt/stack/glance/glance/api/middleware/version_negotiation.py:44}}
Aug 18 22:47:52.718180 np0000007715 devstack@g-api.service[103032]: DEBUG glance.api.middleware.version_negotiation [None req-bd3999f5-be3e-4b84-b972-0e5660c27b83 tempest-TaggedBootDevicesTest-1186541649 tempest-TaggedBootDevicesTest-1186541649-project-member] Using url versioning {{(pid=103032) process_request /opt/stack/glance/glance/api/middleware/version_negotiation.py:57}}
Aug 18 22:47:52.718180 np0000007715 devstack@g-api.service[103032]: DEBUG glance.api.middleware.version_negotiation [None req-bd3999f5-be3e-4b84-b972-0e5660c27b83 tempest-TaggedBootDevicesTest-1186541649 tempest-TaggedBootDevicesTest-1186541649-project-member] Matched version: v2 {{(pid=103032) process_request /opt/stack/glance/glance/api/middleware/version_negotiation.py:69}}
Aug 18 22:47:52.718402 np0000007715 devstack@g-api.service[103032]: DEBUG glance.api.middleware.version_negotiation [None req-bd3999f5-be3e-4b84-b972-0e5660c27b83 tempest-TaggedBootDevicesTest-1186541649 tempest-TaggedBootDevicesTest-1186541649-project-member] new path /v2/images/3f4ed3eb-6faf-48a4-aad2-bb0494cc9a6b {{(pid=103032) process_request /opt/stack/glance/glance/api/middleware/version_negotiation.py:70}}
Aug 18 22:47:52.757494 np0000007715 devstack@g-api.service[103032]: [pid: 103032|app: 0|req: 73/281] 127.0.0.1 () {40 vars in 834 bytes} [Tue Aug 18 22:47:52 2026] GET /v2/images/3f4ed3eb-6faf-48a4-aad2-bb0494cc9a6b => generated 649 bytes in 38 msecs (HTTP/1.1 200) 4 headers in 157 bytes (1 switches on core 0)
Aug 18 22:47:53.768751 np0000007715 devstack@g-api.service[103031]: DEBUG glance.api.middleware.version_negotiation [None req-103e8e34-0bc0-4346-b5f2-1d6cdc742e7c tempest-VolumesActionsTest-481626112 tempest-VolumesActionsTest-481626112-project-member] Determining version of request: GET /v2/images/3f4ed3eb-6faf-48a4-aad2-bb0494cc9a6b Accept: application/json {{(pid=103031) process_request /opt/stack/glance/glance/api/middleware/version_negotiation.py:44}}
Aug 18 22:47:53.773222 np0000007715 devstack@g-api.service[103031]: DEBUG glance.api.middleware.version_negotiation [None req-103e8e34-0bc0-4346-b5f2-1d6cdc742e7c tempest-VolumesActionsTest-481626112 tempest-VolumesActionsTest-481626112-project-member] Using url versioning {{(pid=103031) process_request /opt/stack/glance/glance/api/middleware/version_negotiation.py:57}}
Aug 18 22:47:53.773422 np0000007715 devstack@g-api.service[103031]: DEBUG glance.api.middleware.version_negotiation [None req-103e8e34-0bc0-4346-b5f2-1d6cdc742e7c tempest-VolumesActionsTest-481626112 tempest-VolumesActionsTest-481626112-project-member] Matched version: v2 {{(pid=103031) process_request /opt/stack/glance/glance/api/middleware/version_negotiation.py:69}}
Aug 18 22:47:53.773869 np0000007715 devstack@g-api.service[103031]: DEBUG glance.api.middleware.version_negotiation [None req-103e8e34-0bc0-4346-b5f2-1d6cdc742e7c tempest-VolumesActionsTest-481626112 tempest-VolumesActionsTest-481626112-project-member] new path /v2/images/3f4ed3eb-6faf-48a4-aad2-bb0494cc9a6b {{(pid=103031) process_request /opt/stack/glance/glance/api/middleware/version_negotiation.py:70}}
Aug 18 22:47:53.789878 np0000007715 devstack@g-api.service[103031]: [pid: 103031|app: 0|req: 71/282] 127.0.0.1 () {40 vars in 834 bytes} [Tue Aug 18 22:47:53 2026] GET /v2/images/3f4ed3eb-6faf-48a4-aad2-bb0494cc9a6b => generated 649 bytes in 21 msecs (HTTP/1.1 200) 4 headers in 157 bytes (1 switches on core 0)
Aug 18 22:47:54.798147 np0000007715 devstack@g-api.service[103033]: DEBUG glance.api.middleware.version_negotiation [None req-103e8e34-0bc0-4346-b5f2-1d6cdc742e7c tempest-VolumesActionsTest-481626112 tempest-VolumesActionsTest-481626112-project-member] Determining version of request: GET /v2/images/3f4ed3eb-6faf-48a4-aad2-bb0494cc9a6b Accept: application/json {{(pid=103033) process_request /opt/stack/glance/glance/api/middleware/version_negotiation.py:44}}
Aug 18 22:47:54.798478 np0000007715 devstack@g-api.service[103033]: DEBUG glance.api.middleware.version_negotiation [None req-103e8e34-0bc0-4346-b5f2-1d6cdc742e7c tempest-VolumesActionsTest-481626112 tempest-VolumesActionsTest-481626112-project-member] Using url versioning {{(pid=103033) process_request /opt/stack/glance/glance/api/middleware/version_negotiation.py:57}}
Aug 18 22:47:54.798478 np0000007715 devstack@g-api.service[103033]: DEBUG glance.api.middleware.version_negotiation [None req-103e8e34-0bc0-4346-b5f2-1d6cdc742e7c tempest-VolumesActionsTest-481626112 tempest-VolumesActionsTest-481626112-project-member] Matched version: v2 {{(pid=103033) process_request /opt/stack/glance/glance/api/middleware/version_negotiation.py:69}}
Aug 18 22:47:54.798525 np0000007715 devstack@g-api.service[103033]: DEBUG glance.api.middleware.version_negotiation [None req-103e8e34-0bc0-4346-b5f2-1d6cdc742e7c tempest-VolumesActionsTest-481626112 tempest-VolumesActionsTest-481626112-project-member] new path /v2/images/3f4ed3eb-6faf-48a4-aad2-bb0494cc9a6b {{(pid=103033) process_request /opt/stack/glance/glance/api/middleware/version_negotiation.py:70}}
Aug 18 22:47:54.810869 np0000007715 devstack@g-api.service[103033]: [pid: 103033|app: 0|req: 67/283] 127.0.0.1 () {40 vars in 834 bytes} [Tue Aug 18 22:47:54 2026] GET /v2/images/3f4ed3eb-6faf-48a4-aad2-bb0494cc9a6b => generated 649 bytes in 13 msecs (HTTP/1.1 200) 4 headers in 157 bytes (1 switches on core 0)
Aug 18 22:47:55.818404 np0000007715 devstack@g-api.service[103030]: DEBUG glance.api.middleware.version_negotiation [None req-103e8e34-0bc0-4346-b5f2-1d6cdc742e7c tempest-VolumesActionsTest-481626112 tempest-VolumesActionsTest-481626112-project-member] Determining version of request: GET /v2/images/3f4ed3eb-6faf-48a4-aad2-bb0494cc9a6b Accept: application/json {{(pid=103030) process_request /opt/stack/glance/glance/api/middleware/version_negotiation.py:44}}
Aug 18 22:47:55.819609 np0000007715 devstack@g-api.service[103030]: DEBUG glance.api.middleware.version_negotiation [None req-103e8e34-0bc0-4346-b5f2-1d6cdc742e7c tempest-VolumesActionsTest-481626112 tempest-VolumesActionsTest-481626112-project-member] Using url versioning {{(pid=103030) process_request /opt/stack/glance/glance/api/middleware/version_negotiation.py:57}}
Aug 18 22:47:55.819609 np0000007715 devstack@g-api.service[103030]: DEBUG glance.api.middleware.version_negotiation [None req-103e8e34-0bc0-4346-b5f2-1d6cdc742e7c tempest-VolumesActionsTest-481626112 tempest-VolumesActionsTest-481626112-project-member] Matched version: v2 {{(pid=103030) process_request /opt/stack/glance/glance/api/middleware/version_negotiation.py:69}}
Aug 18 22:47:55.819609 np0000007715 devstack@g-api.service[103030]: DEBUG glance.api.middleware.version_negotiation [None req-103e8e34-0bc0-4346-b5f2-1d6cdc742e7c tempest-VolumesActionsTest-481626112 tempest-VolumesActionsTest-481626112-project-member] new path /v2/images/3f4ed3eb-6faf-48a4-aad2-bb0494cc9a6b {{(pid=103030) process_request /opt/stack/glance/glance/api/middleware/version_negotiation.py:70}}
Aug 18 22:47:55.834199 np0000007715 devstack@g-api.service[103030]: [pid: 103030|app: 0|req: 73/284] 127.0.0.1 () {40 vars in 834 bytes} [Tue Aug 18 22:47:55 2026] GET /v2/images/3f4ed3eb-6faf-48a4-aad2-bb0494cc9a6b => generated 649 bytes in 16 msecs (HTTP/1.1 200) 4 headers in 157 bytes (1 switches on core 0)
Aug 18 22:47:56.098936 np0000007715 devstack@g-api.service[103032]: DEBUG glance.api.middleware.version_negotiation [None req-bba4cb0d-5e8e-44bc-8f77-273df8cc81b2 tempest-VolumesActionsTest-481626112 tempest-VolumesActionsTest-481626112-project-member] Determining version of request: PUT /v2/images/3f4ed3eb-6faf-48a4-aad2-bb0494cc9a6b/file Accept: */* {{(pid=103032) process_request /opt/stack/glance/glance/api/middleware/version_negotiation.py:44}}
Aug 18 22:47:56.099539 np0000007715 devstack@g-api.service[103032]: DEBUG glance.api.middleware.version_negotiation [None req-bba4cb0d-5e8e-44bc-8f77-273df8cc81b2 tempest-VolumesActionsTest-481626112 tempest-VolumesActionsTest-481626112-project-member] Using url versioning {{(pid=103032) process_request /opt/stack/glance/glance/api/middleware/version_negotiation.py:57}}
Aug 18 22:47:56.099539 np0000007715 devstack@g-api.service[103032]: DEBUG glance.api.middleware.version_negotiation [None req-bba4cb0d-5e8e-44bc-8f77-273df8cc81b2 tempest-VolumesActionsTest-481626112 tempest-VolumesActionsTest-481626112-project-member] Matched version: v2 {{(pid=103032) process_request /opt/stack/glance/glance/api/middleware/version_negotiation.py:69}}
Aug 18 22:47:56.099539 np0000007715 devstack@g-api.service[103032]: DEBUG glance.api.middleware.version_negotiation [None req-bba4cb0d-5e8e-44bc-8f77-273df8cc81b2 tempest-VolumesActionsTest-481626112 tempest-VolumesActionsTest-481626112-project-member] new path /v2/images/3f4ed3eb-6faf-48a4-aad2-bb0494cc9a6b/file {{(pid=103032) process_request /opt/stack/glance/glance/api/middleware/version_negotiation.py:70}}
Aug 18 22:47:56.705047 np0000007715 devstack@g-api.service[103032]: INFO glance.api.v2.image_data [None req-103e8e34-0bc0-4346-b5f2-1d6cdc742e7c tempest-VolumesActionsTest-481626112 tempest-VolumesActionsTest-481626112-project-member] Unable to create trust: no such option collect_timing in group [keystone_authtoken] Use the existing user token.
Aug 18 22:47:56.842721 np0000007715 devstack@g-api.service[103031]: DEBUG glance.api.middleware.version_negotiation [None req-7f5f02c1-d45b-4ba9-9410-a00f28abed5e tempest-VolumesActionsTest-481626112 tempest-VolumesActionsTest-481626112-project-member] Determining version of request: GET /v2/images/3f4ed3eb-6faf-48a4-aad2-bb0494cc9a6b Accept: application/json {{(pid=103031) process_request /opt/stack/glance/glance/api/middleware/version_negotiation.py:44}}
Aug 18 22:47:56.843010 np0000007715 devstack@g-api.service[103031]: DEBUG glance.api.middleware.version_negotiation [None req-7f5f02c1-d45b-4ba9-9410-a00f28abed5e tempest-VolumesActionsTest-481626112 tempest-VolumesActionsTest-481626112-project-member] Using url versioning {{(pid=103031) process_request /opt/stack/glance/glance/api/middleware/version_negotiation.py:57}}
Aug 18 22:47:56.843079 np0000007715 devstack@g-api.service[103031]: DEBUG glance.api.middleware.version_negotiation [None req-7f5f02c1-d45b-4ba9-9410-a00f28abed5e tempest-VolumesActionsTest-481626112 tempest-VolumesActionsTest-481626112-project-member] Matched version: v2 {{(pid=103031) process_request /opt/stack/glance/glance/api/middleware/version_negotiation.py:69}}
Aug 18 22:47:56.843196 np0000007715 devstack@g-api.service[103031]: DEBUG glance.api.middleware.version_negotiation [None req-7f5f02c1-d45b-4ba9-9410-a00f28abed5e tempest-VolumesActionsTest-481626112 tempest-VolumesActionsTest-481626112-project-member] new path /v2/images/3f4ed3eb-6faf-48a4-aad2-bb0494cc9a6b {{(pid=103031) process_request /opt/stack/glance/glance/api/middleware/version_negotiation.py:70}}
Aug 18 22:47:56.852486 np0000007715 devstack@g-api.service[103031]: [pid: 103031|app: 0|req: 72/285] 127.0.0.1 () {40 vars in 834 bytes} [Tue Aug 18 22:47:56 2026] GET /v2/images/3f4ed3eb-6faf-48a4-aad2-bb0494cc9a6b => generated 649 bytes in 10 msecs (HTTP/1.1 200) 4 headers in 157 bytes (1 switches on core 0)
Aug 18 22:47:57.299755 np0000007715 devstack@g-api.service[103032]: DEBUG glance.location [None req-103e8e34-0bc0-4346-b5f2-1d6cdc742e7c tempest-VolumesActionsTest-481626112 tempest-VolumesActionsTest-481626112-project-member] Enabling in-flight format inspection for raw {{(pid=103032) set_data /opt/stack/glance/glance/location.py:596}}
Aug 18 22:47:57.300258 np0000007715 devstack@g-api.service[103032]: DEBUG glance_store.backend [None req-103e8e34-0bc0-4346-b5f2-1d6cdc742e7c tempest-VolumesActionsTest-481626112 tempest-VolumesActionsTest-481626112-project-member] Attempting to import store swift {{(pid=103032) _load_store /opt/stack/data/venv/lib/python3.12/site-packages/glance_store/backend.py:215}}
Aug 18 22:47:57.301397 np0000007715 devstack@g-api.service[103032]: DEBUG glance_store.capabilities [None req-103e8e34-0bc0-4346-b5f2-1d6cdc742e7c tempest-VolumesActionsTest-481626112 tempest-VolumesActionsTest-481626112-project-member] Store glance_store._drivers.swift.store.SingleTenantStore doesn't support updating dynamic storage capabilities. Please overwrite 'update_capabilities' method of the store to implement updating logics if needed. {{(pid=103032) update_capabilities /opt/stack/data/venv/lib/python3.12/site-packages/glance_store/capabilities.py:91}}
Aug 18 22:47:57.301556 np0000007715 devstack@g-api.service[103032]: DEBUG glance_store.driver [None req-103e8e34-0bc0-4346-b5f2-1d6cdc742e7c tempest-VolumesActionsTest-481626112 tempest-VolumesActionsTest-481626112-project-member] Late loading location class glance_store._drivers.swift.store.StoreLocation {{(pid=103032) get_store_location_class /opt/stack/data/venv/lib/python3.12/site-packages/glance_store/driver.py:134}}
Aug 18 22:47:57.301803 np0000007715 devstack@g-api.service[103032]: DEBUG glance_store.location [None req-103e8e34-0bc0-4346-b5f2-1d6cdc742e7c tempest-VolumesActionsTest-481626112 tempest-VolumesActionsTest-481626112-project-member] Registering scheme swift+https with {'store': , 'location_class': , 'store_entry': 'swift'} {{(pid=103032) register_scheme_map /opt/stack/data/venv/lib/python3.12/site-packages/glance_store/location.py:146}}
Aug 18 22:47:57.302014 np0000007715 devstack@g-api.service[103032]: DEBUG glance_store.location [None req-103e8e34-0bc0-4346-b5f2-1d6cdc742e7c tempest-VolumesActionsTest-481626112 tempest-VolumesActionsTest-481626112-project-member] Registering scheme swift+https with {'store': , 'location_class': , 'store_entry': 'swift'} {{(pid=103032) register_scheme_map /opt/stack/data/venv/lib/python3.12/site-packages/glance_store/location.py:146}}
Aug 18 22:47:57.302152 np0000007715 devstack@g-api.service[103032]: DEBUG glance_store.location [None req-103e8e34-0bc0-4346-b5f2-1d6cdc742e7c tempest-VolumesActionsTest-481626112 tempest-VolumesActionsTest-481626112-project-member] Registering scheme swift with {'store': , 'location_class': , 'store_entry': 'swift'} {{(pid=103032) register_scheme_map /opt/stack/data/venv/lib/python3.12/site-packages/glance_store/location.py:146}}
Aug 18 22:47:57.302291 np0000007715 devstack@g-api.service[103032]: DEBUG glance_store.location [None req-103e8e34-0bc0-4346-b5f2-1d6cdc742e7c tempest-VolumesActionsTest-481626112 tempest-VolumesActionsTest-481626112-project-member] Registering scheme swift+https with {'store': , 'location_class': , 'store_entry': 'swift'} {{(pid=103032) register_scheme_map /opt/stack/data/venv/lib/python3.12/site-packages/glance_store/location.py:146}}
Aug 18 22:47:57.302403 np0000007715 devstack@g-api.service[103032]: DEBUG glance_store.location [None req-103e8e34-0bc0-4346-b5f2-1d6cdc742e7c tempest-VolumesActionsTest-481626112 tempest-VolumesActionsTest-481626112-project-member] Registering scheme swift with {'store': , 'location_class': , 'store_entry': 'swift'} {{(pid=103032) register_scheme_map /opt/stack/data/venv/lib/python3.12/site-packages/glance_store/location.py:146}}
Aug 18 22:47:57.302527 np0000007715 devstack@g-api.service[103032]: DEBUG glance_store.location [None req-103e8e34-0bc0-4346-b5f2-1d6cdc742e7c tempest-VolumesActionsTest-481626112 tempest-VolumesActionsTest-481626112-project-member] Registering scheme swift+http with {'store': , 'location_class': , 'store_entry': 'swift'} {{(pid=103032) register_scheme_map /opt/stack/data/venv/lib/python3.12/site-packages/glance_store/location.py:146}}
Aug 18 22:47:57.302642 np0000007715 devstack@g-api.service[103032]: DEBUG glance_store.location [None req-103e8e34-0bc0-4346-b5f2-1d6cdc742e7c tempest-VolumesActionsTest-481626112 tempest-VolumesActionsTest-481626112-project-member] Registering scheme swift+https with {'store': , 'location_class': , 'store_entry': 'swift'} {{(pid=103032) register_scheme_map /opt/stack/data/venv/lib/python3.12/site-packages/glance_store/location.py:146}}
Aug 18 22:47:57.302716 np0000007715 devstack@g-api.service[103032]: DEBUG glance_store.location [None req-103e8e34-0bc0-4346-b5f2-1d6cdc742e7c tempest-VolumesActionsTest-481626112 tempest-VolumesActionsTest-481626112-project-member] Registering scheme swift with {'store': , 'location_class': , 'store_entry': 'swift'} {{(pid=103032) register_scheme_map /opt/stack/data/venv/lib/python3.12/site-packages/glance_store/location.py:146}}
Aug 18 22:47:57.302822 np0000007715 devstack@g-api.service[103032]: DEBUG glance_store.location [None req-103e8e34-0bc0-4346-b5f2-1d6cdc742e7c tempest-VolumesActionsTest-481626112 tempest-VolumesActionsTest-481626112-project-member] Registering scheme swift+http with {'store': , 'location_class': , 'store_entry': 'swift'} {{(pid=103032) register_scheme_map /opt/stack/data/venv/lib/python3.12/site-packages/glance_store/location.py:146}}
Aug 18 22:47:57.302930 np0000007715 devstack@g-api.service[103032]: DEBUG glance_store.location [None req-103e8e34-0bc0-4346-b5f2-1d6cdc742e7c tempest-VolumesActionsTest-481626112 tempest-VolumesActionsTest-481626112-project-member] Registering scheme swift+config with {'store': , 'location_class': , 'store_entry': 'swift'} {{(pid=103032) register_scheme_map /opt/stack/data/venv/lib/python3.12/site-packages/glance_store/location.py:146}}
Aug 18 22:47:57.526241 np0000007715 devstack@g-api.service[103032]: DEBUG swiftclient [None req-103e8e34-0bc0-4346-b5f2-1d6cdc742e7c tempest-VolumesActionsTest-481626112 tempest-VolumesActionsTest-481626112-project-member] REQ: curl -i https://10.4.3.89:8080/v1/AUTH_eef7e28c97e24d2bbaa4b9690617c626/glance -I -H "X-Auth-Token: gAAAAABqhOEdqqVY..." {{(pid=103032) http_log /opt/stack/data/venv/lib/python3.12/site-packages/swiftclient/client.py:160}}
Aug 18 22:47:57.526367 np0000007715 devstack@g-api.service[103032]: DEBUG swiftclient [None req-103e8e34-0bc0-4346-b5f2-1d6cdc742e7c tempest-VolumesActionsTest-481626112 tempest-VolumesActionsTest-481626112-project-member] RESP STATUS: 204 No Content {{(pid=103032) http_log /opt/stack/data/venv/lib/python3.12/site-packages/swiftclient/client.py:161}}
Aug 18 22:47:57.526587 np0000007715 devstack@g-api.service[103032]: DEBUG swiftclient [None req-103e8e34-0bc0-4346-b5f2-1d6cdc742e7c tempest-VolumesActionsTest-481626112 tempest-VolumesActionsTest-481626112-project-member] RESP HEADERS: {'Date': 'Tue, 18 Aug 2026 22:47:57 GMT', 'Server': 'Apache/2.4.58 (Ubuntu)', 'Content-Type': 'text/plain; charset=utf-8', 'X-Container-Object-Count': '5', 'X-Container-Bytes-Used': '86048768', 'X-Timestamp': '1787092998.11012', 'Last-Modified': 'Tue, 18 Aug 2026 22:43:19 GMT', 'Accept-Ranges': 'bytes', 'X-Storage-Policy': 'Policy-0', 'X-Container-Sharding': 'False', 'Vary': 'Accept', 'X-Trans-Id': 'tx9803fb803f23419ca549d-006a84e11d', 'X-Openstack-Request-Id': 'tx9803fb803f23419ca549d-006a84e11d', 'Connection': 'close'} {{(pid=103032) http_log /opt/stack/data/venv/lib/python3.12/site-packages/swiftclient/client.py:162}}
Aug 18 22:47:57.526730 np0000007715 devstack@g-api.service[103032]: DEBUG glance_store._drivers.swift.store [None req-103e8e34-0bc0-4346-b5f2-1d6cdc742e7c tempest-VolumesActionsTest-481626112 tempest-VolumesActionsTest-481626112-project-member] Adding image object '3f4ed3eb-6faf-48a4-aad2-bb0494cc9a6b' to Swift {{(pid=103032) add /opt/stack/data/venv/lib/python3.12/site-packages/glance_store/_drivers/swift/store.py:970}}
Aug 18 22:47:57.526801 np0000007715 devstack@g-api.service[103032]: DEBUG glance_store._drivers.swift.store [None req-103e8e34-0bc0-4346-b5f2-1d6cdc742e7c tempest-VolumesActionsTest-481626112 tempest-VolumesActionsTest-481626112-project-member] Cannot determine image size because it is either not provided in the request or chunked-transfer encoding is used. Adding image as a segmented object to Swift. {{(pid=103032) add /opt/stack/data/venv/lib/python3.12/site-packages/glance_store/_drivers/swift/store.py:994}}
Aug 18 22:47:57.535830 np0000007715 devstack@g-api.service[103032]: DEBUG oslo_utils.imageutils.format_inspector [None req-103e8e34-0bc0-4346-b5f2-1d6cdc742e7c tempest-VolumesActionsTest-481626112 tempest-VolumesActionsTest-481626112-project-member] Format inspector for vmdk does not match, excluding from consideration (Signature KDMV not found: b'\x00\x00\x00\x00') {{(pid=103032) _process_chunk /opt/stack/data/venv/lib/python3.12/site-packages/oslo_utils/imageutils/format_inspector.py:1758}}
Aug 18 22:47:57.540530 np0000007715 devstack@g-api.service[103032]: DEBUG oslo_utils.imageutils.format_inspector [None req-103e8e34-0bc0-4346-b5f2-1d6cdc742e7c tempest-VolumesActionsTest-481626112 tempest-VolumesActionsTest-481626112-project-member] Format inspector for vhdx does not match, excluding from consideration (Region signature not found at 30000) {{(pid=103032) _process_chunk /opt/stack/data/venv/lib/python3.12/site-packages/oslo_utils/imageutils/format_inspector.py:1758}}
Aug 18 22:47:57.865222 np0000007715 devstack@g-api.service[103033]: DEBUG glance.api.middleware.version_negotiation [None req-373a17ae-a988-496e-b414-4f8617a32da6 tempest-VolumesActionsTest-481626112 tempest-VolumesActionsTest-481626112-project-member] Determining version of request: GET /v2/images/3f4ed3eb-6faf-48a4-aad2-bb0494cc9a6b Accept: application/json {{(pid=103033) process_request /opt/stack/glance/glance/api/middleware/version_negotiation.py:44}}
Aug 18 22:47:57.865903 np0000007715 devstack@g-api.service[103033]: DEBUG glance.api.middleware.version_negotiation [None req-373a17ae-a988-496e-b414-4f8617a32da6 tempest-VolumesActionsTest-481626112 tempest-VolumesActionsTest-481626112-project-member] Using url versioning {{(pid=103033) process_request /opt/stack/glance/glance/api/middleware/version_negotiation.py:57}}
Aug 18 22:47:57.865903 np0000007715 devstack@g-api.service[103033]: DEBUG glance.api.middleware.version_negotiation [None req-373a17ae-a988-496e-b414-4f8617a32da6 tempest-VolumesActionsTest-481626112 tempest-VolumesActionsTest-481626112-project-member] Matched version: v2 {{(pid=103033) process_request /opt/stack/glance/glance/api/middleware/version_negotiation.py:69}}
Aug 18 22:47:57.865903 np0000007715 devstack@g-api.service[103033]: DEBUG glance.api.middleware.version_negotiation [None req-373a17ae-a988-496e-b414-4f8617a32da6 tempest-VolumesActionsTest-481626112 tempest-VolumesActionsTest-481626112-project-member] new path /v2/images/3f4ed3eb-6faf-48a4-aad2-bb0494cc9a6b {{(pid=103033) process_request /opt/stack/glance/glance/api/middleware/version_negotiation.py:70}}
Aug 18 22:47:57.875546 np0000007715 devstack@g-api.service[103033]: [pid: 103033|app: 0|req: 68/286] 127.0.0.1 () {40 vars in 834 bytes} [Tue Aug 18 22:47:57 2026] GET /v2/images/3f4ed3eb-6faf-48a4-aad2-bb0494cc9a6b => generated 649 bytes in 10 msecs (HTTP/1.1 200) 4 headers in 157 bytes (1 switches on core 0)
Aug 18 22:47:58.886130 np0000007715 devstack@g-api.service[103030]: DEBUG glance.api.middleware.version_negotiation [None req-fdfe7a96-f474-49b4-b911-d86f9b20e744 tempest-VolumesActionsTest-481626112 tempest-VolumesActionsTest-481626112-project-member] Determining version of request: GET /v2/images/3f4ed3eb-6faf-48a4-aad2-bb0494cc9a6b Accept: application/json {{(pid=103030) process_request /opt/stack/glance/glance/api/middleware/version_negotiation.py:44}}
Aug 18 22:47:58.886504 np0000007715 devstack@g-api.service[103030]: DEBUG glance.api.middleware.version_negotiation [None req-fdfe7a96-f474-49b4-b911-d86f9b20e744 tempest-VolumesActionsTest-481626112 tempest-VolumesActionsTest-481626112-project-member] Using url versioning {{(pid=103030) process_request /opt/stack/glance/glance/api/middleware/version_negotiation.py:57}}
Aug 18 22:47:58.886561 np0000007715 devstack@g-api.service[103030]: DEBUG glance.api.middleware.version_negotiation [None req-fdfe7a96-f474-49b4-b911-d86f9b20e744 tempest-VolumesActionsTest-481626112 tempest-VolumesActionsTest-481626112-project-member] Matched version: v2 {{(pid=103030) process_request /opt/stack/glance/glance/api/middleware/version_negotiation.py:69}}
Aug 18 22:47:58.886741 np0000007715 devstack@g-api.service[103030]: DEBUG glance.api.middleware.version_negotiation [None req-fdfe7a96-f474-49b4-b911-d86f9b20e744 tempest-VolumesActionsTest-481626112 tempest-VolumesActionsTest-481626112-project-member] new path /v2/images/3f4ed3eb-6faf-48a4-aad2-bb0494cc9a6b {{(pid=103030) process_request /opt/stack/glance/glance/api/middleware/version_negotiation.py:70}}
Aug 18 22:47:58.902800 np0000007715 devstack@g-api.service[103030]: [pid: 103030|app: 0|req: 74/287] 127.0.0.1 () {40 vars in 834 bytes} [Tue Aug 18 22:47:58 2026] GET /v2/images/3f4ed3eb-6faf-48a4-aad2-bb0494cc9a6b => generated 649 bytes in 18 msecs (HTTP/1.1 200) 4 headers in 157 bytes (1 switches on core 0)
Aug 18 22:47:59.687576 np0000007715 devstack@g-api.service[103032]: DEBUG swiftclient [None req-103e8e34-0bc0-4346-b5f2-1d6cdc742e7c tempest-VolumesActionsTest-481626112 tempest-VolumesActionsTest-481626112-project-member] REQ: curl -i https://10.4.3.89:8080/v1/AUTH_eef7e28c97e24d2bbaa4b9690617c626/glance/3f4ed3eb-6faf-48a4-aad2-bb0494cc9a6b-00001 -X PUT -H "X-Auth-Token: gAAAAABqhOEdqqVY..." {{(pid=103032) http_log /opt/stack/data/venv/lib/python3.12/site-packages/swiftclient/client.py:160}}
Aug 18 22:47:59.687576 np0000007715 devstack@g-api.service[103032]: DEBUG swiftclient [None req-103e8e34-0bc0-4346-b5f2-1d6cdc742e7c tempest-VolumesActionsTest-481626112 tempest-VolumesActionsTest-481626112-project-member] RESP STATUS: 201 Created {{(pid=103032) http_log /opt/stack/data/venv/lib/python3.12/site-packages/swiftclient/client.py:161}}
Aug 18 22:47:59.687576 np0000007715 devstack@g-api.service[103032]: DEBUG swiftclient [None req-103e8e34-0bc0-4346-b5f2-1d6cdc742e7c tempest-VolumesActionsTest-481626112 tempest-VolumesActionsTest-481626112-project-member] RESP HEADERS: {'Date': 'Tue, 18 Aug 2026 22:47:59 GMT', 'Server': 'Apache/2.4.58 (Ubuntu)', 'Content-Type': 'text/html; charset=UTF-8', 'Content-Length': '0', 'Etag': 'eda9a9889837ac4bc81d6387d92c1bec', 'Last-Modified': 'Tue, 18 Aug 2026 22:47:58 GMT', 'X-Trans-Id': 'txf991d6e9eaf7497aba661-006a84e11d', 'X-Openstack-Request-Id': 'txf991d6e9eaf7497aba661-006a84e11d', 'Connection': 'close'} {{(pid=103032) http_log /opt/stack/data/venv/lib/python3.12/site-packages/swiftclient/client.py:162}}
Aug 18 22:47:59.687576 np0000007715 devstack@g-api.service[103032]: DEBUG glance_store._drivers.swift.store [None req-103e8e34-0bc0-4346-b5f2-1d6cdc742e7c tempest-VolumesActionsTest-481626112 tempest-VolumesActionsTest-481626112-project-member] Wrote chunk 3f4ed3eb-6faf-48a4-aad2-bb0494cc9a6b-00001 (1/?) of length 204800000 to Swift returning MD5 of content: eda9a9889837ac4bc81d6387d92c1bec {{(pid=103032) add /opt/stack/data/venv/lib/python3.12/site-packages/glance_store/_drivers/swift/store.py:1059}}
Aug 18 22:47:59.913721 np0000007715 devstack@g-api.service[103031]: DEBUG glance.api.middleware.version_negotiation [None req-66b16c1d-8e11-42b7-88e8-f920fd1cb598 tempest-VolumesActionsTest-481626112 tempest-VolumesActionsTest-481626112-project-member] Determining version of request: GET /v2/images/3f4ed3eb-6faf-48a4-aad2-bb0494cc9a6b Accept: application/json {{(pid=103031) process_request /opt/stack/glance/glance/api/middleware/version_negotiation.py:44}}
Aug 18 22:47:59.913721 np0000007715 devstack@g-api.service[103031]: DEBUG glance.api.middleware.version_negotiation [None req-66b16c1d-8e11-42b7-88e8-f920fd1cb598 tempest-VolumesActionsTest-481626112 tempest-VolumesActionsTest-481626112-project-member] Using url versioning {{(pid=103031) process_request /opt/stack/glance/glance/api/middleware/version_negotiation.py:57}}
Aug 18 22:47:59.913721 np0000007715 devstack@g-api.service[103031]: DEBUG glance.api.middleware.version_negotiation [None req-66b16c1d-8e11-42b7-88e8-f920fd1cb598 tempest-VolumesActionsTest-481626112 tempest-VolumesActionsTest-481626112-project-member] Matched version: v2 {{(pid=103031) process_request /opt/stack/glance/glance/api/middleware/version_negotiation.py:69}}
Aug 18 22:47:59.913721 np0000007715 devstack@g-api.service[103031]: DEBUG glance.api.middleware.version_negotiation [None req-66b16c1d-8e11-42b7-88e8-f920fd1cb598 tempest-VolumesActionsTest-481626112 tempest-VolumesActionsTest-481626112-project-member] new path /v2/images/3f4ed3eb-6faf-48a4-aad2-bb0494cc9a6b {{(pid=103031) process_request /opt/stack/glance/glance/api/middleware/version_negotiation.py:70}}
Aug 18 22:47:59.924614 np0000007715 devstack@g-api.service[103031]: [pid: 103031|app: 0|req: 73/288] 127.0.0.1 () {40 vars in 834 bytes} [Tue Aug 18 22:47:59 2026] GET /v2/images/3f4ed3eb-6faf-48a4-aad2-bb0494cc9a6b => generated 649 bytes in 12 msecs (HTTP/1.1 200) 4 headers in 157 bytes (1 switches on core 0)
Aug 18 22:48:00.936720 np0000007715 devstack@g-api.service[103033]: DEBUG glance.api.middleware.version_negotiation [None req-22469d19-4db8-4181-b15b-2403fc1387dd tempest-VolumesActionsTest-481626112 tempest-VolumesActionsTest-481626112-project-member] Determining version of request: GET /v2/images/3f4ed3eb-6faf-48a4-aad2-bb0494cc9a6b Accept: application/json {{(pid=103033) process_request /opt/stack/glance/glance/api/middleware/version_negotiation.py:44}}
Aug 18 22:48:00.937215 np0000007715 devstack@g-api.service[103033]: DEBUG glance.api.middleware.version_negotiation [None req-22469d19-4db8-4181-b15b-2403fc1387dd tempest-VolumesActionsTest-481626112 tempest-VolumesActionsTest-481626112-project-member] Using url versioning {{(pid=103033) process_request /opt/stack/glance/glance/api/middleware/version_negotiation.py:57}}
Aug 18 22:48:00.937215 np0000007715 devstack@g-api.service[103033]: DEBUG glance.api.middleware.version_negotiation [None req-22469d19-4db8-4181-b15b-2403fc1387dd tempest-VolumesActionsTest-481626112 tempest-VolumesActionsTest-481626112-project-member] Matched version: v2 {{(pid=103033) process_request /opt/stack/glance/glance/api/middleware/version_negotiation.py:69}}
Aug 18 22:48:00.937215 np0000007715 devstack@g-api.service[103033]: DEBUG glance.api.middleware.version_negotiation [None req-22469d19-4db8-4181-b15b-2403fc1387dd tempest-VolumesActionsTest-481626112 tempest-VolumesActionsTest-481626112-project-member] new path /v2/images/3f4ed3eb-6faf-48a4-aad2-bb0494cc9a6b {{(pid=103033) process_request /opt/stack/glance/glance/api/middleware/version_negotiation.py:70}}
Aug 18 22:48:00.953791 np0000007715 devstack@g-api.service[103033]: [pid: 103033|app: 0|req: 69/289] 127.0.0.1 () {40 vars in 834 bytes} [Tue Aug 18 22:48:00 2026] GET /v2/images/3f4ed3eb-6faf-48a4-aad2-bb0494cc9a6b => generated 649 bytes in 16 msecs (HTTP/1.1 200) 4 headers in 157 bytes (1 switches on core 0)
Aug 18 22:48:01.691347 np0000007715 devstack@g-api.service[103032]: DEBUG swiftclient [None req-103e8e34-0bc0-4346-b5f2-1d6cdc742e7c tempest-VolumesActionsTest-481626112 tempest-VolumesActionsTest-481626112-project-member] REQ: curl -i https://10.4.3.89:8080/v1/AUTH_eef7e28c97e24d2bbaa4b9690617c626/glance/3f4ed3eb-6faf-48a4-aad2-bb0494cc9a6b-00002 -X PUT -H "X-Auth-Token: gAAAAABqhOEdqqVY..." {{(pid=103032) http_log /opt/stack/data/venv/lib/python3.12/site-packages/swiftclient/client.py:160}}
Aug 18 22:48:01.691636 np0000007715 devstack@g-api.service[103032]: DEBUG swiftclient [None req-103e8e34-0bc0-4346-b5f2-1d6cdc742e7c tempest-VolumesActionsTest-481626112 tempest-VolumesActionsTest-481626112-project-member] RESP STATUS: 201 Created {{(pid=103032) http_log /opt/stack/data/venv/lib/python3.12/site-packages/swiftclient/client.py:161}}
Aug 18 22:48:01.691807 np0000007715 devstack@g-api.service[103032]: DEBUG swiftclient [None req-103e8e34-0bc0-4346-b5f2-1d6cdc742e7c tempest-VolumesActionsTest-481626112 tempest-VolumesActionsTest-481626112-project-member] RESP HEADERS: {'Date': 'Tue, 18 Aug 2026 22:48:01 GMT', 'Server': 'Apache/2.4.58 (Ubuntu)', 'Content-Type': 'text/html; charset=UTF-8', 'Content-Length': '0', 'Etag': 'eda9a9889837ac4bc81d6387d92c1bec', 'Last-Modified': 'Tue, 18 Aug 2026 22:48:00 GMT', 'X-Trans-Id': 'tx2a814ffb4731491eb9983-006a84e11f', 'X-Openstack-Request-Id': 'tx2a814ffb4731491eb9983-006a84e11f', 'Connection': 'close'} {{(pid=103032) http_log /opt/stack/data/venv/lib/python3.12/site-packages/swiftclient/client.py:162}}
Aug 18 22:48:01.692016 np0000007715 devstack@g-api.service[103032]: DEBUG glance_store._drivers.swift.store [None req-103e8e34-0bc0-4346-b5f2-1d6cdc742e7c tempest-VolumesActionsTest-481626112 tempest-VolumesActionsTest-481626112-project-member] Wrote chunk 3f4ed3eb-6faf-48a4-aad2-bb0494cc9a6b-00002 (2/?) of length 204800000 to Swift returning MD5 of content: eda9a9889837ac4bc81d6387d92c1bec {{(pid=103032) add /opt/stack/data/venv/lib/python3.12/site-packages/glance_store/_drivers/swift/store.py:1059}}
Aug 18 22:48:01.963441 np0000007715 devstack@g-api.service[103030]: DEBUG glance.api.middleware.version_negotiation [None req-6757cad1-9c0d-44ca-9beb-83290579a154 tempest-VolumesActionsTest-481626112 tempest-VolumesActionsTest-481626112-project-member] Determining version of request: GET /v2/images/3f4ed3eb-6faf-48a4-aad2-bb0494cc9a6b Accept: application/json {{(pid=103030) process_request /opt/stack/glance/glance/api/middleware/version_negotiation.py:44}}
Aug 18 22:48:01.963851 np0000007715 devstack@g-api.service[103030]: DEBUG glance.api.middleware.version_negotiation [None req-6757cad1-9c0d-44ca-9beb-83290579a154 tempest-VolumesActionsTest-481626112 tempest-VolumesActionsTest-481626112-project-member] Using url versioning {{(pid=103030) process_request /opt/stack/glance/glance/api/middleware/version_negotiation.py:57}}
Aug 18 22:48:01.963851 np0000007715 devstack@g-api.service[103030]: DEBUG glance.api.middleware.version_negotiation [None req-6757cad1-9c0d-44ca-9beb-83290579a154 tempest-VolumesActionsTest-481626112 tempest-VolumesActionsTest-481626112-project-member] Matched version: v2 {{(pid=103030) process_request /opt/stack/glance/glance/api/middleware/version_negotiation.py:69}}
Aug 18 22:48:01.964042 np0000007715 devstack@g-api.service[103030]: DEBUG glance.api.middleware.version_negotiation [None req-6757cad1-9c0d-44ca-9beb-83290579a154 tempest-VolumesActionsTest-481626112 tempest-VolumesActionsTest-481626112-project-member] new path /v2/images/3f4ed3eb-6faf-48a4-aad2-bb0494cc9a6b {{(pid=103030) process_request /opt/stack/glance/glance/api/middleware/version_negotiation.py:70}}
Aug 18 22:48:01.981448 np0000007715 devstack@g-api.service[103030]: [pid: 103030|app: 0|req: 75/290] 127.0.0.1 () {40 vars in 834 bytes} [Tue Aug 18 22:48:01 2026] GET /v2/images/3f4ed3eb-6faf-48a4-aad2-bb0494cc9a6b => generated 649 bytes in 19 msecs (HTTP/1.1 200) 4 headers in 157 bytes (1 switches on core 0)
Aug 18 22:48:02.991704 np0000007715 devstack@g-api.service[103031]: DEBUG glance.api.middleware.version_negotiation [None req-2f7df90a-a01e-4966-a1a9-0d62355a8db4 tempest-VolumesActionsTest-481626112 tempest-VolumesActionsTest-481626112-project-member] Determining version of request: GET /v2/images/3f4ed3eb-6faf-48a4-aad2-bb0494cc9a6b Accept: application/json {{(pid=103031) process_request /opt/stack/glance/glance/api/middleware/version_negotiation.py:44}}
Aug 18 22:48:02.994300 np0000007715 devstack@g-api.service[103031]: DEBUG glance.api.middleware.version_negotiation [None req-2f7df90a-a01e-4966-a1a9-0d62355a8db4 tempest-VolumesActionsTest-481626112 tempest-VolumesActionsTest-481626112-project-member] Using url versioning {{(pid=103031) process_request /opt/stack/glance/glance/api/middleware/version_negotiation.py:57}}
Aug 18 22:48:02.994300 np0000007715 devstack@g-api.service[103031]: DEBUG glance.api.middleware.version_negotiation [None req-2f7df90a-a01e-4966-a1a9-0d62355a8db4 tempest-VolumesActionsTest-481626112 tempest-VolumesActionsTest-481626112-project-member] Matched version: v2 {{(pid=103031) process_request /opt/stack/glance/glance/api/middleware/version_negotiation.py:69}}
Aug 18 22:48:02.994300 np0000007715 devstack@g-api.service[103031]: DEBUG glance.api.middleware.version_negotiation [None req-2f7df90a-a01e-4966-a1a9-0d62355a8db4 tempest-VolumesActionsTest-481626112 tempest-VolumesActionsTest-481626112-project-member] new path /v2/images/3f4ed3eb-6faf-48a4-aad2-bb0494cc9a6b {{(pid=103031) process_request /opt/stack/glance/glance/api/middleware/version_negotiation.py:70}}
Aug 18 22:48:03.006856 np0000007715 devstack@g-api.service[103031]: [pid: 103031|app: 0|req: 74/291] 127.0.0.1 () {40 vars in 834 bytes} [Tue Aug 18 22:48:02 2026] GET /v2/images/3f4ed3eb-6faf-48a4-aad2-bb0494cc9a6b => generated 649 bytes in 15 msecs (HTTP/1.1 200) 4 headers in 157 bytes (1 switches on core 0)
Aug 18 22:48:03.726238 np0000007715 devstack@g-api.service[103032]: DEBUG swiftclient [None req-103e8e34-0bc0-4346-b5f2-1d6cdc742e7c tempest-VolumesActionsTest-481626112 tempest-VolumesActionsTest-481626112-project-member] REQ: curl -i https://10.4.3.89:8080/v1/AUTH_eef7e28c97e24d2bbaa4b9690617c626/glance/3f4ed3eb-6faf-48a4-aad2-bb0494cc9a6b-00003 -X PUT -H "X-Auth-Token: gAAAAABqhOEdqqVY..." {{(pid=103032) http_log /opt/stack/data/venv/lib/python3.12/site-packages/swiftclient/client.py:160}}
Aug 18 22:48:03.726581 np0000007715 devstack@g-api.service[103032]: DEBUG swiftclient [None req-103e8e34-0bc0-4346-b5f2-1d6cdc742e7c tempest-VolumesActionsTest-481626112 tempest-VolumesActionsTest-481626112-project-member] RESP STATUS: 201 Created {{(pid=103032) http_log /opt/stack/data/venv/lib/python3.12/site-packages/swiftclient/client.py:161}}
Aug 18 22:48:03.726581 np0000007715 devstack@g-api.service[103032]: DEBUG swiftclient [None req-103e8e34-0bc0-4346-b5f2-1d6cdc742e7c tempest-VolumesActionsTest-481626112 tempest-VolumesActionsTest-481626112-project-member] RESP HEADERS: {'Date': 'Tue, 18 Aug 2026 22:48:03 GMT', 'Server': 'Apache/2.4.58 (Ubuntu)', 'Content-Type': 'text/html; charset=UTF-8', 'Content-Length': '0', 'Etag': 'eda9a9889837ac4bc81d6387d92c1bec', 'Last-Modified': 'Tue, 18 Aug 2026 22:48:02 GMT', 'X-Trans-Id': 'tx3adc18dae79a43679d7d7-006a84e121', 'X-Openstack-Request-Id': 'tx3adc18dae79a43679d7d7-006a84e121', 'Connection': 'close'} {{(pid=103032) http_log /opt/stack/data/venv/lib/python3.12/site-packages/swiftclient/client.py:162}}
Aug 18 22:48:03.726753 np0000007715 devstack@g-api.service[103032]: DEBUG glance_store._drivers.swift.store [None req-103e8e34-0bc0-4346-b5f2-1d6cdc742e7c tempest-VolumesActionsTest-481626112 tempest-VolumesActionsTest-481626112-project-member] Wrote chunk 3f4ed3eb-6faf-48a4-aad2-bb0494cc9a6b-00003 (3/?) of length 204800000 to Swift returning MD5 of content: eda9a9889837ac4bc81d6387d92c1bec {{(pid=103032) add /opt/stack/data/venv/lib/python3.12/site-packages/glance_store/_drivers/swift/store.py:1059}}
Aug 18 22:48:04.016116 np0000007715 devstack@g-api.service[103033]: DEBUG glance.api.middleware.version_negotiation [None req-1a6da24b-c96c-48f1-9560-6cd9dcb1a122 tempest-VolumesActionsTest-481626112 tempest-VolumesActionsTest-481626112-project-member] Determining version of request: GET /v2/images/3f4ed3eb-6faf-48a4-aad2-bb0494cc9a6b Accept: application/json {{(pid=103033) process_request /opt/stack/glance/glance/api/middleware/version_negotiation.py:44}}
Aug 18 22:48:04.016556 np0000007715 devstack@g-api.service[103033]: DEBUG glance.api.middleware.version_negotiation [None req-1a6da24b-c96c-48f1-9560-6cd9dcb1a122 tempest-VolumesActionsTest-481626112 tempest-VolumesActionsTest-481626112-project-member] Using url versioning {{(pid=103033) process_request /opt/stack/glance/glance/api/middleware/version_negotiation.py:57}}
