Aug 25 10:12:07.764415 np0000008063 systemd[1]: Starting devstack@n-api-meta.service - Devstack devstack@n-api-meta.service...
Aug 25 10:12:07.769691 np0000008063 devstack@n-api-meta.service[96219]: [uWSGI] getting INI configuration from /etc/nova/nova-metadata-uwsgi.ini
Aug 25 10:12:07.771942 np0000008063 devstack@n-api-meta.service[96219]: *** Starting uWSGI 2.0.24-debian (64bit) on [Tue Aug 25 10:12:07 2026] ***
Aug 25 10:12:07.771942 np0000008063 devstack@n-api-meta.service[96219]: compiled with version: 13.2.0 on 17 April 2024 16:23:48
Aug 25 10:12:07.771942 np0000008063 devstack@n-api-meta.service[96219]: os: Linux-6.8.0-100-generic #100-Ubuntu SMP PREEMPT_DYNAMIC Tue Jan 13 16:40:06 UTC 2026
Aug 25 10:12:07.771942 np0000008063 devstack@n-api-meta.service[96219]: nodename: np0000008063
Aug 25 10:12:07.771942 np0000008063 devstack@n-api-meta.service[96219]: machine: x86_64
Aug 25 10:12:07.771942 np0000008063 devstack@n-api-meta.service[96219]: clock source: unix
Aug 25 10:12:07.771942 np0000008063 devstack@n-api-meta.service[96219]: pcre jit disabled
Aug 25 10:12:07.771942 np0000008063 devstack@n-api-meta.service[96219]: detected number of CPU cores: 16
Aug 25 10:12:07.771942 np0000008063 devstack@n-api-meta.service[96219]: current working directory: /
Aug 25 10:12:07.771942 np0000008063 devstack@n-api-meta.service[96219]: detected binary path: /usr/bin/uwsgi-core
Aug 25 10:12:07.771942 np0000008063 devstack@n-api-meta.service[96219]: your processes number limit is 257052
Aug 25 10:12:07.771942 np0000008063 devstack@n-api-meta.service[96219]: your memory page size is 4096 bytes
Aug 25 10:12:07.771942 np0000008063 devstack@n-api-meta.service[96219]: detected max file descriptor number: 2048
Aug 25 10:12:07.771942 np0000008063 devstack@n-api-meta.service[96219]: lock engine: pthread robust mutexes
Aug 25 10:12:07.772436 np0000008063 devstack@n-api-meta.service[96219]: thunder lock: enabled
Aug 25 10:12:07.772436 np0000008063 devstack@n-api-meta.service[96219]: uWSGI http bound on 0.0.0.0:8775 fd 5
Aug 25 10:12:07.772436 np0000008063 devstack@n-api-meta.service[96219]: uwsgi socket 0 bound to TCP address 127.0.0.1:35087 (port auto-assigned) fd 4
Aug 25 10:12:07.772436 np0000008063 devstack@n-api-meta.service[96219]: Python version: 3.12.3 (main, Jun 19 2026, 12:46:00) [GCC 13.3.0]
Aug 25 10:12:07.772436 np0000008063 devstack@n-api-meta.service[96219]: PEP 405 virtualenv detected: /opt/stack/data/venv
Aug 25 10:12:07.772436 np0000008063 devstack@n-api-meta.service[96219]: Set PythonHome to /opt/stack/data/venv
Aug 25 10:12:07.804822 np0000008063 devstack@n-api-meta.service[96219]: Python main interpreter initialized at 0x7a26f12a4668
Aug 25 10:12:07.804822 np0000008063 devstack@n-api-meta.service[96219]: python threads support enabled
Aug 25 10:12:07.804822 np0000008063 devstack@n-api-meta.service[96219]: your server socket listen backlog is limited to 100 connections
Aug 25 10:12:07.804822 np0000008063 devstack@n-api-meta.service[96219]: your mercy for graceful operations on workers is 80 seconds
Aug 25 10:12:07.805550 np0000008063 devstack@n-api-meta.service[96219]: mapped 671795 bytes (656 KB) for 4 cores
Aug 25 10:12:07.805699 np0000008063 devstack@n-api-meta.service[96219]: *** Operational MODE: preforking ***
Aug 25 10:12:07.805907 np0000008063 devstack@n-api-meta.service[96219]: *** uWSGI is running in multiple interpreter mode ***
Aug 25 10:12:07.805907 np0000008063 devstack@n-api-meta.service[96219]: spawned uWSGI master process (pid: 96219)
Aug 25 10:12:07.806064 np0000008063 systemd[1]: Started devstack@n-api-meta.service - Devstack devstack@n-api-meta.service.
Aug 25 10:12:07.806491 np0000008063 devstack@n-api-meta.service[96219]: spawned uWSGI worker 1 (pid: 96222, cores: 1)
Aug 25 10:12:07.806997 np0000008063 devstack@n-api-meta.service[96219]: spawned uWSGI worker 2 (pid: 96223, cores: 1)
Aug 25 10:12:07.807428 np0000008063 devstack@n-api-meta.service[96219]: spawned uWSGI worker 3 (pid: 96224, cores: 1)
Aug 25 10:12:07.807852 np0000008063 devstack@n-api-meta.service[96219]: spawned uWSGI worker 4 (pid: 96225, cores: 1)
Aug 25 10:12:07.808323 np0000008063 devstack@n-api-meta.service[96219]: spawned uWSGI http 1 (pid: 96226)
Aug 25 10:12:07.808323 np0000008063 devstack@n-api-meta.service[96219]: running "unix_signal:15 gracefully_kill_them_all" (master-start)...
Aug 25 10:12:09.368494 np0000008063 devstack@n-api-meta.service[96224]: INFO dbcounter [None req-a5cb9e4c-0ba7-40a5-971b-a7c49311af95 None None] Registered counter for database nova_api
Aug 25 10:12:09.410601 np0000008063 devstack@n-api-meta.service[96224]: DEBUG oslo_db.sqlalchemy.engines [None req-a5cb9e4c-0ba7-40a5-971b-a7c49311af95 None None] MySQL server mode set to STRICT_TRANS_TABLES,STRICT_ALL_TABLES,NO_ZERO_IN_DATE,NO_ZERO_DATE,ERROR_FOR_DIVISION_BY_ZERO,TRADITIONAL,NO_ENGINE_SUBSTITUTION {{(pid=96224) _check_effective_sql_mode /opt/stack/data/venv/lib/python3.12/site-packages/oslo_db/sqlalchemy/engines.py:325}}
Aug 25 10:12:09.435781 np0000008063 devstack@n-api-meta.service[96222]: INFO dbcounter [None req-28407768-e2c9-4138-9e13-c6731ecd54d5 None None] Registered counter for database nova_api
Aug 25 10:12:09.439587 np0000008063 devstack@n-api-meta.service[96224]: DEBUG dbcounter [-] [96224] Writer thread running {{(pid=96224) stat_writer /opt/stack/data/venv/lib/python3.12/site-packages/dbcounter.py:102}}
Aug 25 10:12:09.442146 np0000008063 devstack@n-api-meta.service[96224]: DEBUG nova.context [None req-a5cb9e4c-0ba7-40a5-971b-a7c49311af95 None None] Found 2 cells: 00000000-0000-0000-0000-000000000000(cell0),6b81c03d-2ca0-4f68-a123-063eccd2e79f(cell1) {{(pid=96224) load_cells /opt/stack/nova/nova/context.py:509}}
Aug 25 10:12:09.443848 np0000008063 devstack@n-api-meta.service[96224]: DEBUG oslo_concurrency.lockutils [None req-a5cb9e4c-0ba7-40a5-971b-a7c49311af95 None None] Acquiring lock "00000000-0000-0000-0000-000000000000" by "nova.context.set_target_cell..get_or_set_cached_cell_and_set_connections" {{(pid=96224) inner /opt/stack/data/venv/lib/python3.12/site-packages/oslo_concurrency/lockutils.py:512}}
Aug 25 10:12:09.444045 np0000008063 devstack@n-api-meta.service[96224]: DEBUG oslo_concurrency.lockutils [None req-a5cb9e4c-0ba7-40a5-971b-a7c49311af95 None None] Lock "00000000-0000-0000-0000-000000000000" acquired by "nova.context.set_target_cell..get_or_set_cached_cell_and_set_connections" :: waited 0.000s {{(pid=96224) inner /opt/stack/data/venv/lib/python3.12/site-packages/oslo_concurrency/lockutils.py:525}}
Aug 25 10:12:09.444446 np0000008063 devstack@n-api-meta.service[96224]: DEBUG oslo_concurrency.lockutils [None req-a5cb9e4c-0ba7-40a5-971b-a7c49311af95 None None] Lock "00000000-0000-0000-0000-000000000000" "released" by "nova.context.set_target_cell..get_or_set_cached_cell_and_set_connections" :: held 0.000s {{(pid=96224) inner /opt/stack/data/venv/lib/python3.12/site-packages/oslo_concurrency/lockutils.py:544}}
Aug 25 10:12:09.444712 np0000008063 devstack@n-api-meta.service[96224]: INFO nova.thread_pool_factory [None req-a5cb9e4c-0ba7-40a5-971b-a7c49311af95 None None] The cell_worker thread pool MainProcess.cell_worker is initialized
Aug 25 10:12:09.445354 np0000008063 devstack@n-api-meta.service[96224]: DEBUG oslo_concurrency.lockutils [None req-a5cb9e4c-0ba7-40a5-971b-a7c49311af95 None None] Acquiring lock "6b81c03d-2ca0-4f68-a123-063eccd2e79f" by "nova.context.set_target_cell..get_or_set_cached_cell_and_set_connections" {{(pid=96224) inner /opt/stack/data/venv/lib/python3.12/site-packages/oslo_concurrency/lockutils.py:512}}
Aug 25 10:12:09.445542 np0000008063 devstack@n-api-meta.service[96224]: DEBUG oslo_concurrency.lockutils [None req-a5cb9e4c-0ba7-40a5-971b-a7c49311af95 None None] Lock "6b81c03d-2ca0-4f68-a123-063eccd2e79f" acquired by "nova.context.set_target_cell..get_or_set_cached_cell_and_set_connections" :: waited 0.000s {{(pid=96224) inner /opt/stack/data/venv/lib/python3.12/site-packages/oslo_concurrency/lockutils.py:525}}
Aug 25 10:12:09.446367 np0000008063 devstack@n-api-meta.service[96224]: DEBUG oslo_concurrency.lockutils [None req-a5cb9e4c-0ba7-40a5-971b-a7c49311af95 None None] Lock "6b81c03d-2ca0-4f68-a123-063eccd2e79f" "released" by "nova.context.set_target_cell..get_or_set_cached_cell_and_set_connections" :: held 0.001s {{(pid=96224) inner /opt/stack/data/venv/lib/python3.12/site-packages/oslo_concurrency/lockutils.py:544}}
Aug 25 10:12:09.447780 np0000008063 devstack@n-api-meta.service[96224]: INFO dbcounter [None req-a5cb9e4c-0ba7-40a5-971b-a7c49311af95 None None] Registered counter for database nova_cell0
Aug 25 10:12:09.450822 np0000008063 devstack@n-api-meta.service[96224]: INFO dbcounter [None req-a5cb9e4c-0ba7-40a5-971b-a7c49311af95 None None] Registered counter for database nova_cell1
Aug 25 10:12:09.451615 np0000008063 devstack@n-api-meta.service[96225]: INFO dbcounter [None req-0db65b2e-a104-4e7f-ac50-41c73a145b5c None None] Registered counter for database nova_api
Aug 25 10:12:09.484607 np0000008063 devstack@n-api-meta.service[96222]: DEBUG oslo_db.sqlalchemy.engines [None req-28407768-e2c9-4138-9e13-c6731ecd54d5 None None] MySQL server mode set to STRICT_TRANS_TABLES,STRICT_ALL_TABLES,NO_ZERO_IN_DATE,NO_ZERO_DATE,ERROR_FOR_DIVISION_BY_ZERO,TRADITIONAL,NO_ENGINE_SUBSTITUTION {{(pid=96222) _check_effective_sql_mode /opt/stack/data/venv/lib/python3.12/site-packages/oslo_db/sqlalchemy/engines.py:325}}
Aug 25 10:12:09.493348 np0000008063 devstack@n-api-meta.service[96225]: DEBUG oslo_db.sqlalchemy.engines [None req-0db65b2e-a104-4e7f-ac50-41c73a145b5c None None] MySQL server mode set to STRICT_TRANS_TABLES,STRICT_ALL_TABLES,NO_ZERO_IN_DATE,NO_ZERO_DATE,ERROR_FOR_DIVISION_BY_ZERO,TRADITIONAL,NO_ENGINE_SUBSTITUTION {{(pid=96225) _check_effective_sql_mode /opt/stack/data/venv/lib/python3.12/site-packages/oslo_db/sqlalchemy/engines.py:325}}
Aug 25 10:12:09.505406 np0000008063 devstack@n-api-meta.service[96224]: DEBUG oslo_db.sqlalchemy.engines [None req-a5cb9e4c-0ba7-40a5-971b-a7c49311af95 None None] MySQL server mode set to STRICT_TRANS_TABLES,STRICT_ALL_TABLES,NO_ZERO_IN_DATE,NO_ZERO_DATE,ERROR_FOR_DIVISION_BY_ZERO,TRADITIONAL,NO_ENGINE_SUBSTITUTION {{(pid=96224) _check_effective_sql_mode /opt/stack/data/venv/lib/python3.12/site-packages/oslo_db/sqlalchemy/engines.py:325}}
Aug 25 10:12:09.510102 np0000008063 devstack@n-api-meta.service[96224]: DEBUG oslo_db.sqlalchemy.engines [None req-a5cb9e4c-0ba7-40a5-971b-a7c49311af95 None None] MySQL server mode set to STRICT_TRANS_TABLES,STRICT_ALL_TABLES,NO_ZERO_IN_DATE,NO_ZERO_DATE,ERROR_FOR_DIVISION_BY_ZERO,TRADITIONAL,NO_ENGINE_SUBSTITUTION {{(pid=96224) _check_effective_sql_mode /opt/stack/data/venv/lib/python3.12/site-packages/oslo_db/sqlalchemy/engines.py:325}}
Aug 25 10:12:09.514724 np0000008063 devstack@n-api-meta.service[96222]: DEBUG dbcounter [-] [96222] Writer thread running {{(pid=96222) stat_writer /opt/stack/data/venv/lib/python3.12/site-packages/dbcounter.py:102}}
Aug 25 10:12:09.517308 np0000008063 devstack@n-api-meta.service[96222]: DEBUG nova.context [None req-28407768-e2c9-4138-9e13-c6731ecd54d5 None None] Found 2 cells: 00000000-0000-0000-0000-000000000000(cell0),6b81c03d-2ca0-4f68-a123-063eccd2e79f(cell1) {{(pid=96222) load_cells /opt/stack/nova/nova/context.py:509}}
Aug 25 10:12:09.519511 np0000008063 devstack@n-api-meta.service[96222]: DEBUG oslo_concurrency.lockutils [None req-28407768-e2c9-4138-9e13-c6731ecd54d5 None None] Acquiring lock "00000000-0000-0000-0000-000000000000" by "nova.context.set_target_cell..get_or_set_cached_cell_and_set_connections" {{(pid=96222) inner /opt/stack/data/venv/lib/python3.12/site-packages/oslo_concurrency/lockutils.py:512}}
Aug 25 10:12:09.519762 np0000008063 devstack@n-api-meta.service[96222]: DEBUG oslo_concurrency.lockutils [None req-28407768-e2c9-4138-9e13-c6731ecd54d5 None None] Lock "00000000-0000-0000-0000-000000000000" acquired by "nova.context.set_target_cell..get_or_set_cached_cell_and_set_connections" :: waited 0.000s {{(pid=96222) inner /opt/stack/data/venv/lib/python3.12/site-packages/oslo_concurrency/lockutils.py:525}}
Aug 25 10:12:09.520257 np0000008063 devstack@n-api-meta.service[96222]: DEBUG oslo_concurrency.lockutils [None req-28407768-e2c9-4138-9e13-c6731ecd54d5 None None] Lock "00000000-0000-0000-0000-000000000000" "released" by "nova.context.set_target_cell..get_or_set_cached_cell_and_set_connections" :: held 0.001s {{(pid=96222) inner /opt/stack/data/venv/lib/python3.12/site-packages/oslo_concurrency/lockutils.py:544}}
Aug 25 10:12:09.520492 np0000008063 devstack@n-api-meta.service[96222]: INFO nova.thread_pool_factory [None req-28407768-e2c9-4138-9e13-c6731ecd54d5 None None] The cell_worker thread pool MainProcess.cell_worker is initialized
Aug 25 10:12:09.521060 np0000008063 devstack@n-api-meta.service[96222]: DEBUG oslo_concurrency.lockutils [None req-28407768-e2c9-4138-9e13-c6731ecd54d5 None None] Acquiring lock "6b81c03d-2ca0-4f68-a123-063eccd2e79f" by "nova.context.set_target_cell..get_or_set_cached_cell_and_set_connections" {{(pid=96222) inner /opt/stack/data/venv/lib/python3.12/site-packages/oslo_concurrency/lockutils.py:512}}
Aug 25 10:12:09.521122 np0000008063 devstack@n-api-meta.service[96225]: DEBUG dbcounter [-] [96225] Writer thread running {{(pid=96225) stat_writer /opt/stack/data/venv/lib/python3.12/site-packages/dbcounter.py:102}}
Aug 25 10:12:09.522468 np0000008063 devstack@n-api-meta.service[96222]: INFO dbcounter [None req-28407768-e2c9-4138-9e13-c6731ecd54d5 None None] Registered counter for database nova_cell0
Aug 25 10:12:09.523439 np0000008063 devstack@n-api-meta.service[96225]: DEBUG nova.context [None req-0db65b2e-a104-4e7f-ac50-41c73a145b5c None None] Found 2 cells: 00000000-0000-0000-0000-000000000000(cell0),6b81c03d-2ca0-4f68-a123-063eccd2e79f(cell1) {{(pid=96225) load_cells /opt/stack/nova/nova/context.py:509}}
Aug 25 10:12:09.523587 np0000008063 devstack@n-api-meta.service[96222]: DEBUG oslo_concurrency.lockutils [None req-28407768-e2c9-4138-9e13-c6731ecd54d5 None None] Lock "6b81c03d-2ca0-4f68-a123-063eccd2e79f" acquired by "nova.context.set_target_cell..get_or_set_cached_cell_and_set_connections" :: waited 0.001s {{(pid=96222) inner /opt/stack/data/venv/lib/python3.12/site-packages/oslo_concurrency/lockutils.py:525}}
Aug 25 10:12:09.524658 np0000008063 devstack@n-api-meta.service[96222]: DEBUG oslo_concurrency.lockutils [None req-28407768-e2c9-4138-9e13-c6731ecd54d5 None None] Lock "6b81c03d-2ca0-4f68-a123-063eccd2e79f" "released" by "nova.context.set_target_cell..get_or_set_cached_cell_and_set_connections" :: held 0.002s {{(pid=96222) inner /opt/stack/data/venv/lib/python3.12/site-packages/oslo_concurrency/lockutils.py:544}}
Aug 25 10:12:09.525035 np0000008063 devstack@n-api-meta.service[96225]: DEBUG oslo_concurrency.lockutils [None req-0db65b2e-a104-4e7f-ac50-41c73a145b5c None None] Acquiring lock "00000000-0000-0000-0000-000000000000" by "nova.context.set_target_cell..get_or_set_cached_cell_and_set_connections" {{(pid=96225) inner /opt/stack/data/venv/lib/python3.12/site-packages/oslo_concurrency/lockutils.py:512}}
Aug 25 10:12:09.525204 np0000008063 devstack@n-api-meta.service[96225]: DEBUG oslo_concurrency.lockutils [None req-0db65b2e-a104-4e7f-ac50-41c73a145b5c None None] Lock "00000000-0000-0000-0000-000000000000" acquired by "nova.context.set_target_cell..get_or_set_cached_cell_and_set_connections" :: waited 0.000s {{(pid=96225) inner /opt/stack/data/venv/lib/python3.12/site-packages/oslo_concurrency/lockutils.py:525}}
Aug 25 10:12:09.525526 np0000008063 devstack@n-api-meta.service[96225]: DEBUG oslo_concurrency.lockutils [None req-0db65b2e-a104-4e7f-ac50-41c73a145b5c None None] Lock "00000000-0000-0000-0000-000000000000" "released" by "nova.context.set_target_cell..get_or_set_cached_cell_and_set_connections" :: held 0.000s {{(pid=96225) inner /opt/stack/data/venv/lib/python3.12/site-packages/oslo_concurrency/lockutils.py:544}}
Aug 25 10:12:09.525736 np0000008063 devstack@n-api-meta.service[96225]: INFO nova.thread_pool_factory [None req-0db65b2e-a104-4e7f-ac50-41c73a145b5c None None] The cell_worker thread pool MainProcess.cell_worker is initialized
Aug 25 10:12:09.526333 np0000008063 devstack@n-api-meta.service[96225]: DEBUG oslo_concurrency.lockutils [None req-0db65b2e-a104-4e7f-ac50-41c73a145b5c None None] Acquiring lock "6b81c03d-2ca0-4f68-a123-063eccd2e79f" by "nova.context.set_target_cell..get_or_set_cached_cell_and_set_connections" {{(pid=96225) inner /opt/stack/data/venv/lib/python3.12/site-packages/oslo_concurrency/lockutils.py:512}}
Aug 25 10:12:09.526463 np0000008063 devstack@n-api-meta.service[96225]: DEBUG oslo_concurrency.lockutils [None req-0db65b2e-a104-4e7f-ac50-41c73a145b5c None None] Lock "6b81c03d-2ca0-4f68-a123-063eccd2e79f" acquired by "nova.context.set_target_cell..get_or_set_cached_cell_and_set_connections" :: waited 0.000s {{(pid=96225) inner /opt/stack/data/venv/lib/python3.12/site-packages/oslo_concurrency/lockutils.py:525}}
Aug 25 10:12:09.526850 np0000008063 devstack@n-api-meta.service[96222]: INFO dbcounter [None req-28407768-e2c9-4138-9e13-c6731ecd54d5 None None] Registered counter for database nova_cell1
Aug 25 10:12:09.527201 np0000008063 devstack@n-api-meta.service[96225]: DEBUG oslo_concurrency.lockutils [None req-0db65b2e-a104-4e7f-ac50-41c73a145b5c None None] Lock "6b81c03d-2ca0-4f68-a123-063eccd2e79f" "released" by "nova.context.set_target_cell..get_or_set_cached_cell_and_set_connections" :: held 0.001s {{(pid=96225) inner /opt/stack/data/venv/lib/python3.12/site-packages/oslo_concurrency/lockutils.py:544}}
Aug 25 10:12:09.529102 np0000008063 devstack@n-api-meta.service[96225]: INFO dbcounter [None req-0db65b2e-a104-4e7f-ac50-41c73a145b5c None None] Registered counter for database nova_cell0
Aug 25 10:12:09.532790 np0000008063 devstack@n-api-meta.service[96225]: INFO dbcounter [None req-0db65b2e-a104-4e7f-ac50-41c73a145b5c None None] Registered counter for database nova_cell1
Aug 25 10:12:09.578998 np0000008063 devstack@n-api-meta.service[96222]: DEBUG oslo_db.sqlalchemy.engines [None req-28407768-e2c9-4138-9e13-c6731ecd54d5 None None] MySQL server mode set to STRICT_TRANS_TABLES,STRICT_ALL_TABLES,NO_ZERO_IN_DATE,NO_ZERO_DATE,ERROR_FOR_DIVISION_BY_ZERO,TRADITIONAL,NO_ENGINE_SUBSTITUTION {{(pid=96222) _check_effective_sql_mode /opt/stack/data/venv/lib/python3.12/site-packages/oslo_db/sqlalchemy/engines.py:325}}
Aug 25 10:12:09.583216 np0000008063 devstack@n-api-meta.service[96222]: DEBUG oslo_db.sqlalchemy.engines [None req-28407768-e2c9-4138-9e13-c6731ecd54d5 None None] MySQL server mode set to STRICT_TRANS_TABLES,STRICT_ALL_TABLES,NO_ZERO_IN_DATE,NO_ZERO_DATE,ERROR_FOR_DIVISION_BY_ZERO,TRADITIONAL,NO_ENGINE_SUBSTITUTION {{(pid=96222) _check_effective_sql_mode /opt/stack/data/venv/lib/python3.12/site-packages/oslo_db/sqlalchemy/engines.py:325}}
Aug 25 10:12:09.593974 np0000008063 devstack@n-api-meta.service[96224]: DEBUG dbcounter [-] [96224] Writer thread running {{(pid=96224) stat_writer /opt/stack/data/venv/lib/python3.12/site-packages/dbcounter.py:102}}
Aug 25 10:12:09.597899 np0000008063 devstack@n-api-meta.service[96225]: DEBUG oslo_db.sqlalchemy.engines [None req-0db65b2e-a104-4e7f-ac50-41c73a145b5c None None] MySQL server mode set to STRICT_TRANS_TABLES,STRICT_ALL_TABLES,NO_ZERO_IN_DATE,NO_ZERO_DATE,ERROR_FOR_DIVISION_BY_ZERO,TRADITIONAL,NO_ENGINE_SUBSTITUTION {{(pid=96225) _check_effective_sql_mode /opt/stack/data/venv/lib/python3.12/site-packages/oslo_db/sqlalchemy/engines.py:325}}
Aug 25 10:12:09.598528 np0000008063 devstack@n-api-meta.service[96224]: DEBUG dbcounter [-] [96224] Writer thread running {{(pid=96224) stat_writer /opt/stack/data/venv/lib/python3.12/site-packages/dbcounter.py:102}}
Aug 25 10:12:09.603033 np0000008063 devstack@n-api-meta.service[96224]: INFO dbcounter [None req-a5cb9e4c-0ba7-40a5-971b-a7c49311af95 None None] Registered counter for database nova_cell0
Aug 25 10:12:09.650877 np0000008063 devstack@n-api-meta.service[96224]: DEBUG oslo_db.sqlalchemy.engines [None req-a5cb9e4c-0ba7-40a5-971b-a7c49311af95 None None] MySQL server mode set to STRICT_TRANS_TABLES,STRICT_ALL_TABLES,NO_ZERO_IN_DATE,NO_ZERO_DATE,ERROR_FOR_DIVISION_BY_ZERO,TRADITIONAL,NO_ENGINE_SUBSTITUTION {{(pid=96224) _check_effective_sql_mode /opt/stack/data/venv/lib/python3.12/site-packages/oslo_db/sqlalchemy/engines.py:325}}
Aug 25 10:12:09.659277 np0000008063 devstack@n-api-meta.service[96224]: DEBUG dbcounter [-] [96224] Writer thread running {{(pid=96224) stat_writer /opt/stack/data/venv/lib/python3.12/site-packages/dbcounter.py:102}}
Aug 25 10:12:09.664193 np0000008063 devstack@n-api-meta.service[96222]: DEBUG dbcounter [-] [96222] Writer thread running {{(pid=96222) stat_writer /opt/stack/data/venv/lib/python3.12/site-packages/dbcounter.py:102}}
Aug 25 10:12:09.664337 np0000008063 devstack@n-api-meta.service[96223]: INFO dbcounter [None req-f034a38e-c455-4b09-868f-8ebbaa5ed351 None None] Registered counter for database nova_api
Aug 25 10:12:09.668642 np0000008063 devstack@n-api-meta.service[96225]: DEBUG oslo_db.sqlalchemy.engines [None req-0db65b2e-a104-4e7f-ac50-41c73a145b5c None None] MySQL server mode set to STRICT_TRANS_TABLES,STRICT_ALL_TABLES,NO_ZERO_IN_DATE,NO_ZERO_DATE,ERROR_FOR_DIVISION_BY_ZERO,TRADITIONAL,NO_ENGINE_SUBSTITUTION {{(pid=96225) _check_effective_sql_mode /opt/stack/data/venv/lib/python3.12/site-packages/oslo_db/sqlalchemy/engines.py:325}}
Aug 25 10:12:09.668751 np0000008063 devstack@n-api-meta.service[96222]: DEBUG dbcounter [-] [96222] Writer thread running {{(pid=96222) stat_writer /opt/stack/data/venv/lib/python3.12/site-packages/dbcounter.py:102}}
Aug 25 10:12:09.672012 np0000008063 devstack@n-api-meta.service[96222]: INFO dbcounter [None req-28407768-e2c9-4138-9e13-c6731ecd54d5 None None] Registered counter for database nova_cell0
Aug 25 10:12:09.679834 np0000008063 devstack@n-api-meta.service[96225]: DEBUG dbcounter [-] [96225] Writer thread running {{(pid=96225) stat_writer /opt/stack/data/venv/lib/python3.12/site-packages/dbcounter.py:102}}
Aug 25 10:12:09.685289 np0000008063 devstack@n-api-meta.service[96225]: DEBUG dbcounter [-] [96225] Writer thread running {{(pid=96225) stat_writer /opt/stack/data/venv/lib/python3.12/site-packages/dbcounter.py:102}}
Aug 25 10:12:09.688201 np0000008063 devstack@n-api-meta.service[96225]: INFO dbcounter [None req-0db65b2e-a104-4e7f-ac50-41c73a145b5c None None] Registered counter for database nova_cell0
Aug 25 10:12:09.706335 np0000008063 devstack@n-api-meta.service[96222]: DEBUG oslo_db.sqlalchemy.engines [None req-28407768-e2c9-4138-9e13-c6731ecd54d5 None None] MySQL server mode set to STRICT_TRANS_TABLES,STRICT_ALL_TABLES,NO_ZERO_IN_DATE,NO_ZERO_DATE,ERROR_FOR_DIVISION_BY_ZERO,TRADITIONAL,NO_ENGINE_SUBSTITUTION {{(pid=96222) _check_effective_sql_mode /opt/stack/data/venv/lib/python3.12/site-packages/oslo_db/sqlalchemy/engines.py:325}}
Aug 25 10:12:09.710509 np0000008063 devstack@n-api-meta.service[96224]: WARNING nova.api.metadata.handler [None req-a5cb9e4c-0ba7-40a5-971b-a7c49311af95 None None] metadata_proxy_shared_secret is not configured, the metadata information returned by the proxy cannot be trusted
Aug 25 10:12:09.711012 np0000008063 devstack@n-api-meta.service[96223]: DEBUG oslo_db.sqlalchemy.engines [None req-f034a38e-c455-4b09-868f-8ebbaa5ed351 None None] MySQL server mode set to STRICT_TRANS_TABLES,STRICT_ALL_TABLES,NO_ZERO_IN_DATE,NO_ZERO_DATE,ERROR_FOR_DIVISION_BY_ZERO,TRADITIONAL,NO_ENGINE_SUBSTITUTION {{(pid=96223) _check_effective_sql_mode /opt/stack/data/venv/lib/python3.12/site-packages/oslo_db/sqlalchemy/engines.py:325}}
Aug 25 10:12:09.713971 np0000008063 devstack@n-api-meta.service[96224]: DEBUG nova.api.openstack.wsgi_app [None req-a5cb9e4c-0ba7-40a5-971b-a7c49311af95 None None] ******************************************************************************** {{(pid=96224) log_opt_values /opt/stack/data/venv/lib/python3.12/site-packages/oslo_config/cfg.py:3533}}
Aug 25 10:12:09.714050 np0000008063 devstack@n-api-meta.service[96224]: DEBUG nova.api.openstack.wsgi_app [None req-a5cb9e4c-0ba7-40a5-971b-a7c49311af95 None None] Configuration options gathered from: {{(pid=96224) log_opt_values /opt/stack/data/venv/lib/python3.12/site-packages/oslo_config/cfg.py:3534}}
Aug 25 10:12:09.714242 np0000008063 devstack@n-api-meta.service[96224]: DEBUG nova.api.openstack.wsgi_app [None req-a5cb9e4c-0ba7-40a5-971b-a7c49311af95 None None] command line args: [] {{(pid=96224) log_opt_values /opt/stack/data/venv/lib/python3.12/site-packages/oslo_config/cfg.py:3535}}
Aug 25 10:12:09.714485 np0000008063 devstack@n-api-meta.service[96224]: DEBUG nova.api.openstack.wsgi_app [None req-a5cb9e4c-0ba7-40a5-971b-a7c49311af95 None None] config files: ['/etc/nova/api-paste.ini', '/etc/nova/nova.conf'] {{(pid=96224) log_opt_values /opt/stack/data/venv/lib/python3.12/site-packages/oslo_config/cfg.py:3536}}
Aug 25 10:12:09.714549 np0000008063 devstack@n-api-meta.service[96222]: DEBUG dbcounter [-] [96222] Writer thread running {{(pid=96222) stat_writer /opt/stack/data/venv/lib/python3.12/site-packages/dbcounter.py:102}}
Aug 25 10:12:09.715283 np0000008063 devstack@n-api-meta.service[96224]: DEBUG nova.api.openstack.wsgi_app [None req-a5cb9e4c-0ba7-40a5-971b-a7c49311af95 None None] ================================================================================ {{(pid=96224) log_opt_values /opt/stack/data/venv/lib/python3.12/site-packages/oslo_config/cfg.py:3541}}
Aug 25 10:12:09.715283 np0000008063 devstack@n-api-meta.service[96224]: DEBUG nova.api.openstack.wsgi_app [None req-a5cb9e4c-0ba7-40a5-971b-a7c49311af95 None None] allow_resize_to_same_host = True {{(pid=96224) log_opt_values /opt/stack/data/venv/lib/python3.12/site-packages/oslo_config/cfg.py:3549}}
Aug 25 10:12:09.715283 np0000008063 devstack@n-api-meta.service[96224]: DEBUG nova.api.openstack.wsgi_app [None req-a5cb9e4c-0ba7-40a5-971b-a7c49311af95 None None] arq_binding_timeout = 300 {{(pid=96224) log_opt_values /opt/stack/data/venv/lib/python3.12/site-packages/oslo_config/cfg.py:3549}}
Aug 25 10:12:09.715386 np0000008063 devstack@n-api-meta.service[96224]: DEBUG nova.api.openstack.wsgi_app [None req-a5cb9e4c-0ba7-40a5-971b-a7c49311af95 None None] block_device_allocate_retries = 60 {{(pid=96224) log_opt_values /opt/stack/data/venv/lib/python3.12/site-packages/oslo_config/cfg.py:3549}}
Aug 25 10:12:09.715541 np0000008063 devstack@n-api-meta.service[96224]: DEBUG nova.api.openstack.wsgi_app [None req-a5cb9e4c-0ba7-40a5-971b-a7c49311af95 None None] block_device_allocate_retries_interval = 3 {{(pid=96224) log_opt_values /opt/stack/data/venv/lib/python3.12/site-packages/oslo_config/cfg.py:3549}}
Aug 25 10:12:09.715754 np0000008063 devstack@n-api-meta.service[96224]: DEBUG nova.api.openstack.wsgi_app [None req-a5cb9e4c-0ba7-40a5-971b-a7c49311af95 None None] cell_worker_thread_pool_size = 5 {{(pid=96224) log_opt_values /opt/stack/data/venv/lib/python3.12/site-packages/oslo_config/cfg.py:3549}}
Aug 25 10:12:09.715962 np0000008063 devstack@n-api-meta.service[96224]: DEBUG nova.api.openstack.wsgi_app [None req-a5cb9e4c-0ba7-40a5-971b-a7c49311af95 None None] cert = self.pem {{(pid=96224) log_opt_values /opt/stack/data/venv/lib/python3.12/site-packages/oslo_config/cfg.py:3549}}
Aug 25 10:12:09.717039 np0000008063 devstack@n-api-meta.service[96224]: DEBUG nova.api.openstack.wsgi_app [None req-a5cb9e4c-0ba7-40a5-971b-a7c49311af95 None None] compute_driver = libvirt.LibvirtDriver {{(pid=96224) log_opt_values /opt/stack/data/venv/lib/python3.12/site-packages/oslo_config/cfg.py:3549}}
Aug 25 10:12:09.717039 np0000008063 devstack@n-api-meta.service[96224]: DEBUG nova.api.openstack.wsgi_app [None req-a5cb9e4c-0ba7-40a5-971b-a7c49311af95 None None] compute_monitors = [] {{(pid=96224) log_opt_values /opt/stack/data/venv/lib/python3.12/site-packages/oslo_config/cfg.py:3549}}
Aug 25 10:12:09.717039 np0000008063 devstack@n-api-meta.service[96224]: DEBUG nova.api.openstack.wsgi_app [None req-a5cb9e4c-0ba7-40a5-971b-a7c49311af95 None None] concurrency_backend = auto {{(pid=96224) log_opt_values /opt/stack/data/venv/lib/python3.12/site-packages/oslo_config/cfg.py:3549}}
Aug 25 10:12:09.717039 np0000008063 devstack@n-api-meta.service[96224]: DEBUG nova.api.openstack.wsgi_app [None req-a5cb9e4c-0ba7-40a5-971b-a7c49311af95 None None] config_dir = [] {{(pid=96224) log_opt_values /opt/stack/data/venv/lib/python3.12/site-packages/oslo_config/cfg.py:3549}}
Aug 25 10:12:09.717039 np0000008063 devstack@n-api-meta.service[96224]: DEBUG nova.api.openstack.wsgi_app [None req-a5cb9e4c-0ba7-40a5-971b-a7c49311af95 None None] config_drive_format = iso9660 {{(pid=96224) log_opt_values /opt/stack/data/venv/lib/python3.12/site-packages/oslo_config/cfg.py:3549}}
Aug 25 10:12:09.717252 np0000008063 devstack@n-api-meta.service[96224]: DEBUG nova.api.openstack.wsgi_app [None req-a5cb9e4c-0ba7-40a5-971b-a7c49311af95 None None] config_file = ['/etc/nova/api-paste.ini', '/etc/nova/nova.conf'] {{(pid=96224) log_opt_values /opt/stack/data/venv/lib/python3.12/site-packages/oslo_config/cfg.py:3549}}
Aug 25 10:12:09.717389 np0000008063 devstack@n-api-meta.service[96224]: DEBUG nova.api.openstack.wsgi_app [None req-a5cb9e4c-0ba7-40a5-971b-a7c49311af95 None None] config_source = [] {{(pid=96224) log_opt_values /opt/stack/data/venv/lib/python3.12/site-packages/oslo_config/cfg.py:3549}}
Aug 25 10:12:09.717589 np0000008063 devstack@n-api-meta.service[96224]: DEBUG nova.api.openstack.wsgi_app [None req-a5cb9e4c-0ba7-40a5-971b-a7c49311af95 None None] console_host = np0000008063 {{(pid=96224) log_opt_values /opt/stack/data/venv/lib/python3.12/site-packages/oslo_config/cfg.py:3549}}
Aug 25 10:12:09.717809 np0000008063 devstack@n-api-meta.service[96224]: DEBUG nova.api.openstack.wsgi_app [None req-a5cb9e4c-0ba7-40a5-971b-a7c49311af95 None None] control_exchange = nova {{(pid=96224) log_opt_values /opt/stack/data/venv/lib/python3.12/site-packages/oslo_config/cfg.py:3549}}
Aug 25 10:12:09.717999 np0000008063 devstack@n-api-meta.service[96224]: DEBUG nova.api.openstack.wsgi_app [None req-a5cb9e4c-0ba7-40a5-971b-a7c49311af95 None None] cpu_allocation_ratio = None {{(pid=96224) log_opt_values /opt/stack/data/venv/lib/python3.12/site-packages/oslo_config/cfg.py:3549}}
Aug 25 10:12:09.718219 np0000008063 devstack@n-api-meta.service[96224]: DEBUG nova.api.openstack.wsgi_app [None req-a5cb9e4c-0ba7-40a5-971b-a7c49311af95 None None] daemon = False {{(pid=96224) log_opt_values /opt/stack/data/venv/lib/python3.12/site-packages/oslo_config/cfg.py:3549}}
Aug 25 10:12:09.718431 np0000008063 devstack@n-api-meta.service[96224]: DEBUG nova.api.openstack.wsgi_app [None req-a5cb9e4c-0ba7-40a5-971b-a7c49311af95 None None] debug = True {{(pid=96224) log_opt_values /opt/stack/data/venv/lib/python3.12/site-packages/oslo_config/cfg.py:3549}}
Aug 25 10:12:09.718620 np0000008063 devstack@n-api-meta.service[96224]: DEBUG nova.api.openstack.wsgi_app [None req-a5cb9e4c-0ba7-40a5-971b-a7c49311af95 None None] default_access_ip_network_name = None {{(pid=96224) log_opt_values /opt/stack/data/venv/lib/python3.12/site-packages/oslo_config/cfg.py:3549}}
Aug 25 10:12:09.718831 np0000008063 devstack@n-api-meta.service[96224]: DEBUG nova.api.openstack.wsgi_app [None req-a5cb9e4c-0ba7-40a5-971b-a7c49311af95 None None] default_availability_zone = nova {{(pid=96224) log_opt_values /opt/stack/data/venv/lib/python3.12/site-packages/oslo_config/cfg.py:3549}}
Aug 25 10:12:09.719031 np0000008063 devstack@n-api-meta.service[96224]: DEBUG nova.api.openstack.wsgi_app [None req-a5cb9e4c-0ba7-40a5-971b-a7c49311af95 None None] default_ephemeral_format = ext4 {{(pid=96224) log_opt_values /opt/stack/data/venv/lib/python3.12/site-packages/oslo_config/cfg.py:3549}}
Aug 25 10:12:09.719249 np0000008063 devstack@n-api-meta.service[96224]: DEBUG nova.api.openstack.wsgi_app [None req-a5cb9e4c-0ba7-40a5-971b-a7c49311af95 None None] default_green_pool_size = 1000 {{(pid=96224) log_opt_values /opt/stack/data/venv/lib/python3.12/site-packages/oslo_config/cfg.py:3549}}
Aug 25 10:12:09.719572 np0000008063 devstack@n-api-meta.service[96224]: DEBUG nova.api.openstack.wsgi_app [None req-a5cb9e4c-0ba7-40a5-971b-a7c49311af95 None None] default_log_levels = ['amqp=WARN', 'boto=WARN', 'sqlalchemy=WARN', 'suds=INFO', 'oslo.messaging=INFO', 'oslo_messaging=INFO', 'iso8601=WARN', 'requests.packages.urllib3.connectionpool=WARN', 'urllib3.connectionpool=WARN', 'websocket=WARN', 'requests.packages.urllib3.util.retry=WARN', 'urllib3.util.retry=WARN', 'keystonemiddleware=WARN', 'routes.middleware=WARN', 'stevedore=WARN', 'taskflow=WARN', 'keystoneauth=WARN', 'oslo.cache=INFO', 'oslo_policy=INFO', 'dogpile.core.dogpile=INFO', 'glanceclient=WARN', 'oslo.privsep.daemon=INFO'] {{(pid=96224) log_opt_values /opt/stack/data/venv/lib/python3.12/site-packages/oslo_config/cfg.py:3549}}
Aug 25 10:12:09.719775 np0000008063 devstack@n-api-meta.service[96224]: DEBUG nova.api.openstack.wsgi_app [None req-a5cb9e4c-0ba7-40a5-971b-a7c49311af95 None None] default_schedule_zone = None {{(pid=96224) log_opt_values /opt/stack/data/venv/lib/python3.12/site-packages/oslo_config/cfg.py:3549}}
Aug 25 10:12:09.719966 np0000008063 devstack@n-api-meta.service[96224]: DEBUG nova.api.openstack.wsgi_app [None req-a5cb9e4c-0ba7-40a5-971b-a7c49311af95 None None] default_thread_pool_size = 10 {{(pid=96224) log_opt_values /opt/stack/data/venv/lib/python3.12/site-packages/oslo_config/cfg.py:3549}}
Aug 25 10:12:09.720172 np0000008063 devstack@n-api-meta.service[96224]: DEBUG nova.api.openstack.wsgi_app [None req-a5cb9e4c-0ba7-40a5-971b-a7c49311af95 None None] disk_allocation_ratio = None {{(pid=96224) log_opt_values /opt/stack/data/venv/lib/python3.12/site-packages/oslo_config/cfg.py:3549}}
Aug 25 10:12:09.720368 np0000008063 devstack@n-api-meta.service[96224]: DEBUG nova.api.openstack.wsgi_app [None req-a5cb9e4c-0ba7-40a5-971b-a7c49311af95 None None] enable_new_services = True {{(pid=96224) log_opt_values /opt/stack/data/venv/lib/python3.12/site-packages/oslo_config/cfg.py:3549}}
Aug 25 10:12:09.720563 np0000008063 devstack@n-api-meta.service[96224]: DEBUG nova.api.openstack.wsgi_app [None req-a5cb9e4c-0ba7-40a5-971b-a7c49311af95 None None] flat_injected = False {{(pid=96224) log_opt_values /opt/stack/data/venv/lib/python3.12/site-packages/oslo_config/cfg.py:3549}}
Aug 25 10:12:09.720778 np0000008063 devstack@n-api-meta.service[96224]: DEBUG nova.api.openstack.wsgi_app [None req-a5cb9e4c-0ba7-40a5-971b-a7c49311af95 None None] force_config_drive = True {{(pid=96224) log_opt_values /opt/stack/data/venv/lib/python3.12/site-packages/oslo_config/cfg.py:3549}}
Aug 25 10:12:09.720974 np0000008063 devstack@n-api-meta.service[96224]: DEBUG nova.api.openstack.wsgi_app [None req-a5cb9e4c-0ba7-40a5-971b-a7c49311af95 None None] force_raw_images = True {{(pid=96224) log_opt_values /opt/stack/data/venv/lib/python3.12/site-packages/oslo_config/cfg.py:3549}}
Aug 25 10:12:09.721198 np0000008063 devstack@n-api-meta.service[96224]: DEBUG nova.api.openstack.wsgi_app [None req-a5cb9e4c-0ba7-40a5-971b-a7c49311af95 None None] graceful_shutdown_timeout = 5 {{(pid=96224) log_opt_values /opt/stack/data/venv/lib/python3.12/site-packages/oslo_config/cfg.py:3549}}
Aug 25 10:12:09.721396 np0000008063 devstack@n-api-meta.service[96224]: DEBUG nova.api.openstack.wsgi_app [None req-a5cb9e4c-0ba7-40a5-971b-a7c49311af95 None None] heal_instance_info_cache_interval = -1 {{(pid=96224) log_opt_values /opt/stack/data/venv/lib/python3.12/site-packages/oslo_config/cfg.py:3549}}
Aug 25 10:12:09.721655 np0000008063 devstack@n-api-meta.service[96224]: DEBUG nova.api.openstack.wsgi_app [None req-a5cb9e4c-0ba7-40a5-971b-a7c49311af95 None None] host = np0000008063 {{(pid=96224) log_opt_values /opt/stack/data/venv/lib/python3.12/site-packages/oslo_config/cfg.py:3549}}
Aug 25 10:12:09.721869 np0000008063 devstack@n-api-meta.service[96224]: DEBUG nova.api.openstack.wsgi_app [None req-a5cb9e4c-0ba7-40a5-971b-a7c49311af95 None None] initial_cpu_allocation_ratio = 4.0 {{(pid=96224) log_opt_values /opt/stack/data/venv/lib/python3.12/site-packages/oslo_config/cfg.py:3549}}
Aug 25 10:12:09.722067 np0000008063 devstack@n-api-meta.service[96224]: DEBUG nova.api.openstack.wsgi_app [None req-a5cb9e4c-0ba7-40a5-971b-a7c49311af95 None None] initial_disk_allocation_ratio = 1.0 {{(pid=96224) log_opt_values /opt/stack/data/venv/lib/python3.12/site-packages/oslo_config/cfg.py:3549}}
Aug 25 10:12:09.722282 np0000008063 devstack@n-api-meta.service[96224]: DEBUG nova.api.openstack.wsgi_app [None req-a5cb9e4c-0ba7-40a5-971b-a7c49311af95 None None] initial_ram_allocation_ratio = 1.0 {{(pid=96224) log_opt_values /opt/stack/data/venv/lib/python3.12/site-packages/oslo_config/cfg.py:3549}}
Aug 25 10:12:09.722953 np0000008063 devstack@n-api-meta.service[96224]: DEBUG nova.api.openstack.wsgi_app [None req-a5cb9e4c-0ba7-40a5-971b-a7c49311af95 None None] injected_network_template = /opt/stack/nova/nova/virt/interfaces.template {{(pid=96224) log_opt_values /opt/stack/data/venv/lib/python3.12/site-packages/oslo_config/cfg.py:3549}}
Aug 25 10:12:09.722953 np0000008063 devstack@n-api-meta.service[96224]: DEBUG nova.api.openstack.wsgi_app [None req-a5cb9e4c-0ba7-40a5-971b-a7c49311af95 None None] instance_build_timeout = 0 {{(pid=96224) log_opt_values /opt/stack/data/venv/lib/python3.12/site-packages/oslo_config/cfg.py:3549}}
Aug 25 10:12:09.722953 np0000008063 devstack@n-api-meta.service[96224]: DEBUG nova.api.openstack.wsgi_app [None req-a5cb9e4c-0ba7-40a5-971b-a7c49311af95 None None] instance_delete_interval = 300 {{(pid=96224) log_opt_values /opt/stack/data/venv/lib/python3.12/site-packages/oslo_config/cfg.py:3549}}
Aug 25 10:12:09.723123 np0000008063 devstack@n-api-meta.service[96224]: DEBUG nova.api.openstack.wsgi_app [None req-a5cb9e4c-0ba7-40a5-971b-a7c49311af95 None None] instance_format = [instance: %(uuid)s] {{(pid=96224) log_opt_values /opt/stack/data/venv/lib/python3.12/site-packages/oslo_config/cfg.py:3549}}
Aug 25 10:12:09.723340 np0000008063 devstack@n-api-meta.service[96224]: DEBUG nova.api.openstack.wsgi_app [None req-a5cb9e4c-0ba7-40a5-971b-a7c49311af95 None None] instance_name_template = instance-%08x {{(pid=96224) log_opt_values /opt/stack/data/venv/lib/python3.12/site-packages/oslo_config/cfg.py:3549}}
Aug 25 10:12:09.723529 np0000008063 devstack@n-api-meta.service[96224]: DEBUG nova.api.openstack.wsgi_app [None req-a5cb9e4c-0ba7-40a5-971b-a7c49311af95 None None] instance_usage_audit = False {{(pid=96224) log_opt_values /opt/stack/data/venv/lib/python3.12/site-packages/oslo_config/cfg.py:3549}}
Aug 25 10:12:09.723742 np0000008063 devstack@n-api-meta.service[96224]: DEBUG nova.api.openstack.wsgi_app [None req-a5cb9e4c-0ba7-40a5-971b-a7c49311af95 None None] instance_usage_audit_period = month {{(pid=96224) log_opt_values /opt/stack/data/venv/lib/python3.12/site-packages/oslo_config/cfg.py:3549}}
Aug 25 10:12:09.723940 np0000008063 devstack@n-api-meta.service[96224]: DEBUG nova.api.openstack.wsgi_app [None req-a5cb9e4c-0ba7-40a5-971b-a7c49311af95 None None] instance_uuid_format = [instance: %(uuid)s] {{(pid=96224) log_opt_values /opt/stack/data/venv/lib/python3.12/site-packages/oslo_config/cfg.py:3549}}
Aug 25 10:12:09.724148 np0000008063 devstack@n-api-meta.service[96224]: DEBUG nova.api.openstack.wsgi_app [None req-a5cb9e4c-0ba7-40a5-971b-a7c49311af95 None None] instances_path = /opt/stack/data/nova/instances {{(pid=96224) log_opt_values /opt/stack/data/venv/lib/python3.12/site-packages/oslo_config/cfg.py:3549}}
Aug 25 10:12:09.724355 np0000008063 devstack@n-api-meta.service[96224]: DEBUG nova.api.openstack.wsgi_app [None req-a5cb9e4c-0ba7-40a5-971b-a7c49311af95 None None] internal_service_availability_zone = internal {{(pid=96224) log_opt_values /opt/stack/data/venv/lib/python3.12/site-packages/oslo_config/cfg.py:3549}}
Aug 25 10:12:09.724540 np0000008063 devstack@n-api-meta.service[96224]: DEBUG nova.api.openstack.wsgi_app [None req-a5cb9e4c-0ba7-40a5-971b-a7c49311af95 None None] key = None {{(pid=96224) log_opt_values /opt/stack/data/venv/lib/python3.12/site-packages/oslo_config/cfg.py:3549}}
Aug 25 10:12:09.724742 np0000008063 devstack@n-api-meta.service[96224]: DEBUG nova.api.openstack.wsgi_app [None req-a5cb9e4c-0ba7-40a5-971b-a7c49311af95 None None] live_migration_retry_count = 30 {{(pid=96224) log_opt_values /opt/stack/data/venv/lib/python3.12/site-packages/oslo_config/cfg.py:3549}}
Aug 25 10:12:09.724939 np0000008063 devstack@n-api-meta.service[96224]: DEBUG nova.api.openstack.wsgi_app [None req-a5cb9e4c-0ba7-40a5-971b-a7c49311af95 None None] log_color = False {{(pid=96224) log_opt_values /opt/stack/data/venv/lib/python3.12/site-packages/oslo_config/cfg.py:3549}}
Aug 25 10:12:09.725159 np0000008063 devstack@n-api-meta.service[96224]: DEBUG nova.api.openstack.wsgi_app [None req-a5cb9e4c-0ba7-40a5-971b-a7c49311af95 None None] log_config_append = None {{(pid=96224) log_opt_values /opt/stack/data/venv/lib/python3.12/site-packages/oslo_config/cfg.py:3549}}
Aug 25 10:12:09.725359 np0000008063 devstack@n-api-meta.service[96224]: DEBUG nova.api.openstack.wsgi_app [None req-a5cb9e4c-0ba7-40a5-971b-a7c49311af95 None None] log_date_format = %Y-%m-%d %H:%M:%S {{(pid=96224) log_opt_values /opt/stack/data/venv/lib/python3.12/site-packages/oslo_config/cfg.py:3549}}
Aug 25 10:12:09.725547 np0000008063 devstack@n-api-meta.service[96224]: DEBUG nova.api.openstack.wsgi_app [None req-a5cb9e4c-0ba7-40a5-971b-a7c49311af95 None None] log_dir = None {{(pid=96224) log_opt_values /opt/stack/data/venv/lib/python3.12/site-packages/oslo_config/cfg.py:3549}}
Aug 25 10:12:09.725746 np0000008063 devstack@n-api-meta.service[96224]: DEBUG nova.api.openstack.wsgi_app [None req-a5cb9e4c-0ba7-40a5-971b-a7c49311af95 None None] log_file = None {{(pid=96224) log_opt_values /opt/stack/data/venv/lib/python3.12/site-packages/oslo_config/cfg.py:3549}}
Aug 25 10:12:09.725900 np0000008063 devstack@n-api-meta.service[96224]: DEBUG nova.api.openstack.wsgi_app [None req-a5cb9e4c-0ba7-40a5-971b-a7c49311af95 None None] log_options = True {{(pid=96224) log_opt_values /opt/stack/data/venv/lib/python3.12/site-packages/oslo_config/cfg.py:3549}}
Aug 25 10:12:09.726090 np0000008063 devstack@n-api-meta.service[96224]: DEBUG nova.api.openstack.wsgi_app [None req-a5cb9e4c-0ba7-40a5-971b-a7c49311af95 None None] log_rotate_interval = 1 {{(pid=96224) log_opt_values /opt/stack/data/venv/lib/python3.12/site-packages/oslo_config/cfg.py:3549}}
Aug 25 10:12:09.726281 np0000008063 devstack@n-api-meta.service[96225]: DEBUG oslo_db.sqlalchemy.engines [None req-0db65b2e-a104-4e7f-ac50-41c73a145b5c None None] MySQL server mode set to STRICT_TRANS_TABLES,STRICT_ALL_TABLES,NO_ZERO_IN_DATE,NO_ZERO_DATE,ERROR_FOR_DIVISION_BY_ZERO,TRADITIONAL,NO_ENGINE_SUBSTITUTION {{(pid=96225) _check_effective_sql_mode /opt/stack/data/venv/lib/python3.12/site-packages/oslo_db/sqlalchemy/engines.py:325}}
Aug 25 10:12:09.726328 np0000008063 devstack@n-api-meta.service[96224]: DEBUG nova.api.openstack.wsgi_app [None req-a5cb9e4c-0ba7-40a5-971b-a7c49311af95 None None] log_rotate_interval_type = days {{(pid=96224) log_opt_values /opt/stack/data/venv/lib/python3.12/site-packages/oslo_config/cfg.py:3549}}
Aug 25 10:12:09.726499 np0000008063 devstack@n-api-meta.service[96224]: DEBUG nova.api.openstack.wsgi_app [None req-a5cb9e4c-0ba7-40a5-971b-a7c49311af95 None None] log_rotation_type = none {{(pid=96224) log_opt_values /opt/stack/data/venv/lib/python3.12/site-packages/oslo_config/cfg.py:3549}}
Aug 25 10:12:09.726657 np0000008063 devstack@n-api-meta.service[96224]: DEBUG nova.api.openstack.wsgi_app [None req-a5cb9e4c-0ba7-40a5-971b-a7c49311af95 None None] logging_context_format_string = %(color)s%(levelname)s %(name)s [%(global_request_id)s %(request_id)s %(project_name)s %(user_name)s%(color)s] %(instance)s%(color)s%(message)s {{(pid=96224) log_opt_values /opt/stack/data/venv/lib/python3.12/site-packages/oslo_config/cfg.py:3549}}
Aug 25 10:12:09.726822 np0000008063 devstack@n-api-meta.service[96224]: DEBUG nova.api.openstack.wsgi_app [None req-a5cb9e4c-0ba7-40a5-971b-a7c49311af95 None None] logging_debug_format_suffix = {{(pid=%(process)d) %(funcName)s %(pathname)s:%(lineno)d}} {{(pid=96224) log_opt_values /opt/stack/data/venv/lib/python3.12/site-packages/oslo_config/cfg.py:3549}}
Aug 25 10:12:09.727019 np0000008063 devstack@n-api-meta.service[96224]: DEBUG nova.api.openstack.wsgi_app [None req-a5cb9e4c-0ba7-40a5-971b-a7c49311af95 None None] logging_default_format_string = %(color)s%(levelname)s %(name)s [-%(color)s] %(instance)s%(color)s%(message)s {{(pid=96224) log_opt_values /opt/stack/data/venv/lib/python3.12/site-packages/oslo_config/cfg.py:3549}}
Aug 25 10:12:09.727239 np0000008063 devstack@n-api-meta.service[96224]: DEBUG nova.api.openstack.wsgi_app [None req-a5cb9e4c-0ba7-40a5-971b-a7c49311af95 None None] logging_exception_prefix = ERROR %(name)s %(instance)s {{(pid=96224) log_opt_values /opt/stack/data/venv/lib/python3.12/site-packages/oslo_config/cfg.py:3549}}
Aug 25 10:12:09.727392 np0000008063 devstack@n-api-meta.service[96224]: DEBUG nova.api.openstack.wsgi_app [None req-a5cb9e4c-0ba7-40a5-971b-a7c49311af95 None None] logging_user_identity_format = %(user)s %(project)s %(domain)s %(system_scope)s %(user_domain)s %(project_domain)s {{(pid=96224) log_opt_values /opt/stack/data/venv/lib/python3.12/site-packages/oslo_config/cfg.py:3549}}
Aug 25 10:12:09.727581 np0000008063 devstack@n-api-meta.service[96224]: DEBUG nova.api.openstack.wsgi_app [None req-a5cb9e4c-0ba7-40a5-971b-a7c49311af95 None None] long_rpc_timeout = 1800 {{(pid=96224) log_opt_values /opt/stack/data/venv/lib/python3.12/site-packages/oslo_config/cfg.py:3549}}
Aug 25 10:12:09.727777 np0000008063 devstack@n-api-meta.service[96224]: DEBUG nova.api.openstack.wsgi_app [None req-a5cb9e4c-0ba7-40a5-971b-a7c49311af95 None None] manager_shutdown_timeout = 160 {{(pid=96224) log_opt_values /opt/stack/data/venv/lib/python3.12/site-packages/oslo_config/cfg.py:3549}}
Aug 25 10:12:09.727963 np0000008063 devstack@n-api-meta.service[96224]: DEBUG nova.api.openstack.wsgi_app [None req-a5cb9e4c-0ba7-40a5-971b-a7c49311af95 None None] max_concurrent_builds = 10 {{(pid=96224) log_opt_values /opt/stack/data/venv/lib/python3.12/site-packages/oslo_config/cfg.py:3549}}
Aug 25 10:12:09.728182 np0000008063 devstack@n-api-meta.service[96224]: DEBUG nova.api.openstack.wsgi_app [None req-a5cb9e4c-0ba7-40a5-971b-a7c49311af95 None None] max_concurrent_live_migrations = 1 {{(pid=96224) log_opt_values /opt/stack/data/venv/lib/python3.12/site-packages/oslo_config/cfg.py:3549}}
Aug 25 10:12:09.728358 np0000008063 devstack@n-api-meta.service[96224]: DEBUG nova.api.openstack.wsgi_app [None req-a5cb9e4c-0ba7-40a5-971b-a7c49311af95 None None] max_concurrent_snapshots = 5 {{(pid=96224) log_opt_values /opt/stack/data/venv/lib/python3.12/site-packages/oslo_config/cfg.py:3549}}
Aug 25 10:12:09.728540 np0000008063 devstack@n-api-meta.service[96224]: DEBUG nova.api.openstack.wsgi_app [None req-a5cb9e4c-0ba7-40a5-971b-a7c49311af95 None None] max_local_block_devices = 3 {{(pid=96224) log_opt_values /opt/stack/data/venv/lib/python3.12/site-packages/oslo_config/cfg.py:3549}}
Aug 25 10:12:09.728736 np0000008063 devstack@n-api-meta.service[96224]: DEBUG nova.api.openstack.wsgi_app [None req-a5cb9e4c-0ba7-40a5-971b-a7c49311af95 None None] max_logfile_count = 30 {{(pid=96224) log_opt_values /opt/stack/data/venv/lib/python3.12/site-packages/oslo_config/cfg.py:3549}}
Aug 25 10:12:09.728921 np0000008063 devstack@n-api-meta.service[96224]: DEBUG nova.api.openstack.wsgi_app [None req-a5cb9e4c-0ba7-40a5-971b-a7c49311af95 None None] max_logfile_size_mb = 200 {{(pid=96224) log_opt_values /opt/stack/data/venv/lib/python3.12/site-packages/oslo_config/cfg.py:3549}}
Aug 25 10:12:09.729108 np0000008063 devstack@n-api-meta.service[96224]: DEBUG nova.api.openstack.wsgi_app [None req-a5cb9e4c-0ba7-40a5-971b-a7c49311af95 None None] maximum_instance_delete_attempts = 5 {{(pid=96224) log_opt_values /opt/stack/data/venv/lib/python3.12/site-packages/oslo_config/cfg.py:3549}}
Aug 25 10:12:09.729313 np0000008063 devstack@n-api-meta.service[96224]: DEBUG nova.api.openstack.wsgi_app [None req-a5cb9e4c-0ba7-40a5-971b-a7c49311af95 None None] migrate_max_retries = -1 {{(pid=96224) log_opt_values /opt/stack/data/venv/lib/python3.12/site-packages/oslo_config/cfg.py:3549}}
Aug 25 10:12:09.729506 np0000008063 devstack@n-api-meta.service[96224]: DEBUG nova.api.openstack.wsgi_app [None req-a5cb9e4c-0ba7-40a5-971b-a7c49311af95 None None] mkisofs_cmd = genisoimage {{(pid=96224) log_opt_values /opt/stack/data/venv/lib/python3.12/site-packages/oslo_config/cfg.py:3549}}
Aug 25 10:12:09.729778 np0000008063 devstack@n-api-meta.service[96224]: DEBUG nova.api.openstack.wsgi_app [None req-a5cb9e4c-0ba7-40a5-971b-a7c49311af95 None None] my_block_storage_ip = 10.4.3.119 {{(pid=96224) log_opt_values /opt/stack/data/venv/lib/python3.12/site-packages/oslo_config/cfg.py:3549}}
Aug 25 10:12:09.729933 np0000008063 devstack@n-api-meta.service[96224]: DEBUG nova.api.openstack.wsgi_app [None req-a5cb9e4c-0ba7-40a5-971b-a7c49311af95 None None] my_ip = 10.4.3.119 {{(pid=96224) log_opt_values /opt/stack/data/venv/lib/python3.12/site-packages/oslo_config/cfg.py:3549}}
Aug 25 10:12:09.730190 np0000008063 devstack@n-api-meta.service[96224]: DEBUG nova.api.openstack.wsgi_app [None req-a5cb9e4c-0ba7-40a5-971b-a7c49311af95 None None] my_shared_fs_storage_ip = 10.4.3.119 {{(pid=96224) log_opt_values /opt/stack/data/venv/lib/python3.12/site-packages/oslo_config/cfg.py:3549}}
Aug 25 10:12:09.730378 np0000008063 devstack@n-api-meta.service[96224]: DEBUG nova.api.openstack.wsgi_app [None req-a5cb9e4c-0ba7-40a5-971b-a7c49311af95 None None] network_allocate_retries = 0 {{(pid=96224) log_opt_values /opt/stack/data/venv/lib/python3.12/site-packages/oslo_config/cfg.py:3549}}
